{"id":78143,"date":"2026-04-26T09:06:34","date_gmt":"2026-04-26T09:06:34","guid":{"rendered":""},"modified":"2026-04-26T09:06:34","modified_gmt":"2026-04-26T09:06:34","slug":"abb-3559h-a00652-03-levit-kryt-deleny-bila-bila-nejprodavanejsi-78143","status":"publish","type":"product","link":"https:\/\/www.domtechnikpro.com\/index.php\/produkt\/abb-3559h-a00652-03-levit-kryt-deleny-bila-bila-nejprodavanejsi-78143\/","title":{"rendered":"ABB 3559H-A00652 03 LEVIT Kryt d\u011blen\u00fd b\u00edl\u00e1\/b\u00edl\u00e1 Nejprod\u00e1van\u011bj\u0161\u00ed"},"content":{"rendered":"<div id=\"e9100392\" class=\"pages\">\n<div id=\"PDDescription\" class=\"UserContentView userContent v1a v1 bs-view dcon dc150 PDDescription\" >\n<h2><span style=\"color: #007980;\">Kryt d\u011blen\u00fd LEVIT b\u00edl\u00e1\/b\u00edl\u00e1<\/span><\/h2>\n<p>Pro sp\u00edna\u010de \u0159azen\u00ed 5, 6+6 (6+1), 6+6\/0 (6+1\/0).<br \/>Pro ovl\u00e1da\u010d \u0159azen\u00ed 1\/0+1\/0.<\/p>\n<p>Design: Levit\u00ae<\/p>\n<div id=\"PDTable3\" class=\"ProductDetailTableView v3a v3 bs-view dcon dc175 PDTable3\" >\n<table>\n<thead><\/thead>\n<tbody>\n<tr class=\"attribute attr_bsshop_maker\">\n<td class=\"caption\">V\u00fdrobce<\/td>\n<td class=\"value\">ABB<\/td>\n<\/tr>\n<tr class=\"attribute attr_Barva\">\n<td class=\"caption\">Barva<\/td>\n<td class=\"value\">b\u00edl\u00e1 \/ b\u00edl\u00e1<\/td>\n<\/tr>\n<\/tbody>\n<\/table><\/div>\n<\/div>\n<\/div>\n<div id=\"e9100393\" class=\"tabs\">\n","protected":false},"excerpt":{"rendered":"<p>Kryt d\u011blen\u00fd LEVIT b\u00edl\u00e1\/b\u00edl\u00e1 Pro sp\u00edna\u010de \u0159azen\u00ed 5, 6+6 (6+1), 6+6\/0 (6+1\/0).Pro ovl\u00e1da\u010d \u0159azen\u00ed 1\/0+1\/0. Design: Levit\u00ae V\u00fdrobce ABB Barva b\u00edl\u00e1 \/ b\u00edl\u00e1<\/p>\n","protected":false},"featured_media":78243,"comment_status":"open","ping_status":"open","template":"","meta":[],"product_brand":[],"product_cat":[43],"product_tag":[],"class_list":{"0":"post-78143","1":"product","2":"type-product","3":"status-publish","4":"has-post-thumbnail","6":"product_cat-vyp-237-nace-a-z-225-suvky","8":"first","9":"instock","10":"sale","11":"shipping-taxable","12":"purchasable","13":"product-type-simple"},"yoast_head":"<!-- This site is optimized with the Yoast SEO plugin v26.8 - https:\/\/yoast.com\/product\/yoast-seo-wordpress\/ -->\n<title>ABB 3559H-A00652 03 LEVIT Kryt d\u011blen\u00fd b\u00edl\u00e1\/b\u00edl\u00e1 Nejprod\u00e1van\u011bj\u0161\u00ed -<\/title>\n<meta name=\"robots\" content=\"index, follow, max-snippet:-1, max-image-preview:large, max-video-preview:-1\" \/>\n<link rel=\"canonical\" href=\"https:\/\/www.domtechnikpro.com\/index.php\/produkt\/abb-3559h-a00652-03-levit-kryt-deleny-bila-bila-nejprodavanejsi-78143\/\" \/>\n<meta property=\"og:locale\" content=\"cs_CZ\" \/>\n<meta property=\"og:type\" content=\"article\" \/>\n<meta property=\"og:title\" content=\"ABB 3559H-A00652 03 LEVIT Kryt d\u011blen\u00fd b\u00edl\u00e1\/b\u00edl\u00e1 Nejprod\u00e1van\u011bj\u0161\u00ed -\" \/>\n<meta property=\"og:description\" content=\"Kryt d\u011blen\u00fd LEVIT b\u00edl\u00e1\/b\u00edl\u00e1 Pro sp\u00edna\u010de \u0159azen\u00ed 5, 6+6 (6+1), 6+6\/0 (6+1\/0).Pro ovl\u00e1da\u010d \u0159azen\u00ed 1\/0+1\/0. Design: Levit\u00ae V\u00fdrobce ABB Barva b\u00edl\u00e1 \/ b\u00edl\u00e1\" \/>\n<meta property=\"og:url\" content=\"https:\/\/www.domtechnikpro.com\/index.php\/produkt\/abb-3559h-a00652-03-levit-kryt-deleny-bila-bila-nejprodavanejsi-78143\/\" \/>\n<meta property=\"og:image\" content=\"https:\/\/www.domtechnikpro.com\/wp-content\/uploads\/2026\/SK0002940-CZ20260425-091623-0-1777079785-abb-3559h-a00652-03-levit-kryt-deleny-bila-bila.webp\" \/>\n\t<meta property=\"og:image:width\" content=\"1000\" \/>\n\t<meta property=\"og:image:height\" content=\"525\" \/>\n\t<meta property=\"og:image:type\" content=\"image\/webp\" \/>\n<meta name=\"twitter:card\" content=\"summary_large_image\" \/>\n<script type=\"application\/ld+json\" class=\"yoast-schema-graph\">{\"@context\":\"https:\/\/schema.org\",\"@graph\":[{\"@type\":\"WebPage\",\"@id\":\"https:\/\/www.domtechnikpro.com\/index.php\/produkt\/abb-3559h-a00652-03-levit-kryt-deleny-bila-bila-nejprodavanejsi-78143\/\",\"url\":\"https:\/\/www.domtechnikpro.com\/index.php\/produkt\/abb-3559h-a00652-03-levit-kryt-deleny-bila-bila-nejprodavanejsi-78143\/\",\"name\":\"ABB 3559H-A00652 03 LEVIT Kryt d\u011blen\u00fd b\u00edl\u00e1\/b\u00edl\u00e1 Nejprod\u00e1van\u011bj\u0161\u00ed -\",\"isPartOf\":{\"@id\":\"https:\/\/www.domtechnikpro.com\/#website\"},\"primaryImageOfPage\":{\"@id\":\"https:\/\/www.domtechnikpro.com\/index.php\/produkt\/abb-3559h-a00652-03-levit-kryt-deleny-bila-bila-nejprodavanejsi-78143\/#primaryimage\"},\"image\":{\"@id\":\"https:\/\/www.domtechnikpro.com\/index.php\/produkt\/abb-3559h-a00652-03-levit-kryt-deleny-bila-bila-nejprodavanejsi-78143\/#primaryimage\"},\"thumbnailUrl\":\"https:\/\/www.domtechnikpro.com\/wp-content\/uploads\/2026\/SK0002940-CZ20260425-091623-0-1777079785-abb-3559h-a00652-03-levit-kryt-deleny-bila-bila.webp\",\"datePublished\":\"2026-04-26T09:06:34+00:00\",\"breadcrumb\":{\"@id\":\"https:\/\/www.domtechnikpro.com\/index.php\/produkt\/abb-3559h-a00652-03-levit-kryt-deleny-bila-bila-nejprodavanejsi-78143\/#breadcrumb\"},\"inLanguage\":\"cs\",\"potentialAction\":[{\"@type\":\"ReadAction\",\"target\":[\"https:\/\/www.domtechnikpro.com\/index.php\/produkt\/abb-3559h-a00652-03-levit-kryt-deleny-bila-bila-nejprodavanejsi-78143\/\"]}]},{\"@type\":\"ImageObject\",\"inLanguage\":\"cs\",\"@id\":\"https:\/\/www.domtechnikpro.com\/index.php\/produkt\/abb-3559h-a00652-03-levit-kryt-deleny-bila-bila-nejprodavanejsi-78143\/#primaryimage\",\"url\":\"https:\/\/www.domtechnikpro.com\/wp-content\/uploads\/2026\/SK0002940-CZ20260425-091623-0-1777079785-abb-3559h-a00652-03-levit-kryt-deleny-bila-bila.webp\",\"contentUrl\":\"https:\/\/www.domtechnikpro.com\/wp-content\/uploads\/2026\/SK0002940-CZ20260425-091623-0-1777079785-abb-3559h-a00652-03-levit-kryt-deleny-bila-bila.webp\",\"width\":1000,\"height\":525},{\"@type\":\"BreadcrumbList\",\"@id\":\"https:\/\/www.domtechnikpro.com\/index.php\/produkt\/abb-3559h-a00652-03-levit-kryt-deleny-bila-bila-nejprodavanejsi-78143\/#breadcrumb\",\"itemListElement\":[{\"@type\":\"ListItem\",\"position\":1,\"name\":\"Home\",\"item\":\"https:\/\/www.domtechnikpro.com\/\"},{\"@type\":\"ListItem\",\"position\":2,\"name\":\"Products\",\"item\":\"https:\/\/www.domtechnikpro.com\/index.php\/products\/\"},{\"@type\":\"ListItem\",\"position\":3,\"name\":\"ABB 3559H-A00652 03 LEVIT Kryt d\u011blen\u00fd b\u00edl\u00e1\/b\u00edl\u00e1 Nejprod\u00e1van\u011bj\u0161\u00ed\"}]},{\"@type\":\"WebSite\",\"@id\":\"https:\/\/www.domtechnikpro.com\/#website\",\"url\":\"https:\/\/www.domtechnikpro.com\/\",\"name\":\"\",\"description\":\"\",\"potentialAction\":[{\"@type\":\"SearchAction\",\"target\":{\"@type\":\"EntryPoint\",\"urlTemplate\":\"https:\/\/www.domtechnikpro.com\/?s={search_term_string}\"},\"query-input\":{\"@type\":\"PropertyValueSpecification\",\"valueRequired\":true,\"valueName\":\"search_term_string\"}}],\"inLanguage\":\"cs\"}]}<\/script>\n<!-- \/ Yoast SEO plugin. -->","yoast_head_json":{"title":"ABB 3559H-A00652 03 LEVIT Kryt d\u011blen\u00fd b\u00edl\u00e1\/b\u00edl\u00e1 Nejprod\u00e1van\u011bj\u0161\u00ed -","robots":{"index":"index","follow":"follow","max-snippet":"max-snippet:-1","max-image-preview":"max-image-preview:large","max-video-preview":"max-video-preview:-1"},"canonical":"https:\/\/www.domtechnikpro.com\/index.php\/produkt\/abb-3559h-a00652-03-levit-kryt-deleny-bila-bila-nejprodavanejsi-78143\/","og_locale":"cs_CZ","og_type":"article","og_title":"ABB 3559H-A00652 03 LEVIT Kryt d\u011blen\u00fd b\u00edl\u00e1\/b\u00edl\u00e1 Nejprod\u00e1van\u011bj\u0161\u00ed -","og_description":"Kryt d\u011blen\u00fd LEVIT b\u00edl\u00e1\/b\u00edl\u00e1 Pro sp\u00edna\u010de \u0159azen\u00ed 5, 6+6 (6+1), 6+6\/0 (6+1\/0).Pro ovl\u00e1da\u010d \u0159azen\u00ed 1\/0+1\/0. Design: Levit\u00ae V\u00fdrobce ABB Barva b\u00edl\u00e1 \/ b\u00edl\u00e1","og_url":"https:\/\/www.domtechnikpro.com\/index.php\/produkt\/abb-3559h-a00652-03-levit-kryt-deleny-bila-bila-nejprodavanejsi-78143\/","og_image":[{"width":1000,"height":525,"url":"https:\/\/www.domtechnikpro.com\/wp-content\/uploads\/2026\/SK0002940-CZ20260425-091623-0-1777079785-abb-3559h-a00652-03-levit-kryt-deleny-bila-bila.webp","type":"image\/webp"}],"twitter_card":"summary_large_image","schema":{"@context":"https:\/\/schema.org","@graph":[{"@type":"WebPage","@id":"https:\/\/www.domtechnikpro.com\/index.php\/produkt\/abb-3559h-a00652-03-levit-kryt-deleny-bila-bila-nejprodavanejsi-78143\/","url":"https:\/\/www.domtechnikpro.com\/index.php\/produkt\/abb-3559h-a00652-03-levit-kryt-deleny-bila-bila-nejprodavanejsi-78143\/","name":"ABB 3559H-A00652 03 LEVIT Kryt d\u011blen\u00fd b\u00edl\u00e1\/b\u00edl\u00e1 Nejprod\u00e1van\u011bj\u0161\u00ed -","isPartOf":{"@id":"https:\/\/www.domtechnikpro.com\/#website"},"primaryImageOfPage":{"@id":"https:\/\/www.domtechnikpro.com\/index.php\/produkt\/abb-3559h-a00652-03-levit-kryt-deleny-bila-bila-nejprodavanejsi-78143\/#primaryimage"},"image":{"@id":"https:\/\/www.domtechnikpro.com\/index.php\/produkt\/abb-3559h-a00652-03-levit-kryt-deleny-bila-bila-nejprodavanejsi-78143\/#primaryimage"},"thumbnailUrl":"https:\/\/www.domtechnikpro.com\/wp-content\/uploads\/2026\/SK0002940-CZ20260425-091623-0-1777079785-abb-3559h-a00652-03-levit-kryt-deleny-bila-bila.webp","datePublished":"2026-04-26T09:06:34+00:00","breadcrumb":{"@id":"https:\/\/www.domtechnikpro.com\/index.php\/produkt\/abb-3559h-a00652-03-levit-kryt-deleny-bila-bila-nejprodavanejsi-78143\/#breadcrumb"},"inLanguage":"cs","potentialAction":[{"@type":"ReadAction","target":["https:\/\/www.domtechnikpro.com\/index.php\/produkt\/abb-3559h-a00652-03-levit-kryt-deleny-bila-bila-nejprodavanejsi-78143\/"]}]},{"@type":"ImageObject","inLanguage":"cs","@id":"https:\/\/www.domtechnikpro.com\/index.php\/produkt\/abb-3559h-a00652-03-levit-kryt-deleny-bila-bila-nejprodavanejsi-78143\/#primaryimage","url":"https:\/\/www.domtechnikpro.com\/wp-content\/uploads\/2026\/SK0002940-CZ20260425-091623-0-1777079785-abb-3559h-a00652-03-levit-kryt-deleny-bila-bila.webp","contentUrl":"https:\/\/www.domtechnikpro.com\/wp-content\/uploads\/2026\/SK0002940-CZ20260425-091623-0-1777079785-abb-3559h-a00652-03-levit-kryt-deleny-bila-bila.webp","width":1000,"height":525},{"@type":"BreadcrumbList","@id":"https:\/\/www.domtechnikpro.com\/index.php\/produkt\/abb-3559h-a00652-03-levit-kryt-deleny-bila-bila-nejprodavanejsi-78143\/#breadcrumb","itemListElement":[{"@type":"ListItem","position":1,"name":"Home","item":"https:\/\/www.domtechnikpro.com\/"},{"@type":"ListItem","position":2,"name":"Products","item":"https:\/\/www.domtechnikpro.com\/index.php\/products\/"},{"@type":"ListItem","position":3,"name":"ABB 3559H-A00652 03 LEVIT Kryt d\u011blen\u00fd b\u00edl\u00e1\/b\u00edl\u00e1 Nejprod\u00e1van\u011bj\u0161\u00ed"}]},{"@type":"WebSite","@id":"https:\/\/www.domtechnikpro.com\/#website","url":"https:\/\/www.domtechnikpro.com\/","name":"","description":"","potentialAction":[{"@type":"SearchAction","target":{"@type":"EntryPoint","urlTemplate":"https:\/\/www.domtechnikpro.com\/?s={search_term_string}"},"query-input":{"@type":"PropertyValueSpecification","valueRequired":true,"valueName":"search_term_string"}}],"inLanguage":"cs"}]}},"_links":{"self":[{"href":"https:\/\/www.domtechnikpro.com\/index.php\/wp-json\/wp\/v2\/product\/78143","targetHints":{"allow":["GET"]}}],"collection":[{"href":"https:\/\/www.domtechnikpro.com\/index.php\/wp-json\/wp\/v2\/product"}],"about":[{"href":"https:\/\/www.domtechnikpro.com\/index.php\/wp-json\/wp\/v2\/types\/product"}],"replies":[{"embeddable":true,"href":"https:\/\/www.domtechnikpro.com\/index.php\/wp-json\/wp\/v2\/comments?post=78143"}],"wp:featuredmedia":[{"embeddable":true,"href":"https:\/\/www.domtechnikpro.com\/index.php\/wp-json\/wp\/v2\/media\/78243"}],"wp:attachment":[{"href":"https:\/\/www.domtechnikpro.com\/index.php\/wp-json\/wp\/v2\/media?parent=78143"}],"wp:term":[{"taxonomy":"product_brand","embeddable":true,"href":"https:\/\/www.domtechnikpro.com\/index.php\/wp-json\/wp\/v2\/product_brand?post=78143"},{"taxonomy":"product_cat","embeddable":true,"href":"https:\/\/www.domtechnikpro.com\/index.php\/wp-json\/wp\/v2\/product_cat?post=78143"},{"taxonomy":"product_tag","embeddable":true,"href":"https:\/\/www.domtechnikpro.com\/index.php\/wp-json\/wp\/v2\/product_tag?post=78143"}],"curies":[{"name":"wp","href":"https:\/\/api.w.org\/{rel}","templated":true}]}}

ABB 3559H-A00652 03 LEVIT Kryt dělený bílá/bílá Nejprodávanější

<div id="e9100392" class="pages">
<div id="PDDescription" class="UserContentView userContent v1a v1 bs-view dcon dc150 PDDescription" >
<h2><span style="color: #007980;">Kryt dělený LEVIT bílá/bílá</span></h2>
<p>Pro spínače řazení 5, 6+6 (6+1), 6+6/0 (6+1/0).<br />Pro ovládač řazení 1/0+1/0.</p>
<p>Design: Levit®</p>
<div id="PDTable3" class="ProductDetailTableView v3a v3 bs-view dcon dc175 PDTable3" >
<table>
<thead></thead>
<tbody>
<tr class="attribute attr_bsshop_maker">
<td class="caption">Výrobce</td>
<td class="value">ABB</td>
</tr>
<tr class="attribute attr_Barva">
<td class="caption">Barva</td>
<td class="value">bílá / bílá</td>
</tr>
</tbody>
</table></div>
</div>
</div>
<div id="e9100393" class="tabs">

<p>Kryt dělený LEVIT bílá/bílá Pro spínače řazení 5, 6+6 (6+1), 6+6/0 (6+1/0).Pro ovládač řazení 1/0+1/0. Design: Levit® Výrobce ABB Barva bílá / bílá</p>

<!-- This site is optimized with the Yoast SEO plugin v26.8 - https://yoast.com/product/yoast-seo-wordpress/ -->
<title>ABB 3559H-A00652 03 LEVIT Kryt dělený bílá/bílá Nejprodávanější -</title>
<meta name="robots" content="index, follow, max-snippet:-1, max-image-preview:large, max-video-preview:-1" />
<link rel="canonical" href="https://www.domtechnikpro.com/index.php/produkt/abb-3559h-a00652-03-levit-kryt-deleny-bila-bila-nejprodavanejsi-78143/" />
<meta property="og:locale" content="cs_CZ" />
<meta property="og:type" content="article" />
<meta property="og:title" content="ABB 3559H-A00652 03 LEVIT Kryt dělený bílá/bílá Nejprodávanější -" />
<meta property="og:description" content="Kryt dělený LEVIT bílá/bílá Pro spínače řazení 5, 6+6 (6+1), 6+6/0 (6+1/0).Pro ovládač řazení 1/0+1/0. Design: Levit® Výrobce ABB Barva bílá / bílá" />
<meta property="og:url" content="https://www.domtechnikpro.com/index.php/produkt/abb-3559h-a00652-03-levit-kryt-deleny-bila-bila-nejprodavanejsi-78143/" />
<meta property="og:image" content="https://www.domtechnikpro.com/wp-content/uploads/2026/SK0002940-CZ20260425-091623-0-1777079785-abb-3559h-a00652-03-levit-kryt-deleny-bila-bila.webp" />
	<meta property="og:image:width" content="1000" />
	<meta property="og:image:height" content="525" />
	<meta property="og:image:type" content="image/webp" />
<meta name="twitter:card" content="summary_large_image" />
<script type="application/ld+json" class="yoast-schema-graph">{"@context":"https://schema.org","@graph":[{"@type":"WebPage","@id":"https://www.domtechnikpro.com/index.php/produkt/abb-3559h-a00652-03-levit-kryt-deleny-bila-bila-nejprodavanejsi-78143/","url":"https://www.domtechnikpro.com/index.php/produkt/abb-3559h-a00652-03-levit-kryt-deleny-bila-bila-nejprodavanejsi-78143/","name":"ABB 3559H-A00652 03 LEVIT Kryt dělený bílá/bílá Nejprodávanější -","isPartOf":{"@id":"https://www.domtechnikpro.com/#website"},"primaryImageOfPage":{"@id":"https://www.domtechnikpro.com/index.php/produkt/abb-3559h-a00652-03-levit-kryt-deleny-bila-bila-nejprodavanejsi-78143/#primaryimage"},"image":{"@id":"https://www.domtechnikpro.com/index.php/produkt/abb-3559h-a00652-03-levit-kryt-deleny-bila-bila-nejprodavanejsi-78143/#primaryimage"},"thumbnailUrl":"https://www.domtechnikpro.com/wp-content/uploads/2026/SK0002940-CZ20260425-091623-0-1777079785-abb-3559h-a00652-03-levit-kryt-deleny-bila-bila.webp","datePublished":"2026-04-26T09:06:34+00:00","breadcrumb":{"@id":"https://www.domtechnikpro.com/index.php/produkt/abb-3559h-a00652-03-levit-kryt-deleny-bila-bila-nejprodavanejsi-78143/#breadcrumb"},"inLanguage":"cs","potentialAction":[{"@type":"ReadAction","target":["https://www.domtechnikpro.com/index.php/produkt/abb-3559h-a00652-03-levit-kryt-deleny-bila-bila-nejprodavanejsi-78143/"]}]},{"@type":"ImageObject","inLanguage":"cs","@id":"https://www.domtechnikpro.com/index.php/produkt/abb-3559h-a00652-03-levit-kryt-deleny-bila-bila-nejprodavanejsi-78143/#primaryimage","url":"https://www.domtechnikpro.com/wp-content/uploads/2026/SK0002940-CZ20260425-091623-0-1777079785-abb-3559h-a00652-03-levit-kryt-deleny-bila-bila.webp","contentUrl":"https://www.domtechnikpro.com/wp-content/uploads/2026/SK0002940-CZ20260425-091623-0-1777079785-abb-3559h-a00652-03-levit-kryt-deleny-bila-bila.webp","width":1000,"height":525},{"@type":"BreadcrumbList","@id":"https://www.domtechnikpro.com/index.php/produkt/abb-3559h-a00652-03-levit-kryt-deleny-bila-bila-nejprodavanejsi-78143/#breadcrumb","itemListElement":[{"@type":"ListItem","position":1,"name":"Home","item":"https://www.domtechnikpro.com/"},{"@type":"ListItem","position":2,"name":"Products","item":"https://www.domtechnikpro.com/index.php/products/"},{"@type":"ListItem","position":3,"name":"ABB 3559H-A00652 03 LEVIT Kryt dělený bílá/bílá Nejprodávanější"}]},{"@type":"WebSite","@id":"https://www.domtechnikpro.com/#website","url":"https://www.domtechnikpro.com/","name":"","description":"","potentialAction":[{"@type":"SearchAction","target":{"@type":"EntryPoint","urlTemplate":"https://www.domtechnikpro.com/?s={search_term_string}"},"query-input":{"@type":"PropertyValueSpecification","valueRequired":true,"valueName":"search_term_string"}}],"inLanguage":"cs"}]}</script>
<!-- / Yoast SEO plugin. -->

ABB 3559H-A00652 03 LEVIT Kryt dělený bílá/bílá Nejprodávanější -

Kryt dělený LEVIT bílá/bílá Pro spínače řazení 5, 6+6 (6+1), 6+6/0 (6+1/0).Pro ovládač řazení 1/0+1/0. Design: Levit® Výrobce ABB Barva bílá / bílá
