{"id":75137,"date":"2026-04-26T09:05:52","date_gmt":"2026-04-26T09:05:52","guid":{"rendered":""},"modified":"2026-04-26T09:05:52","modified_gmt":"2026-04-26T09:05:52","slug":"znackovy-zapustne-svitidlo-su-stribrnoseda-bpm-75137","status":"publish","type":"product","link":"https:\/\/www.domtechnikpro.com\/index.php\/produkt\/znackovy-zapustne-svitidlo-su-stribrnoseda-bpm-75137\/","title":{"rendered":"Zna\u010dkov\u00fd Z\u00e1pustn\u00e9 sv\u00edtidlo Su st\u0159\u00edbrno\u0161ed\u00e1 &#8211; BPM"},"content":{"rendered":"<p><\/p>\n<div class=\"top-params\">\n<h3 class=\"product-h3 collapse-header \" data-toggle=\"collapse\" data-target=\"#collapseOne\" aria-expanded=\"true\" aria-controls=\"collapseOne\">Parametry<\/h3>\n<div id=\"collapseOne\" class=\"collapse show\" aria-labelledby=\"headingOne\" data-parent=\"#product-info-accordion1\">\n<table class=\"table-striped\">\n<tr>\n<td>                \u00dahel z\u00e1\u0159en\u00ed            <\/td>\n<td>                40\u00b0              <\/td>\n<\/tr>\n<tr>\n<td>                \u017divotnost            <\/td>\n<td>                50000h            <\/td>\n<\/tr>\n<tr>\n<td>                Materi\u00e1l            <\/td>\n<td>                hlin\u00edk            <\/td>\n<\/tr>\n<tr>\n<td>                Patice            <\/td>\n<td>                LED            <\/td>\n<\/tr>\n<tr>\n<td>                Max. p\u0159\u00edkon sv\u011bteln\u00e9ho zdroje            <\/td>\n<td>                7W            <\/td>\n<\/tr>\n<tr>\n<td>                Sv\u011bteln\u00fd tok            <\/td>\n<td>                500lm            <\/td>\n<\/tr>\n<tr>\n<td>                Proudov\u00e9 zat\u00ed\u017een\u00ed            <\/td>\n<td>                350mA            <\/td>\n<\/tr>\n<tr>\n<td>                Ochrana IP            <\/td>\n<td>                IP65            <\/td>\n<\/tr>\n<tr>\n<td>                V\u010detn\u011b sv\u011bteln\u00e9ho zdroje            <\/td>\n<td>                ano            <\/td>\n<\/tr>\n<tr>\n<td>                Teplota barvy sv\u011btla            <\/td>\n<td>                3000K            <\/td>\n<\/tr>\n<tr>\n<td>                V\u00fdkon            <\/td>\n<td>                7W            <\/td>\n<\/tr>\n<tr>\n<td>                Typ sv\u011bteln\u00e9ho zdroje            <\/td>\n<td>                LED            <\/td>\n<\/tr>\n<tr>\n<td>                Barva            <\/td>\n<td>                st\u0159\u00edbrno\u0161ed\u00e1            <\/td>\n<\/tr>\n<tr>\n<td>                Po\u010det sv\u011bteln\u00fdch zdroj\u016f            <\/td>\n<td>                1            <\/td>\n<\/tr>\n<tr>\n<td>                Nap\u00e1jec\u00ed nap\u011bt\u00ed            <\/td>\n<td>                230V            <\/td>\n<\/tr>\n<tr>\n<td>                V\u00fdrobce            <\/td>\n<td>                BPM            <\/td>\n<\/tr>\n<tr>\n<td>                Vybaven\u00ed            <\/td>\n<td>                v\u010detn\u011b napaje\u010de            <\/td>\n<\/tr>\n<tr>\n<td>                T\u0159\u00edda ochrany            <\/td>\n<td>                II            <\/td>\n<\/tr>\n<tr>\n<td>                Mont\u00e1\u017en\u00ed otvor v mm            <\/td>\n<td>                75            <\/td>\n<\/tr>\n<tr>\n<td>                Pr\u016fm\u011br v mm            <\/td>\n<td>                85            <\/td>\n<\/tr>\n<tr>\n<td>                Kolekce            <\/td>\n<td>                SU             <\/td>\n<\/tr>\n<tr>\n<td>                Z\u00e1ru\u010dn\u00ed doba            <\/td>\n<td>                5 let            <\/td>\n<\/tr>\n<tr>\n<td>                V\u00fdroba na zak\u00e1zku            <\/td>\n<td>                ano            <\/td>\n<\/tr>\n<\/table>\n<\/div><\/div>\n<\/div>\n<div class=\"accordion\" id=\"product-info-accordion2\">\n","protected":false},"excerpt":{"rendered":"<p>Parametry \u00dahel z\u00e1\u0159en\u00ed 40\u00b0 \u017divotnost 50000h Materi\u00e1l hlin\u00edk Patice LED Max. p\u0159\u00edkon sv\u011bteln\u00e9ho zdroje 7W Sv\u011bteln\u00fd tok 500lm Proudov\u00e9 zat\u00ed\u017een\u00ed 350mA Ochrana IP IP65 V\u010detn\u011b sv\u011bteln\u00e9ho zdroje ano Teplota barvy sv\u011btla 3000K V\u00fdkon 7W Typ sv\u011bteln\u00e9ho zdroje LED Barva st\u0159\u00edbrno\u0161ed\u00e1 Po\u010det sv\u011bteln\u00fdch zdroj\u016f 1 Nap\u00e1jec\u00ed nap\u011bt\u00ed 230V V\u00fdrobce BPM Vybaven\u00ed v\u010detn\u011b napaje\u010de T\u0159\u00edda ochrany II [&hellip;]<\/p>\n","protected":false},"featured_media":75237,"comment_status":"open","ping_status":"open","template":"","meta":[],"product_brand":[],"product_cat":[31],"product_tag":[],"class_list":{"0":"post-75137","1":"product","2":"type-product","3":"status-publish","4":"has-post-thumbnail","6":"product_cat-interierova-svitidla","8":"first","9":"instock","10":"sale","11":"shipping-taxable","12":"purchasable","13":"product-type-simple"},"yoast_head":"<!-- This site is optimized with the Yoast SEO plugin v26.8 - https:\/\/yoast.com\/product\/yoast-seo-wordpress\/ -->\n<title>Zna\u010dkov\u00fd Z\u00e1pustn\u00e9 sv\u00edtidlo Su st\u0159\u00edbrno\u0161ed\u00e1 - BPM -<\/title>\n<meta name=\"robots\" content=\"index, follow, max-snippet:-1, max-image-preview:large, max-video-preview:-1\" \/>\n<link rel=\"canonical\" href=\"https:\/\/www.domtechnikpro.com\/index.php\/produkt\/znackovy-zapustne-svitidlo-su-stribrnoseda-bpm-75137\/\" \/>\n<meta property=\"og:locale\" content=\"cs_CZ\" \/>\n<meta property=\"og:type\" content=\"article\" \/>\n<meta property=\"og:title\" content=\"Zna\u010dkov\u00fd Z\u00e1pustn\u00e9 sv\u00edtidlo Su st\u0159\u00edbrno\u0161ed\u00e1 - BPM -\" \/>\n<meta property=\"og:description\" content=\"Parametry \u00dahel z\u00e1\u0159en\u00ed 40\u00b0 \u017divotnost 50000h Materi\u00e1l hlin\u00edk Patice LED Max. p\u0159\u00edkon sv\u011bteln\u00e9ho zdroje 7W Sv\u011bteln\u00fd tok 500lm Proudov\u00e9 zat\u00ed\u017een\u00ed 350mA Ochrana IP IP65 V\u010detn\u011b sv\u011bteln\u00e9ho zdroje ano Teplota barvy sv\u011btla 3000K V\u00fdkon 7W Typ sv\u011bteln\u00e9ho zdroje LED Barva st\u0159\u00edbrno\u0161ed\u00e1 Po\u010det sv\u011bteln\u00fdch zdroj\u016f 1 Nap\u00e1jec\u00ed nap\u011bt\u00ed 230V V\u00fdrobce BPM Vybaven\u00ed v\u010detn\u011b napaje\u010de T\u0159\u00edda ochrany II [&hellip;]\" \/>\n<meta property=\"og:url\" content=\"https:\/\/www.domtechnikpro.com\/index.php\/produkt\/znackovy-zapustne-svitidlo-su-stribrnoseda-bpm-75137\/\" \/>\n<meta property=\"og:image\" content=\"https:\/\/www.domtechnikpro.com\/wp-content\/uploads\/2026\/SK0003514-CZ20260425-091535-0-1777079743-BPM-3149-05-3K.webp\" \/>\n\t<meta property=\"og:image:width\" content=\"700\" \/>\n\t<meta property=\"og:image:height\" content=\"560\" \/>\n\t<meta property=\"og:image:type\" content=\"image\/webp\" \/>\n<meta name=\"twitter:card\" content=\"summary_large_image\" \/>\n<meta name=\"twitter:label1\" content=\"Odhadovan\u00e1 doba \u010dten\u00ed\" \/>\n\t<meta name=\"twitter:data1\" content=\"1 minuta\" \/>\n<script type=\"application\/ld+json\" class=\"yoast-schema-graph\">{\"@context\":\"https:\/\/schema.org\",\"@graph\":[{\"@type\":\"WebPage\",\"@id\":\"https:\/\/www.domtechnikpro.com\/index.php\/produkt\/znackovy-zapustne-svitidlo-su-stribrnoseda-bpm-75137\/\",\"url\":\"https:\/\/www.domtechnikpro.com\/index.php\/produkt\/znackovy-zapustne-svitidlo-su-stribrnoseda-bpm-75137\/\",\"name\":\"Zna\u010dkov\u00fd Z\u00e1pustn\u00e9 sv\u00edtidlo Su st\u0159\u00edbrno\u0161ed\u00e1 - BPM -\",\"isPartOf\":{\"@id\":\"https:\/\/www.domtechnikpro.com\/#website\"},\"primaryImageOfPage\":{\"@id\":\"https:\/\/www.domtechnikpro.com\/index.php\/produkt\/znackovy-zapustne-svitidlo-su-stribrnoseda-bpm-75137\/#primaryimage\"},\"image\":{\"@id\":\"https:\/\/www.domtechnikpro.com\/index.php\/produkt\/znackovy-zapustne-svitidlo-su-stribrnoseda-bpm-75137\/#primaryimage\"},\"thumbnailUrl\":\"https:\/\/www.domtechnikpro.com\/wp-content\/uploads\/2026\/SK0003514-CZ20260425-091535-0-1777079743-BPM-3149-05-3K.webp\",\"datePublished\":\"2026-04-26T09:05:52+00:00\",\"breadcrumb\":{\"@id\":\"https:\/\/www.domtechnikpro.com\/index.php\/produkt\/znackovy-zapustne-svitidlo-su-stribrnoseda-bpm-75137\/#breadcrumb\"},\"inLanguage\":\"cs\",\"potentialAction\":[{\"@type\":\"ReadAction\",\"target\":[\"https:\/\/www.domtechnikpro.com\/index.php\/produkt\/znackovy-zapustne-svitidlo-su-stribrnoseda-bpm-75137\/\"]}]},{\"@type\":\"ImageObject\",\"inLanguage\":\"cs\",\"@id\":\"https:\/\/www.domtechnikpro.com\/index.php\/produkt\/znackovy-zapustne-svitidlo-su-stribrnoseda-bpm-75137\/#primaryimage\",\"url\":\"https:\/\/www.domtechnikpro.com\/wp-content\/uploads\/2026\/SK0003514-CZ20260425-091535-0-1777079743-BPM-3149-05-3K.webp\",\"contentUrl\":\"https:\/\/www.domtechnikpro.com\/wp-content\/uploads\/2026\/SK0003514-CZ20260425-091535-0-1777079743-BPM-3149-05-3K.webp\",\"width\":700,\"height\":560},{\"@type\":\"BreadcrumbList\",\"@id\":\"https:\/\/www.domtechnikpro.com\/index.php\/produkt\/znackovy-zapustne-svitidlo-su-stribrnoseda-bpm-75137\/#breadcrumb\",\"itemListElement\":[{\"@type\":\"ListItem\",\"position\":1,\"name\":\"Home\",\"item\":\"https:\/\/www.domtechnikpro.com\/\"},{\"@type\":\"ListItem\",\"position\":2,\"name\":\"Products\",\"item\":\"https:\/\/www.domtechnikpro.com\/index.php\/products\/\"},{\"@type\":\"ListItem\",\"position\":3,\"name\":\"Zna\u010dkov\u00fd Z\u00e1pustn\u00e9 sv\u00edtidlo Su st\u0159\u00edbrno\u0161ed\u00e1 &#8211; BPM\"}]},{\"@type\":\"WebSite\",\"@id\":\"https:\/\/www.domtechnikpro.com\/#website\",\"url\":\"https:\/\/www.domtechnikpro.com\/\",\"name\":\"\",\"description\":\"\",\"potentialAction\":[{\"@type\":\"SearchAction\",\"target\":{\"@type\":\"EntryPoint\",\"urlTemplate\":\"https:\/\/www.domtechnikpro.com\/?s={search_term_string}\"},\"query-input\":{\"@type\":\"PropertyValueSpecification\",\"valueRequired\":true,\"valueName\":\"search_term_string\"}}],\"inLanguage\":\"cs\"}]}<\/script>\n<!-- \/ Yoast SEO plugin. -->","yoast_head_json":{"title":"Zna\u010dkov\u00fd Z\u00e1pustn\u00e9 sv\u00edtidlo Su st\u0159\u00edbrno\u0161ed\u00e1 - BPM -","robots":{"index":"index","follow":"follow","max-snippet":"max-snippet:-1","max-image-preview":"max-image-preview:large","max-video-preview":"max-video-preview:-1"},"canonical":"https:\/\/www.domtechnikpro.com\/index.php\/produkt\/znackovy-zapustne-svitidlo-su-stribrnoseda-bpm-75137\/","og_locale":"cs_CZ","og_type":"article","og_title":"Zna\u010dkov\u00fd Z\u00e1pustn\u00e9 sv\u00edtidlo Su st\u0159\u00edbrno\u0161ed\u00e1 - BPM -","og_description":"Parametry \u00dahel z\u00e1\u0159en\u00ed 40\u00b0 \u017divotnost 50000h Materi\u00e1l hlin\u00edk Patice LED Max. p\u0159\u00edkon sv\u011bteln\u00e9ho zdroje 7W Sv\u011bteln\u00fd tok 500lm Proudov\u00e9 zat\u00ed\u017een\u00ed 350mA Ochrana IP IP65 V\u010detn\u011b sv\u011bteln\u00e9ho zdroje ano Teplota barvy sv\u011btla 3000K V\u00fdkon 7W Typ sv\u011bteln\u00e9ho zdroje LED Barva st\u0159\u00edbrno\u0161ed\u00e1 Po\u010det sv\u011bteln\u00fdch zdroj\u016f 1 Nap\u00e1jec\u00ed nap\u011bt\u00ed 230V V\u00fdrobce BPM Vybaven\u00ed v\u010detn\u011b napaje\u010de T\u0159\u00edda ochrany II [&hellip;]","og_url":"https:\/\/www.domtechnikpro.com\/index.php\/produkt\/znackovy-zapustne-svitidlo-su-stribrnoseda-bpm-75137\/","og_image":[{"width":700,"height":560,"url":"https:\/\/www.domtechnikpro.com\/wp-content\/uploads\/2026\/SK0003514-CZ20260425-091535-0-1777079743-BPM-3149-05-3K.webp","type":"image\/webp"}],"twitter_card":"summary_large_image","twitter_misc":{"Odhadovan\u00e1 doba \u010dten\u00ed":"1 minuta"},"schema":{"@context":"https:\/\/schema.org","@graph":[{"@type":"WebPage","@id":"https:\/\/www.domtechnikpro.com\/index.php\/produkt\/znackovy-zapustne-svitidlo-su-stribrnoseda-bpm-75137\/","url":"https:\/\/www.domtechnikpro.com\/index.php\/produkt\/znackovy-zapustne-svitidlo-su-stribrnoseda-bpm-75137\/","name":"Zna\u010dkov\u00fd Z\u00e1pustn\u00e9 sv\u00edtidlo Su st\u0159\u00edbrno\u0161ed\u00e1 - BPM -","isPartOf":{"@id":"https:\/\/www.domtechnikpro.com\/#website"},"primaryImageOfPage":{"@id":"https:\/\/www.domtechnikpro.com\/index.php\/produkt\/znackovy-zapustne-svitidlo-su-stribrnoseda-bpm-75137\/#primaryimage"},"image":{"@id":"https:\/\/www.domtechnikpro.com\/index.php\/produkt\/znackovy-zapustne-svitidlo-su-stribrnoseda-bpm-75137\/#primaryimage"},"thumbnailUrl":"https:\/\/www.domtechnikpro.com\/wp-content\/uploads\/2026\/SK0003514-CZ20260425-091535-0-1777079743-BPM-3149-05-3K.webp","datePublished":"2026-04-26T09:05:52+00:00","breadcrumb":{"@id":"https:\/\/www.domtechnikpro.com\/index.php\/produkt\/znackovy-zapustne-svitidlo-su-stribrnoseda-bpm-75137\/#breadcrumb"},"inLanguage":"cs","potentialAction":[{"@type":"ReadAction","target":["https:\/\/www.domtechnikpro.com\/index.php\/produkt\/znackovy-zapustne-svitidlo-su-stribrnoseda-bpm-75137\/"]}]},{"@type":"ImageObject","inLanguage":"cs","@id":"https:\/\/www.domtechnikpro.com\/index.php\/produkt\/znackovy-zapustne-svitidlo-su-stribrnoseda-bpm-75137\/#primaryimage","url":"https:\/\/www.domtechnikpro.com\/wp-content\/uploads\/2026\/SK0003514-CZ20260425-091535-0-1777079743-BPM-3149-05-3K.webp","contentUrl":"https:\/\/www.domtechnikpro.com\/wp-content\/uploads\/2026\/SK0003514-CZ20260425-091535-0-1777079743-BPM-3149-05-3K.webp","width":700,"height":560},{"@type":"BreadcrumbList","@id":"https:\/\/www.domtechnikpro.com\/index.php\/produkt\/znackovy-zapustne-svitidlo-su-stribrnoseda-bpm-75137\/#breadcrumb","itemListElement":[{"@type":"ListItem","position":1,"name":"Home","item":"https:\/\/www.domtechnikpro.com\/"},{"@type":"ListItem","position":2,"name":"Products","item":"https:\/\/www.domtechnikpro.com\/index.php\/products\/"},{"@type":"ListItem","position":3,"name":"Zna\u010dkov\u00fd Z\u00e1pustn\u00e9 sv\u00edtidlo Su st\u0159\u00edbrno\u0161ed\u00e1 &#8211; BPM"}]},{"@type":"WebSite","@id":"https:\/\/www.domtechnikpro.com\/#website","url":"https:\/\/www.domtechnikpro.com\/","name":"","description":"","potentialAction":[{"@type":"SearchAction","target":{"@type":"EntryPoint","urlTemplate":"https:\/\/www.domtechnikpro.com\/?s={search_term_string}"},"query-input":{"@type":"PropertyValueSpecification","valueRequired":true,"valueName":"search_term_string"}}],"inLanguage":"cs"}]}},"_links":{"self":[{"href":"https:\/\/www.domtechnikpro.com\/index.php\/wp-json\/wp\/v2\/product\/75137","targetHints":{"allow":["GET"]}}],"collection":[{"href":"https:\/\/www.domtechnikpro.com\/index.php\/wp-json\/wp\/v2\/product"}],"about":[{"href":"https:\/\/www.domtechnikpro.com\/index.php\/wp-json\/wp\/v2\/types\/product"}],"replies":[{"embeddable":true,"href":"https:\/\/www.domtechnikpro.com\/index.php\/wp-json\/wp\/v2\/comments?post=75137"}],"wp:featuredmedia":[{"embeddable":true,"href":"https:\/\/www.domtechnikpro.com\/index.php\/wp-json\/wp\/v2\/media\/75237"}],"wp:attachment":[{"href":"https:\/\/www.domtechnikpro.com\/index.php\/wp-json\/wp\/v2\/media?parent=75137"}],"wp:term":[{"taxonomy":"product_brand","embeddable":true,"href":"https:\/\/www.domtechnikpro.com\/index.php\/wp-json\/wp\/v2\/product_brand?post=75137"},{"taxonomy":"product_cat","embeddable":true,"href":"https:\/\/www.domtechnikpro.com\/index.php\/wp-json\/wp\/v2\/product_cat?post=75137"},{"taxonomy":"product_tag","embeddable":true,"href":"https:\/\/www.domtechnikpro.com\/index.php\/wp-json\/wp\/v2\/product_tag?post=75137"}],"curies":[{"name":"wp","href":"https:\/\/api.w.org\/{rel}","templated":true}]}}