{"id":71332,"date":"2026-04-26T09:05:04","date_gmt":"2026-04-26T09:05:04","guid":{"rendered":""},"modified":"2026-04-26T09:05:04","modified_gmt":"2026-04-26T09:05:04","slug":"sapho-asoffi-drzaky-sklenene-policky-8mm-chrom-xj018-casove-omezene-71332","status":"publish","type":"product","link":"https:\/\/www.domtechnikpro.com\/index.php\/produkt\/sapho-asoffi-drzaky-sklenene-policky-8mm-chrom-xj018-casove-omezene-71332\/","title":{"rendered":"Sapho ASOFFI dr\u017e\u00e1ky sklen\u011bn\u00e9 poli\u010dky 8mm, chrom XJ018 \u010casov\u011b Omezen\u00e9"},"content":{"rendered":"<div class=\"basic-description\">\n<h3>Detailn\u00ed popis produktu<\/h3>\n<p><\/p>\n<h2 class=\"props-title\">Vlastnosti<\/h2>\n<table>\n<tr>\n<th>Zna\u010dka<\/th>\n<td>SAPHO<\/td>\n<\/tr>\n<tr>\n<th>Rozm\u011br<\/th>\n<td>20x20x25 mm<\/td>\n<\/tr>\n<tr>\n<th>\u0160\u00ed\u0159ka<\/th>\n<td>20&nbsp;mm<\/td>\n<\/tr>\n<tr>\n<th>V\u00fd\u0161ka<\/th>\n<td>20&nbsp;mm<\/td>\n<\/tr>\n<tr>\n<th>Hloubka<\/th>\n<td>25&nbsp;mm<\/td>\n<\/tr>\n<tr>\n<th>Barva<\/th>\n<td>Chrom<\/td>\n<\/tr>\n<tr>\n<th>Materi\u00e1l<\/th>\n<td>Mosaz<\/td>\n<\/tr>\n<tr>\n<th>Tvar<\/th>\n<td>Hranat\u00e9<\/td>\n<\/tr>\n<tr>\n<th>Druh<\/th>\n<td>Dr\u017e\u00e1k poli\u010dky<\/td>\n<\/tr>\n<tr>\n<th>Instalace<\/th>\n<td>Vrt\u00e1n\u00ed<\/td>\n<\/tr>\n<tr>\n<th>Hmotnost \/ p\u00e1r<\/th>\n<td>0.1380&nbsp;kg<\/td>\n<\/tr>\n<tr>\n<th>Balen\u00ed<\/th>\n<td>1&nbsp;ks<\/td>\n<\/tr>\n<tr>\n<th>EAN<\/th>\n<td>8590913125966<\/td>\n<\/tr>\n<tr>\n<th>Taric<\/th>\n<td>74182000<\/td>\n<\/tr>\n<tr>\n<th>Z\u00e1ruka<\/th>\n<td>2 roky<\/td>\n<\/tr>\n<\/table><\/div>\n","protected":false},"excerpt":{"rendered":"<p>Detailn\u00ed popis produktu Vlastnosti Zna\u010dka SAPHO Rozm\u011br 20x20x25 mm \u0160\u00ed\u0159ka 20&nbsp;mm V\u00fd\u0161ka 20&nbsp;mm Hloubka 25&nbsp;mm Barva Chrom Materi\u00e1l Mosaz Tvar Hranat\u00e9 Druh Dr\u017e\u00e1k poli\u010dky Instalace Vrt\u00e1n\u00ed Hmotnost \/ p\u00e1r 0.1380&nbsp;kg Balen\u00ed 1&nbsp;ks EAN 8590913125966 Taric 74182000 Z\u00e1ruka 2 roky<\/p>\n","protected":false},"featured_media":71432,"comment_status":"open","ping_status":"open","template":"","meta":[],"product_brand":[],"product_cat":[209],"product_tag":[],"class_list":{"0":"post-71332","1":"product","2":"type-product","3":"status-publish","4":"has-post-thumbnail","6":"product_cat-koupelnove-vybaveni","8":"first","9":"instock","10":"sale","11":"shipping-taxable","12":"purchasable","13":"product-type-simple"},"yoast_head":"<!-- This site is optimized with the Yoast SEO plugin v26.8 - https:\/\/yoast.com\/product\/yoast-seo-wordpress\/ -->\n<title>Sapho ASOFFI dr\u017e\u00e1ky sklen\u011bn\u00e9 poli\u010dky 8mm, chrom XJ018 \u010casov\u011b Omezen\u00e9 -<\/title>\n<meta name=\"robots\" content=\"index, follow, max-snippet:-1, max-image-preview:large, max-video-preview:-1\" \/>\n<link rel=\"canonical\" href=\"https:\/\/www.domtechnikpro.com\/index.php\/produkt\/sapho-asoffi-drzaky-sklenene-policky-8mm-chrom-xj018-casove-omezene-71332\/\" \/>\n<meta property=\"og:locale\" content=\"cs_CZ\" \/>\n<meta property=\"og:type\" content=\"article\" \/>\n<meta property=\"og:title\" content=\"Sapho ASOFFI dr\u017e\u00e1ky sklen\u011bn\u00e9 poli\u010dky 8mm, chrom XJ018 \u010casov\u011b Omezen\u00e9 -\" \/>\n<meta property=\"og:description\" content=\"Detailn\u00ed popis produktu Vlastnosti Zna\u010dka SAPHO Rozm\u011br 20x20x25 mm \u0160\u00ed\u0159ka 20&nbsp;mm V\u00fd\u0161ka 20&nbsp;mm Hloubka 25&nbsp;mm Barva Chrom Materi\u00e1l Mosaz Tvar Hranat\u00e9 Druh Dr\u017e\u00e1k poli\u010dky Instalace Vrt\u00e1n\u00ed Hmotnost \/ p\u00e1r 0.1380&nbsp;kg Balen\u00ed 1&nbsp;ks EAN 8590913125966 Taric 74182000 Z\u00e1ruka 2 roky\" \/>\n<meta property=\"og:url\" content=\"https:\/\/www.domtechnikpro.com\/index.php\/produkt\/sapho-asoffi-drzaky-sklenene-policky-8mm-chrom-xj018-casove-omezene-71332\/\" \/>\n<meta property=\"og:image\" content=\"https:\/\/www.domtechnikpro.com\/wp-content\/uploads\/2026\/SK0002315-CZ20260425-093631-0-1777080994-82743-2_xj018-137417478637305.webp\" \/>\n\t<meta property=\"og:image:width\" content=\"1000\" \/>\n\t<meta property=\"og:image:height\" content=\"750\" \/>\n\t<meta property=\"og:image:type\" content=\"image\/webp\" \/>\n<meta name=\"twitter:card\" content=\"summary_large_image\" \/>\n<script type=\"application\/ld+json\" class=\"yoast-schema-graph\">{\"@context\":\"https:\/\/schema.org\",\"@graph\":[{\"@type\":\"WebPage\",\"@id\":\"https:\/\/www.domtechnikpro.com\/index.php\/produkt\/sapho-asoffi-drzaky-sklenene-policky-8mm-chrom-xj018-casove-omezene-71332\/\",\"url\":\"https:\/\/www.domtechnikpro.com\/index.php\/produkt\/sapho-asoffi-drzaky-sklenene-policky-8mm-chrom-xj018-casove-omezene-71332\/\",\"name\":\"Sapho ASOFFI dr\u017e\u00e1ky sklen\u011bn\u00e9 poli\u010dky 8mm, chrom XJ018 \u010casov\u011b Omezen\u00e9 -\",\"isPartOf\":{\"@id\":\"https:\/\/www.domtechnikpro.com\/#website\"},\"primaryImageOfPage\":{\"@id\":\"https:\/\/www.domtechnikpro.com\/index.php\/produkt\/sapho-asoffi-drzaky-sklenene-policky-8mm-chrom-xj018-casove-omezene-71332\/#primaryimage\"},\"image\":{\"@id\":\"https:\/\/www.domtechnikpro.com\/index.php\/produkt\/sapho-asoffi-drzaky-sklenene-policky-8mm-chrom-xj018-casove-omezene-71332\/#primaryimage\"},\"thumbnailUrl\":\"https:\/\/www.domtechnikpro.com\/wp-content\/uploads\/2026\/SK0002315-CZ20260425-093631-0-1777080994-82743-2_xj018-137417478637305.webp\",\"datePublished\":\"2026-04-26T09:05:04+00:00\",\"breadcrumb\":{\"@id\":\"https:\/\/www.domtechnikpro.com\/index.php\/produkt\/sapho-asoffi-drzaky-sklenene-policky-8mm-chrom-xj018-casove-omezene-71332\/#breadcrumb\"},\"inLanguage\":\"cs\",\"potentialAction\":[{\"@type\":\"ReadAction\",\"target\":[\"https:\/\/www.domtechnikpro.com\/index.php\/produkt\/sapho-asoffi-drzaky-sklenene-policky-8mm-chrom-xj018-casove-omezene-71332\/\"]}]},{\"@type\":\"ImageObject\",\"inLanguage\":\"cs\",\"@id\":\"https:\/\/www.domtechnikpro.com\/index.php\/produkt\/sapho-asoffi-drzaky-sklenene-policky-8mm-chrom-xj018-casove-omezene-71332\/#primaryimage\",\"url\":\"https:\/\/www.domtechnikpro.com\/wp-content\/uploads\/2026\/SK0002315-CZ20260425-093631-0-1777080994-82743-2_xj018-137417478637305.webp\",\"contentUrl\":\"https:\/\/www.domtechnikpro.com\/wp-content\/uploads\/2026\/SK0002315-CZ20260425-093631-0-1777080994-82743-2_xj018-137417478637305.webp\",\"width\":1000,\"height\":750},{\"@type\":\"BreadcrumbList\",\"@id\":\"https:\/\/www.domtechnikpro.com\/index.php\/produkt\/sapho-asoffi-drzaky-sklenene-policky-8mm-chrom-xj018-casove-omezene-71332\/#breadcrumb\",\"itemListElement\":[{\"@type\":\"ListItem\",\"position\":1,\"name\":\"Home\",\"item\":\"https:\/\/www.domtechnikpro.com\/\"},{\"@type\":\"ListItem\",\"position\":2,\"name\":\"Products\",\"item\":\"https:\/\/www.domtechnikpro.com\/index.php\/products\/\"},{\"@type\":\"ListItem\",\"position\":3,\"name\":\"Sapho ASOFFI dr\u017e\u00e1ky sklen\u011bn\u00e9 poli\u010dky 8mm, chrom XJ018 \u010casov\u011b Omezen\u00e9\"}]},{\"@type\":\"WebSite\",\"@id\":\"https:\/\/www.domtechnikpro.com\/#website\",\"url\":\"https:\/\/www.domtechnikpro.com\/\",\"name\":\"\",\"description\":\"\",\"potentialAction\":[{\"@type\":\"SearchAction\",\"target\":{\"@type\":\"EntryPoint\",\"urlTemplate\":\"https:\/\/www.domtechnikpro.com\/?s={search_term_string}\"},\"query-input\":{\"@type\":\"PropertyValueSpecification\",\"valueRequired\":true,\"valueName\":\"search_term_string\"}}],\"inLanguage\":\"cs\"}]}<\/script>\n<!-- \/ Yoast SEO plugin. -->","yoast_head_json":{"title":"Sapho ASOFFI dr\u017e\u00e1ky sklen\u011bn\u00e9 poli\u010dky 8mm, chrom XJ018 \u010casov\u011b Omezen\u00e9 -","robots":{"index":"index","follow":"follow","max-snippet":"max-snippet:-1","max-image-preview":"max-image-preview:large","max-video-preview":"max-video-preview:-1"},"canonical":"https:\/\/www.domtechnikpro.com\/index.php\/produkt\/sapho-asoffi-drzaky-sklenene-policky-8mm-chrom-xj018-casove-omezene-71332\/","og_locale":"cs_CZ","og_type":"article","og_title":"Sapho ASOFFI dr\u017e\u00e1ky sklen\u011bn\u00e9 poli\u010dky 8mm, chrom XJ018 \u010casov\u011b Omezen\u00e9 -","og_description":"Detailn\u00ed popis produktu Vlastnosti Zna\u010dka SAPHO Rozm\u011br 20x20x25 mm \u0160\u00ed\u0159ka 20&nbsp;mm V\u00fd\u0161ka 20&nbsp;mm Hloubka 25&nbsp;mm Barva Chrom Materi\u00e1l Mosaz Tvar Hranat\u00e9 Druh Dr\u017e\u00e1k poli\u010dky Instalace Vrt\u00e1n\u00ed Hmotnost \/ p\u00e1r 0.1380&nbsp;kg Balen\u00ed 1&nbsp;ks EAN 8590913125966 Taric 74182000 Z\u00e1ruka 2 roky","og_url":"https:\/\/www.domtechnikpro.com\/index.php\/produkt\/sapho-asoffi-drzaky-sklenene-policky-8mm-chrom-xj018-casove-omezene-71332\/","og_image":[{"width":1000,"height":750,"url":"https:\/\/www.domtechnikpro.com\/wp-content\/uploads\/2026\/SK0002315-CZ20260425-093631-0-1777080994-82743-2_xj018-137417478637305.webp","type":"image\/webp"}],"twitter_card":"summary_large_image","schema":{"@context":"https:\/\/schema.org","@graph":[{"@type":"WebPage","@id":"https:\/\/www.domtechnikpro.com\/index.php\/produkt\/sapho-asoffi-drzaky-sklenene-policky-8mm-chrom-xj018-casove-omezene-71332\/","url":"https:\/\/www.domtechnikpro.com\/index.php\/produkt\/sapho-asoffi-drzaky-sklenene-policky-8mm-chrom-xj018-casove-omezene-71332\/","name":"Sapho ASOFFI dr\u017e\u00e1ky sklen\u011bn\u00e9 poli\u010dky 8mm, chrom XJ018 \u010casov\u011b Omezen\u00e9 -","isPartOf":{"@id":"https:\/\/www.domtechnikpro.com\/#website"},"primaryImageOfPage":{"@id":"https:\/\/www.domtechnikpro.com\/index.php\/produkt\/sapho-asoffi-drzaky-sklenene-policky-8mm-chrom-xj018-casove-omezene-71332\/#primaryimage"},"image":{"@id":"https:\/\/www.domtechnikpro.com\/index.php\/produkt\/sapho-asoffi-drzaky-sklenene-policky-8mm-chrom-xj018-casove-omezene-71332\/#primaryimage"},"thumbnailUrl":"https:\/\/www.domtechnikpro.com\/wp-content\/uploads\/2026\/SK0002315-CZ20260425-093631-0-1777080994-82743-2_xj018-137417478637305.webp","datePublished":"2026-04-26T09:05:04+00:00","breadcrumb":{"@id":"https:\/\/www.domtechnikpro.com\/index.php\/produkt\/sapho-asoffi-drzaky-sklenene-policky-8mm-chrom-xj018-casove-omezene-71332\/#breadcrumb"},"inLanguage":"cs","potentialAction":[{"@type":"ReadAction","target":["https:\/\/www.domtechnikpro.com\/index.php\/produkt\/sapho-asoffi-drzaky-sklenene-policky-8mm-chrom-xj018-casove-omezene-71332\/"]}]},{"@type":"ImageObject","inLanguage":"cs","@id":"https:\/\/www.domtechnikpro.com\/index.php\/produkt\/sapho-asoffi-drzaky-sklenene-policky-8mm-chrom-xj018-casove-omezene-71332\/#primaryimage","url":"https:\/\/www.domtechnikpro.com\/wp-content\/uploads\/2026\/SK0002315-CZ20260425-093631-0-1777080994-82743-2_xj018-137417478637305.webp","contentUrl":"https:\/\/www.domtechnikpro.com\/wp-content\/uploads\/2026\/SK0002315-CZ20260425-093631-0-1777080994-82743-2_xj018-137417478637305.webp","width":1000,"height":750},{"@type":"BreadcrumbList","@id":"https:\/\/www.domtechnikpro.com\/index.php\/produkt\/sapho-asoffi-drzaky-sklenene-policky-8mm-chrom-xj018-casove-omezene-71332\/#breadcrumb","itemListElement":[{"@type":"ListItem","position":1,"name":"Home","item":"https:\/\/www.domtechnikpro.com\/"},{"@type":"ListItem","position":2,"name":"Products","item":"https:\/\/www.domtechnikpro.com\/index.php\/products\/"},{"@type":"ListItem","position":3,"name":"Sapho ASOFFI dr\u017e\u00e1ky sklen\u011bn\u00e9 poli\u010dky 8mm, chrom XJ018 \u010casov\u011b Omezen\u00e9"}]},{"@type":"WebSite","@id":"https:\/\/www.domtechnikpro.com\/#website","url":"https:\/\/www.domtechnikpro.com\/","name":"","description":"","potentialAction":[{"@type":"SearchAction","target":{"@type":"EntryPoint","urlTemplate":"https:\/\/www.domtechnikpro.com\/?s={search_term_string}"},"query-input":{"@type":"PropertyValueSpecification","valueRequired":true,"valueName":"search_term_string"}}],"inLanguage":"cs"}]}},"_links":{"self":[{"href":"https:\/\/www.domtechnikpro.com\/index.php\/wp-json\/wp\/v2\/product\/71332","targetHints":{"allow":["GET"]}}],"collection":[{"href":"https:\/\/www.domtechnikpro.com\/index.php\/wp-json\/wp\/v2\/product"}],"about":[{"href":"https:\/\/www.domtechnikpro.com\/index.php\/wp-json\/wp\/v2\/types\/product"}],"replies":[{"embeddable":true,"href":"https:\/\/www.domtechnikpro.com\/index.php\/wp-json\/wp\/v2\/comments?post=71332"}],"wp:featuredmedia":[{"embeddable":true,"href":"https:\/\/www.domtechnikpro.com\/index.php\/wp-json\/wp\/v2\/media\/71432"}],"wp:attachment":[{"href":"https:\/\/www.domtechnikpro.com\/index.php\/wp-json\/wp\/v2\/media?parent=71332"}],"wp:term":[{"taxonomy":"product_brand","embeddable":true,"href":"https:\/\/www.domtechnikpro.com\/index.php\/wp-json\/wp\/v2\/product_brand?post=71332"},{"taxonomy":"product_cat","embeddable":true,"href":"https:\/\/www.domtechnikpro.com\/index.php\/wp-json\/wp\/v2\/product_cat?post=71332"},{"taxonomy":"product_tag","embeddable":true,"href":"https:\/\/www.domtechnikpro.com\/index.php\/wp-json\/wp\/v2\/product_tag?post=71332"}],"curies":[{"name":"wp","href":"https:\/\/api.w.org\/{rel}","templated":true}]}}

Sapho ASOFFI držáky skleněné poličky 8mm, chrom XJ018 Časově Omezené

<div class="basic-description">
<h3>Detailní popis produktu</h3>
<p></p>
<h2 class="props-title">Vlastnosti</h2>
<table>
<tr>
<th>Značka</th>
<td>SAPHO</td>
</tr>
<tr>
<th>Rozměr</th>
<td>20x20x25 mm</td>
</tr>
<tr>
<th>Šířka</th>
<td>20&nbsp;mm</td>
</tr>
<tr>
<th>Výška</th>
<td>20&nbsp;mm</td>
</tr>
<tr>
<th>Hloubka</th>
<td>25&nbsp;mm</td>
</tr>
<tr>
<th>Barva</th>
<td>Chrom</td>
</tr>
<tr>
<th>Materiál</th>
<td>Mosaz</td>
</tr>
<tr>
<th>Tvar</th>
<td>Hranaté</td>
</tr>
<tr>
<th>Druh</th>
<td>Držák poličky</td>
</tr>
<tr>
<th>Instalace</th>
<td>Vrtání</td>
</tr>
<tr>
<th>Hmotnost / pár</th>
<td>0.1380&nbsp;kg</td>
</tr>
<tr>
<th>Balení</th>
<td>1&nbsp;ks</td>
</tr>
<tr>
<th>EAN</th>
<td>8590913125966</td>
</tr>
<tr>
<th>Taric</th>
<td>74182000</td>
</tr>
<tr>
<th>Záruka</th>
<td>2 roky</td>
</tr>
</table></div>

<p>Detailní popis produktu Vlastnosti Značka SAPHO Rozměr 20x20x25 mm Šířka 20&nbsp;mm Výška 20&nbsp;mm Hloubka 25&nbsp;mm Barva Chrom Materiál Mosaz Tvar Hranaté Druh Držák poličky Instalace Vrtání Hmotnost / pár 0.1380&nbsp;kg Balení 1&nbsp;ks EAN 8590913125966 Taric 74182000 Záruka 2 roky</p>

<!-- This site is optimized with the Yoast SEO plugin v26.8 - https://yoast.com/product/yoast-seo-wordpress/ -->
<title>Sapho ASOFFI držáky skleněné poličky 8mm, chrom XJ018 Časově Omezené -</title>
<meta name="robots" content="index, follow, max-snippet:-1, max-image-preview:large, max-video-preview:-1" />
<link rel="canonical" href="https://www.domtechnikpro.com/index.php/produkt/sapho-asoffi-drzaky-sklenene-policky-8mm-chrom-xj018-casove-omezene-71332/" />
<meta property="og:locale" content="cs_CZ" />
<meta property="og:type" content="article" />
<meta property="og:title" content="Sapho ASOFFI držáky skleněné poličky 8mm, chrom XJ018 Časově Omezené -" />
<meta property="og:description" content="Detailní popis produktu Vlastnosti Značka SAPHO Rozměr 20x20x25 mm Šířka 20&nbsp;mm Výška 20&nbsp;mm Hloubka 25&nbsp;mm Barva Chrom Materiál Mosaz Tvar Hranaté Druh Držák poličky Instalace Vrtání Hmotnost / pár 0.1380&nbsp;kg Balení 1&nbsp;ks EAN 8590913125966 Taric 74182000 Záruka 2 roky" />
<meta property="og:url" content="https://www.domtechnikpro.com/index.php/produkt/sapho-asoffi-drzaky-sklenene-policky-8mm-chrom-xj018-casove-omezene-71332/" />
<meta property="og:image" content="https://www.domtechnikpro.com/wp-content/uploads/2026/SK0002315-CZ20260425-093631-0-1777080994-82743-2_xj018-137417478637305.webp" />
	<meta property="og:image:width" content="1000" />
	<meta property="og:image:height" content="750" />
	<meta property="og:image:type" content="image/webp" />
<meta name="twitter:card" content="summary_large_image" />
<script type="application/ld+json" class="yoast-schema-graph">{"@context":"https://schema.org","@graph":[{"@type":"WebPage","@id":"https://www.domtechnikpro.com/index.php/produkt/sapho-asoffi-drzaky-sklenene-policky-8mm-chrom-xj018-casove-omezene-71332/","url":"https://www.domtechnikpro.com/index.php/produkt/sapho-asoffi-drzaky-sklenene-policky-8mm-chrom-xj018-casove-omezene-71332/","name":"Sapho ASOFFI držáky skleněné poličky 8mm, chrom XJ018 Časově Omezené -","isPartOf":{"@id":"https://www.domtechnikpro.com/#website"},"primaryImageOfPage":{"@id":"https://www.domtechnikpro.com/index.php/produkt/sapho-asoffi-drzaky-sklenene-policky-8mm-chrom-xj018-casove-omezene-71332/#primaryimage"},"image":{"@id":"https://www.domtechnikpro.com/index.php/produkt/sapho-asoffi-drzaky-sklenene-policky-8mm-chrom-xj018-casove-omezene-71332/#primaryimage"},"thumbnailUrl":"https://www.domtechnikpro.com/wp-content/uploads/2026/SK0002315-CZ20260425-093631-0-1777080994-82743-2_xj018-137417478637305.webp","datePublished":"2026-04-26T09:05:04+00:00","breadcrumb":{"@id":"https://www.domtechnikpro.com/index.php/produkt/sapho-asoffi-drzaky-sklenene-policky-8mm-chrom-xj018-casove-omezene-71332/#breadcrumb"},"inLanguage":"cs","potentialAction":[{"@type":"ReadAction","target":["https://www.domtechnikpro.com/index.php/produkt/sapho-asoffi-drzaky-sklenene-policky-8mm-chrom-xj018-casove-omezene-71332/"]}]},{"@type":"ImageObject","inLanguage":"cs","@id":"https://www.domtechnikpro.com/index.php/produkt/sapho-asoffi-drzaky-sklenene-policky-8mm-chrom-xj018-casove-omezene-71332/#primaryimage","url":"https://www.domtechnikpro.com/wp-content/uploads/2026/SK0002315-CZ20260425-093631-0-1777080994-82743-2_xj018-137417478637305.webp","contentUrl":"https://www.domtechnikpro.com/wp-content/uploads/2026/SK0002315-CZ20260425-093631-0-1777080994-82743-2_xj018-137417478637305.webp","width":1000,"height":750},{"@type":"BreadcrumbList","@id":"https://www.domtechnikpro.com/index.php/produkt/sapho-asoffi-drzaky-sklenene-policky-8mm-chrom-xj018-casove-omezene-71332/#breadcrumb","itemListElement":[{"@type":"ListItem","position":1,"name":"Home","item":"https://www.domtechnikpro.com/"},{"@type":"ListItem","position":2,"name":"Products","item":"https://www.domtechnikpro.com/index.php/products/"},{"@type":"ListItem","position":3,"name":"Sapho ASOFFI držáky skleněné poličky 8mm, chrom XJ018 Časově Omezené"}]},{"@type":"WebSite","@id":"https://www.domtechnikpro.com/#website","url":"https://www.domtechnikpro.com/","name":"","description":"","potentialAction":[{"@type":"SearchAction","target":{"@type":"EntryPoint","urlTemplate":"https://www.domtechnikpro.com/?s={search_term_string}"},"query-input":{"@type":"PropertyValueSpecification","valueRequired":true,"valueName":"search_term_string"}}],"inLanguage":"cs"}]}</script>
<!-- / Yoast SEO plugin. -->

Sapho ASOFFI držáky skleněné poličky 8mm, chrom XJ018 Časově Omezené -

Detailní popis produktu Vlastnosti Značka SAPHO Rozměr 20x20x25 mm Šířka 20&nbsp;mm Výška 20&nbsp;mm Hloubka 25&nbsp;mm Barva Chrom Materiál Mosaz Tvar Hranaté Druh Držák poličky Instalace Vrtání Hmotnost / pár 0.1380&nbsp;kg Balení 1&nbsp;ks EAN 8590913125966 Taric 74182000 Záruka 2 roky
