{"id":64099,"date":"2026-04-26T09:03:36","date_gmt":"2026-04-26T09:03:36","guid":{"rendered":""},"modified":"2026-04-26T09:03:36","modified_gmt":"2026-04-26T09:03:36","slug":"top-prodej-trubka-cerna-dn-25-1-quot-1m-64099","status":"publish","type":"product","link":"https:\/\/www.domtechnikpro.com\/index.php\/produkt\/top-prodej-trubka-cerna-dn-25-1-quot-1m-64099\/","title":{"rendered":"Top Prodej Trubka \u010dern\u00e1 DN 25 &#8211; 1&quot; &#8211; 1m"},"content":{"rendered":"<div id=\"e6559317\" class=\"pages\">\n<div>\n<div id=\"PDDescription\" class=\"UserContentView userContent v1a v1 bs-view dcon dc159 PDDescription\" ><dc-con><dc-con><bs-empty><\/bs-empty><\/dc-con><dc-con>        <\/p>\n<div class=\"customDescription\">                    <\/div>\n<p><\/dc-con><dc-con><\/p>\n<p>Trubky maj\u00ed atest pro pou\u017eit\u00ed na plynov\u00e9 rozvody.<\/p>\n<p><span style=\"color: #ff0000;\">Trubky jsou dod\u00e1v\u00e1ny v 6m ty\u010d\u00edch.<\/span><br \/><span style=\"color: #ff0000;\">Objedn\u00e1vka je mo\u017en\u00e1 na cel\u00e9 metry.<\/span><\/p>\n<p><strong><span style=\"font-size: 14px;\">EN10216-1 P235TR1<\/span><\/strong><\/p>\n<p><strong>Trubky nejsou barveny !<\/strong><\/p>\n<p>\u00a0<\/p>\n<p><\/dc-con><\/dc-con><\/div>\n<div id=\"PDDescription2\" class=\"UserContentView userContent v1a v1 bs-view dcon dc160 PDDescription2\" >\n<p><strong>Materi\u00e1l:<\/strong> Ocel<\/p>\n<\/div><\/div>\n<div id=\"PDTable3\" class=\"ProductDetailTableView v3a v3 bs-view dcon dc180 PDTable3\" >\n<table>\n<thead><\/thead>\n<tbody>\n<tr class=\"attribute attr_material\">\n<td class=\"caption\">Materi\u00e1l<\/td>\n<td class=\"value\">Trubky \u010dern\u00e9<\/td>\n<\/tr>\n<tr class=\"attribute attr_bsshop_maker\">\n<td class=\"caption\">V\u00fdrobce<\/td>\n<td class=\"value\">PROFI<\/td>\n<\/tr>\n<tr class=\"attribute attr_Novy attr_atribut attr_delka attr_v attr_mm\">\n<td class=\"caption\">D\u00e9lka v mm<\/td>\n<td class=\"value\">1000<\/td>\n<\/tr>\n<tr class=\"weight\">\n<td class=\"caption\"><span>Hmotnost<\/span><\/td>\n<td class=\"value\"><span>2,45 kg<\/span><\/td>\n<\/tr>\n<\/tbody>\n<\/table>\n<\/div>\n<\/div>\n<div id=\"e6559318\" class=\"tabs\">\n","protected":false},"excerpt":{"rendered":"<p>Trubky maj\u00ed atest pro pou\u017eit\u00ed na plynov\u00e9 rozvody. Trubky jsou dod\u00e1v\u00e1ny v 6m ty\u010d\u00edch.Objedn\u00e1vka je mo\u017en\u00e1 na cel\u00e9 metry. EN10216-1 P235TR1 Trubky nejsou barveny ! \u00a0 Materi\u00e1l: Ocel Materi\u00e1l Trubky \u010dern\u00e9 V\u00fdrobce PROFI D\u00e9lka v mm 1000 Hmotnost 2,45 kg<\/p>\n","protected":false},"featured_media":64199,"comment_status":"open","ping_status":"open","template":"","meta":[],"product_brand":[],"product_cat":[193],"product_tag":[],"class_list":{"0":"post-64099","1":"product","2":"type-product","3":"status-publish","4":"has-post-thumbnail","6":"product_cat-trubky","8":"first","9":"instock","10":"sale","11":"shipping-taxable","12":"purchasable","13":"product-type-simple"},"yoast_head":"<!-- This site is optimized with the Yoast SEO plugin v26.8 - https:\/\/yoast.com\/product\/yoast-seo-wordpress\/ -->\n<title>Top Prodej Trubka \u010dern\u00e1 DN 25 - 1&quot; - 1m -<\/title>\n<meta name=\"robots\" content=\"index, follow, max-snippet:-1, max-image-preview:large, max-video-preview:-1\" \/>\n<link rel=\"canonical\" href=\"https:\/\/www.domtechnikpro.com\/index.php\/produkt\/top-prodej-trubka-cerna-dn-25-1-quot-1m-64099\/\" \/>\n<meta property=\"og:locale\" content=\"cs_CZ\" \/>\n<meta property=\"og:type\" content=\"article\" \/>\n<meta property=\"og:title\" content=\"Top Prodej Trubka \u010dern\u00e1 DN 25 - 1&quot; - 1m -\" \/>\n<meta property=\"og:description\" content=\"Trubky maj\u00ed atest pro pou\u017eit\u00ed na plynov\u00e9 rozvody. Trubky jsou dod\u00e1v\u00e1ny v 6m ty\u010d\u00edch.Objedn\u00e1vka je mo\u017en\u00e1 na cel\u00e9 metry. EN10216-1 P235TR1 Trubky nejsou barveny ! \u00a0 Materi\u00e1l: Ocel Materi\u00e1l Trubky \u010dern\u00e9 V\u00fdrobce PROFI D\u00e9lka v mm 1000 Hmotnost 2,45 kg\" \/>\n<meta property=\"og:url\" content=\"https:\/\/www.domtechnikpro.com\/index.php\/produkt\/top-prodej-trubka-cerna-dn-25-1-quot-1m-64099\/\" \/>\n<meta property=\"og:image\" content=\"https:\/\/www.domtechnikpro.com\/wp-content\/uploads\/2026\/SK0002206-CZ20260425-093449-0-1777080895-trubka-cerna-dn-25-1-1m.webp\" \/>\n\t<meta property=\"og:image:width\" content=\"1000\" \/>\n\t<meta property=\"og:image:height\" content=\"525\" \/>\n\t<meta property=\"og:image:type\" content=\"image\/webp\" \/>\n<meta name=\"twitter:card\" content=\"summary_large_image\" \/>\n<script type=\"application\/ld+json\" class=\"yoast-schema-graph\">{\"@context\":\"https:\/\/schema.org\",\"@graph\":[{\"@type\":\"WebPage\",\"@id\":\"https:\/\/www.domtechnikpro.com\/index.php\/produkt\/top-prodej-trubka-cerna-dn-25-1-quot-1m-64099\/\",\"url\":\"https:\/\/www.domtechnikpro.com\/index.php\/produkt\/top-prodej-trubka-cerna-dn-25-1-quot-1m-64099\/\",\"name\":\"Top Prodej Trubka \u010dern\u00e1 DN 25 - 1&quot; - 1m -\",\"isPartOf\":{\"@id\":\"https:\/\/www.domtechnikpro.com\/#website\"},\"primaryImageOfPage\":{\"@id\":\"https:\/\/www.domtechnikpro.com\/index.php\/produkt\/top-prodej-trubka-cerna-dn-25-1-quot-1m-64099\/#primaryimage\"},\"image\":{\"@id\":\"https:\/\/www.domtechnikpro.com\/index.php\/produkt\/top-prodej-trubka-cerna-dn-25-1-quot-1m-64099\/#primaryimage\"},\"thumbnailUrl\":\"https:\/\/www.domtechnikpro.com\/wp-content\/uploads\/2026\/SK0002206-CZ20260425-093449-0-1777080895-trubka-cerna-dn-25-1-1m.webp\",\"datePublished\":\"2026-04-26T09:03:36+00:00\",\"breadcrumb\":{\"@id\":\"https:\/\/www.domtechnikpro.com\/index.php\/produkt\/top-prodej-trubka-cerna-dn-25-1-quot-1m-64099\/#breadcrumb\"},\"inLanguage\":\"cs\",\"potentialAction\":[{\"@type\":\"ReadAction\",\"target\":[\"https:\/\/www.domtechnikpro.com\/index.php\/produkt\/top-prodej-trubka-cerna-dn-25-1-quot-1m-64099\/\"]}]},{\"@type\":\"ImageObject\",\"inLanguage\":\"cs\",\"@id\":\"https:\/\/www.domtechnikpro.com\/index.php\/produkt\/top-prodej-trubka-cerna-dn-25-1-quot-1m-64099\/#primaryimage\",\"url\":\"https:\/\/www.domtechnikpro.com\/wp-content\/uploads\/2026\/SK0002206-CZ20260425-093449-0-1777080895-trubka-cerna-dn-25-1-1m.webp\",\"contentUrl\":\"https:\/\/www.domtechnikpro.com\/wp-content\/uploads\/2026\/SK0002206-CZ20260425-093449-0-1777080895-trubka-cerna-dn-25-1-1m.webp\",\"width\":1000,\"height\":525},{\"@type\":\"BreadcrumbList\",\"@id\":\"https:\/\/www.domtechnikpro.com\/index.php\/produkt\/top-prodej-trubka-cerna-dn-25-1-quot-1m-64099\/#breadcrumb\",\"itemListElement\":[{\"@type\":\"ListItem\",\"position\":1,\"name\":\"Home\",\"item\":\"https:\/\/www.domtechnikpro.com\/\"},{\"@type\":\"ListItem\",\"position\":2,\"name\":\"Products\",\"item\":\"https:\/\/www.domtechnikpro.com\/index.php\/products\/\"},{\"@type\":\"ListItem\",\"position\":3,\"name\":\"Top Prodej Trubka \u010dern\u00e1 DN 25 &#8211; 1&quot; &#8211; 1m\"}]},{\"@type\":\"WebSite\",\"@id\":\"https:\/\/www.domtechnikpro.com\/#website\",\"url\":\"https:\/\/www.domtechnikpro.com\/\",\"name\":\"\",\"description\":\"\",\"potentialAction\":[{\"@type\":\"SearchAction\",\"target\":{\"@type\":\"EntryPoint\",\"urlTemplate\":\"https:\/\/www.domtechnikpro.com\/?s={search_term_string}\"},\"query-input\":{\"@type\":\"PropertyValueSpecification\",\"valueRequired\":true,\"valueName\":\"search_term_string\"}}],\"inLanguage\":\"cs\"}]}<\/script>\n<!-- \/ Yoast SEO plugin. -->","yoast_head_json":{"title":"Top Prodej Trubka \u010dern\u00e1 DN 25 - 1&quot; - 1m -","robots":{"index":"index","follow":"follow","max-snippet":"max-snippet:-1","max-image-preview":"max-image-preview:large","max-video-preview":"max-video-preview:-1"},"canonical":"https:\/\/www.domtechnikpro.com\/index.php\/produkt\/top-prodej-trubka-cerna-dn-25-1-quot-1m-64099\/","og_locale":"cs_CZ","og_type":"article","og_title":"Top Prodej Trubka \u010dern\u00e1 DN 25 - 1&quot; - 1m -","og_description":"Trubky maj\u00ed atest pro pou\u017eit\u00ed na plynov\u00e9 rozvody. Trubky jsou dod\u00e1v\u00e1ny v 6m ty\u010d\u00edch.Objedn\u00e1vka je mo\u017en\u00e1 na cel\u00e9 metry. EN10216-1 P235TR1 Trubky nejsou barveny ! \u00a0 Materi\u00e1l: Ocel Materi\u00e1l Trubky \u010dern\u00e9 V\u00fdrobce PROFI D\u00e9lka v mm 1000 Hmotnost 2,45 kg","og_url":"https:\/\/www.domtechnikpro.com\/index.php\/produkt\/top-prodej-trubka-cerna-dn-25-1-quot-1m-64099\/","og_image":[{"width":1000,"height":525,"url":"https:\/\/www.domtechnikpro.com\/wp-content\/uploads\/2026\/SK0002206-CZ20260425-093449-0-1777080895-trubka-cerna-dn-25-1-1m.webp","type":"image\/webp"}],"twitter_card":"summary_large_image","schema":{"@context":"https:\/\/schema.org","@graph":[{"@type":"WebPage","@id":"https:\/\/www.domtechnikpro.com\/index.php\/produkt\/top-prodej-trubka-cerna-dn-25-1-quot-1m-64099\/","url":"https:\/\/www.domtechnikpro.com\/index.php\/produkt\/top-prodej-trubka-cerna-dn-25-1-quot-1m-64099\/","name":"Top Prodej Trubka \u010dern\u00e1 DN 25 - 1&quot; - 1m -","isPartOf":{"@id":"https:\/\/www.domtechnikpro.com\/#website"},"primaryImageOfPage":{"@id":"https:\/\/www.domtechnikpro.com\/index.php\/produkt\/top-prodej-trubka-cerna-dn-25-1-quot-1m-64099\/#primaryimage"},"image":{"@id":"https:\/\/www.domtechnikpro.com\/index.php\/produkt\/top-prodej-trubka-cerna-dn-25-1-quot-1m-64099\/#primaryimage"},"thumbnailUrl":"https:\/\/www.domtechnikpro.com\/wp-content\/uploads\/2026\/SK0002206-CZ20260425-093449-0-1777080895-trubka-cerna-dn-25-1-1m.webp","datePublished":"2026-04-26T09:03:36+00:00","breadcrumb":{"@id":"https:\/\/www.domtechnikpro.com\/index.php\/produkt\/top-prodej-trubka-cerna-dn-25-1-quot-1m-64099\/#breadcrumb"},"inLanguage":"cs","potentialAction":[{"@type":"ReadAction","target":["https:\/\/www.domtechnikpro.com\/index.php\/produkt\/top-prodej-trubka-cerna-dn-25-1-quot-1m-64099\/"]}]},{"@type":"ImageObject","inLanguage":"cs","@id":"https:\/\/www.domtechnikpro.com\/index.php\/produkt\/top-prodej-trubka-cerna-dn-25-1-quot-1m-64099\/#primaryimage","url":"https:\/\/www.domtechnikpro.com\/wp-content\/uploads\/2026\/SK0002206-CZ20260425-093449-0-1777080895-trubka-cerna-dn-25-1-1m.webp","contentUrl":"https:\/\/www.domtechnikpro.com\/wp-content\/uploads\/2026\/SK0002206-CZ20260425-093449-0-1777080895-trubka-cerna-dn-25-1-1m.webp","width":1000,"height":525},{"@type":"BreadcrumbList","@id":"https:\/\/www.domtechnikpro.com\/index.php\/produkt\/top-prodej-trubka-cerna-dn-25-1-quot-1m-64099\/#breadcrumb","itemListElement":[{"@type":"ListItem","position":1,"name":"Home","item":"https:\/\/www.domtechnikpro.com\/"},{"@type":"ListItem","position":2,"name":"Products","item":"https:\/\/www.domtechnikpro.com\/index.php\/products\/"},{"@type":"ListItem","position":3,"name":"Top Prodej Trubka \u010dern\u00e1 DN 25 &#8211; 1&quot; &#8211; 1m"}]},{"@type":"WebSite","@id":"https:\/\/www.domtechnikpro.com\/#website","url":"https:\/\/www.domtechnikpro.com\/","name":"","description":"","potentialAction":[{"@type":"SearchAction","target":{"@type":"EntryPoint","urlTemplate":"https:\/\/www.domtechnikpro.com\/?s={search_term_string}"},"query-input":{"@type":"PropertyValueSpecification","valueRequired":true,"valueName":"search_term_string"}}],"inLanguage":"cs"}]}},"_links":{"self":[{"href":"https:\/\/www.domtechnikpro.com\/index.php\/wp-json\/wp\/v2\/product\/64099","targetHints":{"allow":["GET"]}}],"collection":[{"href":"https:\/\/www.domtechnikpro.com\/index.php\/wp-json\/wp\/v2\/product"}],"about":[{"href":"https:\/\/www.domtechnikpro.com\/index.php\/wp-json\/wp\/v2\/types\/product"}],"replies":[{"embeddable":true,"href":"https:\/\/www.domtechnikpro.com\/index.php\/wp-json\/wp\/v2\/comments?post=64099"}],"wp:featuredmedia":[{"embeddable":true,"href":"https:\/\/www.domtechnikpro.com\/index.php\/wp-json\/wp\/v2\/media\/64199"}],"wp:attachment":[{"href":"https:\/\/www.domtechnikpro.com\/index.php\/wp-json\/wp\/v2\/media?parent=64099"}],"wp:term":[{"taxonomy":"product_brand","embeddable":true,"href":"https:\/\/www.domtechnikpro.com\/index.php\/wp-json\/wp\/v2\/product_brand?post=64099"},{"taxonomy":"product_cat","embeddable":true,"href":"https:\/\/www.domtechnikpro.com\/index.php\/wp-json\/wp\/v2\/product_cat?post=64099"},{"taxonomy":"product_tag","embeddable":true,"href":"https:\/\/www.domtechnikpro.com\/index.php\/wp-json\/wp\/v2\/product_tag?post=64099"}],"curies":[{"name":"wp","href":"https:\/\/api.w.org\/{rel}","templated":true}]}}