{"id":6379,"date":"2026-04-26T08:52:12","date_gmt":"2026-04-26T08:52:12","guid":{"rendered":""},"modified":"2026-04-26T08:52:12","modified_gmt":"2026-04-26T08:52:12","slug":"krbova-mrizka-16x45-cm-premium-trend-kremovy-brokat-cenove-vyhodny-6379","status":"publish","type":"product","link":"https:\/\/www.domtechnikpro.com\/index.php\/produkt\/krbova-mrizka-16x45-cm-premium-trend-kremovy-brokat-cenove-vyhodny-6379\/","title":{"rendered":"Krbov\u00e1 m\u0159\u00ed\u017eka 16&#215;45 cm, PREMIUM TREND kr\u00e9mov\u00fd brok\u00e1t Cenov\u011b V\u00fdhodn\u00fd"},"content":{"rendered":"<h3>Detailn\u00ed popis produktu<\/h3>\n<p><strong>Krbov\u00e9 m\u0159\u00ed\u017eky<\/strong><\/p>\n<p>Nab\u00edz\u00edme V\u00e1m <strong>ventila\u010dn\u00ed krbov\u00e9 m\u0159\u00ed\u017eky<\/strong> r\u016fzn\u00fdch rozm\u011br\u016f a&nbsp;v&nbsp;<strong>n\u011bkolika barevn\u00fdch proveden\u00edch<\/strong>.&nbsp;Krbov\u00e9 m\u0159\u00ed\u017eky jsou <strong>vyroben\u00e9 z&nbsp;kvalitn\u00ed oceli<\/strong> s&nbsp;mont\u00e1\u017en\u00edm r\u00e1me\u010dkem. Lakovan\u00e9 jsou pr\u00e1\u0161kovou barvou vysok\u00e9 kvality, kter\u00e1 je <strong>odoln\u00e1 v\u016f\u010di vysok\u00fdm teplot\u00e1m<\/strong>.&nbsp;I&nbsp;po n\u011bkolikalet\u00e9m provozu zachov\u00e1v\u00e1 sv\u016fj p\u016fvodn\u00ed lesk a&nbsp;odst\u00edn. Krbov\u00e9 <strong>m\u0159\u00ed\u017eky pln\u00ed t\u00e9\u017e funkci dekora\u010dn\u00ed<\/strong>.&nbsp;Slou\u017e\u00ed k&nbsp;clon\u011bn\u00ed ventila\u010dn\u00edch otvor\u016f. Jsou vyrobeny z&nbsp;ocelov\u00fdch \u010d\u00e1st\u00ed a&nbsp;p\u0159\u00edslu\u0161n\u011b upraveny technologick\u00fdm procesem. Tento typ m\u0159\u00ed\u017eek je ur\u010den pro mont\u00e1\u017ee do kom\u00ednov\u00fdch sopouch\u016f, st\u011bn a&nbsp;podlah. <br \/><strong>Nedoporu\u010dujeme pou\u017e\u00edvat na stropech &#8211;&nbsp;<\/strong>(krbov\u00e1 m\u0159\u00ed\u017eka je t\u011b\u017ek\u00e1 a&nbsp;mohlo by se st\u00e1t, \u017ee se \u010dasem uvoln\u00ed a&nbsp;spadne (pop\u0159\u00edpad\u011b po\u0159\u00e1dn\u011b zajistit))<br \/><strong>Pro\u010d n\u00e1mi nab\u00edzen\u00e9 krbov\u00e9 m\u0159\u00ed\u017eky?<\/strong><\/p>\n<ul>\n<li>jednoduch\u00e1 instalace<\/li>\n<li>dlouh\u00e1 \u017eivotnost<\/li>\n<li>barevn\u00e1 st\u00e1lost<\/li>\n<li>spl\u0148uje p\u0159\u00edsn\u00e9 evropsk\u00e9 normy<\/li>\n<li>mo\u017enost objedn\u00e1n\u00ed krbov\u00e9 m\u0159\u00ed\u017eky s&nbsp;\u017ealuzi\u00ed<\/li>\n<li>obrovsk\u00fd v\u00fdb\u011br<\/li>\n<li>skladov\u00e1 dostupnost<\/li>\n<li>cena<\/li>\n<\/ul><\/div>\n<div class=\"extended-description\">\n<h3>Dopl\u0148kov\u00e9 parametry<\/h3>\n<table class=\"detail-parameters\">\n<tbody>\n<tr>\n<th>        <span class=\"row-header-label\">            Kategorie<span class=\"row-header-label-colon\">:<\/span>        <\/span>    <\/th>\n<td>        Kr\u00e9mov\u00fd brok\u00e1t    <\/td>\n<\/tr>\n<tr class=\"productEan\">\n<th>          <span class=\"row-header-label productEan__label\">              EAN<span class=\"row-header-label-colon\">:<\/span>          <\/span>      <\/th>\n<td>          <span class=\"productEan__value\">9005249015861<\/span>      <\/td>\n<\/tr>\n<tr>\n<th>                <span class=\"row-header-label\">                                            Rozm\u011br mont\u00e1\u017en\u00edho r\u00e1me\u010dku<span class=\"row-header-label-colon\">:<\/span>                                    <\/span>            <\/th>\n<td>                                                            162 x 469 mm                                                <\/td>\n<\/tr>\n<tr>\n<th>                <span class=\"row-header-label\">                                            Vn\u011bj\u0161\u00ed rozm\u011br m\u0159\u00ed\u017eky<span class=\"row-header-label-colon\">:<\/span>                                    <\/span>            <\/th>\n<td>                                                            194 x 499 mm                                                <\/td>\n<\/tr>\n<tr>\n<th>                <span class=\"row-header-label\">                                            \u017daluzie<span class=\"row-header-label-colon\">:<\/span>                                    <\/span>            <\/th>\n<td>                                                            Ne                                                <\/td>\n<\/tr>\n<tr>\n<th>                <span class=\"row-header-label\">                                            Rozm\u011br m\u0159\u00ed\u017eky<span class=\"row-header-label-colon\">:<\/span>                                    <\/span>            <\/th>\n<td>                                                            16&#215;45 cm                                                <\/td>\n<\/tr>\n<tr>\n<th>                <span class=\"row-header-label\">                                            Dostupnost<span class=\"row-header-label-colon\">:<\/span>                                    <\/span>            <\/th>\n<td>                                                            Skladem                                                <\/td>\n<\/tr>\n<tr>\n<th>                <span class=\"row-header-label\">                                            Barevn\u00e9 proveden\u00ed<span class=\"row-header-label-colon\">:<\/span>                                    <\/span>            <\/th>\n<td>                                                            kr\u00e9mov\u00fd brok\u00e1t                                                <\/td>\n<\/tr>\n<tr>\n<th>                <span class=\"row-header-label\">                                            Hloubka mont\u00e1\u017en\u00edho r\u00e1me\u010dku<span class=\"row-header-label-colon\">:<\/span>                                    <\/span>            <\/th>\n<td>                                                            25 mm                                                <\/td>\n<\/tr>\n<tr>\n<th>                <span class=\"row-header-label\">                                            Pou\u017eit\u00ed<span class=\"row-header-label-colon\">:<\/span>                                    <\/span>            <\/th>\n<td>                                                            vnit\u0159n\u00ed                                                <\/td>\n<\/tr>\n<tr>\n<th>                <span class=\"row-header-label\">                                                                        Barevn\u00e9 proveden\u00ed<span class=\"row-header-label-colon\">:<\/span>                                                            <\/span>            <\/th>\n<td>kr\u00e9mov\u00fd brok\u00e1t<\/td>\n<\/tr>\n<tr>\n<th>                <span class=\"row-header-label\">                                                                        Hloubka mont\u00e1\u017en\u00edho r\u00e1me\u010dku<span class=\"row-header-label-colon\">:<\/span>                                                            <\/span>            <\/th>\n<td>25 mm<\/td>\n<\/tr>\n<tr>\n<th>                <span class=\"row-header-label\">                                                                        Pou\u017eit\u00ed<span class=\"row-header-label-colon\">:<\/span>                                                            <\/span>            <\/th>\n<td>vnit\u0159n\u00ed<\/td>\n<\/tr>\n<\/tbody>\n<\/table><\/div>\n<\/p><\/div>\n<\/p><\/div>\n","protected":false},"excerpt":{"rendered":"<p>Detailn\u00ed popis produktu Krbov\u00e9 m\u0159\u00ed\u017eky Nab\u00edz\u00edme V\u00e1m ventila\u010dn\u00ed krbov\u00e9 m\u0159\u00ed\u017eky r\u016fzn\u00fdch rozm\u011br\u016f a&nbsp;v&nbsp;n\u011bkolika barevn\u00fdch proveden\u00edch.&nbsp;Krbov\u00e9 m\u0159\u00ed\u017eky jsou vyroben\u00e9 z&nbsp;kvalitn\u00ed oceli s&nbsp;mont\u00e1\u017en\u00edm r\u00e1me\u010dkem. Lakovan\u00e9 jsou pr\u00e1\u0161kovou barvou vysok\u00e9 kvality, kter\u00e1 je odoln\u00e1 v\u016f\u010di vysok\u00fdm teplot\u00e1m.&nbsp;I&nbsp;po n\u011bkolikalet\u00e9m provozu zachov\u00e1v\u00e1 sv\u016fj p\u016fvodn\u00ed lesk a&nbsp;odst\u00edn. Krbov\u00e9 m\u0159\u00ed\u017eky pln\u00ed t\u00e9\u017e funkci dekora\u010dn\u00ed.&nbsp;Slou\u017e\u00ed k&nbsp;clon\u011bn\u00ed ventila\u010dn\u00edch otvor\u016f. Jsou vyrobeny z&nbsp;ocelov\u00fdch \u010d\u00e1st\u00ed a&nbsp;p\u0159\u00edslu\u0161n\u011b [&hellip;]<\/p>\n","protected":false},"featured_media":6479,"comment_status":"open","ping_status":"open","template":"","meta":[],"product_brand":[],"product_cat":[47],"product_tag":[],"class_list":{"0":"post-6379","1":"product","2":"type-product","3":"status-publish","4":"has-post-thumbnail","6":"product_cat-krby-a-kamna","8":"first","9":"instock","10":"sale","11":"shipping-taxable","12":"purchasable","13":"product-type-simple"},"yoast_head":"<!-- This site is optimized with the Yoast SEO plugin v26.8 - https:\/\/yoast.com\/product\/yoast-seo-wordpress\/ -->\n<title>Krbov\u00e1 m\u0159\u00ed\u017eka 16x45 cm, PREMIUM TREND kr\u00e9mov\u00fd brok\u00e1t Cenov\u011b V\u00fdhodn\u00fd -<\/title>\n<meta name=\"robots\" content=\"index, follow, max-snippet:-1, max-image-preview:large, max-video-preview:-1\" \/>\n<link rel=\"canonical\" href=\"https:\/\/www.domtechnikpro.com\/index.php\/produkt\/krbova-mrizka-16x45-cm-premium-trend-kremovy-brokat-cenove-vyhodny-6379\/\" \/>\n<meta property=\"og:locale\" content=\"cs_CZ\" \/>\n<meta property=\"og:type\" content=\"article\" \/>\n<meta property=\"og:title\" content=\"Krbov\u00e1 m\u0159\u00ed\u017eka 16x45 cm, PREMIUM TREND kr\u00e9mov\u00fd brok\u00e1t Cenov\u011b V\u00fdhodn\u00fd -\" \/>\n<meta property=\"og:description\" content=\"Detailn\u00ed popis produktu Krbov\u00e9 m\u0159\u00ed\u017eky Nab\u00edz\u00edme V\u00e1m ventila\u010dn\u00ed krbov\u00e9 m\u0159\u00ed\u017eky r\u016fzn\u00fdch rozm\u011br\u016f a&nbsp;v&nbsp;n\u011bkolika barevn\u00fdch proveden\u00edch.&nbsp;Krbov\u00e9 m\u0159\u00ed\u017eky jsou vyroben\u00e9 z&nbsp;kvalitn\u00ed oceli s&nbsp;mont\u00e1\u017en\u00edm r\u00e1me\u010dkem. Lakovan\u00e9 jsou pr\u00e1\u0161kovou barvou vysok\u00e9 kvality, kter\u00e1 je odoln\u00e1 v\u016f\u010di vysok\u00fdm teplot\u00e1m.&nbsp;I&nbsp;po n\u011bkolikalet\u00e9m provozu zachov\u00e1v\u00e1 sv\u016fj p\u016fvodn\u00ed lesk a&nbsp;odst\u00edn. Krbov\u00e9 m\u0159\u00ed\u017eky pln\u00ed t\u00e9\u017e funkci dekora\u010dn\u00ed.&nbsp;Slou\u017e\u00ed k&nbsp;clon\u011bn\u00ed ventila\u010dn\u00edch otvor\u016f. Jsou vyrobeny z&nbsp;ocelov\u00fdch \u010d\u00e1st\u00ed a&nbsp;p\u0159\u00edslu\u0161n\u011b [&hellip;]\" \/>\n<meta property=\"og:url\" content=\"https:\/\/www.domtechnikpro.com\/index.php\/produkt\/krbova-mrizka-16x45-cm-premium-trend-kremovy-brokat-cenove-vyhodny-6379\/\" \/>\n<meta property=\"og:image\" content=\"https:\/\/www.domtechnikpro.com\/wp-content\/uploads\/2026\/SK0003150-CZ20260425-091701-0-1777079823-63718-1_getimage-ashx-id-krbova-mrizka-16x45cm-trend-kremov.webp\" \/>\n\t<meta property=\"og:image:width\" content=\"800\" \/>\n\t<meta property=\"og:image:height\" content=\"800\" \/>\n\t<meta property=\"og:image:type\" content=\"image\/webp\" \/>\n<meta name=\"twitter:card\" content=\"summary_large_image\" \/>\n<meta name=\"twitter:label1\" content=\"Odhadovan\u00e1 doba \u010dten\u00ed\" \/>\n\t<meta name=\"twitter:data1\" content=\"1 minuta\" \/>\n<script type=\"application\/ld+json\" class=\"yoast-schema-graph\">{\"@context\":\"https:\/\/schema.org\",\"@graph\":[{\"@type\":\"WebPage\",\"@id\":\"https:\/\/www.domtechnikpro.com\/index.php\/produkt\/krbova-mrizka-16x45-cm-premium-trend-kremovy-brokat-cenove-vyhodny-6379\/\",\"url\":\"https:\/\/www.domtechnikpro.com\/index.php\/produkt\/krbova-mrizka-16x45-cm-premium-trend-kremovy-brokat-cenove-vyhodny-6379\/\",\"name\":\"Krbov\u00e1 m\u0159\u00ed\u017eka 16x45 cm, PREMIUM TREND kr\u00e9mov\u00fd brok\u00e1t Cenov\u011b V\u00fdhodn\u00fd -\",\"isPartOf\":{\"@id\":\"https:\/\/www.domtechnikpro.com\/#website\"},\"primaryImageOfPage\":{\"@id\":\"https:\/\/www.domtechnikpro.com\/index.php\/produkt\/krbova-mrizka-16x45-cm-premium-trend-kremovy-brokat-cenove-vyhodny-6379\/#primaryimage\"},\"image\":{\"@id\":\"https:\/\/www.domtechnikpro.com\/index.php\/produkt\/krbova-mrizka-16x45-cm-premium-trend-kremovy-brokat-cenove-vyhodny-6379\/#primaryimage\"},\"thumbnailUrl\":\"https:\/\/www.domtechnikpro.com\/wp-content\/uploads\/2026\/SK0003150-CZ20260425-091701-0-1777079823-63718-1_getimage-ashx-id-krbova-mrizka-16x45cm-trend-kremov.webp\",\"datePublished\":\"2026-04-26T08:52:12+00:00\",\"breadcrumb\":{\"@id\":\"https:\/\/www.domtechnikpro.com\/index.php\/produkt\/krbova-mrizka-16x45-cm-premium-trend-kremovy-brokat-cenove-vyhodny-6379\/#breadcrumb\"},\"inLanguage\":\"cs\",\"potentialAction\":[{\"@type\":\"ReadAction\",\"target\":[\"https:\/\/www.domtechnikpro.com\/index.php\/produkt\/krbova-mrizka-16x45-cm-premium-trend-kremovy-brokat-cenove-vyhodny-6379\/\"]}]},{\"@type\":\"ImageObject\",\"inLanguage\":\"cs\",\"@id\":\"https:\/\/www.domtechnikpro.com\/index.php\/produkt\/krbova-mrizka-16x45-cm-premium-trend-kremovy-brokat-cenove-vyhodny-6379\/#primaryimage\",\"url\":\"https:\/\/www.domtechnikpro.com\/wp-content\/uploads\/2026\/SK0003150-CZ20260425-091701-0-1777079823-63718-1_getimage-ashx-id-krbova-mrizka-16x45cm-trend-kremov.webp\",\"contentUrl\":\"https:\/\/www.domtechnikpro.com\/wp-content\/uploads\/2026\/SK0003150-CZ20260425-091701-0-1777079823-63718-1_getimage-ashx-id-krbova-mrizka-16x45cm-trend-kremov.webp\",\"width\":800,\"height\":800},{\"@type\":\"BreadcrumbList\",\"@id\":\"https:\/\/www.domtechnikpro.com\/index.php\/produkt\/krbova-mrizka-16x45-cm-premium-trend-kremovy-brokat-cenove-vyhodny-6379\/#breadcrumb\",\"itemListElement\":[{\"@type\":\"ListItem\",\"position\":1,\"name\":\"Home\",\"item\":\"https:\/\/www.domtechnikpro.com\/\"},{\"@type\":\"ListItem\",\"position\":2,\"name\":\"Products\",\"item\":\"https:\/\/www.domtechnikpro.com\/index.php\/products\/\"},{\"@type\":\"ListItem\",\"position\":3,\"name\":\"Krbov\u00e1 m\u0159\u00ed\u017eka 16&#215;45 cm, PREMIUM TREND kr\u00e9mov\u00fd brok\u00e1t Cenov\u011b V\u00fdhodn\u00fd\"}]},{\"@type\":\"WebSite\",\"@id\":\"https:\/\/www.domtechnikpro.com\/#website\",\"url\":\"https:\/\/www.domtechnikpro.com\/\",\"name\":\"\",\"description\":\"\",\"potentialAction\":[{\"@type\":\"SearchAction\",\"target\":{\"@type\":\"EntryPoint\",\"urlTemplate\":\"https:\/\/www.domtechnikpro.com\/?s={search_term_string}\"},\"query-input\":{\"@type\":\"PropertyValueSpecification\",\"valueRequired\":true,\"valueName\":\"search_term_string\"}}],\"inLanguage\":\"cs\"}]}<\/script>\n<!-- \/ Yoast SEO plugin. -->","yoast_head_json":{"title":"Krbov\u00e1 m\u0159\u00ed\u017eka 16x45 cm, PREMIUM TREND kr\u00e9mov\u00fd brok\u00e1t Cenov\u011b V\u00fdhodn\u00fd -","robots":{"index":"index","follow":"follow","max-snippet":"max-snippet:-1","max-image-preview":"max-image-preview:large","max-video-preview":"max-video-preview:-1"},"canonical":"https:\/\/www.domtechnikpro.com\/index.php\/produkt\/krbova-mrizka-16x45-cm-premium-trend-kremovy-brokat-cenove-vyhodny-6379\/","og_locale":"cs_CZ","og_type":"article","og_title":"Krbov\u00e1 m\u0159\u00ed\u017eka 16x45 cm, PREMIUM TREND kr\u00e9mov\u00fd brok\u00e1t Cenov\u011b V\u00fdhodn\u00fd -","og_description":"Detailn\u00ed popis produktu Krbov\u00e9 m\u0159\u00ed\u017eky Nab\u00edz\u00edme V\u00e1m ventila\u010dn\u00ed krbov\u00e9 m\u0159\u00ed\u017eky r\u016fzn\u00fdch rozm\u011br\u016f a&nbsp;v&nbsp;n\u011bkolika barevn\u00fdch proveden\u00edch.&nbsp;Krbov\u00e9 m\u0159\u00ed\u017eky jsou vyroben\u00e9 z&nbsp;kvalitn\u00ed oceli s&nbsp;mont\u00e1\u017en\u00edm r\u00e1me\u010dkem. Lakovan\u00e9 jsou pr\u00e1\u0161kovou barvou vysok\u00e9 kvality, kter\u00e1 je odoln\u00e1 v\u016f\u010di vysok\u00fdm teplot\u00e1m.&nbsp;I&nbsp;po n\u011bkolikalet\u00e9m provozu zachov\u00e1v\u00e1 sv\u016fj p\u016fvodn\u00ed lesk a&nbsp;odst\u00edn. Krbov\u00e9 m\u0159\u00ed\u017eky pln\u00ed t\u00e9\u017e funkci dekora\u010dn\u00ed.&nbsp;Slou\u017e\u00ed k&nbsp;clon\u011bn\u00ed ventila\u010dn\u00edch otvor\u016f. Jsou vyrobeny z&nbsp;ocelov\u00fdch \u010d\u00e1st\u00ed a&nbsp;p\u0159\u00edslu\u0161n\u011b [&hellip;]","og_url":"https:\/\/www.domtechnikpro.com\/index.php\/produkt\/krbova-mrizka-16x45-cm-premium-trend-kremovy-brokat-cenove-vyhodny-6379\/","og_image":[{"width":800,"height":800,"url":"https:\/\/www.domtechnikpro.com\/wp-content\/uploads\/2026\/SK0003150-CZ20260425-091701-0-1777079823-63718-1_getimage-ashx-id-krbova-mrizka-16x45cm-trend-kremov.webp","type":"image\/webp"}],"twitter_card":"summary_large_image","twitter_misc":{"Odhadovan\u00e1 doba \u010dten\u00ed":"1 minuta"},"schema":{"@context":"https:\/\/schema.org","@graph":[{"@type":"WebPage","@id":"https:\/\/www.domtechnikpro.com\/index.php\/produkt\/krbova-mrizka-16x45-cm-premium-trend-kremovy-brokat-cenove-vyhodny-6379\/","url":"https:\/\/www.domtechnikpro.com\/index.php\/produkt\/krbova-mrizka-16x45-cm-premium-trend-kremovy-brokat-cenove-vyhodny-6379\/","name":"Krbov\u00e1 m\u0159\u00ed\u017eka 16x45 cm, PREMIUM TREND kr\u00e9mov\u00fd brok\u00e1t Cenov\u011b V\u00fdhodn\u00fd -","isPartOf":{"@id":"https:\/\/www.domtechnikpro.com\/#website"},"primaryImageOfPage":{"@id":"https:\/\/www.domtechnikpro.com\/index.php\/produkt\/krbova-mrizka-16x45-cm-premium-trend-kremovy-brokat-cenove-vyhodny-6379\/#primaryimage"},"image":{"@id":"https:\/\/www.domtechnikpro.com\/index.php\/produkt\/krbova-mrizka-16x45-cm-premium-trend-kremovy-brokat-cenove-vyhodny-6379\/#primaryimage"},"thumbnailUrl":"https:\/\/www.domtechnikpro.com\/wp-content\/uploads\/2026\/SK0003150-CZ20260425-091701-0-1777079823-63718-1_getimage-ashx-id-krbova-mrizka-16x45cm-trend-kremov.webp","datePublished":"2026-04-26T08:52:12+00:00","breadcrumb":{"@id":"https:\/\/www.domtechnikpro.com\/index.php\/produkt\/krbova-mrizka-16x45-cm-premium-trend-kremovy-brokat-cenove-vyhodny-6379\/#breadcrumb"},"inLanguage":"cs","potentialAction":[{"@type":"ReadAction","target":["https:\/\/www.domtechnikpro.com\/index.php\/produkt\/krbova-mrizka-16x45-cm-premium-trend-kremovy-brokat-cenove-vyhodny-6379\/"]}]},{"@type":"ImageObject","inLanguage":"cs","@id":"https:\/\/www.domtechnikpro.com\/index.php\/produkt\/krbova-mrizka-16x45-cm-premium-trend-kremovy-brokat-cenove-vyhodny-6379\/#primaryimage","url":"https:\/\/www.domtechnikpro.com\/wp-content\/uploads\/2026\/SK0003150-CZ20260425-091701-0-1777079823-63718-1_getimage-ashx-id-krbova-mrizka-16x45cm-trend-kremov.webp","contentUrl":"https:\/\/www.domtechnikpro.com\/wp-content\/uploads\/2026\/SK0003150-CZ20260425-091701-0-1777079823-63718-1_getimage-ashx-id-krbova-mrizka-16x45cm-trend-kremov.webp","width":800,"height":800},{"@type":"BreadcrumbList","@id":"https:\/\/www.domtechnikpro.com\/index.php\/produkt\/krbova-mrizka-16x45-cm-premium-trend-kremovy-brokat-cenove-vyhodny-6379\/#breadcrumb","itemListElement":[{"@type":"ListItem","position":1,"name":"Home","item":"https:\/\/www.domtechnikpro.com\/"},{"@type":"ListItem","position":2,"name":"Products","item":"https:\/\/www.domtechnikpro.com\/index.php\/products\/"},{"@type":"ListItem","position":3,"name":"Krbov\u00e1 m\u0159\u00ed\u017eka 16&#215;45 cm, PREMIUM TREND kr\u00e9mov\u00fd brok\u00e1t Cenov\u011b V\u00fdhodn\u00fd"}]},{"@type":"WebSite","@id":"https:\/\/www.domtechnikpro.com\/#website","url":"https:\/\/www.domtechnikpro.com\/","name":"","description":"","potentialAction":[{"@type":"SearchAction","target":{"@type":"EntryPoint","urlTemplate":"https:\/\/www.domtechnikpro.com\/?s={search_term_string}"},"query-input":{"@type":"PropertyValueSpecification","valueRequired":true,"valueName":"search_term_string"}}],"inLanguage":"cs"}]}},"_links":{"self":[{"href":"https:\/\/www.domtechnikpro.com\/index.php\/wp-json\/wp\/v2\/product\/6379","targetHints":{"allow":["GET"]}}],"collection":[{"href":"https:\/\/www.domtechnikpro.com\/index.php\/wp-json\/wp\/v2\/product"}],"about":[{"href":"https:\/\/www.domtechnikpro.com\/index.php\/wp-json\/wp\/v2\/types\/product"}],"replies":[{"embeddable":true,"href":"https:\/\/www.domtechnikpro.com\/index.php\/wp-json\/wp\/v2\/comments?post=6379"}],"wp:featuredmedia":[{"embeddable":true,"href":"https:\/\/www.domtechnikpro.com\/index.php\/wp-json\/wp\/v2\/media\/6479"}],"wp:attachment":[{"href":"https:\/\/www.domtechnikpro.com\/index.php\/wp-json\/wp\/v2\/media?parent=6379"}],"wp:term":[{"taxonomy":"product_brand","embeddable":true,"href":"https:\/\/www.domtechnikpro.com\/index.php\/wp-json\/wp\/v2\/product_brand?post=6379"},{"taxonomy":"product_cat","embeddable":true,"href":"https:\/\/www.domtechnikpro.com\/index.php\/wp-json\/wp\/v2\/product_cat?post=6379"},{"taxonomy":"product_tag","embeddable":true,"href":"https:\/\/www.domtechnikpro.com\/index.php\/wp-json\/wp\/v2\/product_tag?post=6379"}],"curies":[{"name":"wp","href":"https:\/\/api.w.org\/{rel}","templated":true}]}}