{"id":62747,"date":"2026-04-26T09:03:19","date_gmt":"2026-04-26T09:03:19","guid":{"rendered":""},"modified":"2026-04-26T09:03:19","modified_gmt":"2026-04-26T09:03:19","slug":"cu-medena-trubka-35x1-5-mm-1m-nova-kolekce-62747","status":"publish","type":"product","link":"https:\/\/www.domtechnikpro.com\/index.php\/produkt\/cu-medena-trubka-35x1-5-mm-1m-nova-kolekce-62747\/","title":{"rendered":"Cu M\u011bd\u011bn\u00e1 trubka 35&#215;1,5 mm &#8211; 1m Nov\u00e1 Kolekce"},"content":{"rendered":"<div id=\"e6158146\" class=\"pages\">\n<div>\n<div id=\"PDDescription\" class=\"UserContentView userContent v1a v1 bs-view dcon dc159 PDDescription\" ><dc-con><dc-con><bs-empty><\/bs-empty><\/dc-con><dc-con>        <\/p>\n<div class=\"customDescription\">                    <\/div>\n<p><\/dc-con><dc-con><\/p>\n<p><strong>Cu M\u011bd\u011bn\u00e1 trubka\u00a0 35&#215;1,5 mm<\/strong><\/p>\n<p><strong>Vlastnosti m\u011bd\u011bn\u00fdch trubek<\/strong> \u2013 Materi\u00e1l trubek je fosforem dezoxidovan\u00e1 m\u011b\u010f, kter\u00e1 m\u00e1 podle normy \u010cSN EN 1057 kvalitu Cu DHP. Trubka se zhotovuje z m\u011bdi o \u010distot\u011b v\u011bt\u0161\u00ed ne\u017e 99,9 %, bod t\u00e1n\u00ed je 1083 \u00b0C, tepeln\u00e1 vodivost je 339 W\/m.K a hustota 8900 kg\/m3. Trubky se vyr\u00e1b\u011bj\u00ed v r\u016fzn\u00fdch druz\u00edch tvrdosti (m\u011bkk\u00e1 \u2013 R220, polotvrd\u00e1 \u2013 R250, tvrd\u00e1 \u2013 R290). M\u011bd\u011bn\u00e9 trubky je mo\u017en\u00e9 oh\u00fdbat ru\u010dn\u011b nebo za pomoci oh\u00fdba\u010dky. M\u011bkk\u00e9 trubky se oh\u00fdbaj\u00ed ru\u010dn\u011b nebo oh\u00fdba\u010dkou za studena. Polotvrd\u00e9 trubky se oh\u00fdbaj\u00ed oh\u00fdba\u010dkou za studena. Tvrd\u00e9 trubky jsou za studena neoh\u00fdbateln\u00e9.<\/p>\n<p><strong>Odolnost m\u011bd\u011bn\u00fdch trubek proti<\/strong> <strong>tlaku<\/strong>\u00a0 \u2013 Dovolen\u00fd maxim\u00e1ln\u00ed provozn\u00ed tlak se ud\u00e1v\u00e1 p\u0159i hodnot\u00e1ch sou\u010dinitele bezpe\u010dnosti 3,5 a pevnosti v tahu 200 N\/mm2 do provozn\u00ed teploty 100 \u00b0C.<\/p>\n<p><strong>Tepeln\u00e1 rozta\u017enost m\u011bd\u011bn\u00fdch trubek<\/strong>\u00a0 \u2013 Tepeln\u00e1 rozta\u017enost m\u011bd\u011bn\u00e9 trubky je t\u00e9m\u011b\u0159 dvojn\u00e1sobn\u00e1 ne\u017e rozta\u017enost ocelov\u00e9 trubky, ale jen \u010dtvrtinou rozta\u017enosti trubky z plastu. Koeficient tepeln\u00e9 rozta\u017enosti je \u03b1 = 16,6.10-6 m\/m.K.<\/p>\n<p><strong>Spojov\u00e1n\u00ed trubek<\/strong> \u2013 P\u0159i mont\u00e1\u017ei m\u011bd\u011bn\u00fdch trubek se pou\u017e\u00edv\u00e1 kapil\u00e1rn\u00ed p\u00e1jen\u00ed, lisov\u00e1n\u00ed nebo spojky s p\u0159esuvn\u00fdmi maticemi se z\u00e1\u0159ezn\u00fdmi nebo p\u0159\u00edtla\u010dn\u00fdmi krou\u017eky. Nejroz\u0161\u00ed\u0159en\u011bj\u0161\u00ed formou spojov\u00e1n\u00ed trubek je v dne\u0161n\u00ed dob\u011b kapil\u00e1rn\u00ed p\u00e1jen\u00ed. To se prov\u00e1d\u00ed m\u011bkk\u00fdm nebo tvrd\u00fdm p\u00e1jen\u00edm. Sva\u0159ovan\u00e9 spoje se pou\u017e\u00edvaj\u00ed z\u0159\u00eddka, proto\u017ee sva\u0159ov\u00e1n\u00ed m\u011bd\u011bn\u00fdch trubek vy\u017eaduje velkou praxi (pro n\u00edzk\u00fd bod t\u00e1n\u00ed a velkou tepelnou vodivost se trubka lehce prop\u00e1l\u00ed). Jen z\u0159\u00eddka se pou\u017e\u00edv\u00e1 \u0161rouben\u00ed se sv\u011brac\u00edm krou\u017ekem, trubkov\u00e9 spojky, p\u0159\u00edrubov\u00e9 spoje, z\u00e1vitov\u00e9 spoje. Dnes je nejv\u00edc roz\u0161\u00ed\u0159eno spojov\u00e1n\u00ed lisov\u00e1n\u00edm, kter\u00e9 se d\u00e1 prov\u00e9st velmi rychle (jeden spoj za 4-6 s), ale pou\u017eit\u00e9 tvarovky jsou cenov\u011b n\u00e1kladn\u011bj\u0161\u00ed ne\u017e tradi\u010dn\u00ed tvarovky. Ji\u017e zm\u00edn\u011bn\u00e9 spoje jsou rozd\u011bleny na dv\u011b skupiny: &#8211; rozeb\u00edrateln\u00e9 spoje: z\u00e1vitov\u00e9, \u0161rouben\u00ed se sv\u011brac\u00edm krou\u017ekem, trubkov\u00e9 spojky, p\u0159\u00edrubov\u00e9 spoje, &#8211; nerozeb\u00edrateln\u00e9 spoje: p\u00e1jen\u00ed, sva\u0159ov\u00e1n\u00ed, lisov\u00e1n\u00ed.<\/p>\n<p>Tyto m\u011bd\u011bn\u00e9 trubky jsou vyrobeny v Evropsk\u00e9 Unii.<\/p>\n<p><span style=\"color: #ff0000;\">trubky jsou dod\u00e1v\u00e1ny v 5m ty\u010d\u00edch | objedn\u00e1vka je mo\u017en\u00e1 na cel\u00e9 metry | tvrd\u00e9 proveden\u00ed<\/span><\/p>\n<p><\/dc-con><\/dc-con><\/div>\n<\/p><\/div>\n<div id=\"PDTable3\" class=\"ProductDetailTableView v3a v3 bs-view dcon dc180 PDTable3\" >\n<table>\n<thead><\/thead>\n<tbody>\n<tr class=\"attribute attr_typ\">\n<td class=\"caption\">Typ<\/td>\n<td class=\"value\">Topen\u00e1\u0159sk\u00e9<\/td>\n<\/tr>\n<tr class=\"attribute attr_bsshop_maker\">\n<td class=\"caption\">V\u00fdrobce<\/td>\n<td class=\"value\">Hutmen<\/td>\n<\/tr>\n<tr class=\"weight\">\n<td class=\"caption\"><span>Hmotnost<\/span><\/td>\n<td class=\"value\"><span>1,40 kg<\/span><\/td>\n<\/tr>\n<\/tbody>\n<\/table>\n<\/div>\n<\/div>\n<div id=\"e6158147\" class=\"tabs\">\n","protected":false},"excerpt":{"rendered":"<p>Cu M\u011bd\u011bn\u00e1 trubka\u00a0 35&#215;1,5 mm Vlastnosti m\u011bd\u011bn\u00fdch trubek \u2013 Materi\u00e1l trubek je fosforem dezoxidovan\u00e1 m\u011b\u010f, kter\u00e1 m\u00e1 podle normy \u010cSN EN 1057 kvalitu Cu DHP. Trubka se zhotovuje z m\u011bdi o \u010distot\u011b v\u011bt\u0161\u00ed ne\u017e 99,9 %, bod t\u00e1n\u00ed je 1083 \u00b0C, tepeln\u00e1 vodivost je 339 W\/m.K a hustota 8900 kg\/m3. Trubky se vyr\u00e1b\u011bj\u00ed v r\u016fzn\u00fdch [&hellip;]<\/p>\n","protected":false},"featured_media":62847,"comment_status":"open","ping_status":"open","template":"","meta":[],"product_brand":[],"product_cat":[193],"product_tag":[],"class_list":{"0":"post-62747","1":"product","2":"type-product","3":"status-publish","4":"has-post-thumbnail","6":"product_cat-trubky","8":"first","9":"instock","10":"sale","11":"shipping-taxable","12":"purchasable","13":"product-type-simple"},"yoast_head":"<!-- This site is optimized with the Yoast SEO plugin v26.8 - https:\/\/yoast.com\/product\/yoast-seo-wordpress\/ -->\n<title>Cu M\u011bd\u011bn\u00e1 trubka 35x1,5 mm - 1m Nov\u00e1 Kolekce -<\/title>\n<meta name=\"robots\" content=\"index, follow, max-snippet:-1, max-image-preview:large, max-video-preview:-1\" \/>\n<link rel=\"canonical\" href=\"https:\/\/www.domtechnikpro.com\/index.php\/produkt\/cu-medena-trubka-35x1-5-mm-1m-nova-kolekce-62747\/\" \/>\n<meta property=\"og:locale\" content=\"cs_CZ\" \/>\n<meta property=\"og:type\" content=\"article\" \/>\n<meta property=\"og:title\" content=\"Cu M\u011bd\u011bn\u00e1 trubka 35x1,5 mm - 1m Nov\u00e1 Kolekce -\" \/>\n<meta property=\"og:description\" content=\"Cu M\u011bd\u011bn\u00e1 trubka\u00a0 35&#215;1,5 mm Vlastnosti m\u011bd\u011bn\u00fdch trubek \u2013 Materi\u00e1l trubek je fosforem dezoxidovan\u00e1 m\u011b\u010f, kter\u00e1 m\u00e1 podle normy \u010cSN EN 1057 kvalitu Cu DHP. Trubka se zhotovuje z m\u011bdi o \u010distot\u011b v\u011bt\u0161\u00ed ne\u017e 99,9 %, bod t\u00e1n\u00ed je 1083 \u00b0C, tepeln\u00e1 vodivost je 339 W\/m.K a hustota 8900 kg\/m3. Trubky se vyr\u00e1b\u011bj\u00ed v r\u016fzn\u00fdch [&hellip;]\" \/>\n<meta property=\"og:url\" content=\"https:\/\/www.domtechnikpro.com\/index.php\/produkt\/cu-medena-trubka-35x1-5-mm-1m-nova-kolekce-62747\/\" \/>\n<meta property=\"og:image\" content=\"https:\/\/www.domtechnikpro.com\/wp-content\/uploads\/2026\/SK0001552-CZ20260425-093449-0-1777080895-cu-medena-trubka-35x1-5-mm-1m.webp\" \/>\n\t<meta property=\"og:image:width\" content=\"1000\" \/>\n\t<meta property=\"og:image:height\" content=\"525\" \/>\n\t<meta property=\"og:image:type\" content=\"image\/webp\" \/>\n<meta name=\"twitter:card\" content=\"summary_large_image\" \/>\n<meta name=\"twitter:label1\" content=\"Odhadovan\u00e1 doba \u010dten\u00ed\" \/>\n\t<meta name=\"twitter:data1\" content=\"2 minuty\" \/>\n<script type=\"application\/ld+json\" class=\"yoast-schema-graph\">{\"@context\":\"https:\/\/schema.org\",\"@graph\":[{\"@type\":\"WebPage\",\"@id\":\"https:\/\/www.domtechnikpro.com\/index.php\/produkt\/cu-medena-trubka-35x1-5-mm-1m-nova-kolekce-62747\/\",\"url\":\"https:\/\/www.domtechnikpro.com\/index.php\/produkt\/cu-medena-trubka-35x1-5-mm-1m-nova-kolekce-62747\/\",\"name\":\"Cu M\u011bd\u011bn\u00e1 trubka 35x1,5 mm - 1m Nov\u00e1 Kolekce -\",\"isPartOf\":{\"@id\":\"https:\/\/www.domtechnikpro.com\/#website\"},\"primaryImageOfPage\":{\"@id\":\"https:\/\/www.domtechnikpro.com\/index.php\/produkt\/cu-medena-trubka-35x1-5-mm-1m-nova-kolekce-62747\/#primaryimage\"},\"image\":{\"@id\":\"https:\/\/www.domtechnikpro.com\/index.php\/produkt\/cu-medena-trubka-35x1-5-mm-1m-nova-kolekce-62747\/#primaryimage\"},\"thumbnailUrl\":\"https:\/\/www.domtechnikpro.com\/wp-content\/uploads\/2026\/SK0001552-CZ20260425-093449-0-1777080895-cu-medena-trubka-35x1-5-mm-1m.webp\",\"datePublished\":\"2026-04-26T09:03:19+00:00\",\"breadcrumb\":{\"@id\":\"https:\/\/www.domtechnikpro.com\/index.php\/produkt\/cu-medena-trubka-35x1-5-mm-1m-nova-kolekce-62747\/#breadcrumb\"},\"inLanguage\":\"cs\",\"potentialAction\":[{\"@type\":\"ReadAction\",\"target\":[\"https:\/\/www.domtechnikpro.com\/index.php\/produkt\/cu-medena-trubka-35x1-5-mm-1m-nova-kolekce-62747\/\"]}]},{\"@type\":\"ImageObject\",\"inLanguage\":\"cs\",\"@id\":\"https:\/\/www.domtechnikpro.com\/index.php\/produkt\/cu-medena-trubka-35x1-5-mm-1m-nova-kolekce-62747\/#primaryimage\",\"url\":\"https:\/\/www.domtechnikpro.com\/wp-content\/uploads\/2026\/SK0001552-CZ20260425-093449-0-1777080895-cu-medena-trubka-35x1-5-mm-1m.webp\",\"contentUrl\":\"https:\/\/www.domtechnikpro.com\/wp-content\/uploads\/2026\/SK0001552-CZ20260425-093449-0-1777080895-cu-medena-trubka-35x1-5-mm-1m.webp\",\"width\":1000,\"height\":525},{\"@type\":\"BreadcrumbList\",\"@id\":\"https:\/\/www.domtechnikpro.com\/index.php\/produkt\/cu-medena-trubka-35x1-5-mm-1m-nova-kolekce-62747\/#breadcrumb\",\"itemListElement\":[{\"@type\":\"ListItem\",\"position\":1,\"name\":\"Home\",\"item\":\"https:\/\/www.domtechnikpro.com\/\"},{\"@type\":\"ListItem\",\"position\":2,\"name\":\"Products\",\"item\":\"https:\/\/www.domtechnikpro.com\/index.php\/products\/\"},{\"@type\":\"ListItem\",\"position\":3,\"name\":\"Cu M\u011bd\u011bn\u00e1 trubka 35&#215;1,5 mm &#8211; 1m Nov\u00e1 Kolekce\"}]},{\"@type\":\"WebSite\",\"@id\":\"https:\/\/www.domtechnikpro.com\/#website\",\"url\":\"https:\/\/www.domtechnikpro.com\/\",\"name\":\"\",\"description\":\"\",\"potentialAction\":[{\"@type\":\"SearchAction\",\"target\":{\"@type\":\"EntryPoint\",\"urlTemplate\":\"https:\/\/www.domtechnikpro.com\/?s={search_term_string}\"},\"query-input\":{\"@type\":\"PropertyValueSpecification\",\"valueRequired\":true,\"valueName\":\"search_term_string\"}}],\"inLanguage\":\"cs\"}]}<\/script>\n<!-- \/ Yoast SEO plugin. -->","yoast_head_json":{"title":"Cu M\u011bd\u011bn\u00e1 trubka 35x1,5 mm - 1m Nov\u00e1 Kolekce -","robots":{"index":"index","follow":"follow","max-snippet":"max-snippet:-1","max-image-preview":"max-image-preview:large","max-video-preview":"max-video-preview:-1"},"canonical":"https:\/\/www.domtechnikpro.com\/index.php\/produkt\/cu-medena-trubka-35x1-5-mm-1m-nova-kolekce-62747\/","og_locale":"cs_CZ","og_type":"article","og_title":"Cu M\u011bd\u011bn\u00e1 trubka 35x1,5 mm - 1m Nov\u00e1 Kolekce -","og_description":"Cu M\u011bd\u011bn\u00e1 trubka\u00a0 35&#215;1,5 mm Vlastnosti m\u011bd\u011bn\u00fdch trubek \u2013 Materi\u00e1l trubek je fosforem dezoxidovan\u00e1 m\u011b\u010f, kter\u00e1 m\u00e1 podle normy \u010cSN EN 1057 kvalitu Cu DHP. Trubka se zhotovuje z m\u011bdi o \u010distot\u011b v\u011bt\u0161\u00ed ne\u017e 99,9 %, bod t\u00e1n\u00ed je 1083 \u00b0C, tepeln\u00e1 vodivost je 339 W\/m.K a hustota 8900 kg\/m3. Trubky se vyr\u00e1b\u011bj\u00ed v r\u016fzn\u00fdch [&hellip;]","og_url":"https:\/\/www.domtechnikpro.com\/index.php\/produkt\/cu-medena-trubka-35x1-5-mm-1m-nova-kolekce-62747\/","og_image":[{"width":1000,"height":525,"url":"https:\/\/www.domtechnikpro.com\/wp-content\/uploads\/2026\/SK0001552-CZ20260425-093449-0-1777080895-cu-medena-trubka-35x1-5-mm-1m.webp","type":"image\/webp"}],"twitter_card":"summary_large_image","twitter_misc":{"Odhadovan\u00e1 doba \u010dten\u00ed":"2 minuty"},"schema":{"@context":"https:\/\/schema.org","@graph":[{"@type":"WebPage","@id":"https:\/\/www.domtechnikpro.com\/index.php\/produkt\/cu-medena-trubka-35x1-5-mm-1m-nova-kolekce-62747\/","url":"https:\/\/www.domtechnikpro.com\/index.php\/produkt\/cu-medena-trubka-35x1-5-mm-1m-nova-kolekce-62747\/","name":"Cu M\u011bd\u011bn\u00e1 trubka 35x1,5 mm - 1m Nov\u00e1 Kolekce -","isPartOf":{"@id":"https:\/\/www.domtechnikpro.com\/#website"},"primaryImageOfPage":{"@id":"https:\/\/www.domtechnikpro.com\/index.php\/produkt\/cu-medena-trubka-35x1-5-mm-1m-nova-kolekce-62747\/#primaryimage"},"image":{"@id":"https:\/\/www.domtechnikpro.com\/index.php\/produkt\/cu-medena-trubka-35x1-5-mm-1m-nova-kolekce-62747\/#primaryimage"},"thumbnailUrl":"https:\/\/www.domtechnikpro.com\/wp-content\/uploads\/2026\/SK0001552-CZ20260425-093449-0-1777080895-cu-medena-trubka-35x1-5-mm-1m.webp","datePublished":"2026-04-26T09:03:19+00:00","breadcrumb":{"@id":"https:\/\/www.domtechnikpro.com\/index.php\/produkt\/cu-medena-trubka-35x1-5-mm-1m-nova-kolekce-62747\/#breadcrumb"},"inLanguage":"cs","potentialAction":[{"@type":"ReadAction","target":["https:\/\/www.domtechnikpro.com\/index.php\/produkt\/cu-medena-trubka-35x1-5-mm-1m-nova-kolekce-62747\/"]}]},{"@type":"ImageObject","inLanguage":"cs","@id":"https:\/\/www.domtechnikpro.com\/index.php\/produkt\/cu-medena-trubka-35x1-5-mm-1m-nova-kolekce-62747\/#primaryimage","url":"https:\/\/www.domtechnikpro.com\/wp-content\/uploads\/2026\/SK0001552-CZ20260425-093449-0-1777080895-cu-medena-trubka-35x1-5-mm-1m.webp","contentUrl":"https:\/\/www.domtechnikpro.com\/wp-content\/uploads\/2026\/SK0001552-CZ20260425-093449-0-1777080895-cu-medena-trubka-35x1-5-mm-1m.webp","width":1000,"height":525},{"@type":"BreadcrumbList","@id":"https:\/\/www.domtechnikpro.com\/index.php\/produkt\/cu-medena-trubka-35x1-5-mm-1m-nova-kolekce-62747\/#breadcrumb","itemListElement":[{"@type":"ListItem","position":1,"name":"Home","item":"https:\/\/www.domtechnikpro.com\/"},{"@type":"ListItem","position":2,"name":"Products","item":"https:\/\/www.domtechnikpro.com\/index.php\/products\/"},{"@type":"ListItem","position":3,"name":"Cu M\u011bd\u011bn\u00e1 trubka 35&#215;1,5 mm &#8211; 1m Nov\u00e1 Kolekce"}]},{"@type":"WebSite","@id":"https:\/\/www.domtechnikpro.com\/#website","url":"https:\/\/www.domtechnikpro.com\/","name":"","description":"","potentialAction":[{"@type":"SearchAction","target":{"@type":"EntryPoint","urlTemplate":"https:\/\/www.domtechnikpro.com\/?s={search_term_string}"},"query-input":{"@type":"PropertyValueSpecification","valueRequired":true,"valueName":"search_term_string"}}],"inLanguage":"cs"}]}},"_links":{"self":[{"href":"https:\/\/www.domtechnikpro.com\/index.php\/wp-json\/wp\/v2\/product\/62747","targetHints":{"allow":["GET"]}}],"collection":[{"href":"https:\/\/www.domtechnikpro.com\/index.php\/wp-json\/wp\/v2\/product"}],"about":[{"href":"https:\/\/www.domtechnikpro.com\/index.php\/wp-json\/wp\/v2\/types\/product"}],"replies":[{"embeddable":true,"href":"https:\/\/www.domtechnikpro.com\/index.php\/wp-json\/wp\/v2\/comments?post=62747"}],"wp:featuredmedia":[{"embeddable":true,"href":"https:\/\/www.domtechnikpro.com\/index.php\/wp-json\/wp\/v2\/media\/62847"}],"wp:attachment":[{"href":"https:\/\/www.domtechnikpro.com\/index.php\/wp-json\/wp\/v2\/media?parent=62747"}],"wp:term":[{"taxonomy":"product_brand","embeddable":true,"href":"https:\/\/www.domtechnikpro.com\/index.php\/wp-json\/wp\/v2\/product_brand?post=62747"},{"taxonomy":"product_cat","embeddable":true,"href":"https:\/\/www.domtechnikpro.com\/index.php\/wp-json\/wp\/v2\/product_cat?post=62747"},{"taxonomy":"product_tag","embeddable":true,"href":"https:\/\/www.domtechnikpro.com\/index.php\/wp-json\/wp\/v2\/product_tag?post=62747"}],"curies":[{"name":"wp","href":"https:\/\/api.w.org\/{rel}","templated":true}]}}