{"id":57127,"date":"2026-04-26T09:02:10","date_gmt":"2026-04-26T09:02:10","guid":{"rendered":""},"modified":"2026-04-26T09:02:10","modified_gmt":"2026-04-26T09:02:10","slug":"kaufmann-345-eza-269-ka-top-line-pro-robust-920-d-eacute-lka-92cm-65x65-expresni-doruceni-57127","status":"publish","type":"product","link":"https:\/\/www.domtechnikpro.com\/index.php\/produkt\/kaufmann-345-eza-269-ka-top-line-pro-robust-920-d-eacute-lka-92cm-65x65-expresni-doruceni-57127\/","title":{"rendered":"KAUFMANN | &#345;eza&#269;ka TOP LINE PRO robust 920 | d&eacute;lka 92cm \/ 65&#215;65 Expresn\u00ed Doru\u010den\u00ed"},"content":{"rendered":"<p><!-- More info -->\t\t\t\t\t<\/p>\n<section id=\"idTab1\" class=\"page-product-box tab-pane active\" role=\"tabpanel\" aria-labelledby=\"idTab1\">\t\t\t\t\t\t<!-- full description -->\t\t\t\t\t\t<\/p>\n<div class=\"rte\">Profesion\u00e1ln\u00ed ru\u010dn\u00ed \u0159eza\u010dka na dla\u017ebu KAUFMANN s nastaviteln\u00fdm \u00fahlem \u0159ezu. Vhodn\u00e9 pro obklady, desky a mozaiky z kameniny, porcel\u00e1nu a skla. Optim\u00e1ln\u00ed pohled na \u0159ezn\u00e9 kole\u010dko pro prav\u00e1ky. Pevn\u00e1 vodic\u00ed li\u0161ta pro p\u0159esn\u00e9 \u0159ezy.<\/p>\n<p>Technick\u00e9 parametry:<br \/>D\u00e9lka p\u0159\u00edm\u00e9ho \u0159ezu: 920 mm<br \/>Diagon\u00e1ln\u00ed \u0159ez \u2013 max. rozm\u011br dla\u017eby: 650 x 650 mm<br \/>Max. tlou\u0161\u0165ka materi\u00e1lu: 16 mm<br \/>L\u00e1mac\u00ed s\u00edla: 1000 kg<br \/>Odpru\u017eene stoly: ANO<br \/>Pr\u016fm\u011br kole\u010dka: 22 mm<br \/>Hmotnost \u0159eza\u010dky: 16 kg<\/p>\n<p>V\u00fdhody \u0159eza\u010dek na dla\u017ebu KAUFMANN TopLine PRO<br \/>\u2013 \u0158ezac\u00ed hlava je ulo\u017eena na bez\u00fadr\u017ebov\u00fdch valiv\u00fdch lo\u017eisk\u00e1ch s ochranou proti prachu.<br \/>\u2013 Nastaviteln\u00fd doraz pro \u0159ez\u00e1n\u00ed pod \u00fahlem 90\u00b0 a 45\u00b0 s op\u011brn\u00fdm prav\u00edtkem o d\u00e9lce 430 mm.<br \/>\u2013 nov\u00fd tvar prav\u00edtka umo\u017e\u0148uje l\u00e1mat i tenk\u00e9 prou\u017eky.<br \/>\u2013 Nastaven\u00ed prav\u00edtka a l\u00e1m\u00e1n\u00ed p\u0159ednej \u010dast\u00ed \u0159eza\u010dky na stran\u011b obklada\u010de.<br \/>\u2013 Uzamykateln\u00e9 vyp\u00ednac\u00ed za\u0159\u00edzen\u00ed<br \/>\u2013 L\u00e1mac\u00ed stroj s vysokou tlakovou silou a\u017e 1000 kg vybaven\u00fd ochranou z PVC proti po\u0161kr\u00e1b\u00e1n\u00ed dla\u017edic, vhodn\u00fd zejm\u00e9na pro citliv\u00e9 glazovan\u00e9 dla\u017edice.<br \/>\u2013 Integrovan\u00fd dr\u017e\u00e1k pro \u0159ez\u00e1n\u00ed velk\u00fdch rozm\u011br\u016f dla\u017edic<br \/>\u2013 Odpru\u017een\u00e1 pracovn\u00ed plocha s protiskluzov\u00fdm gumov\u00fdm povrchem<br \/>\u2013 Ochrana z PVC pro spodn\u00ed \u010d\u00e1sti \u0159eza\u010dky s protiskluzovou ochranou, chr\u00e1n\u00ed p\u0159ed po\u0161kr\u00e1b\u00e1n\u00edm p\u0159i pokl\u00e1d\u00e1n\u00ed na hotovou dla\u017ebu.<br \/>\u2013 Sou\u010d\u00e1st\u00ed dod\u00e1vky je profesion\u00e1ln\u00ed kole\u010dko O 22 mm.<br \/>\u2013 Bo\u010dn\u00ed rukoje\u0165 pro pohodlnou p\u0159epravu, p\u0159en\u00e1\u0161en\u00ed<br \/>\u2013 Uzamykateln\u00e1 \u0159ezac\u00ed hlava pro bezpe\u010dnou p\u0159epravu<\/div>\n<\/section>\n<p>\t\t\t\t\t<!--end  More info -->\t\t\t\t\t\t\t\t\t\t\t\t\t\t\t\t\t\t\t\t\t\t\t\t\t\t\t\t\t\t\t<\/div>\n<\/p><\/div>\n<p><!--QTR Accessories --><\/p>\n","protected":false},"excerpt":{"rendered":"<p>Profesion\u00e1ln\u00ed ru\u010dn\u00ed \u0159eza\u010dka na dla\u017ebu KAUFMANN s nastaviteln\u00fdm \u00fahlem \u0159ezu. Vhodn\u00e9 pro obklady, desky a mozaiky z kameniny, porcel\u00e1nu a skla. Optim\u00e1ln\u00ed pohled na \u0159ezn\u00e9 kole\u010dko pro prav\u00e1ky. Pevn\u00e1 vodic\u00ed li\u0161ta pro p\u0159esn\u00e9 \u0159ezy. Technick\u00e9 parametry:D\u00e9lka p\u0159\u00edm\u00e9ho \u0159ezu: 920 mmDiagon\u00e1ln\u00ed \u0159ez \u2013 max. rozm\u011br dla\u017eby: 650 x 650 mmMax. tlou\u0161\u0165ka materi\u00e1lu: 16 mmL\u00e1mac\u00ed s\u00edla: 1000 [&hellip;]<\/p>\n","protected":false},"featured_media":57227,"comment_status":"open","ping_status":"open","template":"","meta":[],"product_brand":[],"product_cat":[183],"product_tag":[],"class_list":{"0":"post-57127","1":"product","2":"type-product","3":"status-publish","4":"has-post-thumbnail","6":"product_cat-n-aacute-rad-iacute","8":"first","9":"instock","10":"sale","11":"shipping-taxable","12":"purchasable","13":"product-type-simple"},"yoast_head":"<!-- This site is optimized with the Yoast SEO plugin v26.8 - https:\/\/yoast.com\/product\/yoast-seo-wordpress\/ -->\n<title>KAUFMANN | &#345;eza&#269;ka TOP LINE PRO robust 920 | d&eacute;lka 92cm \/ 65x65 Expresn\u00ed Doru\u010den\u00ed -<\/title>\n<meta name=\"robots\" content=\"index, follow, max-snippet:-1, max-image-preview:large, max-video-preview:-1\" \/>\n<link rel=\"canonical\" href=\"https:\/\/www.domtechnikpro.com\/index.php\/produkt\/kaufmann-345-eza-269-ka-top-line-pro-robust-920-d-eacute-lka-92cm-65x65-expresni-doruceni-57127\/\" \/>\n<meta property=\"og:locale\" content=\"cs_CZ\" \/>\n<meta property=\"og:type\" content=\"article\" \/>\n<meta property=\"og:title\" content=\"KAUFMANN | &#345;eza&#269;ka TOP LINE PRO robust 920 | d&eacute;lka 92cm \/ 65x65 Expresn\u00ed Doru\u010den\u00ed -\" \/>\n<meta property=\"og:description\" content=\"Profesion\u00e1ln\u00ed ru\u010dn\u00ed \u0159eza\u010dka na dla\u017ebu KAUFMANN s nastaviteln\u00fdm \u00fahlem \u0159ezu. Vhodn\u00e9 pro obklady, desky a mozaiky z kameniny, porcel\u00e1nu a skla. Optim\u00e1ln\u00ed pohled na \u0159ezn\u00e9 kole\u010dko pro prav\u00e1ky. Pevn\u00e1 vodic\u00ed li\u0161ta pro p\u0159esn\u00e9 \u0159ezy. Technick\u00e9 parametry:D\u00e9lka p\u0159\u00edm\u00e9ho \u0159ezu: 920 mmDiagon\u00e1ln\u00ed \u0159ez \u2013 max. rozm\u011br dla\u017eby: 650 x 650 mmMax. tlou\u0161\u0165ka materi\u00e1lu: 16 mmL\u00e1mac\u00ed s\u00edla: 1000 [&hellip;]\" \/>\n<meta property=\"og:url\" content=\"https:\/\/www.domtechnikpro.com\/index.php\/produkt\/kaufmann-345-eza-269-ka-top-line-pro-robust-920-d-eacute-lka-92cm-65x65-expresni-doruceni-57127\/\" \/>\n<meta property=\"og:image\" content=\"https:\/\/www.domtechnikpro.com\/wp-content\/uploads\/2026\/SK0002659-CZ20260425-093107-0-1777080667-60201-large_default.webp\" \/>\n\t<meta property=\"og:image:width\" content=\"470\" \/>\n\t<meta property=\"og:image:height\" content=\"470\" \/>\n\t<meta property=\"og:image:type\" content=\"image\/webp\" \/>\n<meta name=\"twitter:card\" content=\"summary_large_image\" \/>\n<meta name=\"twitter:label1\" content=\"Odhadovan\u00e1 doba \u010dten\u00ed\" \/>\n\t<meta name=\"twitter:data1\" content=\"1 minuta\" \/>\n<script type=\"application\/ld+json\" class=\"yoast-schema-graph\">{\"@context\":\"https:\/\/schema.org\",\"@graph\":[{\"@type\":\"WebPage\",\"@id\":\"https:\/\/www.domtechnikpro.com\/index.php\/produkt\/kaufmann-345-eza-269-ka-top-line-pro-robust-920-d-eacute-lka-92cm-65x65-expresni-doruceni-57127\/\",\"url\":\"https:\/\/www.domtechnikpro.com\/index.php\/produkt\/kaufmann-345-eza-269-ka-top-line-pro-robust-920-d-eacute-lka-92cm-65x65-expresni-doruceni-57127\/\",\"name\":\"KAUFMANN | &#345;eza&#269;ka TOP LINE PRO robust 920 | d&eacute;lka 92cm \/ 65x65 Expresn\u00ed Doru\u010den\u00ed -\",\"isPartOf\":{\"@id\":\"https:\/\/www.domtechnikpro.com\/#website\"},\"primaryImageOfPage\":{\"@id\":\"https:\/\/www.domtechnikpro.com\/index.php\/produkt\/kaufmann-345-eza-269-ka-top-line-pro-robust-920-d-eacute-lka-92cm-65x65-expresni-doruceni-57127\/#primaryimage\"},\"image\":{\"@id\":\"https:\/\/www.domtechnikpro.com\/index.php\/produkt\/kaufmann-345-eza-269-ka-top-line-pro-robust-920-d-eacute-lka-92cm-65x65-expresni-doruceni-57127\/#primaryimage\"},\"thumbnailUrl\":\"https:\/\/www.domtechnikpro.com\/wp-content\/uploads\/2026\/SK0002659-CZ20260425-093107-0-1777080667-60201-large_default.webp\",\"datePublished\":\"2026-04-26T09:02:10+00:00\",\"breadcrumb\":{\"@id\":\"https:\/\/www.domtechnikpro.com\/index.php\/produkt\/kaufmann-345-eza-269-ka-top-line-pro-robust-920-d-eacute-lka-92cm-65x65-expresni-doruceni-57127\/#breadcrumb\"},\"inLanguage\":\"cs\",\"potentialAction\":[{\"@type\":\"ReadAction\",\"target\":[\"https:\/\/www.domtechnikpro.com\/index.php\/produkt\/kaufmann-345-eza-269-ka-top-line-pro-robust-920-d-eacute-lka-92cm-65x65-expresni-doruceni-57127\/\"]}]},{\"@type\":\"ImageObject\",\"inLanguage\":\"cs\",\"@id\":\"https:\/\/www.domtechnikpro.com\/index.php\/produkt\/kaufmann-345-eza-269-ka-top-line-pro-robust-920-d-eacute-lka-92cm-65x65-expresni-doruceni-57127\/#primaryimage\",\"url\":\"https:\/\/www.domtechnikpro.com\/wp-content\/uploads\/2026\/SK0002659-CZ20260425-093107-0-1777080667-60201-large_default.webp\",\"contentUrl\":\"https:\/\/www.domtechnikpro.com\/wp-content\/uploads\/2026\/SK0002659-CZ20260425-093107-0-1777080667-60201-large_default.webp\",\"width\":470,\"height\":470},{\"@type\":\"BreadcrumbList\",\"@id\":\"https:\/\/www.domtechnikpro.com\/index.php\/produkt\/kaufmann-345-eza-269-ka-top-line-pro-robust-920-d-eacute-lka-92cm-65x65-expresni-doruceni-57127\/#breadcrumb\",\"itemListElement\":[{\"@type\":\"ListItem\",\"position\":1,\"name\":\"Home\",\"item\":\"https:\/\/www.domtechnikpro.com\/\"},{\"@type\":\"ListItem\",\"position\":2,\"name\":\"Products\",\"item\":\"https:\/\/www.domtechnikpro.com\/index.php\/products\/\"},{\"@type\":\"ListItem\",\"position\":3,\"name\":\"KAUFMANN | &#345;eza&#269;ka TOP LINE PRO robust 920 | d&eacute;lka 92cm \/ 65&#215;65 Expresn\u00ed Doru\u010den\u00ed\"}]},{\"@type\":\"WebSite\",\"@id\":\"https:\/\/www.domtechnikpro.com\/#website\",\"url\":\"https:\/\/www.domtechnikpro.com\/\",\"name\":\"\",\"description\":\"\",\"potentialAction\":[{\"@type\":\"SearchAction\",\"target\":{\"@type\":\"EntryPoint\",\"urlTemplate\":\"https:\/\/www.domtechnikpro.com\/?s={search_term_string}\"},\"query-input\":{\"@type\":\"PropertyValueSpecification\",\"valueRequired\":true,\"valueName\":\"search_term_string\"}}],\"inLanguage\":\"cs\"}]}<\/script>\n<!-- \/ Yoast SEO plugin. -->","yoast_head_json":{"title":"KAUFMANN | &#345;eza&#269;ka TOP LINE PRO robust 920 | d&eacute;lka 92cm \/ 65x65 Expresn\u00ed Doru\u010den\u00ed -","robots":{"index":"index","follow":"follow","max-snippet":"max-snippet:-1","max-image-preview":"max-image-preview:large","max-video-preview":"max-video-preview:-1"},"canonical":"https:\/\/www.domtechnikpro.com\/index.php\/produkt\/kaufmann-345-eza-269-ka-top-line-pro-robust-920-d-eacute-lka-92cm-65x65-expresni-doruceni-57127\/","og_locale":"cs_CZ","og_type":"article","og_title":"KAUFMANN | &#345;eza&#269;ka TOP LINE PRO robust 920 | d&eacute;lka 92cm \/ 65x65 Expresn\u00ed Doru\u010den\u00ed -","og_description":"Profesion\u00e1ln\u00ed ru\u010dn\u00ed \u0159eza\u010dka na dla\u017ebu KAUFMANN s nastaviteln\u00fdm \u00fahlem \u0159ezu. Vhodn\u00e9 pro obklady, desky a mozaiky z kameniny, porcel\u00e1nu a skla. Optim\u00e1ln\u00ed pohled na \u0159ezn\u00e9 kole\u010dko pro prav\u00e1ky. Pevn\u00e1 vodic\u00ed li\u0161ta pro p\u0159esn\u00e9 \u0159ezy. Technick\u00e9 parametry:D\u00e9lka p\u0159\u00edm\u00e9ho \u0159ezu: 920 mmDiagon\u00e1ln\u00ed \u0159ez \u2013 max. rozm\u011br dla\u017eby: 650 x 650 mmMax. tlou\u0161\u0165ka materi\u00e1lu: 16 mmL\u00e1mac\u00ed s\u00edla: 1000 [&hellip;]","og_url":"https:\/\/www.domtechnikpro.com\/index.php\/produkt\/kaufmann-345-eza-269-ka-top-line-pro-robust-920-d-eacute-lka-92cm-65x65-expresni-doruceni-57127\/","og_image":[{"width":470,"height":470,"url":"https:\/\/www.domtechnikpro.com\/wp-content\/uploads\/2026\/SK0002659-CZ20260425-093107-0-1777080667-60201-large_default.webp","type":"image\/webp"}],"twitter_card":"summary_large_image","twitter_misc":{"Odhadovan\u00e1 doba \u010dten\u00ed":"1 minuta"},"schema":{"@context":"https:\/\/schema.org","@graph":[{"@type":"WebPage","@id":"https:\/\/www.domtechnikpro.com\/index.php\/produkt\/kaufmann-345-eza-269-ka-top-line-pro-robust-920-d-eacute-lka-92cm-65x65-expresni-doruceni-57127\/","url":"https:\/\/www.domtechnikpro.com\/index.php\/produkt\/kaufmann-345-eza-269-ka-top-line-pro-robust-920-d-eacute-lka-92cm-65x65-expresni-doruceni-57127\/","name":"KAUFMANN | &#345;eza&#269;ka TOP LINE PRO robust 920 | d&eacute;lka 92cm \/ 65x65 Expresn\u00ed Doru\u010den\u00ed -","isPartOf":{"@id":"https:\/\/www.domtechnikpro.com\/#website"},"primaryImageOfPage":{"@id":"https:\/\/www.domtechnikpro.com\/index.php\/produkt\/kaufmann-345-eza-269-ka-top-line-pro-robust-920-d-eacute-lka-92cm-65x65-expresni-doruceni-57127\/#primaryimage"},"image":{"@id":"https:\/\/www.domtechnikpro.com\/index.php\/produkt\/kaufmann-345-eza-269-ka-top-line-pro-robust-920-d-eacute-lka-92cm-65x65-expresni-doruceni-57127\/#primaryimage"},"thumbnailUrl":"https:\/\/www.domtechnikpro.com\/wp-content\/uploads\/2026\/SK0002659-CZ20260425-093107-0-1777080667-60201-large_default.webp","datePublished":"2026-04-26T09:02:10+00:00","breadcrumb":{"@id":"https:\/\/www.domtechnikpro.com\/index.php\/produkt\/kaufmann-345-eza-269-ka-top-line-pro-robust-920-d-eacute-lka-92cm-65x65-expresni-doruceni-57127\/#breadcrumb"},"inLanguage":"cs","potentialAction":[{"@type":"ReadAction","target":["https:\/\/www.domtechnikpro.com\/index.php\/produkt\/kaufmann-345-eza-269-ka-top-line-pro-robust-920-d-eacute-lka-92cm-65x65-expresni-doruceni-57127\/"]}]},{"@type":"ImageObject","inLanguage":"cs","@id":"https:\/\/www.domtechnikpro.com\/index.php\/produkt\/kaufmann-345-eza-269-ka-top-line-pro-robust-920-d-eacute-lka-92cm-65x65-expresni-doruceni-57127\/#primaryimage","url":"https:\/\/www.domtechnikpro.com\/wp-content\/uploads\/2026\/SK0002659-CZ20260425-093107-0-1777080667-60201-large_default.webp","contentUrl":"https:\/\/www.domtechnikpro.com\/wp-content\/uploads\/2026\/SK0002659-CZ20260425-093107-0-1777080667-60201-large_default.webp","width":470,"height":470},{"@type":"BreadcrumbList","@id":"https:\/\/www.domtechnikpro.com\/index.php\/produkt\/kaufmann-345-eza-269-ka-top-line-pro-robust-920-d-eacute-lka-92cm-65x65-expresni-doruceni-57127\/#breadcrumb","itemListElement":[{"@type":"ListItem","position":1,"name":"Home","item":"https:\/\/www.domtechnikpro.com\/"},{"@type":"ListItem","position":2,"name":"Products","item":"https:\/\/www.domtechnikpro.com\/index.php\/products\/"},{"@type":"ListItem","position":3,"name":"KAUFMANN | &#345;eza&#269;ka TOP LINE PRO robust 920 | d&eacute;lka 92cm \/ 65&#215;65 Expresn\u00ed Doru\u010den\u00ed"}]},{"@type":"WebSite","@id":"https:\/\/www.domtechnikpro.com\/#website","url":"https:\/\/www.domtechnikpro.com\/","name":"","description":"","potentialAction":[{"@type":"SearchAction","target":{"@type":"EntryPoint","urlTemplate":"https:\/\/www.domtechnikpro.com\/?s={search_term_string}"},"query-input":{"@type":"PropertyValueSpecification","valueRequired":true,"valueName":"search_term_string"}}],"inLanguage":"cs"}]}},"_links":{"self":[{"href":"https:\/\/www.domtechnikpro.com\/index.php\/wp-json\/wp\/v2\/product\/57127","targetHints":{"allow":["GET"]}}],"collection":[{"href":"https:\/\/www.domtechnikpro.com\/index.php\/wp-json\/wp\/v2\/product"}],"about":[{"href":"https:\/\/www.domtechnikpro.com\/index.php\/wp-json\/wp\/v2\/types\/product"}],"replies":[{"embeddable":true,"href":"https:\/\/www.domtechnikpro.com\/index.php\/wp-json\/wp\/v2\/comments?post=57127"}],"wp:featuredmedia":[{"embeddable":true,"href":"https:\/\/www.domtechnikpro.com\/index.php\/wp-json\/wp\/v2\/media\/57227"}],"wp:attachment":[{"href":"https:\/\/www.domtechnikpro.com\/index.php\/wp-json\/wp\/v2\/media?parent=57127"}],"wp:term":[{"taxonomy":"product_brand","embeddable":true,"href":"https:\/\/www.domtechnikpro.com\/index.php\/wp-json\/wp\/v2\/product_brand?post=57127"},{"taxonomy":"product_cat","embeddable":true,"href":"https:\/\/www.domtechnikpro.com\/index.php\/wp-json\/wp\/v2\/product_cat?post=57127"},{"taxonomy":"product_tag","embeddable":true,"href":"https:\/\/www.domtechnikpro.com\/index.php\/wp-json\/wp\/v2\/product_tag?post=57127"}],"curies":[{"name":"wp","href":"https:\/\/api.w.org\/{rel}","templated":true}]}}