{"id":56985,"date":"2026-04-26T09:02:07","date_gmt":"2026-04-26T09:02:07","guid":{"rendered":""},"modified":"2026-04-26T09:02:07","modified_gmt":"2026-04-26T09:02:07","slug":"sapho-vega-uacute-chytka-mal-aacute-rozte-269-192mm-269-ern-aacute-mat-nizka-cena-56985","status":"publish","type":"product","link":"https:\/\/www.domtechnikpro.com\/produkt\/sapho-vega-uacute-chytka-mal-aacute-rozte-269-192mm-269-ern-aacute-mat-nizka-cena-56985\/","title":{"rendered":"SAPHO | VEGA | &uacute;chytka mal&aacute; | rozte&#269; 192mm | &#269;ern&aacute; mat N\u00edzk\u00e1 Cena"},"content":{"rendered":"<p><!-- More info -->\t\t\t\t\t<\/p>\n<section id=\"idTab1\" class=\"page-product-box tab-pane active\" role=\"tabpanel\" aria-labelledby=\"idTab1\">\t\t\t\t\t\t<!-- full description -->\t\t\t\t\t\t<\/p>\n<div class=\"rte\">N\u00e1bytkov\u00e1 \u00fachytka<\/p>\n<p>D\u00e9lka \t210 mm<br \/>V\u00fd\u0161ka\t    9 mm<br \/>Hloubka\t  22 mm<br \/>Barva         \u010cern\u00e1 <br \/>Materi\u00e1l\tHlin\u00edk<\/div>\n<\/section>\n<p>\t\t\t\t\t<!--end  More info -->\t\t\t\t\t\t\t\t\t\t\t\t\t\t\t\t\t\t\t\t\t\t\t\t\t\t\t\t\t\t\t<\/div>\n<\/p><\/div>\n<p><!--QTR Accessories --><\/p>\n","protected":false},"excerpt":{"rendered":"<p>N\u00e1bytkov\u00e1 \u00fachytka D\u00e9lka 210 mmV\u00fd\u0161ka 9 mmHloubka 22 mmBarva \u010cern\u00e1 Materi\u00e1l Hlin\u00edk<\/p>\n","protected":false},"featured_media":57085,"comment_status":"open","ping_status":"open","template":"","meta":[],"product_brand":[],"product_cat":[172],"product_tag":[],"class_list":{"0":"post-56985","1":"product","2":"type-product","3":"status-publish","4":"has-post-thumbnail","6":"product_cat-sanit-aacute-rn-iacute-vybaven-iacute","8":"first","9":"instock","10":"sale","11":"shipping-taxable","12":"purchasable","13":"product-type-simple"},"yoast_head":"<!-- This site is optimized with the Yoast SEO plugin v26.8 - https:\/\/yoast.com\/product\/yoast-seo-wordpress\/ -->\n<title>SAPHO | VEGA | &uacute;chytka mal&aacute; | rozte&#269; 192mm | &#269;ern&aacute; mat N\u00edzk\u00e1 Cena -<\/title>\n<meta name=\"robots\" content=\"index, follow, max-snippet:-1, max-image-preview:large, max-video-preview:-1\" \/>\n<link rel=\"canonical\" href=\"https:\/\/www.domtechnikpro.com\/index.php\/produkt\/sapho-vega-uacute-chytka-mal-aacute-rozte-269-192mm-269-ern-aacute-mat-nizka-cena-56985\/\" \/>\n<meta property=\"og:locale\" content=\"cs_CZ\" \/>\n<meta property=\"og:type\" content=\"article\" \/>\n<meta property=\"og:title\" content=\"SAPHO | VEGA | &uacute;chytka mal&aacute; | rozte&#269; 192mm | &#269;ern&aacute; mat N\u00edzk\u00e1 Cena -\" \/>\n<meta property=\"og:description\" content=\"N\u00e1bytkov\u00e1 \u00fachytka D\u00e9lka 210 mmV\u00fd\u0161ka 9 mmHloubka 22 mmBarva \u010cern\u00e1 Materi\u00e1l Hlin\u00edk\" \/>\n<meta property=\"og:url\" content=\"https:\/\/www.domtechnikpro.com\/index.php\/produkt\/sapho-vega-uacute-chytka-mal-aacute-rozte-269-192mm-269-ern-aacute-mat-nizka-cena-56985\/\" \/>\n<meta property=\"og:image\" content=\"https:\/\/www.domtechnikpro.com\/wp-content\/uploads\/2026\/SK0002588-CZ20260425-093107-0-1777080667-59844-large_default.webp\" \/>\n\t<meta property=\"og:image:width\" content=\"470\" \/>\n\t<meta property=\"og:image:height\" content=\"470\" \/>\n\t<meta property=\"og:image:type\" content=\"image\/webp\" \/>\n<meta name=\"twitter:card\" content=\"summary_large_image\" \/>\n<script type=\"application\/ld+json\" class=\"yoast-schema-graph\">{\"@context\":\"https:\/\/schema.org\",\"@graph\":[{\"@type\":\"WebPage\",\"@id\":\"https:\/\/www.domtechnikpro.com\/index.php\/produkt\/sapho-vega-uacute-chytka-mal-aacute-rozte-269-192mm-269-ern-aacute-mat-nizka-cena-56985\/\",\"url\":\"https:\/\/www.domtechnikpro.com\/index.php\/produkt\/sapho-vega-uacute-chytka-mal-aacute-rozte-269-192mm-269-ern-aacute-mat-nizka-cena-56985\/\",\"name\":\"SAPHO | VEGA | &uacute;chytka mal&aacute; | rozte&#269; 192mm | &#269;ern&aacute; mat N\u00edzk\u00e1 Cena -\",\"isPartOf\":{\"@id\":\"https:\/\/www.domtechnikpro.com\/#website\"},\"primaryImageOfPage\":{\"@id\":\"https:\/\/www.domtechnikpro.com\/index.php\/produkt\/sapho-vega-uacute-chytka-mal-aacute-rozte-269-192mm-269-ern-aacute-mat-nizka-cena-56985\/#primaryimage\"},\"image\":{\"@id\":\"https:\/\/www.domtechnikpro.com\/index.php\/produkt\/sapho-vega-uacute-chytka-mal-aacute-rozte-269-192mm-269-ern-aacute-mat-nizka-cena-56985\/#primaryimage\"},\"thumbnailUrl\":\"https:\/\/www.domtechnikpro.com\/wp-content\/uploads\/2026\/SK0002588-CZ20260425-093107-0-1777080667-59844-large_default.webp\",\"datePublished\":\"2026-04-26T09:02:07+00:00\",\"breadcrumb\":{\"@id\":\"https:\/\/www.domtechnikpro.com\/index.php\/produkt\/sapho-vega-uacute-chytka-mal-aacute-rozte-269-192mm-269-ern-aacute-mat-nizka-cena-56985\/#breadcrumb\"},\"inLanguage\":\"cs\",\"potentialAction\":[{\"@type\":\"ReadAction\",\"target\":[\"https:\/\/www.domtechnikpro.com\/index.php\/produkt\/sapho-vega-uacute-chytka-mal-aacute-rozte-269-192mm-269-ern-aacute-mat-nizka-cena-56985\/\"]}]},{\"@type\":\"ImageObject\",\"inLanguage\":\"cs\",\"@id\":\"https:\/\/www.domtechnikpro.com\/index.php\/produkt\/sapho-vega-uacute-chytka-mal-aacute-rozte-269-192mm-269-ern-aacute-mat-nizka-cena-56985\/#primaryimage\",\"url\":\"https:\/\/www.domtechnikpro.com\/wp-content\/uploads\/2026\/SK0002588-CZ20260425-093107-0-1777080667-59844-large_default.webp\",\"contentUrl\":\"https:\/\/www.domtechnikpro.com\/wp-content\/uploads\/2026\/SK0002588-CZ20260425-093107-0-1777080667-59844-large_default.webp\",\"width\":470,\"height\":470},{\"@type\":\"BreadcrumbList\",\"@id\":\"https:\/\/www.domtechnikpro.com\/index.php\/produkt\/sapho-vega-uacute-chytka-mal-aacute-rozte-269-192mm-269-ern-aacute-mat-nizka-cena-56985\/#breadcrumb\",\"itemListElement\":[{\"@type\":\"ListItem\",\"position\":1,\"name\":\"Home\",\"item\":\"https:\/\/www.domtechnikpro.com\/\"},{\"@type\":\"ListItem\",\"position\":2,\"name\":\"Products\",\"item\":\"https:\/\/www.domtechnikpro.com\/products\/\"},{\"@type\":\"ListItem\",\"position\":3,\"name\":\"SAPHO | VEGA | &uacute;chytka mal&aacute; | rozte&#269; 192mm | &#269;ern&aacute; mat N\u00edzk\u00e1 Cena\"}]},{\"@type\":\"WebSite\",\"@id\":\"https:\/\/www.domtechnikpro.com\/#website\",\"url\":\"https:\/\/www.domtechnikpro.com\/\",\"name\":\"\",\"description\":\"\",\"potentialAction\":[{\"@type\":\"SearchAction\",\"target\":{\"@type\":\"EntryPoint\",\"urlTemplate\":\"https:\/\/www.domtechnikpro.com\/?s={search_term_string}\"},\"query-input\":{\"@type\":\"PropertyValueSpecification\",\"valueRequired\":true,\"valueName\":\"search_term_string\"}}],\"inLanguage\":\"cs\"}]}<\/script>\n<!-- \/ Yoast SEO plugin. -->","yoast_head_json":{"title":"SAPHO | VEGA | &uacute;chytka mal&aacute; | rozte&#269; 192mm | &#269;ern&aacute; mat N\u00edzk\u00e1 Cena -","robots":{"index":"index","follow":"follow","max-snippet":"max-snippet:-1","max-image-preview":"max-image-preview:large","max-video-preview":"max-video-preview:-1"},"canonical":"https:\/\/www.domtechnikpro.com\/index.php\/produkt\/sapho-vega-uacute-chytka-mal-aacute-rozte-269-192mm-269-ern-aacute-mat-nizka-cena-56985\/","og_locale":"cs_CZ","og_type":"article","og_title":"SAPHO | VEGA | &uacute;chytka mal&aacute; | rozte&#269; 192mm | &#269;ern&aacute; mat N\u00edzk\u00e1 Cena -","og_description":"N\u00e1bytkov\u00e1 \u00fachytka D\u00e9lka 210 mmV\u00fd\u0161ka 9 mmHloubka 22 mmBarva \u010cern\u00e1 Materi\u00e1l Hlin\u00edk","og_url":"https:\/\/www.domtechnikpro.com\/index.php\/produkt\/sapho-vega-uacute-chytka-mal-aacute-rozte-269-192mm-269-ern-aacute-mat-nizka-cena-56985\/","og_image":[{"width":470,"height":470,"url":"https:\/\/www.domtechnikpro.com\/wp-content\/uploads\/2026\/SK0002588-CZ20260425-093107-0-1777080667-59844-large_default.webp","type":"image\/webp"}],"twitter_card":"summary_large_image","schema":{"@context":"https:\/\/schema.org","@graph":[{"@type":"WebPage","@id":"https:\/\/www.domtechnikpro.com\/index.php\/produkt\/sapho-vega-uacute-chytka-mal-aacute-rozte-269-192mm-269-ern-aacute-mat-nizka-cena-56985\/","url":"https:\/\/www.domtechnikpro.com\/index.php\/produkt\/sapho-vega-uacute-chytka-mal-aacute-rozte-269-192mm-269-ern-aacute-mat-nizka-cena-56985\/","name":"SAPHO | VEGA | &uacute;chytka mal&aacute; | rozte&#269; 192mm | &#269;ern&aacute; mat N\u00edzk\u00e1 Cena -","isPartOf":{"@id":"https:\/\/www.domtechnikpro.com\/#website"},"primaryImageOfPage":{"@id":"https:\/\/www.domtechnikpro.com\/index.php\/produkt\/sapho-vega-uacute-chytka-mal-aacute-rozte-269-192mm-269-ern-aacute-mat-nizka-cena-56985\/#primaryimage"},"image":{"@id":"https:\/\/www.domtechnikpro.com\/index.php\/produkt\/sapho-vega-uacute-chytka-mal-aacute-rozte-269-192mm-269-ern-aacute-mat-nizka-cena-56985\/#primaryimage"},"thumbnailUrl":"https:\/\/www.domtechnikpro.com\/wp-content\/uploads\/2026\/SK0002588-CZ20260425-093107-0-1777080667-59844-large_default.webp","datePublished":"2026-04-26T09:02:07+00:00","breadcrumb":{"@id":"https:\/\/www.domtechnikpro.com\/index.php\/produkt\/sapho-vega-uacute-chytka-mal-aacute-rozte-269-192mm-269-ern-aacute-mat-nizka-cena-56985\/#breadcrumb"},"inLanguage":"cs","potentialAction":[{"@type":"ReadAction","target":["https:\/\/www.domtechnikpro.com\/index.php\/produkt\/sapho-vega-uacute-chytka-mal-aacute-rozte-269-192mm-269-ern-aacute-mat-nizka-cena-56985\/"]}]},{"@type":"ImageObject","inLanguage":"cs","@id":"https:\/\/www.domtechnikpro.com\/index.php\/produkt\/sapho-vega-uacute-chytka-mal-aacute-rozte-269-192mm-269-ern-aacute-mat-nizka-cena-56985\/#primaryimage","url":"https:\/\/www.domtechnikpro.com\/wp-content\/uploads\/2026\/SK0002588-CZ20260425-093107-0-1777080667-59844-large_default.webp","contentUrl":"https:\/\/www.domtechnikpro.com\/wp-content\/uploads\/2026\/SK0002588-CZ20260425-093107-0-1777080667-59844-large_default.webp","width":470,"height":470},{"@type":"BreadcrumbList","@id":"https:\/\/www.domtechnikpro.com\/index.php\/produkt\/sapho-vega-uacute-chytka-mal-aacute-rozte-269-192mm-269-ern-aacute-mat-nizka-cena-56985\/#breadcrumb","itemListElement":[{"@type":"ListItem","position":1,"name":"Home","item":"https:\/\/www.domtechnikpro.com\/"},{"@type":"ListItem","position":2,"name":"Products","item":"https:\/\/www.domtechnikpro.com\/products\/"},{"@type":"ListItem","position":3,"name":"SAPHO | VEGA | &uacute;chytka mal&aacute; | rozte&#269; 192mm | &#269;ern&aacute; mat N\u00edzk\u00e1 Cena"}]},{"@type":"WebSite","@id":"https:\/\/www.domtechnikpro.com\/#website","url":"https:\/\/www.domtechnikpro.com\/","name":"","description":"","potentialAction":[{"@type":"SearchAction","target":{"@type":"EntryPoint","urlTemplate":"https:\/\/www.domtechnikpro.com\/?s={search_term_string}"},"query-input":{"@type":"PropertyValueSpecification","valueRequired":true,"valueName":"search_term_string"}}],"inLanguage":"cs"}]}},"_links":{"self":[{"href":"https:\/\/www.domtechnikpro.com\/wp-json\/wp\/v2\/product\/56985","targetHints":{"allow":["GET"]}}],"collection":[{"href":"https:\/\/www.domtechnikpro.com\/wp-json\/wp\/v2\/product"}],"about":[{"href":"https:\/\/www.domtechnikpro.com\/wp-json\/wp\/v2\/types\/product"}],"replies":[{"embeddable":true,"href":"https:\/\/www.domtechnikpro.com\/wp-json\/wp\/v2\/comments?post=56985"}],"wp:featuredmedia":[{"embeddable":true,"href":"https:\/\/www.domtechnikpro.com\/wp-json\/wp\/v2\/media\/57085"}],"wp:attachment":[{"href":"https:\/\/www.domtechnikpro.com\/wp-json\/wp\/v2\/media?parent=56985"}],"wp:term":[{"taxonomy":"product_brand","embeddable":true,"href":"https:\/\/www.domtechnikpro.com\/wp-json\/wp\/v2\/product_brand?post=56985"},{"taxonomy":"product_cat","embeddable":true,"href":"https:\/\/www.domtechnikpro.com\/wp-json\/wp\/v2\/product_cat?post=56985"},{"taxonomy":"product_tag","embeddable":true,"href":"https:\/\/www.domtechnikpro.com\/wp-json\/wp\/v2\/product_tag?post=56985"}],"curies":[{"name":"wp","href":"https:\/\/api.w.org\/{rel}","templated":true}]}}