{"id":56930,"date":"2026-04-26T09:02:07","date_gmt":"2026-04-26T09:02:07","guid":{"rendered":""},"modified":"2026-04-26T09:02:07","modified_gmt":"2026-04-26T09:02:07","slug":"mereo-mailo-koupelnov-aacute-sk-345-iacute-328-ka-vysok-aacute-dub-l-p-350x1700x385-mm-269-ern-eacute-madl-vraceni-zdarma-56930","status":"publish","type":"product","link":"https:\/\/www.domtechnikpro.com\/produkt\/mereo-mailo-koupelnov-aacute-sk-345-iacute-328-ka-vysok-aacute-dub-l-p-350x1700x385-mm-269-ern-eacute-madl-vraceni-zdarma-56930\/","title":{"rendered":"MEREO | Mailo koupelnov&aacute; sk&#345;&iacute;&#328;ka |  vysok&aacute; |  dub  |  L\/P |  350x1700x385 mm |  &#269;ern&eacute; madl Vr\u00e1cen\u00ed Zdarma"},"content":{"rendered":"<p><!-- More info -->\t\t\t\t\t<\/p>\n<section id=\"idTab1\" class=\"page-product-box tab-pane active\" role=\"tabpanel\" aria-labelledby=\"idTab1\">\t\t\t\t\t\t<!-- full description -->\t\t\t\t\t\t<\/p>\n<div class=\"rte\">Mailo, koupelnov\u00e1 sk\u0159\u00ed\u0148ka vysok\u00e1, 350x1700x385 mm, z\u00e1v\u011bsn\u00e1, lev\u00e9 nebo prav\u00e9 otev\u00edr\u00e1n\u00ed, dub Riviera<\/p>\n<p>Jednoduchost, efektivnost, elegance. To jsou hlavn\u00ed spole\u010dn\u00e9 jmenovatele koupelnov\u00e9ho n\u00e1bytku, kter\u00fd ozdob\u00ed ka\u017edou koupelnu. Hrany sk\u0159\u00edn\u011bk jsou laserov\u011b opracov\u00e1ny. Sk\u0159\u00ed\u0148ka obsahuje 2 dv\u00ed\u0159ka za kter\u00fdmi se ukr\u00fdvaj\u00ed 4 police. Vyb\u00edrat m\u016f\u017eete ze 2 typ\u016f otev\u00edr\u00e1n\u00ed (lev\u00e9, prav\u00e9) a 3 barevn\u00fdch odst\u00edn\u016f: leskl\u00e1 b\u00edl\u00e1, dub Riviera a antracit. Sk\u0159\u00ed\u0148ka se dod\u00e1v\u00e1 ve slo\u017een\u00e9m stavu.<\/p><\/div>\n<\/section>\n<p>\t\t\t\t\t<!--end  More info -->\t\t\t\t\t\t\t\t\t\t\t\t\t\t\t\t\t\t\t\t\t<!--Download -->\t\t\t\t\t<\/p>\n<section id=\"idTab4\" class=\"page-product-box tab-pane\" role=\"tabpanel\" aria-labelledby=\"idTab4\">\n<div class=\"row\">\n<div class=\"col-lg-4\">\n<h4>Mont<\/h4>\n<p class=\"text-muted\">Soubor<\/p>\n<p>\t\t\t\t\t\t\t\t\t\t\t\t\t\t\t\t\t\t\t<i class=\"fa fa-download\"><\/i>\t\t\t\t\t\t\t\t\t\tKe sta\u017een&iacute; (5.7M)\t\t\t\t\t\t\t\t\t\t\t\t\t\t\t\t\t\t<\/p>\n<hr \/><\/div>\n<\/p><\/div>\n<\/section>\n<p>\t\t\t\t\t<!--end Download -->\t\t\t\t\t\t\t\t\t\t\t\t\t\t\t\t\t\t\t<\/div>\n<\/p><\/div>\n<p><!--QTR Accessories --><\/p>\n","protected":false},"excerpt":{"rendered":"<p>Mailo, koupelnov\u00e1 sk\u0159\u00ed\u0148ka vysok\u00e1, 350x1700x385 mm, z\u00e1v\u011bsn\u00e1, lev\u00e9 nebo prav\u00e9 otev\u00edr\u00e1n\u00ed, dub Riviera Jednoduchost, efektivnost, elegance. To jsou hlavn\u00ed spole\u010dn\u00e9 jmenovatele koupelnov\u00e9ho n\u00e1bytku, kter\u00fd ozdob\u00ed ka\u017edou koupelnu. Hrany sk\u0159\u00edn\u011bk jsou laserov\u011b opracov\u00e1ny. Sk\u0159\u00ed\u0148ka obsahuje 2 dv\u00ed\u0159ka za kter\u00fdmi se ukr\u00fdvaj\u00ed 4 police. Vyb\u00edrat m\u016f\u017eete ze 2 typ\u016f otev\u00edr\u00e1n\u00ed (lev\u00e9, prav\u00e9) a 3 barevn\u00fdch odst\u00edn\u016f: leskl\u00e1 [&hellip;]<\/p>\n","protected":false},"featured_media":57030,"comment_status":"open","ping_status":"open","template":"","meta":[],"product_brand":[],"product_cat":[172],"product_tag":[],"class_list":{"0":"post-56930","1":"product","2":"type-product","3":"status-publish","4":"has-post-thumbnail","6":"product_cat-sanit-aacute-rn-iacute-vybaven-iacute","8":"first","9":"instock","10":"sale","11":"shipping-taxable","12":"purchasable","13":"product-type-simple"},"yoast_head":"<!-- This site is optimized with the Yoast SEO plugin v26.8 - https:\/\/yoast.com\/product\/yoast-seo-wordpress\/ -->\n<title>MEREO | Mailo koupelnov&aacute; sk&#345;&iacute;&#328;ka | vysok&aacute; | dub | L\/P | 350x1700x385 mm | &#269;ern&eacute; madl Vr\u00e1cen\u00ed Zdarma -<\/title>\n<meta name=\"robots\" content=\"index, follow, max-snippet:-1, max-image-preview:large, max-video-preview:-1\" \/>\n<link rel=\"canonical\" href=\"https:\/\/www.domtechnikpro.com\/index.php\/produkt\/mereo-mailo-koupelnov-aacute-sk-345-iacute-328-ka-vysok-aacute-dub-l-p-350x1700x385-mm-269-ern-eacute-madl-vraceni-zdarma-56930\/\" \/>\n<meta property=\"og:locale\" content=\"cs_CZ\" \/>\n<meta property=\"og:type\" content=\"article\" \/>\n<meta property=\"og:title\" content=\"MEREO | Mailo koupelnov&aacute; sk&#345;&iacute;&#328;ka | vysok&aacute; | dub | L\/P | 350x1700x385 mm | &#269;ern&eacute; madl Vr\u00e1cen\u00ed Zdarma -\" \/>\n<meta property=\"og:description\" content=\"Mailo, koupelnov\u00e1 sk\u0159\u00ed\u0148ka vysok\u00e1, 350x1700x385 mm, z\u00e1v\u011bsn\u00e1, lev\u00e9 nebo prav\u00e9 otev\u00edr\u00e1n\u00ed, dub Riviera Jednoduchost, efektivnost, elegance. To jsou hlavn\u00ed spole\u010dn\u00e9 jmenovatele koupelnov\u00e9ho n\u00e1bytku, kter\u00fd ozdob\u00ed ka\u017edou koupelnu. Hrany sk\u0159\u00edn\u011bk jsou laserov\u011b opracov\u00e1ny. Sk\u0159\u00ed\u0148ka obsahuje 2 dv\u00ed\u0159ka za kter\u00fdmi se ukr\u00fdvaj\u00ed 4 police. Vyb\u00edrat m\u016f\u017eete ze 2 typ\u016f otev\u00edr\u00e1n\u00ed (lev\u00e9, prav\u00e9) a 3 barevn\u00fdch odst\u00edn\u016f: leskl\u00e1 [&hellip;]\" \/>\n<meta property=\"og:url\" content=\"https:\/\/www.domtechnikpro.com\/index.php\/produkt\/mereo-mailo-koupelnov-aacute-sk-345-iacute-328-ka-vysok-aacute-dub-l-p-350x1700x385-mm-269-ern-eacute-madl-vraceni-zdarma-56930\/\" \/>\n<meta property=\"og:image\" content=\"https:\/\/www.domtechnikpro.com\/wp-content\/uploads\/2026\/SK0002498-CZ20260425-093107-0-1777080667-57797-large_default.webp\" \/>\n\t<meta property=\"og:image:width\" content=\"470\" \/>\n\t<meta property=\"og:image:height\" content=\"470\" \/>\n\t<meta property=\"og:image:type\" content=\"image\/webp\" \/>\n<meta name=\"twitter:card\" content=\"summary_large_image\" \/>\n<script type=\"application\/ld+json\" class=\"yoast-schema-graph\">{\"@context\":\"https:\/\/schema.org\",\"@graph\":[{\"@type\":\"WebPage\",\"@id\":\"https:\/\/www.domtechnikpro.com\/index.php\/produkt\/mereo-mailo-koupelnov-aacute-sk-345-iacute-328-ka-vysok-aacute-dub-l-p-350x1700x385-mm-269-ern-eacute-madl-vraceni-zdarma-56930\/\",\"url\":\"https:\/\/www.domtechnikpro.com\/index.php\/produkt\/mereo-mailo-koupelnov-aacute-sk-345-iacute-328-ka-vysok-aacute-dub-l-p-350x1700x385-mm-269-ern-eacute-madl-vraceni-zdarma-56930\/\",\"name\":\"MEREO | Mailo koupelnov&aacute; sk&#345;&iacute;&#328;ka | vysok&aacute; | dub | L\/P | 350x1700x385 mm | &#269;ern&eacute; madl Vr\u00e1cen\u00ed Zdarma -\",\"isPartOf\":{\"@id\":\"https:\/\/www.domtechnikpro.com\/#website\"},\"primaryImageOfPage\":{\"@id\":\"https:\/\/www.domtechnikpro.com\/index.php\/produkt\/mereo-mailo-koupelnov-aacute-sk-345-iacute-328-ka-vysok-aacute-dub-l-p-350x1700x385-mm-269-ern-eacute-madl-vraceni-zdarma-56930\/#primaryimage\"},\"image\":{\"@id\":\"https:\/\/www.domtechnikpro.com\/index.php\/produkt\/mereo-mailo-koupelnov-aacute-sk-345-iacute-328-ka-vysok-aacute-dub-l-p-350x1700x385-mm-269-ern-eacute-madl-vraceni-zdarma-56930\/#primaryimage\"},\"thumbnailUrl\":\"https:\/\/www.domtechnikpro.com\/wp-content\/uploads\/2026\/SK0002498-CZ20260425-093107-0-1777080667-57797-large_default.webp\",\"datePublished\":\"2026-04-26T09:02:07+00:00\",\"breadcrumb\":{\"@id\":\"https:\/\/www.domtechnikpro.com\/index.php\/produkt\/mereo-mailo-koupelnov-aacute-sk-345-iacute-328-ka-vysok-aacute-dub-l-p-350x1700x385-mm-269-ern-eacute-madl-vraceni-zdarma-56930\/#breadcrumb\"},\"inLanguage\":\"cs\",\"potentialAction\":[{\"@type\":\"ReadAction\",\"target\":[\"https:\/\/www.domtechnikpro.com\/index.php\/produkt\/mereo-mailo-koupelnov-aacute-sk-345-iacute-328-ka-vysok-aacute-dub-l-p-350x1700x385-mm-269-ern-eacute-madl-vraceni-zdarma-56930\/\"]}]},{\"@type\":\"ImageObject\",\"inLanguage\":\"cs\",\"@id\":\"https:\/\/www.domtechnikpro.com\/index.php\/produkt\/mereo-mailo-koupelnov-aacute-sk-345-iacute-328-ka-vysok-aacute-dub-l-p-350x1700x385-mm-269-ern-eacute-madl-vraceni-zdarma-56930\/#primaryimage\",\"url\":\"https:\/\/www.domtechnikpro.com\/wp-content\/uploads\/2026\/SK0002498-CZ20260425-093107-0-1777080667-57797-large_default.webp\",\"contentUrl\":\"https:\/\/www.domtechnikpro.com\/wp-content\/uploads\/2026\/SK0002498-CZ20260425-093107-0-1777080667-57797-large_default.webp\",\"width\":470,\"height\":470},{\"@type\":\"BreadcrumbList\",\"@id\":\"https:\/\/www.domtechnikpro.com\/index.php\/produkt\/mereo-mailo-koupelnov-aacute-sk-345-iacute-328-ka-vysok-aacute-dub-l-p-350x1700x385-mm-269-ern-eacute-madl-vraceni-zdarma-56930\/#breadcrumb\",\"itemListElement\":[{\"@type\":\"ListItem\",\"position\":1,\"name\":\"Home\",\"item\":\"https:\/\/www.domtechnikpro.com\/\"},{\"@type\":\"ListItem\",\"position\":2,\"name\":\"Products\",\"item\":\"https:\/\/www.domtechnikpro.com\/products\/\"},{\"@type\":\"ListItem\",\"position\":3,\"name\":\"MEREO | Mailo koupelnov&aacute; sk&#345;&iacute;&#328;ka | vysok&aacute; | dub | L\/P | 350x1700x385 mm | &#269;ern&eacute; madl Vr\u00e1cen\u00ed Zdarma\"}]},{\"@type\":\"WebSite\",\"@id\":\"https:\/\/www.domtechnikpro.com\/#website\",\"url\":\"https:\/\/www.domtechnikpro.com\/\",\"name\":\"\",\"description\":\"\",\"potentialAction\":[{\"@type\":\"SearchAction\",\"target\":{\"@type\":\"EntryPoint\",\"urlTemplate\":\"https:\/\/www.domtechnikpro.com\/?s={search_term_string}\"},\"query-input\":{\"@type\":\"PropertyValueSpecification\",\"valueRequired\":true,\"valueName\":\"search_term_string\"}}],\"inLanguage\":\"cs\"}]}<\/script>\n<!-- \/ Yoast SEO plugin. -->","yoast_head_json":{"title":"MEREO | Mailo koupelnov&aacute; sk&#345;&iacute;&#328;ka | vysok&aacute; | dub | L\/P | 350x1700x385 mm | &#269;ern&eacute; madl Vr\u00e1cen\u00ed Zdarma -","robots":{"index":"index","follow":"follow","max-snippet":"max-snippet:-1","max-image-preview":"max-image-preview:large","max-video-preview":"max-video-preview:-1"},"canonical":"https:\/\/www.domtechnikpro.com\/index.php\/produkt\/mereo-mailo-koupelnov-aacute-sk-345-iacute-328-ka-vysok-aacute-dub-l-p-350x1700x385-mm-269-ern-eacute-madl-vraceni-zdarma-56930\/","og_locale":"cs_CZ","og_type":"article","og_title":"MEREO | Mailo koupelnov&aacute; sk&#345;&iacute;&#328;ka | vysok&aacute; | dub | L\/P | 350x1700x385 mm | &#269;ern&eacute; madl Vr\u00e1cen\u00ed Zdarma -","og_description":"Mailo, koupelnov\u00e1 sk\u0159\u00ed\u0148ka vysok\u00e1, 350x1700x385 mm, z\u00e1v\u011bsn\u00e1, lev\u00e9 nebo prav\u00e9 otev\u00edr\u00e1n\u00ed, dub Riviera Jednoduchost, efektivnost, elegance. To jsou hlavn\u00ed spole\u010dn\u00e9 jmenovatele koupelnov\u00e9ho n\u00e1bytku, kter\u00fd ozdob\u00ed ka\u017edou koupelnu. Hrany sk\u0159\u00edn\u011bk jsou laserov\u011b opracov\u00e1ny. Sk\u0159\u00ed\u0148ka obsahuje 2 dv\u00ed\u0159ka za kter\u00fdmi se ukr\u00fdvaj\u00ed 4 police. Vyb\u00edrat m\u016f\u017eete ze 2 typ\u016f otev\u00edr\u00e1n\u00ed (lev\u00e9, prav\u00e9) a 3 barevn\u00fdch odst\u00edn\u016f: leskl\u00e1 [&hellip;]","og_url":"https:\/\/www.domtechnikpro.com\/index.php\/produkt\/mereo-mailo-koupelnov-aacute-sk-345-iacute-328-ka-vysok-aacute-dub-l-p-350x1700x385-mm-269-ern-eacute-madl-vraceni-zdarma-56930\/","og_image":[{"width":470,"height":470,"url":"https:\/\/www.domtechnikpro.com\/wp-content\/uploads\/2026\/SK0002498-CZ20260425-093107-0-1777080667-57797-large_default.webp","type":"image\/webp"}],"twitter_card":"summary_large_image","schema":{"@context":"https:\/\/schema.org","@graph":[{"@type":"WebPage","@id":"https:\/\/www.domtechnikpro.com\/index.php\/produkt\/mereo-mailo-koupelnov-aacute-sk-345-iacute-328-ka-vysok-aacute-dub-l-p-350x1700x385-mm-269-ern-eacute-madl-vraceni-zdarma-56930\/","url":"https:\/\/www.domtechnikpro.com\/index.php\/produkt\/mereo-mailo-koupelnov-aacute-sk-345-iacute-328-ka-vysok-aacute-dub-l-p-350x1700x385-mm-269-ern-eacute-madl-vraceni-zdarma-56930\/","name":"MEREO | Mailo koupelnov&aacute; sk&#345;&iacute;&#328;ka | vysok&aacute; | dub | L\/P | 350x1700x385 mm | &#269;ern&eacute; madl Vr\u00e1cen\u00ed Zdarma -","isPartOf":{"@id":"https:\/\/www.domtechnikpro.com\/#website"},"primaryImageOfPage":{"@id":"https:\/\/www.domtechnikpro.com\/index.php\/produkt\/mereo-mailo-koupelnov-aacute-sk-345-iacute-328-ka-vysok-aacute-dub-l-p-350x1700x385-mm-269-ern-eacute-madl-vraceni-zdarma-56930\/#primaryimage"},"image":{"@id":"https:\/\/www.domtechnikpro.com\/index.php\/produkt\/mereo-mailo-koupelnov-aacute-sk-345-iacute-328-ka-vysok-aacute-dub-l-p-350x1700x385-mm-269-ern-eacute-madl-vraceni-zdarma-56930\/#primaryimage"},"thumbnailUrl":"https:\/\/www.domtechnikpro.com\/wp-content\/uploads\/2026\/SK0002498-CZ20260425-093107-0-1777080667-57797-large_default.webp","datePublished":"2026-04-26T09:02:07+00:00","breadcrumb":{"@id":"https:\/\/www.domtechnikpro.com\/index.php\/produkt\/mereo-mailo-koupelnov-aacute-sk-345-iacute-328-ka-vysok-aacute-dub-l-p-350x1700x385-mm-269-ern-eacute-madl-vraceni-zdarma-56930\/#breadcrumb"},"inLanguage":"cs","potentialAction":[{"@type":"ReadAction","target":["https:\/\/www.domtechnikpro.com\/index.php\/produkt\/mereo-mailo-koupelnov-aacute-sk-345-iacute-328-ka-vysok-aacute-dub-l-p-350x1700x385-mm-269-ern-eacute-madl-vraceni-zdarma-56930\/"]}]},{"@type":"ImageObject","inLanguage":"cs","@id":"https:\/\/www.domtechnikpro.com\/index.php\/produkt\/mereo-mailo-koupelnov-aacute-sk-345-iacute-328-ka-vysok-aacute-dub-l-p-350x1700x385-mm-269-ern-eacute-madl-vraceni-zdarma-56930\/#primaryimage","url":"https:\/\/www.domtechnikpro.com\/wp-content\/uploads\/2026\/SK0002498-CZ20260425-093107-0-1777080667-57797-large_default.webp","contentUrl":"https:\/\/www.domtechnikpro.com\/wp-content\/uploads\/2026\/SK0002498-CZ20260425-093107-0-1777080667-57797-large_default.webp","width":470,"height":470},{"@type":"BreadcrumbList","@id":"https:\/\/www.domtechnikpro.com\/index.php\/produkt\/mereo-mailo-koupelnov-aacute-sk-345-iacute-328-ka-vysok-aacute-dub-l-p-350x1700x385-mm-269-ern-eacute-madl-vraceni-zdarma-56930\/#breadcrumb","itemListElement":[{"@type":"ListItem","position":1,"name":"Home","item":"https:\/\/www.domtechnikpro.com\/"},{"@type":"ListItem","position":2,"name":"Products","item":"https:\/\/www.domtechnikpro.com\/products\/"},{"@type":"ListItem","position":3,"name":"MEREO | Mailo koupelnov&aacute; sk&#345;&iacute;&#328;ka | vysok&aacute; | dub | L\/P | 350x1700x385 mm | &#269;ern&eacute; madl Vr\u00e1cen\u00ed Zdarma"}]},{"@type":"WebSite","@id":"https:\/\/www.domtechnikpro.com\/#website","url":"https:\/\/www.domtechnikpro.com\/","name":"","description":"","potentialAction":[{"@type":"SearchAction","target":{"@type":"EntryPoint","urlTemplate":"https:\/\/www.domtechnikpro.com\/?s={search_term_string}"},"query-input":{"@type":"PropertyValueSpecification","valueRequired":true,"valueName":"search_term_string"}}],"inLanguage":"cs"}]}},"_links":{"self":[{"href":"https:\/\/www.domtechnikpro.com\/wp-json\/wp\/v2\/product\/56930","targetHints":{"allow":["GET"]}}],"collection":[{"href":"https:\/\/www.domtechnikpro.com\/wp-json\/wp\/v2\/product"}],"about":[{"href":"https:\/\/www.domtechnikpro.com\/wp-json\/wp\/v2\/types\/product"}],"replies":[{"embeddable":true,"href":"https:\/\/www.domtechnikpro.com\/wp-json\/wp\/v2\/comments?post=56930"}],"wp:featuredmedia":[{"embeddable":true,"href":"https:\/\/www.domtechnikpro.com\/wp-json\/wp\/v2\/media\/57030"}],"wp:attachment":[{"href":"https:\/\/www.domtechnikpro.com\/wp-json\/wp\/v2\/media?parent=56930"}],"wp:term":[{"taxonomy":"product_brand","embeddable":true,"href":"https:\/\/www.domtechnikpro.com\/wp-json\/wp\/v2\/product_brand?post=56930"},{"taxonomy":"product_cat","embeddable":true,"href":"https:\/\/www.domtechnikpro.com\/wp-json\/wp\/v2\/product_cat?post=56930"},{"taxonomy":"product_tag","embeddable":true,"href":"https:\/\/www.domtechnikpro.com\/wp-json\/wp\/v2\/product_tag?post=56930"}],"curies":[{"name":"wp","href":"https:\/\/api.w.org\/{rel}","templated":true}]}}