{"id":55789,"date":"2026-04-26T09:01:53","date_gmt":"2026-04-26T09:01:53","guid":{"rendered":""},"modified":"2026-04-26T09:01:53","modified_gmt":"2026-04-26T09:01:53","slug":"mereo-opto-koupelnov-aacute-sk-345-iacute-328-ka-1005x580x458-mm-spodn-iacute-dub-riviera-2-z-aacute-suvky-tovarni-cena-55789","status":"publish","type":"product","link":"https:\/\/www.domtechnikpro.com\/produkt\/mereo-opto-koupelnov-aacute-sk-345-iacute-328-ka-1005x580x458-mm-spodn-iacute-dub-riviera-2-z-aacute-suvky-tovarni-cena-55789\/","title":{"rendered":"MEREO | OPTO |  koupelnov&aacute; sk&#345;&iacute;&#328;ka 1005x580x458 mm |  spodn&iacute; |  dub Riviera |  2 z&aacute;suvky Tov\u00e1rn\u00ed Cena"},"content":{"rendered":"<p><!-- More info -->\t\t\t\t\t<\/p>\n<section id=\"idTab1\" class=\"page-product-box tab-pane active\" role=\"tabpanel\" aria-labelledby=\"idTab1\">\t\t\t\t\t\t<!-- full description -->\t\t\t\t\t\t<\/p>\n<div class=\"rte\">Opto, koupelnov\u00e1 sk\u0159\u00ed\u0148ka 1205x580x458 mm, spodn\u00ed, dub Riviera, 4 z\u00e1suvky. Mo\u017eno kombinovat s umyvadlem, pop\u0159. s koupelnovou deskou na sk\u0159\u00ed\u0148ku.<\/p>\n<p>S\u00e9rie koupelnov\u00e9ho n\u00e1bytku Opto umo\u017e\u0148uje kombinovat sk\u0159\u00ed\u0148ky do mnoha r\u016fzn\u00fdch variant. Vytvo\u0159it tak lze jak slo\u017eit\u00e9 kombinace do velk\u00fdch koupelen, tak minimalistick\u00e9 \u0159e\u0161en\u00ed v modern\u00edm designu. \u0160upl\u00edky jsou osazeny zna\u010dkov\u00fdmi pojezdy Strong s pomal\u00fdm dov\u00edr\u00e1n\u00edm. Na v\u00fdb\u011br je ze t\u0159\u00ed barevn\u00fdch kombinac\u00ed, b\u00edl\u00e1 lesk, dub Riviera a \u010dern\u00e1 supermat. Sk\u0159\u00ed\u0148ky maj\u00ed laserov\u00e9 opracov\u00e1n\u00ed hran a jsou dod\u00e1v\u00e1ny smontovan\u00e9 a v\u0161echny jsou ur\u010den\u00e9 k zav\u011b\u0161en\u00ed.<br \/>Technick\u00e9 parametry<br \/>S\u00e9rie:Opto<br \/>\u0160\u00ed\u0159ka:1205  mm<br \/>Hloubka:458  mm<br \/>D\u00e9lka (V\u00fd\u0161ka):580  mm<br \/>Barva:Dub Riviera<br \/>Typ sk\u0159\u00ed\u0148ky:bez umyvadla<\/div>\n<\/section>\n<p>\t\t\t\t\t<!--end  More info -->\t\t\t\t\t\t\t\t\t\t\t\t\t\t\t\t\t\t\t\t\t<!--Download -->\t\t\t\t\t<\/p>\n<section id=\"idTab4\" class=\"page-product-box tab-pane\" role=\"tabpanel\" aria-labelledby=\"idTab4\">\n<div class=\"row\">\n<div class=\"col-lg-4\">\n<h4>Mont<\/h4>\n<p class=\"text-muted\">Soubor<\/p>\n<p>\t\t\t\t\t\t\t\t\t\t\t\t\t\t\t\t\t\t\t<i class=\"fa fa-download\"><\/i>\t\t\t\t\t\t\t\t\t\tKe sta\u017een&iacute; (5.45M)\t\t\t\t\t\t\t\t\t\t\t\t\t\t\t\t\t\t<\/p>\n<hr \/><\/div>\n<\/p><\/div>\n<\/section>\n<p>\t\t\t\t\t<!--end Download -->\t\t\t\t\t\t\t\t\t\t\t\t\t\t\t\t\t\t\t<\/div>\n<\/p><\/div>\n<p><!--QTR Accessories --><\/p>\n","protected":false},"excerpt":{"rendered":"<p>Opto, koupelnov\u00e1 sk\u0159\u00ed\u0148ka 1205x580x458 mm, spodn\u00ed, dub Riviera, 4 z\u00e1suvky. Mo\u017eno kombinovat s umyvadlem, pop\u0159. s koupelnovou deskou na sk\u0159\u00ed\u0148ku. S\u00e9rie koupelnov\u00e9ho n\u00e1bytku Opto umo\u017e\u0148uje kombinovat sk\u0159\u00ed\u0148ky do mnoha r\u016fzn\u00fdch variant. Vytvo\u0159it tak lze jak slo\u017eit\u00e9 kombinace do velk\u00fdch koupelen, tak minimalistick\u00e9 \u0159e\u0161en\u00ed v modern\u00edm designu. \u0160upl\u00edky jsou osazeny zna\u010dkov\u00fdmi pojezdy Strong s pomal\u00fdm dov\u00edr\u00e1n\u00edm. [&hellip;]<\/p>\n","protected":false},"featured_media":55889,"comment_status":"open","ping_status":"open","template":"","meta":[],"product_brand":[],"product_cat":[172],"product_tag":[],"class_list":{"0":"post-55789","1":"product","2":"type-product","3":"status-publish","4":"has-post-thumbnail","6":"product_cat-sanit-aacute-rn-iacute-vybaven-iacute","8":"first","9":"instock","10":"sale","11":"shipping-taxable","12":"purchasable","13":"product-type-simple"},"yoast_head":"<!-- This site is optimized with the Yoast SEO plugin v26.8 - https:\/\/yoast.com\/product\/yoast-seo-wordpress\/ -->\n<title>MEREO | OPTO | koupelnov&aacute; sk&#345;&iacute;&#328;ka 1005x580x458 mm | spodn&iacute; | dub Riviera | 2 z&aacute;suvky Tov\u00e1rn\u00ed Cena - Pr\u016fmyslov\u00e9 vybaven\u00ed a p\u0159\u00edslu\u0161enstv\u00ed<\/title>\n<meta name=\"robots\" content=\"index, follow, max-snippet:-1, max-image-preview:large, max-video-preview:-1\" \/>\n<link rel=\"canonical\" href=\"https:\/\/www.domtechnikpro.com\/index.php\/produkt\/mereo-opto-koupelnov-aacute-sk-345-iacute-328-ka-1005x580x458-mm-spodn-iacute-dub-riviera-2-z-aacute-suvky-tovarni-cena-55789\/\" \/>\n<meta property=\"og:locale\" content=\"cs_CZ\" \/>\n<meta property=\"og:type\" content=\"article\" \/>\n<meta property=\"og:title\" content=\"MEREO | OPTO | koupelnov&aacute; sk&#345;&iacute;&#328;ka 1005x580x458 mm | spodn&iacute; | dub Riviera | 2 z&aacute;suvky Tov\u00e1rn\u00ed Cena - Pr\u016fmyslov\u00e9 vybaven\u00ed a p\u0159\u00edslu\u0161enstv\u00ed\" \/>\n<meta property=\"og:description\" content=\"Opto, koupelnov\u00e1 sk\u0159\u00ed\u0148ka 1205x580x458 mm, spodn\u00ed, dub Riviera, 4 z\u00e1suvky. Mo\u017eno kombinovat s umyvadlem, pop\u0159. s koupelnovou deskou na sk\u0159\u00ed\u0148ku. S\u00e9rie koupelnov\u00e9ho n\u00e1bytku Opto umo\u017e\u0148uje kombinovat sk\u0159\u00ed\u0148ky do mnoha r\u016fzn\u00fdch variant. Vytvo\u0159it tak lze jak slo\u017eit\u00e9 kombinace do velk\u00fdch koupelen, tak minimalistick\u00e9 \u0159e\u0161en\u00ed v modern\u00edm designu. \u0160upl\u00edky jsou osazeny zna\u010dkov\u00fdmi pojezdy Strong s pomal\u00fdm dov\u00edr\u00e1n\u00edm. [&hellip;]\" \/>\n<meta property=\"og:url\" content=\"https:\/\/www.domtechnikpro.com\/index.php\/produkt\/mereo-opto-koupelnov-aacute-sk-345-iacute-328-ka-1005x580x458-mm-spodn-iacute-dub-riviera-2-z-aacute-suvky-tovarni-cena-55789\/\" \/>\n<meta property=\"og:site_name\" content=\"Pr\u016fmyslov\u00e9 vybaven\u00ed a p\u0159\u00edslu\u0161enstv\u00ed\" \/>\n<meta property=\"og:image\" content=\"https:\/\/www.domtechnikpro.com\/wp-content\/uploads\/2026\/SK0001492-CZ20260425-093107-0-1777080667-52833-large_default.webp\" \/>\n\t<meta property=\"og:image:width\" content=\"470\" \/>\n\t<meta property=\"og:image:height\" content=\"470\" \/>\n\t<meta property=\"og:image:type\" content=\"image\/webp\" \/>\n<meta name=\"twitter:card\" content=\"summary_large_image\" \/>\n<meta name=\"twitter:label1\" content=\"Odhadovan\u00e1 doba \u010dten\u00ed\" \/>\n\t<meta name=\"twitter:data1\" content=\"1 minuta\" \/>\n<script type=\"application\/ld+json\" class=\"yoast-schema-graph\">{\"@context\":\"https:\/\/schema.org\",\"@graph\":[{\"@type\":\"WebPage\",\"@id\":\"https:\/\/www.domtechnikpro.com\/index.php\/produkt\/mereo-opto-koupelnov-aacute-sk-345-iacute-328-ka-1005x580x458-mm-spodn-iacute-dub-riviera-2-z-aacute-suvky-tovarni-cena-55789\/\",\"url\":\"https:\/\/www.domtechnikpro.com\/index.php\/produkt\/mereo-opto-koupelnov-aacute-sk-345-iacute-328-ka-1005x580x458-mm-spodn-iacute-dub-riviera-2-z-aacute-suvky-tovarni-cena-55789\/\",\"name\":\"MEREO | OPTO | koupelnov&aacute; sk&#345;&iacute;&#328;ka 1005x580x458 mm | spodn&iacute; | dub Riviera | 2 z&aacute;suvky Tov\u00e1rn\u00ed Cena - Pr\u016fmyslov\u00e9 vybaven\u00ed a p\u0159\u00edslu\u0161enstv\u00ed\",\"isPartOf\":{\"@id\":\"https:\/\/www.domtechnikpro.com\/#website\"},\"primaryImageOfPage\":{\"@id\":\"https:\/\/www.domtechnikpro.com\/index.php\/produkt\/mereo-opto-koupelnov-aacute-sk-345-iacute-328-ka-1005x580x458-mm-spodn-iacute-dub-riviera-2-z-aacute-suvky-tovarni-cena-55789\/#primaryimage\"},\"image\":{\"@id\":\"https:\/\/www.domtechnikpro.com\/index.php\/produkt\/mereo-opto-koupelnov-aacute-sk-345-iacute-328-ka-1005x580x458-mm-spodn-iacute-dub-riviera-2-z-aacute-suvky-tovarni-cena-55789\/#primaryimage\"},\"thumbnailUrl\":\"https:\/\/www.domtechnikpro.com\/wp-content\/uploads\/2026\/SK0001492-CZ20260425-093107-0-1777080667-52833-large_default.webp\",\"datePublished\":\"2026-04-26T09:01:53+00:00\",\"breadcrumb\":{\"@id\":\"https:\/\/www.domtechnikpro.com\/index.php\/produkt\/mereo-opto-koupelnov-aacute-sk-345-iacute-328-ka-1005x580x458-mm-spodn-iacute-dub-riviera-2-z-aacute-suvky-tovarni-cena-55789\/#breadcrumb\"},\"inLanguage\":\"cs\",\"potentialAction\":[{\"@type\":\"ReadAction\",\"target\":[\"https:\/\/www.domtechnikpro.com\/index.php\/produkt\/mereo-opto-koupelnov-aacute-sk-345-iacute-328-ka-1005x580x458-mm-spodn-iacute-dub-riviera-2-z-aacute-suvky-tovarni-cena-55789\/\"]}]},{\"@type\":\"ImageObject\",\"inLanguage\":\"cs\",\"@id\":\"https:\/\/www.domtechnikpro.com\/index.php\/produkt\/mereo-opto-koupelnov-aacute-sk-345-iacute-328-ka-1005x580x458-mm-spodn-iacute-dub-riviera-2-z-aacute-suvky-tovarni-cena-55789\/#primaryimage\",\"url\":\"https:\/\/www.domtechnikpro.com\/wp-content\/uploads\/2026\/SK0001492-CZ20260425-093107-0-1777080667-52833-large_default.webp\",\"contentUrl\":\"https:\/\/www.domtechnikpro.com\/wp-content\/uploads\/2026\/SK0001492-CZ20260425-093107-0-1777080667-52833-large_default.webp\",\"width\":470,\"height\":470},{\"@type\":\"BreadcrumbList\",\"@id\":\"https:\/\/www.domtechnikpro.com\/index.php\/produkt\/mereo-opto-koupelnov-aacute-sk-345-iacute-328-ka-1005x580x458-mm-spodn-iacute-dub-riviera-2-z-aacute-suvky-tovarni-cena-55789\/#breadcrumb\",\"itemListElement\":[{\"@type\":\"ListItem\",\"position\":1,\"name\":\"Home\",\"item\":\"https:\/\/www.domtechnikpro.com\/\"},{\"@type\":\"ListItem\",\"position\":2,\"name\":\"Products\",\"item\":\"https:\/\/www.domtechnikpro.com\/products\/\"},{\"@type\":\"ListItem\",\"position\":3,\"name\":\"MEREO | OPTO | koupelnov&aacute; sk&#345;&iacute;&#328;ka 1005x580x458 mm | spodn&iacute; | dub Riviera | 2 z&aacute;suvky Tov\u00e1rn\u00ed Cena\"}]},{\"@type\":\"WebSite\",\"@id\":\"https:\/\/www.domtechnikpro.com\/#website\",\"url\":\"https:\/\/www.domtechnikpro.com\/\",\"name\":\"Pr\u016fmyslov\u00e9 vybaven\u00ed a p\u0159\u00edslu\u0161enstv\u00ed\",\"description\":\"Pr\u016fmyslov\u00e9 vybaven\u00ed a p\u0159\u00edslu\u0161enstv\u00ed\",\"publisher\":{\"@id\":\"https:\/\/www.domtechnikpro.com\/#organization\"},\"potentialAction\":[{\"@type\":\"SearchAction\",\"target\":{\"@type\":\"EntryPoint\",\"urlTemplate\":\"https:\/\/www.domtechnikpro.com\/?s={search_term_string}\"},\"query-input\":{\"@type\":\"PropertyValueSpecification\",\"valueRequired\":true,\"valueName\":\"search_term_string\"}}],\"inLanguage\":\"cs\"},{\"@type\":\"Organization\",\"@id\":\"https:\/\/www.domtechnikpro.com\/#organization\",\"name\":\"Pr\u016fmyslov\u00e9 vybaven\u00ed a p\u0159\u00edslu\u0161enstv\u00ed\",\"url\":\"https:\/\/www.domtechnikpro.com\/\",\"logo\":{\"@type\":\"ImageObject\",\"inLanguage\":\"cs\",\"@id\":\"https:\/\/www.domtechnikpro.com\/#\/schema\/logo\/image\/\",\"url\":\"https:\/\/www.domtechnikpro.com\/wp-content\/uploads\/2026\/04\/domtechnikpro_logo_full.svg\",\"contentUrl\":\"https:\/\/www.domtechnikpro.com\/wp-content\/uploads\/2026\/04\/domtechnikpro_logo_full.svg\",\"width\":920,\"height\":180,\"caption\":\"Pr\u016fmyslov\u00e9 vybaven\u00ed a p\u0159\u00edslu\u0161enstv\u00ed\"},\"image\":{\"@id\":\"https:\/\/www.domtechnikpro.com\/#\/schema\/logo\/image\/\"}}]}<\/script>\n<!-- \/ Yoast SEO plugin. -->","yoast_head_json":{"title":"MEREO | OPTO | koupelnov&aacute; sk&#345;&iacute;&#328;ka 1005x580x458 mm | spodn&iacute; | dub Riviera | 2 z&aacute;suvky Tov\u00e1rn\u00ed Cena - Pr\u016fmyslov\u00e9 vybaven\u00ed a p\u0159\u00edslu\u0161enstv\u00ed","robots":{"index":"index","follow":"follow","max-snippet":"max-snippet:-1","max-image-preview":"max-image-preview:large","max-video-preview":"max-video-preview:-1"},"canonical":"https:\/\/www.domtechnikpro.com\/index.php\/produkt\/mereo-opto-koupelnov-aacute-sk-345-iacute-328-ka-1005x580x458-mm-spodn-iacute-dub-riviera-2-z-aacute-suvky-tovarni-cena-55789\/","og_locale":"cs_CZ","og_type":"article","og_title":"MEREO | OPTO | koupelnov&aacute; sk&#345;&iacute;&#328;ka 1005x580x458 mm | spodn&iacute; | dub Riviera | 2 z&aacute;suvky Tov\u00e1rn\u00ed Cena - Pr\u016fmyslov\u00e9 vybaven\u00ed a p\u0159\u00edslu\u0161enstv\u00ed","og_description":"Opto, koupelnov\u00e1 sk\u0159\u00ed\u0148ka 1205x580x458 mm, spodn\u00ed, dub Riviera, 4 z\u00e1suvky. Mo\u017eno kombinovat s umyvadlem, pop\u0159. s koupelnovou deskou na sk\u0159\u00ed\u0148ku. S\u00e9rie koupelnov\u00e9ho n\u00e1bytku Opto umo\u017e\u0148uje kombinovat sk\u0159\u00ed\u0148ky do mnoha r\u016fzn\u00fdch variant. Vytvo\u0159it tak lze jak slo\u017eit\u00e9 kombinace do velk\u00fdch koupelen, tak minimalistick\u00e9 \u0159e\u0161en\u00ed v modern\u00edm designu. \u0160upl\u00edky jsou osazeny zna\u010dkov\u00fdmi pojezdy Strong s pomal\u00fdm dov\u00edr\u00e1n\u00edm. [&hellip;]","og_url":"https:\/\/www.domtechnikpro.com\/index.php\/produkt\/mereo-opto-koupelnov-aacute-sk-345-iacute-328-ka-1005x580x458-mm-spodn-iacute-dub-riviera-2-z-aacute-suvky-tovarni-cena-55789\/","og_site_name":"Pr\u016fmyslov\u00e9 vybaven\u00ed a p\u0159\u00edslu\u0161enstv\u00ed","og_image":[{"width":470,"height":470,"url":"https:\/\/www.domtechnikpro.com\/wp-content\/uploads\/2026\/SK0001492-CZ20260425-093107-0-1777080667-52833-large_default.webp","type":"image\/webp"}],"twitter_card":"summary_large_image","twitter_misc":{"Odhadovan\u00e1 doba \u010dten\u00ed":"1 minuta"},"schema":{"@context":"https:\/\/schema.org","@graph":[{"@type":"WebPage","@id":"https:\/\/www.domtechnikpro.com\/index.php\/produkt\/mereo-opto-koupelnov-aacute-sk-345-iacute-328-ka-1005x580x458-mm-spodn-iacute-dub-riviera-2-z-aacute-suvky-tovarni-cena-55789\/","url":"https:\/\/www.domtechnikpro.com\/index.php\/produkt\/mereo-opto-koupelnov-aacute-sk-345-iacute-328-ka-1005x580x458-mm-spodn-iacute-dub-riviera-2-z-aacute-suvky-tovarni-cena-55789\/","name":"MEREO | OPTO | koupelnov&aacute; sk&#345;&iacute;&#328;ka 1005x580x458 mm | spodn&iacute; | dub Riviera | 2 z&aacute;suvky Tov\u00e1rn\u00ed Cena - Pr\u016fmyslov\u00e9 vybaven\u00ed a p\u0159\u00edslu\u0161enstv\u00ed","isPartOf":{"@id":"https:\/\/www.domtechnikpro.com\/#website"},"primaryImageOfPage":{"@id":"https:\/\/www.domtechnikpro.com\/index.php\/produkt\/mereo-opto-koupelnov-aacute-sk-345-iacute-328-ka-1005x580x458-mm-spodn-iacute-dub-riviera-2-z-aacute-suvky-tovarni-cena-55789\/#primaryimage"},"image":{"@id":"https:\/\/www.domtechnikpro.com\/index.php\/produkt\/mereo-opto-koupelnov-aacute-sk-345-iacute-328-ka-1005x580x458-mm-spodn-iacute-dub-riviera-2-z-aacute-suvky-tovarni-cena-55789\/#primaryimage"},"thumbnailUrl":"https:\/\/www.domtechnikpro.com\/wp-content\/uploads\/2026\/SK0001492-CZ20260425-093107-0-1777080667-52833-large_default.webp","datePublished":"2026-04-26T09:01:53+00:00","breadcrumb":{"@id":"https:\/\/www.domtechnikpro.com\/index.php\/produkt\/mereo-opto-koupelnov-aacute-sk-345-iacute-328-ka-1005x580x458-mm-spodn-iacute-dub-riviera-2-z-aacute-suvky-tovarni-cena-55789\/#breadcrumb"},"inLanguage":"cs","potentialAction":[{"@type":"ReadAction","target":["https:\/\/www.domtechnikpro.com\/index.php\/produkt\/mereo-opto-koupelnov-aacute-sk-345-iacute-328-ka-1005x580x458-mm-spodn-iacute-dub-riviera-2-z-aacute-suvky-tovarni-cena-55789\/"]}]},{"@type":"ImageObject","inLanguage":"cs","@id":"https:\/\/www.domtechnikpro.com\/index.php\/produkt\/mereo-opto-koupelnov-aacute-sk-345-iacute-328-ka-1005x580x458-mm-spodn-iacute-dub-riviera-2-z-aacute-suvky-tovarni-cena-55789\/#primaryimage","url":"https:\/\/www.domtechnikpro.com\/wp-content\/uploads\/2026\/SK0001492-CZ20260425-093107-0-1777080667-52833-large_default.webp","contentUrl":"https:\/\/www.domtechnikpro.com\/wp-content\/uploads\/2026\/SK0001492-CZ20260425-093107-0-1777080667-52833-large_default.webp","width":470,"height":470},{"@type":"BreadcrumbList","@id":"https:\/\/www.domtechnikpro.com\/index.php\/produkt\/mereo-opto-koupelnov-aacute-sk-345-iacute-328-ka-1005x580x458-mm-spodn-iacute-dub-riviera-2-z-aacute-suvky-tovarni-cena-55789\/#breadcrumb","itemListElement":[{"@type":"ListItem","position":1,"name":"Home","item":"https:\/\/www.domtechnikpro.com\/"},{"@type":"ListItem","position":2,"name":"Products","item":"https:\/\/www.domtechnikpro.com\/products\/"},{"@type":"ListItem","position":3,"name":"MEREO | OPTO | koupelnov&aacute; sk&#345;&iacute;&#328;ka 1005x580x458 mm | spodn&iacute; | dub Riviera | 2 z&aacute;suvky Tov\u00e1rn\u00ed Cena"}]},{"@type":"WebSite","@id":"https:\/\/www.domtechnikpro.com\/#website","url":"https:\/\/www.domtechnikpro.com\/","name":"Pr\u016fmyslov\u00e9 vybaven\u00ed a p\u0159\u00edslu\u0161enstv\u00ed","description":"Pr\u016fmyslov\u00e9 vybaven\u00ed a p\u0159\u00edslu\u0161enstv\u00ed","publisher":{"@id":"https:\/\/www.domtechnikpro.com\/#organization"},"potentialAction":[{"@type":"SearchAction","target":{"@type":"EntryPoint","urlTemplate":"https:\/\/www.domtechnikpro.com\/?s={search_term_string}"},"query-input":{"@type":"PropertyValueSpecification","valueRequired":true,"valueName":"search_term_string"}}],"inLanguage":"cs"},{"@type":"Organization","@id":"https:\/\/www.domtechnikpro.com\/#organization","name":"Pr\u016fmyslov\u00e9 vybaven\u00ed a p\u0159\u00edslu\u0161enstv\u00ed","url":"https:\/\/www.domtechnikpro.com\/","logo":{"@type":"ImageObject","inLanguage":"cs","@id":"https:\/\/www.domtechnikpro.com\/#\/schema\/logo\/image\/","url":"https:\/\/www.domtechnikpro.com\/wp-content\/uploads\/2026\/04\/domtechnikpro_logo_full.svg","contentUrl":"https:\/\/www.domtechnikpro.com\/wp-content\/uploads\/2026\/04\/domtechnikpro_logo_full.svg","width":920,"height":180,"caption":"Pr\u016fmyslov\u00e9 vybaven\u00ed a p\u0159\u00edslu\u0161enstv\u00ed"},"image":{"@id":"https:\/\/www.domtechnikpro.com\/#\/schema\/logo\/image\/"}}]}},"_links":{"self":[{"href":"https:\/\/www.domtechnikpro.com\/wp-json\/wp\/v2\/product\/55789","targetHints":{"allow":["GET"]}}],"collection":[{"href":"https:\/\/www.domtechnikpro.com\/wp-json\/wp\/v2\/product"}],"about":[{"href":"https:\/\/www.domtechnikpro.com\/wp-json\/wp\/v2\/types\/product"}],"replies":[{"embeddable":true,"href":"https:\/\/www.domtechnikpro.com\/wp-json\/wp\/v2\/comments?post=55789"}],"wp:featuredmedia":[{"embeddable":true,"href":"https:\/\/www.domtechnikpro.com\/wp-json\/wp\/v2\/media\/55889"}],"wp:attachment":[{"href":"https:\/\/www.domtechnikpro.com\/wp-json\/wp\/v2\/media?parent=55789"}],"wp:term":[{"taxonomy":"product_brand","embeddable":true,"href":"https:\/\/www.domtechnikpro.com\/wp-json\/wp\/v2\/product_brand?post=55789"},{"taxonomy":"product_cat","embeddable":true,"href":"https:\/\/www.domtechnikpro.com\/wp-json\/wp\/v2\/product_cat?post=55789"},{"taxonomy":"product_tag","embeddable":true,"href":"https:\/\/www.domtechnikpro.com\/wp-json\/wp\/v2\/product_tag?post=55789"}],"curies":[{"name":"wp","href":"https:\/\/api.w.org\/{rel}","templated":true}]}}