{"id":55757,"date":"2026-04-26T09:01:53","date_gmt":"2026-04-26T09:01:53","guid":{"rendered":""},"modified":"2026-04-26T09:01:53","modified_gmt":"2026-04-26T09:01:53","slug":"nova-kolekce-mereo-bino-koupelnov-aacute-sk-345-iacute-328-ka-605x528x458-mm-spodn-iacute-leskl-aacute-b-iacute-l-aacute-2-z-aacute-suvky-55757","status":"publish","type":"product","link":"https:\/\/www.domtechnikpro.com\/produkt\/nova-kolekce-mereo-bino-koupelnov-aacute-sk-345-iacute-328-ka-605x528x458-mm-spodn-iacute-leskl-aacute-b-iacute-l-aacute-2-z-aacute-suvky-55757\/","title":{"rendered":"Nov\u00e1 Kolekce MEREO | BINO | koupelnov&aacute; sk&#345;&iacute;&#328;ka 605x528x458 mm |  spodn&iacute; |  leskl&aacute; b&iacute;l&aacute; |  2 z&aacute;suvky"},"content":{"rendered":"<p><!-- More info -->\t\t\t\t\t<\/p>\n<section id=\"idTab1\" class=\"page-product-box tab-pane active\" role=\"tabpanel\" aria-labelledby=\"idTab1\">\t\t\t\t\t\t<!-- full description -->\t\t\t\t\t\t<\/p>\n<div class=\"rte\">Bino, koupelnov\u00e1 sk\u0159\u00ed\u0148ka 605x528x458 mm, spodn\u00ed, leskl\u00e1 b\u00edl\u00e1, 2 z\u00e1suvky. Mo\u017eno kombinovat s umyvadlem, pop\u0159. s koupelnovou deskou na sk\u0159\u00ed\u0148ku.<\/p>\n<p>S\u00e9rie:Bino<br \/>\u0160\u00ed\u0159ka:605  mm<br \/>Hloubka:458  mm<br \/>D\u00e9lka (V\u00fd\u0161ka):528  mm<br \/>Barva:B\u00edl\u00e1<br \/>Typ sk\u0159\u00ed\u0148ky:bez umyvadla<\/div>\n<\/section>\n<p>\t\t\t\t\t<!--end  More info -->\t\t\t\t\t\t\t\t\t\t\t\t\t\t\t\t\t\t\t\t\t\t\t\t\t\t\t\t\t\t\t<\/div>\n<\/p><\/div>\n<p><!--QTR Accessories --><\/p>\n","protected":false},"excerpt":{"rendered":"<p>Bino, koupelnov\u00e1 sk\u0159\u00ed\u0148ka 605x528x458 mm, spodn\u00ed, leskl\u00e1 b\u00edl\u00e1, 2 z\u00e1suvky. Mo\u017eno kombinovat s umyvadlem, pop\u0159. s koupelnovou deskou na sk\u0159\u00ed\u0148ku. S\u00e9rie:Bino\u0160\u00ed\u0159ka:605 mmHloubka:458 mmD\u00e9lka (V\u00fd\u0161ka):528 mmBarva:B\u00edl\u00e1Typ sk\u0159\u00ed\u0148ky:bez umyvadla<\/p>\n","protected":false},"featured_media":55857,"comment_status":"open","ping_status":"open","template":"","meta":[],"product_brand":[],"product_cat":[172],"product_tag":[],"class_list":{"0":"post-55757","1":"product","2":"type-product","3":"status-publish","4":"has-post-thumbnail","6":"product_cat-sanit-aacute-rn-iacute-vybaven-iacute","8":"first","9":"instock","10":"sale","11":"shipping-taxable","12":"purchasable","13":"product-type-simple"},"yoast_head":"<!-- This site is optimized with the Yoast SEO plugin v26.8 - https:\/\/yoast.com\/product\/yoast-seo-wordpress\/ -->\n<title>Nov\u00e1 Kolekce MEREO | BINO | koupelnov&aacute; sk&#345;&iacute;&#328;ka 605x528x458 mm | spodn&iacute; | leskl&aacute; b&iacute;l&aacute; | 2 z&aacute;suvky - Pr\u016fmyslov\u00e9 vybaven\u00ed a p\u0159\u00edslu\u0161enstv\u00ed<\/title>\n<meta name=\"robots\" content=\"index, follow, max-snippet:-1, max-image-preview:large, max-video-preview:-1\" \/>\n<link rel=\"canonical\" href=\"https:\/\/www.domtechnikpro.com\/index.php\/produkt\/nova-kolekce-mereo-bino-koupelnov-aacute-sk-345-iacute-328-ka-605x528x458-mm-spodn-iacute-leskl-aacute-b-iacute-l-aacute-2-z-aacute-suvky-55757\/\" \/>\n<meta property=\"og:locale\" content=\"cs_CZ\" \/>\n<meta property=\"og:type\" content=\"article\" \/>\n<meta property=\"og:title\" content=\"Nov\u00e1 Kolekce MEREO | BINO | koupelnov&aacute; sk&#345;&iacute;&#328;ka 605x528x458 mm | spodn&iacute; | leskl&aacute; b&iacute;l&aacute; | 2 z&aacute;suvky - Pr\u016fmyslov\u00e9 vybaven\u00ed a p\u0159\u00edslu\u0161enstv\u00ed\" \/>\n<meta property=\"og:description\" content=\"Bino, koupelnov\u00e1 sk\u0159\u00ed\u0148ka 605x528x458 mm, spodn\u00ed, leskl\u00e1 b\u00edl\u00e1, 2 z\u00e1suvky. Mo\u017eno kombinovat s umyvadlem, pop\u0159. s koupelnovou deskou na sk\u0159\u00ed\u0148ku. S\u00e9rie:Bino\u0160\u00ed\u0159ka:605 mmHloubka:458 mmD\u00e9lka (V\u00fd\u0161ka):528 mmBarva:B\u00edl\u00e1Typ sk\u0159\u00ed\u0148ky:bez umyvadla\" \/>\n<meta property=\"og:url\" content=\"https:\/\/www.domtechnikpro.com\/index.php\/produkt\/nova-kolekce-mereo-bino-koupelnov-aacute-sk-345-iacute-328-ka-605x528x458-mm-spodn-iacute-leskl-aacute-b-iacute-l-aacute-2-z-aacute-suvky-55757\/\" \/>\n<meta property=\"og:site_name\" content=\"Pr\u016fmyslov\u00e9 vybaven\u00ed a p\u0159\u00edslu\u0161enstv\u00ed\" \/>\n<meta property=\"og:image\" content=\"https:\/\/www.domtechnikpro.com\/wp-content\/uploads\/2026\/SK0001443-CZ20260425-093107-0-1777080667-59503-large_default.webp\" \/>\n\t<meta property=\"og:image:width\" content=\"470\" \/>\n\t<meta property=\"og:image:height\" content=\"470\" \/>\n\t<meta property=\"og:image:type\" content=\"image\/webp\" \/>\n<meta name=\"twitter:card\" content=\"summary_large_image\" \/>\n<script type=\"application\/ld+json\" class=\"yoast-schema-graph\">{\"@context\":\"https:\/\/schema.org\",\"@graph\":[{\"@type\":\"WebPage\",\"@id\":\"https:\/\/www.domtechnikpro.com\/index.php\/produkt\/nova-kolekce-mereo-bino-koupelnov-aacute-sk-345-iacute-328-ka-605x528x458-mm-spodn-iacute-leskl-aacute-b-iacute-l-aacute-2-z-aacute-suvky-55757\/\",\"url\":\"https:\/\/www.domtechnikpro.com\/index.php\/produkt\/nova-kolekce-mereo-bino-koupelnov-aacute-sk-345-iacute-328-ka-605x528x458-mm-spodn-iacute-leskl-aacute-b-iacute-l-aacute-2-z-aacute-suvky-55757\/\",\"name\":\"Nov\u00e1 Kolekce MEREO | BINO | koupelnov&aacute; sk&#345;&iacute;&#328;ka 605x528x458 mm | spodn&iacute; | leskl&aacute; b&iacute;l&aacute; | 2 z&aacute;suvky - Pr\u016fmyslov\u00e9 vybaven\u00ed a p\u0159\u00edslu\u0161enstv\u00ed\",\"isPartOf\":{\"@id\":\"https:\/\/www.domtechnikpro.com\/#website\"},\"primaryImageOfPage\":{\"@id\":\"https:\/\/www.domtechnikpro.com\/index.php\/produkt\/nova-kolekce-mereo-bino-koupelnov-aacute-sk-345-iacute-328-ka-605x528x458-mm-spodn-iacute-leskl-aacute-b-iacute-l-aacute-2-z-aacute-suvky-55757\/#primaryimage\"},\"image\":{\"@id\":\"https:\/\/www.domtechnikpro.com\/index.php\/produkt\/nova-kolekce-mereo-bino-koupelnov-aacute-sk-345-iacute-328-ka-605x528x458-mm-spodn-iacute-leskl-aacute-b-iacute-l-aacute-2-z-aacute-suvky-55757\/#primaryimage\"},\"thumbnailUrl\":\"https:\/\/www.domtechnikpro.com\/wp-content\/uploads\/2026\/SK0001443-CZ20260425-093107-0-1777080667-59503-large_default.webp\",\"datePublished\":\"2026-04-26T09:01:53+00:00\",\"breadcrumb\":{\"@id\":\"https:\/\/www.domtechnikpro.com\/index.php\/produkt\/nova-kolekce-mereo-bino-koupelnov-aacute-sk-345-iacute-328-ka-605x528x458-mm-spodn-iacute-leskl-aacute-b-iacute-l-aacute-2-z-aacute-suvky-55757\/#breadcrumb\"},\"inLanguage\":\"cs\",\"potentialAction\":[{\"@type\":\"ReadAction\",\"target\":[\"https:\/\/www.domtechnikpro.com\/index.php\/produkt\/nova-kolekce-mereo-bino-koupelnov-aacute-sk-345-iacute-328-ka-605x528x458-mm-spodn-iacute-leskl-aacute-b-iacute-l-aacute-2-z-aacute-suvky-55757\/\"]}]},{\"@type\":\"ImageObject\",\"inLanguage\":\"cs\",\"@id\":\"https:\/\/www.domtechnikpro.com\/index.php\/produkt\/nova-kolekce-mereo-bino-koupelnov-aacute-sk-345-iacute-328-ka-605x528x458-mm-spodn-iacute-leskl-aacute-b-iacute-l-aacute-2-z-aacute-suvky-55757\/#primaryimage\",\"url\":\"https:\/\/www.domtechnikpro.com\/wp-content\/uploads\/2026\/SK0001443-CZ20260425-093107-0-1777080667-59503-large_default.webp\",\"contentUrl\":\"https:\/\/www.domtechnikpro.com\/wp-content\/uploads\/2026\/SK0001443-CZ20260425-093107-0-1777080667-59503-large_default.webp\",\"width\":470,\"height\":470},{\"@type\":\"BreadcrumbList\",\"@id\":\"https:\/\/www.domtechnikpro.com\/index.php\/produkt\/nova-kolekce-mereo-bino-koupelnov-aacute-sk-345-iacute-328-ka-605x528x458-mm-spodn-iacute-leskl-aacute-b-iacute-l-aacute-2-z-aacute-suvky-55757\/#breadcrumb\",\"itemListElement\":[{\"@type\":\"ListItem\",\"position\":1,\"name\":\"Home\",\"item\":\"https:\/\/www.domtechnikpro.com\/\"},{\"@type\":\"ListItem\",\"position\":2,\"name\":\"Products\",\"item\":\"https:\/\/www.domtechnikpro.com\/products\/\"},{\"@type\":\"ListItem\",\"position\":3,\"name\":\"Nov\u00e1 Kolekce MEREO | BINO | koupelnov&aacute; sk&#345;&iacute;&#328;ka 605x528x458 mm | spodn&iacute; | leskl&aacute; b&iacute;l&aacute; | 2 z&aacute;suvky\"}]},{\"@type\":\"WebSite\",\"@id\":\"https:\/\/www.domtechnikpro.com\/#website\",\"url\":\"https:\/\/www.domtechnikpro.com\/\",\"name\":\"Pr\u016fmyslov\u00e9 vybaven\u00ed a p\u0159\u00edslu\u0161enstv\u00ed\",\"description\":\"Pr\u016fmyslov\u00e9 vybaven\u00ed a p\u0159\u00edslu\u0161enstv\u00ed\",\"publisher\":{\"@id\":\"https:\/\/www.domtechnikpro.com\/#organization\"},\"potentialAction\":[{\"@type\":\"SearchAction\",\"target\":{\"@type\":\"EntryPoint\",\"urlTemplate\":\"https:\/\/www.domtechnikpro.com\/?s={search_term_string}\"},\"query-input\":{\"@type\":\"PropertyValueSpecification\",\"valueRequired\":true,\"valueName\":\"search_term_string\"}}],\"inLanguage\":\"cs\"},{\"@type\":\"Organization\",\"@id\":\"https:\/\/www.domtechnikpro.com\/#organization\",\"name\":\"Pr\u016fmyslov\u00e9 vybaven\u00ed a p\u0159\u00edslu\u0161enstv\u00ed\",\"url\":\"https:\/\/www.domtechnikpro.com\/\",\"logo\":{\"@type\":\"ImageObject\",\"inLanguage\":\"cs\",\"@id\":\"https:\/\/www.domtechnikpro.com\/#\/schema\/logo\/image\/\",\"url\":\"https:\/\/www.domtechnikpro.com\/wp-content\/uploads\/2026\/04\/domtechnikpro_logo_full.svg\",\"contentUrl\":\"https:\/\/www.domtechnikpro.com\/wp-content\/uploads\/2026\/04\/domtechnikpro_logo_full.svg\",\"width\":920,\"height\":180,\"caption\":\"Pr\u016fmyslov\u00e9 vybaven\u00ed a p\u0159\u00edslu\u0161enstv\u00ed\"},\"image\":{\"@id\":\"https:\/\/www.domtechnikpro.com\/#\/schema\/logo\/image\/\"}}]}<\/script>\n<!-- \/ Yoast SEO plugin. -->","yoast_head_json":{"title":"Nov\u00e1 Kolekce MEREO | BINO | koupelnov&aacute; sk&#345;&iacute;&#328;ka 605x528x458 mm | spodn&iacute; | leskl&aacute; b&iacute;l&aacute; | 2 z&aacute;suvky - Pr\u016fmyslov\u00e9 vybaven\u00ed a p\u0159\u00edslu\u0161enstv\u00ed","robots":{"index":"index","follow":"follow","max-snippet":"max-snippet:-1","max-image-preview":"max-image-preview:large","max-video-preview":"max-video-preview:-1"},"canonical":"https:\/\/www.domtechnikpro.com\/index.php\/produkt\/nova-kolekce-mereo-bino-koupelnov-aacute-sk-345-iacute-328-ka-605x528x458-mm-spodn-iacute-leskl-aacute-b-iacute-l-aacute-2-z-aacute-suvky-55757\/","og_locale":"cs_CZ","og_type":"article","og_title":"Nov\u00e1 Kolekce MEREO | BINO | koupelnov&aacute; sk&#345;&iacute;&#328;ka 605x528x458 mm | spodn&iacute; | leskl&aacute; b&iacute;l&aacute; | 2 z&aacute;suvky - Pr\u016fmyslov\u00e9 vybaven\u00ed a p\u0159\u00edslu\u0161enstv\u00ed","og_description":"Bino, koupelnov\u00e1 sk\u0159\u00ed\u0148ka 605x528x458 mm, spodn\u00ed, leskl\u00e1 b\u00edl\u00e1, 2 z\u00e1suvky. Mo\u017eno kombinovat s umyvadlem, pop\u0159. s koupelnovou deskou na sk\u0159\u00ed\u0148ku. S\u00e9rie:Bino\u0160\u00ed\u0159ka:605 mmHloubka:458 mmD\u00e9lka (V\u00fd\u0161ka):528 mmBarva:B\u00edl\u00e1Typ sk\u0159\u00ed\u0148ky:bez umyvadla","og_url":"https:\/\/www.domtechnikpro.com\/index.php\/produkt\/nova-kolekce-mereo-bino-koupelnov-aacute-sk-345-iacute-328-ka-605x528x458-mm-spodn-iacute-leskl-aacute-b-iacute-l-aacute-2-z-aacute-suvky-55757\/","og_site_name":"Pr\u016fmyslov\u00e9 vybaven\u00ed a p\u0159\u00edslu\u0161enstv\u00ed","og_image":[{"width":470,"height":470,"url":"https:\/\/www.domtechnikpro.com\/wp-content\/uploads\/2026\/SK0001443-CZ20260425-093107-0-1777080667-59503-large_default.webp","type":"image\/webp"}],"twitter_card":"summary_large_image","schema":{"@context":"https:\/\/schema.org","@graph":[{"@type":"WebPage","@id":"https:\/\/www.domtechnikpro.com\/index.php\/produkt\/nova-kolekce-mereo-bino-koupelnov-aacute-sk-345-iacute-328-ka-605x528x458-mm-spodn-iacute-leskl-aacute-b-iacute-l-aacute-2-z-aacute-suvky-55757\/","url":"https:\/\/www.domtechnikpro.com\/index.php\/produkt\/nova-kolekce-mereo-bino-koupelnov-aacute-sk-345-iacute-328-ka-605x528x458-mm-spodn-iacute-leskl-aacute-b-iacute-l-aacute-2-z-aacute-suvky-55757\/","name":"Nov\u00e1 Kolekce MEREO | BINO | koupelnov&aacute; sk&#345;&iacute;&#328;ka 605x528x458 mm | spodn&iacute; | leskl&aacute; b&iacute;l&aacute; | 2 z&aacute;suvky - Pr\u016fmyslov\u00e9 vybaven\u00ed a p\u0159\u00edslu\u0161enstv\u00ed","isPartOf":{"@id":"https:\/\/www.domtechnikpro.com\/#website"},"primaryImageOfPage":{"@id":"https:\/\/www.domtechnikpro.com\/index.php\/produkt\/nova-kolekce-mereo-bino-koupelnov-aacute-sk-345-iacute-328-ka-605x528x458-mm-spodn-iacute-leskl-aacute-b-iacute-l-aacute-2-z-aacute-suvky-55757\/#primaryimage"},"image":{"@id":"https:\/\/www.domtechnikpro.com\/index.php\/produkt\/nova-kolekce-mereo-bino-koupelnov-aacute-sk-345-iacute-328-ka-605x528x458-mm-spodn-iacute-leskl-aacute-b-iacute-l-aacute-2-z-aacute-suvky-55757\/#primaryimage"},"thumbnailUrl":"https:\/\/www.domtechnikpro.com\/wp-content\/uploads\/2026\/SK0001443-CZ20260425-093107-0-1777080667-59503-large_default.webp","datePublished":"2026-04-26T09:01:53+00:00","breadcrumb":{"@id":"https:\/\/www.domtechnikpro.com\/index.php\/produkt\/nova-kolekce-mereo-bino-koupelnov-aacute-sk-345-iacute-328-ka-605x528x458-mm-spodn-iacute-leskl-aacute-b-iacute-l-aacute-2-z-aacute-suvky-55757\/#breadcrumb"},"inLanguage":"cs","potentialAction":[{"@type":"ReadAction","target":["https:\/\/www.domtechnikpro.com\/index.php\/produkt\/nova-kolekce-mereo-bino-koupelnov-aacute-sk-345-iacute-328-ka-605x528x458-mm-spodn-iacute-leskl-aacute-b-iacute-l-aacute-2-z-aacute-suvky-55757\/"]}]},{"@type":"ImageObject","inLanguage":"cs","@id":"https:\/\/www.domtechnikpro.com\/index.php\/produkt\/nova-kolekce-mereo-bino-koupelnov-aacute-sk-345-iacute-328-ka-605x528x458-mm-spodn-iacute-leskl-aacute-b-iacute-l-aacute-2-z-aacute-suvky-55757\/#primaryimage","url":"https:\/\/www.domtechnikpro.com\/wp-content\/uploads\/2026\/SK0001443-CZ20260425-093107-0-1777080667-59503-large_default.webp","contentUrl":"https:\/\/www.domtechnikpro.com\/wp-content\/uploads\/2026\/SK0001443-CZ20260425-093107-0-1777080667-59503-large_default.webp","width":470,"height":470},{"@type":"BreadcrumbList","@id":"https:\/\/www.domtechnikpro.com\/index.php\/produkt\/nova-kolekce-mereo-bino-koupelnov-aacute-sk-345-iacute-328-ka-605x528x458-mm-spodn-iacute-leskl-aacute-b-iacute-l-aacute-2-z-aacute-suvky-55757\/#breadcrumb","itemListElement":[{"@type":"ListItem","position":1,"name":"Home","item":"https:\/\/www.domtechnikpro.com\/"},{"@type":"ListItem","position":2,"name":"Products","item":"https:\/\/www.domtechnikpro.com\/products\/"},{"@type":"ListItem","position":3,"name":"Nov\u00e1 Kolekce MEREO | BINO | koupelnov&aacute; sk&#345;&iacute;&#328;ka 605x528x458 mm | spodn&iacute; | leskl&aacute; b&iacute;l&aacute; | 2 z&aacute;suvky"}]},{"@type":"WebSite","@id":"https:\/\/www.domtechnikpro.com\/#website","url":"https:\/\/www.domtechnikpro.com\/","name":"Pr\u016fmyslov\u00e9 vybaven\u00ed a p\u0159\u00edslu\u0161enstv\u00ed","description":"Pr\u016fmyslov\u00e9 vybaven\u00ed a p\u0159\u00edslu\u0161enstv\u00ed","publisher":{"@id":"https:\/\/www.domtechnikpro.com\/#organization"},"potentialAction":[{"@type":"SearchAction","target":{"@type":"EntryPoint","urlTemplate":"https:\/\/www.domtechnikpro.com\/?s={search_term_string}"},"query-input":{"@type":"PropertyValueSpecification","valueRequired":true,"valueName":"search_term_string"}}],"inLanguage":"cs"},{"@type":"Organization","@id":"https:\/\/www.domtechnikpro.com\/#organization","name":"Pr\u016fmyslov\u00e9 vybaven\u00ed a p\u0159\u00edslu\u0161enstv\u00ed","url":"https:\/\/www.domtechnikpro.com\/","logo":{"@type":"ImageObject","inLanguage":"cs","@id":"https:\/\/www.domtechnikpro.com\/#\/schema\/logo\/image\/","url":"https:\/\/www.domtechnikpro.com\/wp-content\/uploads\/2026\/04\/domtechnikpro_logo_full.svg","contentUrl":"https:\/\/www.domtechnikpro.com\/wp-content\/uploads\/2026\/04\/domtechnikpro_logo_full.svg","width":920,"height":180,"caption":"Pr\u016fmyslov\u00e9 vybaven\u00ed a p\u0159\u00edslu\u0161enstv\u00ed"},"image":{"@id":"https:\/\/www.domtechnikpro.com\/#\/schema\/logo\/image\/"}}]}},"_links":{"self":[{"href":"https:\/\/www.domtechnikpro.com\/wp-json\/wp\/v2\/product\/55757","targetHints":{"allow":["GET"]}}],"collection":[{"href":"https:\/\/www.domtechnikpro.com\/wp-json\/wp\/v2\/product"}],"about":[{"href":"https:\/\/www.domtechnikpro.com\/wp-json\/wp\/v2\/types\/product"}],"replies":[{"embeddable":true,"href":"https:\/\/www.domtechnikpro.com\/wp-json\/wp\/v2\/comments?post=55757"}],"wp:featuredmedia":[{"embeddable":true,"href":"https:\/\/www.domtechnikpro.com\/wp-json\/wp\/v2\/media\/55857"}],"wp:attachment":[{"href":"https:\/\/www.domtechnikpro.com\/wp-json\/wp\/v2\/media?parent=55757"}],"wp:term":[{"taxonomy":"product_brand","embeddable":true,"href":"https:\/\/www.domtechnikpro.com\/wp-json\/wp\/v2\/product_brand?post=55757"},{"taxonomy":"product_cat","embeddable":true,"href":"https:\/\/www.domtechnikpro.com\/wp-json\/wp\/v2\/product_cat?post=55757"},{"taxonomy":"product_tag","embeddable":true,"href":"https:\/\/www.domtechnikpro.com\/wp-json\/wp\/v2\/product_tag?post=55757"}],"curies":[{"name":"wp","href":"https:\/\/api.w.org\/{rel}","templated":true}]}}