{"id":55715,"date":"2026-04-26T09:01:53","date_gmt":"2026-04-26T09:01:53","guid":{"rendered":""},"modified":"2026-04-26T09:01:53","modified_gmt":"2026-04-26T09:01:53","slug":"ihned-k-objednani-mereo-sprchov-aacute-souprava-jednopolohov-aacute-sprcha-posuvn-yacute-dr-382-aacute-k-scaron-edost-345-iacute-brn-aacute-hadice-55715","status":"publish","type":"product","link":"https:\/\/www.domtechnikpro.com\/produkt\/ihned-k-objednani-mereo-sprchov-aacute-souprava-jednopolohov-aacute-sprcha-posuvn-yacute-dr-382-aacute-k-scaron-edost-345-iacute-brn-aacute-hadice-55715\/","title":{"rendered":"Ihned K Objedn\u00e1n\u00ed MEREO | Sprchov&aacute; souprava |  jednopolohov&aacute; sprcha |  posuvn&yacute; dr&#382;&aacute;k |  &scaron;edost&#345;&iacute;brn&aacute; hadice"},"content":{"rendered":"<p><!-- More info -->\t\t\t\t\t<\/p>\n<section id=\"idTab1\" class=\"page-product-box tab-pane active\" role=\"tabpanel\" aria-labelledby=\"idTab1\">\t\t\t\t\t\t<!-- full description -->\t\t\t\t\t\t<\/p>\n<div class=\"rte\">Dr\u017e\u00e1k sprchy 665 mm hranat\u00fd, nerezov\u00e1 ty\u010d, ostatn\u00ed \u010d\u00e1sti z pochromovan\u00e9ho plastu<\/p>\n<p>Posuvn\u00fd dr\u017e\u00e1k sprchy se vyzna\u010duje modern\u00edm designem, vysokou variabilitou a p\u0159edev\u0161\u00edm umo\u017e\u0148uje t\u00e9m\u011b\u0159 libovolnou kombinaci s p\u0159\u00edslu\u0161enstv\u00edm sprchov\u00e9ho programu.<\/p><\/div>\n<\/section>\n<p>\t\t\t\t\t<!--end  More info -->\t\t\t\t\t\t\t\t\t\t\t\t\t<!-- Data sheet -->\t\t\t\t\t<\/p>\n<section id=\"idTab2\" class=\"page-product-box tab-pane\" role=\"tabpanel\" aria-labelledby=\"idTab2\">\n<table class=\"table-data-sheet\">\n<tr class=\"odd\">\n<td>POVRCHOV\u00c1 \u00daPRAVA<\/td>\n<td>mat <\/td>\n<\/tr>\n<tr class=\"even\">\n<td>FORM\u00c1T | ROZM\u011aR<\/td>\n<td>OUTDOOR =  2cm, VF = velk\u00fd form\u00e1t<\/td>\n<\/tr>\n<tr class=\"odd\">\n<td>ODOLNOST | ZAT\u00cd\u017dEN\u00cd<\/td>\n<td>PEI 5 <\/td>\n<\/tr>\n<tr class=\"even\">\n<td>PROTISKLUZNOST | HRUBOST<\/td>\n<td>R11 <\/td>\n<\/tr>\n<tr class=\"odd\">\n<td>TYP | POU\u017dIT\u00cd<\/td>\n<td>dla\u017eba | 2 cm | OUTDOOR <\/td>\n<\/tr>\n<tr class=\"even\">\n<td>REKTIFIKACE<\/td>\n<td>Ano <\/td>\n<\/tr>\n<tr class=\"odd\">\n<td>JAKOST<\/td>\n<td>01S <\/td>\n<\/tr>\n<tr class=\"even\">\n<td>VARIABILITA | ROZD\u00cdLNOST<\/td>\n<td>V2 <\/td>\n<\/tr>\n<tr class=\"odd\">\n<td>VZHLED | IMITACE<\/td>\n<td>beton <\/td>\n<\/tr>\n<tr class=\"even\">\n<td>MRAZUVZDORNOST | EXTERI\u00c9R<\/td>\n<td>Ano <\/td>\n<\/tr>\n<\/table>\n<\/section>\n<p>\t\t\t\t\t<!--end Data sheet -->\t\t\t\t\t\t\t\t\t\t\t\t\t\t\t\t\t\t\t\t\t\t\t\t\t\t\t<\/div>\n<\/p><\/div>\n<p><!--QTR Accessories --><\/p>\n","protected":false},"excerpt":{"rendered":"<p>Dr\u017e\u00e1k sprchy 665 mm hranat\u00fd, nerezov\u00e1 ty\u010d, ostatn\u00ed \u010d\u00e1sti z pochromovan\u00e9ho plastu Posuvn\u00fd dr\u017e\u00e1k sprchy se vyzna\u010duje modern\u00edm designem, vysokou variabilitou a p\u0159edev\u0161\u00edm umo\u017e\u0148uje t\u00e9m\u011b\u0159 libovolnou kombinaci s p\u0159\u00edslu\u0161enstv\u00edm sprchov\u00e9ho programu. POVRCHOV\u00c1 \u00daPRAVA mat FORM\u00c1T | ROZM\u011aR OUTDOOR = 2cm, VF = velk\u00fd form\u00e1t ODOLNOST | ZAT\u00cd\u017dEN\u00cd PEI 5 PROTISKLUZNOST | HRUBOST R11 TYP | [&hellip;]<\/p>\n","protected":false},"featured_media":55815,"comment_status":"open","ping_status":"open","template":"","meta":[],"product_brand":[],"product_cat":[172],"product_tag":[],"class_list":{"0":"post-55715","1":"product","2":"type-product","3":"status-publish","4":"has-post-thumbnail","6":"product_cat-sanit-aacute-rn-iacute-vybaven-iacute","8":"first","9":"instock","10":"sale","11":"shipping-taxable","12":"purchasable","13":"product-type-simple"},"yoast_head":"<!-- This site is optimized with the Yoast SEO plugin v26.8 - https:\/\/yoast.com\/product\/yoast-seo-wordpress\/ -->\n<title>Ihned K Objedn\u00e1n\u00ed MEREO | Sprchov&aacute; souprava | jednopolohov&aacute; sprcha | posuvn&yacute; dr&#382;&aacute;k | &scaron;edost&#345;&iacute;brn&aacute; hadice - Pr\u016fmyslov\u00e9 vybaven\u00ed a p\u0159\u00edslu\u0161enstv\u00ed<\/title>\n<meta name=\"robots\" content=\"index, follow, max-snippet:-1, max-image-preview:large, max-video-preview:-1\" \/>\n<link rel=\"canonical\" href=\"https:\/\/www.domtechnikpro.com\/index.php\/produkt\/ihned-k-objednani-mereo-sprchov-aacute-souprava-jednopolohov-aacute-sprcha-posuvn-yacute-dr-382-aacute-k-scaron-edost-345-iacute-brn-aacute-hadice-55715\/\" \/>\n<meta property=\"og:locale\" content=\"cs_CZ\" \/>\n<meta property=\"og:type\" content=\"article\" \/>\n<meta property=\"og:title\" content=\"Ihned K Objedn\u00e1n\u00ed MEREO | Sprchov&aacute; souprava | jednopolohov&aacute; sprcha | posuvn&yacute; dr&#382;&aacute;k | &scaron;edost&#345;&iacute;brn&aacute; hadice - Pr\u016fmyslov\u00e9 vybaven\u00ed a p\u0159\u00edslu\u0161enstv\u00ed\" \/>\n<meta property=\"og:description\" content=\"Dr\u017e\u00e1k sprchy 665 mm hranat\u00fd, nerezov\u00e1 ty\u010d, ostatn\u00ed \u010d\u00e1sti z pochromovan\u00e9ho plastu Posuvn\u00fd dr\u017e\u00e1k sprchy se vyzna\u010duje modern\u00edm designem, vysokou variabilitou a p\u0159edev\u0161\u00edm umo\u017e\u0148uje t\u00e9m\u011b\u0159 libovolnou kombinaci s p\u0159\u00edslu\u0161enstv\u00edm sprchov\u00e9ho programu. POVRCHOV\u00c1 \u00daPRAVA mat FORM\u00c1T | ROZM\u011aR OUTDOOR = 2cm, VF = velk\u00fd form\u00e1t ODOLNOST | ZAT\u00cd\u017dEN\u00cd PEI 5 PROTISKLUZNOST | HRUBOST R11 TYP | [&hellip;]\" \/>\n<meta property=\"og:url\" content=\"https:\/\/www.domtechnikpro.com\/index.php\/produkt\/ihned-k-objednani-mereo-sprchov-aacute-souprava-jednopolohov-aacute-sprcha-posuvn-yacute-dr-382-aacute-k-scaron-edost-345-iacute-brn-aacute-hadice-55715\/\" \/>\n<meta property=\"og:site_name\" content=\"Pr\u016fmyslov\u00e9 vybaven\u00ed a p\u0159\u00edslu\u0161enstv\u00ed\" \/>\n<meta property=\"og:image\" content=\"https:\/\/www.domtechnikpro.com\/wp-content\/uploads\/2026\/SK0001374-CZ20260425-093107-0-1777080667-52063-large_default.webp\" \/>\n\t<meta property=\"og:image:width\" content=\"470\" \/>\n\t<meta property=\"og:image:height\" content=\"470\" \/>\n\t<meta property=\"og:image:type\" content=\"image\/webp\" \/>\n<meta name=\"twitter:card\" content=\"summary_large_image\" \/>\n<script type=\"application\/ld+json\" class=\"yoast-schema-graph\">{\"@context\":\"https:\/\/schema.org\",\"@graph\":[{\"@type\":\"WebPage\",\"@id\":\"https:\/\/www.domtechnikpro.com\/index.php\/produkt\/ihned-k-objednani-mereo-sprchov-aacute-souprava-jednopolohov-aacute-sprcha-posuvn-yacute-dr-382-aacute-k-scaron-edost-345-iacute-brn-aacute-hadice-55715\/\",\"url\":\"https:\/\/www.domtechnikpro.com\/index.php\/produkt\/ihned-k-objednani-mereo-sprchov-aacute-souprava-jednopolohov-aacute-sprcha-posuvn-yacute-dr-382-aacute-k-scaron-edost-345-iacute-brn-aacute-hadice-55715\/\",\"name\":\"Ihned K Objedn\u00e1n\u00ed MEREO | Sprchov&aacute; souprava | jednopolohov&aacute; sprcha | posuvn&yacute; dr&#382;&aacute;k | &scaron;edost&#345;&iacute;brn&aacute; hadice - Pr\u016fmyslov\u00e9 vybaven\u00ed a p\u0159\u00edslu\u0161enstv\u00ed\",\"isPartOf\":{\"@id\":\"https:\/\/www.domtechnikpro.com\/#website\"},\"primaryImageOfPage\":{\"@id\":\"https:\/\/www.domtechnikpro.com\/index.php\/produkt\/ihned-k-objednani-mereo-sprchov-aacute-souprava-jednopolohov-aacute-sprcha-posuvn-yacute-dr-382-aacute-k-scaron-edost-345-iacute-brn-aacute-hadice-55715\/#primaryimage\"},\"image\":{\"@id\":\"https:\/\/www.domtechnikpro.com\/index.php\/produkt\/ihned-k-objednani-mereo-sprchov-aacute-souprava-jednopolohov-aacute-sprcha-posuvn-yacute-dr-382-aacute-k-scaron-edost-345-iacute-brn-aacute-hadice-55715\/#primaryimage\"},\"thumbnailUrl\":\"https:\/\/www.domtechnikpro.com\/wp-content\/uploads\/2026\/SK0001374-CZ20260425-093107-0-1777080667-52063-large_default.webp\",\"datePublished\":\"2026-04-26T09:01:53+00:00\",\"breadcrumb\":{\"@id\":\"https:\/\/www.domtechnikpro.com\/index.php\/produkt\/ihned-k-objednani-mereo-sprchov-aacute-souprava-jednopolohov-aacute-sprcha-posuvn-yacute-dr-382-aacute-k-scaron-edost-345-iacute-brn-aacute-hadice-55715\/#breadcrumb\"},\"inLanguage\":\"cs\",\"potentialAction\":[{\"@type\":\"ReadAction\",\"target\":[\"https:\/\/www.domtechnikpro.com\/index.php\/produkt\/ihned-k-objednani-mereo-sprchov-aacute-souprava-jednopolohov-aacute-sprcha-posuvn-yacute-dr-382-aacute-k-scaron-edost-345-iacute-brn-aacute-hadice-55715\/\"]}]},{\"@type\":\"ImageObject\",\"inLanguage\":\"cs\",\"@id\":\"https:\/\/www.domtechnikpro.com\/index.php\/produkt\/ihned-k-objednani-mereo-sprchov-aacute-souprava-jednopolohov-aacute-sprcha-posuvn-yacute-dr-382-aacute-k-scaron-edost-345-iacute-brn-aacute-hadice-55715\/#primaryimage\",\"url\":\"https:\/\/www.domtechnikpro.com\/wp-content\/uploads\/2026\/SK0001374-CZ20260425-093107-0-1777080667-52063-large_default.webp\",\"contentUrl\":\"https:\/\/www.domtechnikpro.com\/wp-content\/uploads\/2026\/SK0001374-CZ20260425-093107-0-1777080667-52063-large_default.webp\",\"width\":470,\"height\":470},{\"@type\":\"BreadcrumbList\",\"@id\":\"https:\/\/www.domtechnikpro.com\/index.php\/produkt\/ihned-k-objednani-mereo-sprchov-aacute-souprava-jednopolohov-aacute-sprcha-posuvn-yacute-dr-382-aacute-k-scaron-edost-345-iacute-brn-aacute-hadice-55715\/#breadcrumb\",\"itemListElement\":[{\"@type\":\"ListItem\",\"position\":1,\"name\":\"Home\",\"item\":\"https:\/\/www.domtechnikpro.com\/\"},{\"@type\":\"ListItem\",\"position\":2,\"name\":\"Products\",\"item\":\"https:\/\/www.domtechnikpro.com\/products\/\"},{\"@type\":\"ListItem\",\"position\":3,\"name\":\"Ihned K Objedn\u00e1n\u00ed MEREO | Sprchov&aacute; souprava | jednopolohov&aacute; sprcha | posuvn&yacute; dr&#382;&aacute;k | &scaron;edost&#345;&iacute;brn&aacute; hadice\"}]},{\"@type\":\"WebSite\",\"@id\":\"https:\/\/www.domtechnikpro.com\/#website\",\"url\":\"https:\/\/www.domtechnikpro.com\/\",\"name\":\"Pr\u016fmyslov\u00e9 vybaven\u00ed a p\u0159\u00edslu\u0161enstv\u00ed\",\"description\":\"Pr\u016fmyslov\u00e9 vybaven\u00ed a p\u0159\u00edslu\u0161enstv\u00ed\",\"publisher\":{\"@id\":\"https:\/\/www.domtechnikpro.com\/#organization\"},\"potentialAction\":[{\"@type\":\"SearchAction\",\"target\":{\"@type\":\"EntryPoint\",\"urlTemplate\":\"https:\/\/www.domtechnikpro.com\/?s={search_term_string}\"},\"query-input\":{\"@type\":\"PropertyValueSpecification\",\"valueRequired\":true,\"valueName\":\"search_term_string\"}}],\"inLanguage\":\"cs\"},{\"@type\":\"Organization\",\"@id\":\"https:\/\/www.domtechnikpro.com\/#organization\",\"name\":\"Pr\u016fmyslov\u00e9 vybaven\u00ed a p\u0159\u00edslu\u0161enstv\u00ed\",\"url\":\"https:\/\/www.domtechnikpro.com\/\",\"logo\":{\"@type\":\"ImageObject\",\"inLanguage\":\"cs\",\"@id\":\"https:\/\/www.domtechnikpro.com\/#\/schema\/logo\/image\/\",\"url\":\"https:\/\/www.domtechnikpro.com\/wp-content\/uploads\/2026\/04\/domtechnikpro_logo_full.svg\",\"contentUrl\":\"https:\/\/www.domtechnikpro.com\/wp-content\/uploads\/2026\/04\/domtechnikpro_logo_full.svg\",\"width\":920,\"height\":180,\"caption\":\"Pr\u016fmyslov\u00e9 vybaven\u00ed a p\u0159\u00edslu\u0161enstv\u00ed\"},\"image\":{\"@id\":\"https:\/\/www.domtechnikpro.com\/#\/schema\/logo\/image\/\"}}]}<\/script>\n<!-- \/ Yoast SEO plugin. -->","yoast_head_json":{"title":"Ihned K Objedn\u00e1n\u00ed MEREO | Sprchov&aacute; souprava | jednopolohov&aacute; sprcha | posuvn&yacute; dr&#382;&aacute;k | &scaron;edost&#345;&iacute;brn&aacute; hadice - Pr\u016fmyslov\u00e9 vybaven\u00ed a p\u0159\u00edslu\u0161enstv\u00ed","robots":{"index":"index","follow":"follow","max-snippet":"max-snippet:-1","max-image-preview":"max-image-preview:large","max-video-preview":"max-video-preview:-1"},"canonical":"https:\/\/www.domtechnikpro.com\/index.php\/produkt\/ihned-k-objednani-mereo-sprchov-aacute-souprava-jednopolohov-aacute-sprcha-posuvn-yacute-dr-382-aacute-k-scaron-edost-345-iacute-brn-aacute-hadice-55715\/","og_locale":"cs_CZ","og_type":"article","og_title":"Ihned K Objedn\u00e1n\u00ed MEREO | Sprchov&aacute; souprava | jednopolohov&aacute; sprcha | posuvn&yacute; dr&#382;&aacute;k | &scaron;edost&#345;&iacute;brn&aacute; hadice - Pr\u016fmyslov\u00e9 vybaven\u00ed a p\u0159\u00edslu\u0161enstv\u00ed","og_description":"Dr\u017e\u00e1k sprchy 665 mm hranat\u00fd, nerezov\u00e1 ty\u010d, ostatn\u00ed \u010d\u00e1sti z pochromovan\u00e9ho plastu Posuvn\u00fd dr\u017e\u00e1k sprchy se vyzna\u010duje modern\u00edm designem, vysokou variabilitou a p\u0159edev\u0161\u00edm umo\u017e\u0148uje t\u00e9m\u011b\u0159 libovolnou kombinaci s p\u0159\u00edslu\u0161enstv\u00edm sprchov\u00e9ho programu. POVRCHOV\u00c1 \u00daPRAVA mat FORM\u00c1T | ROZM\u011aR OUTDOOR = 2cm, VF = velk\u00fd form\u00e1t ODOLNOST | ZAT\u00cd\u017dEN\u00cd PEI 5 PROTISKLUZNOST | HRUBOST R11 TYP | [&hellip;]","og_url":"https:\/\/www.domtechnikpro.com\/index.php\/produkt\/ihned-k-objednani-mereo-sprchov-aacute-souprava-jednopolohov-aacute-sprcha-posuvn-yacute-dr-382-aacute-k-scaron-edost-345-iacute-brn-aacute-hadice-55715\/","og_site_name":"Pr\u016fmyslov\u00e9 vybaven\u00ed a p\u0159\u00edslu\u0161enstv\u00ed","og_image":[{"width":470,"height":470,"url":"https:\/\/www.domtechnikpro.com\/wp-content\/uploads\/2026\/SK0001374-CZ20260425-093107-0-1777080667-52063-large_default.webp","type":"image\/webp"}],"twitter_card":"summary_large_image","schema":{"@context":"https:\/\/schema.org","@graph":[{"@type":"WebPage","@id":"https:\/\/www.domtechnikpro.com\/index.php\/produkt\/ihned-k-objednani-mereo-sprchov-aacute-souprava-jednopolohov-aacute-sprcha-posuvn-yacute-dr-382-aacute-k-scaron-edost-345-iacute-brn-aacute-hadice-55715\/","url":"https:\/\/www.domtechnikpro.com\/index.php\/produkt\/ihned-k-objednani-mereo-sprchov-aacute-souprava-jednopolohov-aacute-sprcha-posuvn-yacute-dr-382-aacute-k-scaron-edost-345-iacute-brn-aacute-hadice-55715\/","name":"Ihned K Objedn\u00e1n\u00ed MEREO | Sprchov&aacute; souprava | jednopolohov&aacute; sprcha | posuvn&yacute; dr&#382;&aacute;k | &scaron;edost&#345;&iacute;brn&aacute; hadice - Pr\u016fmyslov\u00e9 vybaven\u00ed a p\u0159\u00edslu\u0161enstv\u00ed","isPartOf":{"@id":"https:\/\/www.domtechnikpro.com\/#website"},"primaryImageOfPage":{"@id":"https:\/\/www.domtechnikpro.com\/index.php\/produkt\/ihned-k-objednani-mereo-sprchov-aacute-souprava-jednopolohov-aacute-sprcha-posuvn-yacute-dr-382-aacute-k-scaron-edost-345-iacute-brn-aacute-hadice-55715\/#primaryimage"},"image":{"@id":"https:\/\/www.domtechnikpro.com\/index.php\/produkt\/ihned-k-objednani-mereo-sprchov-aacute-souprava-jednopolohov-aacute-sprcha-posuvn-yacute-dr-382-aacute-k-scaron-edost-345-iacute-brn-aacute-hadice-55715\/#primaryimage"},"thumbnailUrl":"https:\/\/www.domtechnikpro.com\/wp-content\/uploads\/2026\/SK0001374-CZ20260425-093107-0-1777080667-52063-large_default.webp","datePublished":"2026-04-26T09:01:53+00:00","breadcrumb":{"@id":"https:\/\/www.domtechnikpro.com\/index.php\/produkt\/ihned-k-objednani-mereo-sprchov-aacute-souprava-jednopolohov-aacute-sprcha-posuvn-yacute-dr-382-aacute-k-scaron-edost-345-iacute-brn-aacute-hadice-55715\/#breadcrumb"},"inLanguage":"cs","potentialAction":[{"@type":"ReadAction","target":["https:\/\/www.domtechnikpro.com\/index.php\/produkt\/ihned-k-objednani-mereo-sprchov-aacute-souprava-jednopolohov-aacute-sprcha-posuvn-yacute-dr-382-aacute-k-scaron-edost-345-iacute-brn-aacute-hadice-55715\/"]}]},{"@type":"ImageObject","inLanguage":"cs","@id":"https:\/\/www.domtechnikpro.com\/index.php\/produkt\/ihned-k-objednani-mereo-sprchov-aacute-souprava-jednopolohov-aacute-sprcha-posuvn-yacute-dr-382-aacute-k-scaron-edost-345-iacute-brn-aacute-hadice-55715\/#primaryimage","url":"https:\/\/www.domtechnikpro.com\/wp-content\/uploads\/2026\/SK0001374-CZ20260425-093107-0-1777080667-52063-large_default.webp","contentUrl":"https:\/\/www.domtechnikpro.com\/wp-content\/uploads\/2026\/SK0001374-CZ20260425-093107-0-1777080667-52063-large_default.webp","width":470,"height":470},{"@type":"BreadcrumbList","@id":"https:\/\/www.domtechnikpro.com\/index.php\/produkt\/ihned-k-objednani-mereo-sprchov-aacute-souprava-jednopolohov-aacute-sprcha-posuvn-yacute-dr-382-aacute-k-scaron-edost-345-iacute-brn-aacute-hadice-55715\/#breadcrumb","itemListElement":[{"@type":"ListItem","position":1,"name":"Home","item":"https:\/\/www.domtechnikpro.com\/"},{"@type":"ListItem","position":2,"name":"Products","item":"https:\/\/www.domtechnikpro.com\/products\/"},{"@type":"ListItem","position":3,"name":"Ihned K Objedn\u00e1n\u00ed MEREO | Sprchov&aacute; souprava | jednopolohov&aacute; sprcha | posuvn&yacute; dr&#382;&aacute;k | &scaron;edost&#345;&iacute;brn&aacute; hadice"}]},{"@type":"WebSite","@id":"https:\/\/www.domtechnikpro.com\/#website","url":"https:\/\/www.domtechnikpro.com\/","name":"Pr\u016fmyslov\u00e9 vybaven\u00ed a p\u0159\u00edslu\u0161enstv\u00ed","description":"Pr\u016fmyslov\u00e9 vybaven\u00ed a p\u0159\u00edslu\u0161enstv\u00ed","publisher":{"@id":"https:\/\/www.domtechnikpro.com\/#organization"},"potentialAction":[{"@type":"SearchAction","target":{"@type":"EntryPoint","urlTemplate":"https:\/\/www.domtechnikpro.com\/?s={search_term_string}"},"query-input":{"@type":"PropertyValueSpecification","valueRequired":true,"valueName":"search_term_string"}}],"inLanguage":"cs"},{"@type":"Organization","@id":"https:\/\/www.domtechnikpro.com\/#organization","name":"Pr\u016fmyslov\u00e9 vybaven\u00ed a p\u0159\u00edslu\u0161enstv\u00ed","url":"https:\/\/www.domtechnikpro.com\/","logo":{"@type":"ImageObject","inLanguage":"cs","@id":"https:\/\/www.domtechnikpro.com\/#\/schema\/logo\/image\/","url":"https:\/\/www.domtechnikpro.com\/wp-content\/uploads\/2026\/04\/domtechnikpro_logo_full.svg","contentUrl":"https:\/\/www.domtechnikpro.com\/wp-content\/uploads\/2026\/04\/domtechnikpro_logo_full.svg","width":920,"height":180,"caption":"Pr\u016fmyslov\u00e9 vybaven\u00ed a p\u0159\u00edslu\u0161enstv\u00ed"},"image":{"@id":"https:\/\/www.domtechnikpro.com\/#\/schema\/logo\/image\/"}}]}},"_links":{"self":[{"href":"https:\/\/www.domtechnikpro.com\/wp-json\/wp\/v2\/product\/55715","targetHints":{"allow":["GET"]}}],"collection":[{"href":"https:\/\/www.domtechnikpro.com\/wp-json\/wp\/v2\/product"}],"about":[{"href":"https:\/\/www.domtechnikpro.com\/wp-json\/wp\/v2\/types\/product"}],"replies":[{"embeddable":true,"href":"https:\/\/www.domtechnikpro.com\/wp-json\/wp\/v2\/comments?post=55715"}],"wp:featuredmedia":[{"embeddable":true,"href":"https:\/\/www.domtechnikpro.com\/wp-json\/wp\/v2\/media\/55815"}],"wp:attachment":[{"href":"https:\/\/www.domtechnikpro.com\/wp-json\/wp\/v2\/media?parent=55715"}],"wp:term":[{"taxonomy":"product_brand","embeddable":true,"href":"https:\/\/www.domtechnikpro.com\/wp-json\/wp\/v2\/product_brand?post=55715"},{"taxonomy":"product_cat","embeddable":true,"href":"https:\/\/www.domtechnikpro.com\/wp-json\/wp\/v2\/product_cat?post=55715"},{"taxonomy":"product_tag","embeddable":true,"href":"https:\/\/www.domtechnikpro.com\/wp-json\/wp\/v2\/product_tag?post=55715"}],"curies":[{"name":"wp","href":"https:\/\/api.w.org\/{rel}","templated":true}]}}