{"id":54503,"date":"2026-04-26T09:01:39","date_gmt":"2026-04-26T09:01:39","guid":{"rendered":""},"modified":"2026-04-26T09:01:39","modified_gmt":"2026-04-26T09:01:39","slug":"znackovy-sprchova-destova-hlavice-mexen-d-49-hranata-25x19-cm-bila-zlata-79749-25-54503","status":"publish","type":"product","link":"https:\/\/www.domtechnikpro.com\/index.php\/produkt\/znackovy-sprchova-destova-hlavice-mexen-d-49-hranata-25x19-cm-bila-zlata-79749-25-54503\/","title":{"rendered":"Zna\u010dkov\u00fd Sprchov\u00e1 de\u0161\u0165ov\u00e1 hlavice MEXEN D-49 &#8211; hranat\u00e1 &#8211; 25&#215;19 cm &#8211; b\u00edl\u00e1\/zlat\u00e1, 79749-25"},"content":{"rendered":"<div class=\"tabs__content-outer\" id=\"tab_description\" data-hash=\"description\" data-tabindex=\"-1\">\n<div class=\"tabs__content toggle_description\" id=\"content_description\">\n<div class=\"wysiwyg-content\">\n<div class=\"product__tab product__description full-width\">\n<div class=\"container\">\n<div >\n<h3>Sprchov\u00e1 de\u0161\u0165ov\u00e1 hlavice D-49 &#8211; hranat\u00e1 &#8211; 25&#215;19 cm &#8211; b\u00edl\u00e1\/zlat\u00e1<\/h3>\n<p>Sprchov\u00e1 hlavice\u00a0je vyrobena z odoln\u00e9ho plastu povrchov\u011b upraven\u00e9ho b\u00edlou a zlatou barvou.\u00a0Tato kombinace zaru\u010duje elegantn\u00ed vzhled a dlouhou \u017eivotnost.\u00a0Trysky maj\u00ed anti-calc funkci, kter\u00e1 zabra\u0148uje tvorb\u011b a usazov\u00e1n\u00ed vodn\u00edho kamene.<\/p>\n<p><strong>Parametry:\u00a0<\/strong><\/p>\n<ul>\n<li>materi\u00e1l: plast\u00a0<\/li>\n<li>povrchov\u00e1 \u00faprava: b\u00edl\u00e1, zlat\u00e1\u00a0<\/li>\n<li>rozm\u011br hlavice: 255 x 195 mm\u00a0<\/li>\n<li>tlou\u0161\u0165ka hlavice: 20 mm\u00a0<\/li>\n<li>p\u0159ipojen\u00ed: 1\/2&#8243;\u00a0<\/li>\n<li>kloub v p\u0159\u00edpojce umo\u017e\u0148uje lehk\u00e9 naklon\u011bn\u00ed hlavice\u00a0<\/li>\n<\/ul>\n<\/div><\/div>\n<\/p><\/div>\n<\/p><\/div>\n<\/p><\/div>\n","protected":false},"excerpt":{"rendered":"<p>Sprchov\u00e1 de\u0161\u0165ov\u00e1 hlavice D-49 &#8211; hranat\u00e1 &#8211; 25&#215;19 cm &#8211; b\u00edl\u00e1\/zlat\u00e1 Sprchov\u00e1 hlavice\u00a0je vyrobena z odoln\u00e9ho plastu povrchov\u011b upraven\u00e9ho b\u00edlou a zlatou barvou.\u00a0Tato kombinace zaru\u010duje elegantn\u00ed vzhled a dlouhou \u017eivotnost.\u00a0Trysky maj\u00ed anti-calc funkci, kter\u00e1 zabra\u0148uje tvorb\u011b a usazov\u00e1n\u00ed vodn\u00edho kamene. Parametry:\u00a0 materi\u00e1l: plast\u00a0 povrchov\u00e1 \u00faprava: b\u00edl\u00e1, zlat\u00e1\u00a0 rozm\u011br hlavice: 255 x 195 mm\u00a0 tlou\u0161\u0165ka hlavice: [&hellip;]<\/p>\n","protected":false},"featured_media":54603,"comment_status":"open","ping_status":"open","template":"","meta":[],"product_brand":[],"product_cat":[171],"product_tag":[],"class_list":{"0":"post-54503","1":"product","2":"type-product","3":"status-publish","4":"has-post-thumbnail","6":"product_cat-koupelna","8":"first","9":"instock","10":"sale","11":"shipping-taxable","12":"purchasable","13":"product-type-simple"},"yoast_head":"<!-- This site is optimized with the Yoast SEO plugin v26.8 - https:\/\/yoast.com\/product\/yoast-seo-wordpress\/ -->\n<title>Zna\u010dkov\u00fd Sprchov\u00e1 de\u0161\u0165ov\u00e1 hlavice MEXEN D-49 - hranat\u00e1 - 25x19 cm - b\u00edl\u00e1\/zlat\u00e1, 79749-25 -<\/title>\n<meta name=\"robots\" content=\"index, follow, max-snippet:-1, max-image-preview:large, max-video-preview:-1\" \/>\n<link rel=\"canonical\" href=\"https:\/\/www.domtechnikpro.com\/index.php\/produkt\/znackovy-sprchova-destova-hlavice-mexen-d-49-hranata-25x19-cm-bila-zlata-79749-25-54503\/\" \/>\n<meta property=\"og:locale\" content=\"cs_CZ\" \/>\n<meta property=\"og:type\" content=\"article\" \/>\n<meta property=\"og:title\" content=\"Zna\u010dkov\u00fd Sprchov\u00e1 de\u0161\u0165ov\u00e1 hlavice MEXEN D-49 - hranat\u00e1 - 25x19 cm - b\u00edl\u00e1\/zlat\u00e1, 79749-25 -\" \/>\n<meta property=\"og:description\" content=\"Sprchov\u00e1 de\u0161\u0165ov\u00e1 hlavice D-49 &#8211; hranat\u00e1 &#8211; 25&#215;19 cm &#8211; b\u00edl\u00e1\/zlat\u00e1 Sprchov\u00e1 hlavice\u00a0je vyrobena z odoln\u00e9ho plastu povrchov\u011b upraven\u00e9ho b\u00edlou a zlatou barvou.\u00a0Tato kombinace zaru\u010duje elegantn\u00ed vzhled a dlouhou \u017eivotnost.\u00a0Trysky maj\u00ed anti-calc funkci, kter\u00e1 zabra\u0148uje tvorb\u011b a usazov\u00e1n\u00ed vodn\u00edho kamene. Parametry:\u00a0 materi\u00e1l: plast\u00a0 povrchov\u00e1 \u00faprava: b\u00edl\u00e1, zlat\u00e1\u00a0 rozm\u011br hlavice: 255 x 195 mm\u00a0 tlou\u0161\u0165ka hlavice: [&hellip;]\" \/>\n<meta property=\"og:url\" content=\"https:\/\/www.domtechnikpro.com\/index.php\/produkt\/znackovy-sprchova-destova-hlavice-mexen-d-49-hranata-25x19-cm-bila-zlata-79749-25-54503\/\" \/>\n<meta property=\"og:image\" content=\"https:\/\/www.domtechnikpro.com\/wp-content\/uploads\/2026\/SK0002082-CZ20260425-093041-0-1777080643-sprchova-destova-hlavice-mexen-d-49-hranata-25x19-cm-bila-z.webp\" \/>\n\t<meta property=\"og:image:width\" content=\"1000\" \/>\n\t<meta property=\"og:image:height\" content=\"297\" \/>\n\t<meta property=\"og:image:type\" content=\"image\/webp\" \/>\n<meta name=\"twitter:card\" content=\"summary_large_image\" \/>\n<script type=\"application\/ld+json\" class=\"yoast-schema-graph\">{\"@context\":\"https:\/\/schema.org\",\"@graph\":[{\"@type\":\"WebPage\",\"@id\":\"https:\/\/www.domtechnikpro.com\/index.php\/produkt\/znackovy-sprchova-destova-hlavice-mexen-d-49-hranata-25x19-cm-bila-zlata-79749-25-54503\/\",\"url\":\"https:\/\/www.domtechnikpro.com\/index.php\/produkt\/znackovy-sprchova-destova-hlavice-mexen-d-49-hranata-25x19-cm-bila-zlata-79749-25-54503\/\",\"name\":\"Zna\u010dkov\u00fd Sprchov\u00e1 de\u0161\u0165ov\u00e1 hlavice MEXEN D-49 - hranat\u00e1 - 25x19 cm - b\u00edl\u00e1\/zlat\u00e1, 79749-25 -\",\"isPartOf\":{\"@id\":\"https:\/\/www.domtechnikpro.com\/#website\"},\"primaryImageOfPage\":{\"@id\":\"https:\/\/www.domtechnikpro.com\/index.php\/produkt\/znackovy-sprchova-destova-hlavice-mexen-d-49-hranata-25x19-cm-bila-zlata-79749-25-54503\/#primaryimage\"},\"image\":{\"@id\":\"https:\/\/www.domtechnikpro.com\/index.php\/produkt\/znackovy-sprchova-destova-hlavice-mexen-d-49-hranata-25x19-cm-bila-zlata-79749-25-54503\/#primaryimage\"},\"thumbnailUrl\":\"https:\/\/www.domtechnikpro.com\/wp-content\/uploads\/2026\/SK0002082-CZ20260425-093041-0-1777080643-sprchova-destova-hlavice-mexen-d-49-hranata-25x19-cm-bila-z.webp\",\"datePublished\":\"2026-04-26T09:01:39+00:00\",\"breadcrumb\":{\"@id\":\"https:\/\/www.domtechnikpro.com\/index.php\/produkt\/znackovy-sprchova-destova-hlavice-mexen-d-49-hranata-25x19-cm-bila-zlata-79749-25-54503\/#breadcrumb\"},\"inLanguage\":\"cs\",\"potentialAction\":[{\"@type\":\"ReadAction\",\"target\":[\"https:\/\/www.domtechnikpro.com\/index.php\/produkt\/znackovy-sprchova-destova-hlavice-mexen-d-49-hranata-25x19-cm-bila-zlata-79749-25-54503\/\"]}]},{\"@type\":\"ImageObject\",\"inLanguage\":\"cs\",\"@id\":\"https:\/\/www.domtechnikpro.com\/index.php\/produkt\/znackovy-sprchova-destova-hlavice-mexen-d-49-hranata-25x19-cm-bila-zlata-79749-25-54503\/#primaryimage\",\"url\":\"https:\/\/www.domtechnikpro.com\/wp-content\/uploads\/2026\/SK0002082-CZ20260425-093041-0-1777080643-sprchova-destova-hlavice-mexen-d-49-hranata-25x19-cm-bila-z.webp\",\"contentUrl\":\"https:\/\/www.domtechnikpro.com\/wp-content\/uploads\/2026\/SK0002082-CZ20260425-093041-0-1777080643-sprchova-destova-hlavice-mexen-d-49-hranata-25x19-cm-bila-z.webp\",\"width\":1000,\"height\":297},{\"@type\":\"BreadcrumbList\",\"@id\":\"https:\/\/www.domtechnikpro.com\/index.php\/produkt\/znackovy-sprchova-destova-hlavice-mexen-d-49-hranata-25x19-cm-bila-zlata-79749-25-54503\/#breadcrumb\",\"itemListElement\":[{\"@type\":\"ListItem\",\"position\":1,\"name\":\"Home\",\"item\":\"https:\/\/www.domtechnikpro.com\/\"},{\"@type\":\"ListItem\",\"position\":2,\"name\":\"Products\",\"item\":\"https:\/\/www.domtechnikpro.com\/index.php\/products\/\"},{\"@type\":\"ListItem\",\"position\":3,\"name\":\"Zna\u010dkov\u00fd Sprchov\u00e1 de\u0161\u0165ov\u00e1 hlavice MEXEN D-49 &#8211; hranat\u00e1 &#8211; 25&#215;19 cm &#8211; b\u00edl\u00e1\/zlat\u00e1, 79749-25\"}]},{\"@type\":\"WebSite\",\"@id\":\"https:\/\/www.domtechnikpro.com\/#website\",\"url\":\"https:\/\/www.domtechnikpro.com\/\",\"name\":\"\",\"description\":\"\",\"potentialAction\":[{\"@type\":\"SearchAction\",\"target\":{\"@type\":\"EntryPoint\",\"urlTemplate\":\"https:\/\/www.domtechnikpro.com\/?s={search_term_string}\"},\"query-input\":{\"@type\":\"PropertyValueSpecification\",\"valueRequired\":true,\"valueName\":\"search_term_string\"}}],\"inLanguage\":\"cs\"}]}<\/script>\n<!-- \/ Yoast SEO plugin. -->","yoast_head_json":{"title":"Zna\u010dkov\u00fd Sprchov\u00e1 de\u0161\u0165ov\u00e1 hlavice MEXEN D-49 - hranat\u00e1 - 25x19 cm - b\u00edl\u00e1\/zlat\u00e1, 79749-25 -","robots":{"index":"index","follow":"follow","max-snippet":"max-snippet:-1","max-image-preview":"max-image-preview:large","max-video-preview":"max-video-preview:-1"},"canonical":"https:\/\/www.domtechnikpro.com\/index.php\/produkt\/znackovy-sprchova-destova-hlavice-mexen-d-49-hranata-25x19-cm-bila-zlata-79749-25-54503\/","og_locale":"cs_CZ","og_type":"article","og_title":"Zna\u010dkov\u00fd Sprchov\u00e1 de\u0161\u0165ov\u00e1 hlavice MEXEN D-49 - hranat\u00e1 - 25x19 cm - b\u00edl\u00e1\/zlat\u00e1, 79749-25 -","og_description":"Sprchov\u00e1 de\u0161\u0165ov\u00e1 hlavice D-49 &#8211; hranat\u00e1 &#8211; 25&#215;19 cm &#8211; b\u00edl\u00e1\/zlat\u00e1 Sprchov\u00e1 hlavice\u00a0je vyrobena z odoln\u00e9ho plastu povrchov\u011b upraven\u00e9ho b\u00edlou a zlatou barvou.\u00a0Tato kombinace zaru\u010duje elegantn\u00ed vzhled a dlouhou \u017eivotnost.\u00a0Trysky maj\u00ed anti-calc funkci, kter\u00e1 zabra\u0148uje tvorb\u011b a usazov\u00e1n\u00ed vodn\u00edho kamene. Parametry:\u00a0 materi\u00e1l: plast\u00a0 povrchov\u00e1 \u00faprava: b\u00edl\u00e1, zlat\u00e1\u00a0 rozm\u011br hlavice: 255 x 195 mm\u00a0 tlou\u0161\u0165ka hlavice: [&hellip;]","og_url":"https:\/\/www.domtechnikpro.com\/index.php\/produkt\/znackovy-sprchova-destova-hlavice-mexen-d-49-hranata-25x19-cm-bila-zlata-79749-25-54503\/","og_image":[{"width":1000,"height":297,"url":"https:\/\/www.domtechnikpro.com\/wp-content\/uploads\/2026\/SK0002082-CZ20260425-093041-0-1777080643-sprchova-destova-hlavice-mexen-d-49-hranata-25x19-cm-bila-z.webp","type":"image\/webp"}],"twitter_card":"summary_large_image","schema":{"@context":"https:\/\/schema.org","@graph":[{"@type":"WebPage","@id":"https:\/\/www.domtechnikpro.com\/index.php\/produkt\/znackovy-sprchova-destova-hlavice-mexen-d-49-hranata-25x19-cm-bila-zlata-79749-25-54503\/","url":"https:\/\/www.domtechnikpro.com\/index.php\/produkt\/znackovy-sprchova-destova-hlavice-mexen-d-49-hranata-25x19-cm-bila-zlata-79749-25-54503\/","name":"Zna\u010dkov\u00fd Sprchov\u00e1 de\u0161\u0165ov\u00e1 hlavice MEXEN D-49 - hranat\u00e1 - 25x19 cm - b\u00edl\u00e1\/zlat\u00e1, 79749-25 -","isPartOf":{"@id":"https:\/\/www.domtechnikpro.com\/#website"},"primaryImageOfPage":{"@id":"https:\/\/www.domtechnikpro.com\/index.php\/produkt\/znackovy-sprchova-destova-hlavice-mexen-d-49-hranata-25x19-cm-bila-zlata-79749-25-54503\/#primaryimage"},"image":{"@id":"https:\/\/www.domtechnikpro.com\/index.php\/produkt\/znackovy-sprchova-destova-hlavice-mexen-d-49-hranata-25x19-cm-bila-zlata-79749-25-54503\/#primaryimage"},"thumbnailUrl":"https:\/\/www.domtechnikpro.com\/wp-content\/uploads\/2026\/SK0002082-CZ20260425-093041-0-1777080643-sprchova-destova-hlavice-mexen-d-49-hranata-25x19-cm-bila-z.webp","datePublished":"2026-04-26T09:01:39+00:00","breadcrumb":{"@id":"https:\/\/www.domtechnikpro.com\/index.php\/produkt\/znackovy-sprchova-destova-hlavice-mexen-d-49-hranata-25x19-cm-bila-zlata-79749-25-54503\/#breadcrumb"},"inLanguage":"cs","potentialAction":[{"@type":"ReadAction","target":["https:\/\/www.domtechnikpro.com\/index.php\/produkt\/znackovy-sprchova-destova-hlavice-mexen-d-49-hranata-25x19-cm-bila-zlata-79749-25-54503\/"]}]},{"@type":"ImageObject","inLanguage":"cs","@id":"https:\/\/www.domtechnikpro.com\/index.php\/produkt\/znackovy-sprchova-destova-hlavice-mexen-d-49-hranata-25x19-cm-bila-zlata-79749-25-54503\/#primaryimage","url":"https:\/\/www.domtechnikpro.com\/wp-content\/uploads\/2026\/SK0002082-CZ20260425-093041-0-1777080643-sprchova-destova-hlavice-mexen-d-49-hranata-25x19-cm-bila-z.webp","contentUrl":"https:\/\/www.domtechnikpro.com\/wp-content\/uploads\/2026\/SK0002082-CZ20260425-093041-0-1777080643-sprchova-destova-hlavice-mexen-d-49-hranata-25x19-cm-bila-z.webp","width":1000,"height":297},{"@type":"BreadcrumbList","@id":"https:\/\/www.domtechnikpro.com\/index.php\/produkt\/znackovy-sprchova-destova-hlavice-mexen-d-49-hranata-25x19-cm-bila-zlata-79749-25-54503\/#breadcrumb","itemListElement":[{"@type":"ListItem","position":1,"name":"Home","item":"https:\/\/www.domtechnikpro.com\/"},{"@type":"ListItem","position":2,"name":"Products","item":"https:\/\/www.domtechnikpro.com\/index.php\/products\/"},{"@type":"ListItem","position":3,"name":"Zna\u010dkov\u00fd Sprchov\u00e1 de\u0161\u0165ov\u00e1 hlavice MEXEN D-49 &#8211; hranat\u00e1 &#8211; 25&#215;19 cm &#8211; b\u00edl\u00e1\/zlat\u00e1, 79749-25"}]},{"@type":"WebSite","@id":"https:\/\/www.domtechnikpro.com\/#website","url":"https:\/\/www.domtechnikpro.com\/","name":"","description":"","potentialAction":[{"@type":"SearchAction","target":{"@type":"EntryPoint","urlTemplate":"https:\/\/www.domtechnikpro.com\/?s={search_term_string}"},"query-input":{"@type":"PropertyValueSpecification","valueRequired":true,"valueName":"search_term_string"}}],"inLanguage":"cs"}]}},"_links":{"self":[{"href":"https:\/\/www.domtechnikpro.com\/index.php\/wp-json\/wp\/v2\/product\/54503","targetHints":{"allow":["GET"]}}],"collection":[{"href":"https:\/\/www.domtechnikpro.com\/index.php\/wp-json\/wp\/v2\/product"}],"about":[{"href":"https:\/\/www.domtechnikpro.com\/index.php\/wp-json\/wp\/v2\/types\/product"}],"replies":[{"embeddable":true,"href":"https:\/\/www.domtechnikpro.com\/index.php\/wp-json\/wp\/v2\/comments?post=54503"}],"wp:featuredmedia":[{"embeddable":true,"href":"https:\/\/www.domtechnikpro.com\/index.php\/wp-json\/wp\/v2\/media\/54603"}],"wp:attachment":[{"href":"https:\/\/www.domtechnikpro.com\/index.php\/wp-json\/wp\/v2\/media?parent=54503"}],"wp:term":[{"taxonomy":"product_brand","embeddable":true,"href":"https:\/\/www.domtechnikpro.com\/index.php\/wp-json\/wp\/v2\/product_brand?post=54503"},{"taxonomy":"product_cat","embeddable":true,"href":"https:\/\/www.domtechnikpro.com\/index.php\/wp-json\/wp\/v2\/product_cat?post=54503"},{"taxonomy":"product_tag","embeddable":true,"href":"https:\/\/www.domtechnikpro.com\/index.php\/wp-json\/wp\/v2\/product_tag?post=54503"}],"curies":[{"name":"wp","href":"https:\/\/api.w.org\/{rel}","templated":true}]}}