{"id":52984,"date":"2026-04-26T09:01:21","date_gmt":"2026-04-26T09:01:21","guid":{"rendered":""},"modified":"2026-04-26T09:01:21","modified_gmt":"2026-04-26T09:01:21","slug":"kup-ted-vanova-zastena-mexen-alex-s-mrizkou-pevna-80x140-cm-cerna-cire-sklo-893-080-000-70-77-52984","status":"publish","type":"product","link":"https:\/\/www.domtechnikpro.com\/index.php\/produkt\/kup-ted-vanova-zastena-mexen-alex-s-mrizkou-pevna-80x140-cm-cerna-cire-sklo-893-080-000-70-77-52984\/","title":{"rendered":"Kup Te\u010f Vanov\u00e1 z\u00e1st\u011bna MEXEN ALEX s m\u0159\u00ed\u017ekou &#8211; pevn\u00e1 &#8211; 80&#215;140 cm &#8211; \u010dern\u00e1 &#8211; \u010dir\u00e9 sklo, 893-080-000-70-77"},"content":{"rendered":"<div class=\"tabs__content-outer\" id=\"tab_description\" data-hash=\"description\" data-tabindex=\"-1\">\n<div class=\"tabs__content toggle_description\" id=\"content_description\">\n<div class=\"wysiwyg-content\">\n<div class=\"product__tab product__description full-width\">\n<div class=\"container\">\n<div >\n<h3>Vanov\u00e1 z\u00e1st\u011bna ALEX s m\u0159\u00ed\u017ekou &#8211; pevn\u00e1 &#8211; 80&#215;140 cm &#8211; \u010dern\u00e1 &#8211; \u010dir\u00e9 sklo<\/h3>\n<p><span><strong>Jednod\u00edln\u00e1 vanov\u00e1 z\u00e1st\u011bna<\/strong>\u00a0je vyrobena z 5 mm tlust\u00e9ho tvrzen\u00e9ho \u010dir\u00e9ho skla, kter\u00e9 je zasazeno do hlin\u00edkov\u00fdch profil\u016f s \u010dernou matnou povrchovou \u00fapravou.\u00a0Z\u00e1st\u011bna se uchycuje pomoc\u00ed hlin\u00edkov\u00e9ho profilu do zdi, kter\u00fd m\u00e1 mo\u017enost regulace pro vyrovn\u00e1n\u00ed p\u0159\u00edpadn\u00fdch nerovnost\u00ed st\u011bn. Z\u00e1st\u011bna je pevn\u00e1 bez mo\u017enosti otev\u00edr\u00e1n\u00ed.<\/span><\/p>\n<p><strong>Parametry:\u00a0<\/strong><\/p>\n<ul>\n<li><span>\u0161\u00ed\u0159ka: 80 cm\u00a0<\/span><\/li>\n<li><span>v\u00fd\u0161ka: 140 cm\u00a0<\/span><\/li>\n<li><span>sklo: \u010dir\u00e9 bezpe\u010dnostn\u00ed tvrzen\u00e9 sklo o s\u00edle 5 mm, se vzorem z \u010dern\u00e9 matn\u00e9 barvy\u00a0<\/span><\/li>\n<li><span>profil: hlin\u00edkov\u00fd v \u010dern\u00e9 matn\u00e9 barv\u011b s regulac\u00ed nerovnost\u00ed st\u011bny<\/span><\/li>\n<li><span>orientace:\u00a0univerz\u00e1ln\u00ed &#8211; mont\u00e1\u017e na levou nebo pravou stranu\u00a0<\/span><\/li>\n<\/ul>\n<\/div><\/div>\n<\/p><\/div>\n<\/p><\/div>\n<\/p><\/div>\n","protected":false},"excerpt":{"rendered":"<p>Vanov\u00e1 z\u00e1st\u011bna ALEX s m\u0159\u00ed\u017ekou &#8211; pevn\u00e1 &#8211; 80&#215;140 cm &#8211; \u010dern\u00e1 &#8211; \u010dir\u00e9 sklo Jednod\u00edln\u00e1 vanov\u00e1 z\u00e1st\u011bna\u00a0je vyrobena z 5 mm tlust\u00e9ho tvrzen\u00e9ho \u010dir\u00e9ho skla, kter\u00e9 je zasazeno do hlin\u00edkov\u00fdch profil\u016f s \u010dernou matnou povrchovou \u00fapravou.\u00a0Z\u00e1st\u011bna se uchycuje pomoc\u00ed hlin\u00edkov\u00e9ho profilu do zdi, kter\u00fd m\u00e1 mo\u017enost regulace pro vyrovn\u00e1n\u00ed p\u0159\u00edpadn\u00fdch nerovnost\u00ed st\u011bn. Z\u00e1st\u011bna je [&hellip;]<\/p>\n","protected":false},"featured_media":53084,"comment_status":"open","ping_status":"open","template":"","meta":[],"product_brand":[],"product_cat":[171],"product_tag":[],"class_list":{"0":"post-52984","1":"product","2":"type-product","3":"status-publish","4":"has-post-thumbnail","6":"product_cat-koupelna","8":"first","9":"instock","10":"sale","11":"shipping-taxable","12":"purchasable","13":"product-type-simple"},"yoast_head":"<!-- This site is optimized with the Yoast SEO plugin v26.8 - https:\/\/yoast.com\/product\/yoast-seo-wordpress\/ -->\n<title>Kup Te\u010f Vanov\u00e1 z\u00e1st\u011bna MEXEN ALEX s m\u0159\u00ed\u017ekou - pevn\u00e1 - 80x140 cm - \u010dern\u00e1 - \u010dir\u00e9 sklo, 893-080-000-70-77 -<\/title>\n<meta name=\"robots\" content=\"index, follow, max-snippet:-1, max-image-preview:large, max-video-preview:-1\" \/>\n<link rel=\"canonical\" href=\"https:\/\/www.domtechnikpro.com\/index.php\/produkt\/kup-ted-vanova-zastena-mexen-alex-s-mrizkou-pevna-80x140-cm-cerna-cire-sklo-893-080-000-70-77-52984\/\" \/>\n<meta property=\"og:locale\" content=\"cs_CZ\" \/>\n<meta property=\"og:type\" content=\"article\" \/>\n<meta property=\"og:title\" content=\"Kup Te\u010f Vanov\u00e1 z\u00e1st\u011bna MEXEN ALEX s m\u0159\u00ed\u017ekou - pevn\u00e1 - 80x140 cm - \u010dern\u00e1 - \u010dir\u00e9 sklo, 893-080-000-70-77 -\" \/>\n<meta property=\"og:description\" content=\"Vanov\u00e1 z\u00e1st\u011bna ALEX s m\u0159\u00ed\u017ekou &#8211; pevn\u00e1 &#8211; 80&#215;140 cm &#8211; \u010dern\u00e1 &#8211; \u010dir\u00e9 sklo Jednod\u00edln\u00e1 vanov\u00e1 z\u00e1st\u011bna\u00a0je vyrobena z 5 mm tlust\u00e9ho tvrzen\u00e9ho \u010dir\u00e9ho skla, kter\u00e9 je zasazeno do hlin\u00edkov\u00fdch profil\u016f s \u010dernou matnou povrchovou \u00fapravou.\u00a0Z\u00e1st\u011bna se uchycuje pomoc\u00ed hlin\u00edkov\u00e9ho profilu do zdi, kter\u00fd m\u00e1 mo\u017enost regulace pro vyrovn\u00e1n\u00ed p\u0159\u00edpadn\u00fdch nerovnost\u00ed st\u011bn. Z\u00e1st\u011bna je [&hellip;]\" \/>\n<meta property=\"og:url\" content=\"https:\/\/www.domtechnikpro.com\/index.php\/produkt\/kup-ted-vanova-zastena-mexen-alex-s-mrizkou-pevna-80x140-cm-cerna-cire-sklo-893-080-000-70-77-52984\/\" \/>\n<meta property=\"og:image\" content=\"https:\/\/www.domtechnikpro.com\/wp-content\/uploads\/2026\/SK0001357-CZ20260425-093041-0-1777080643-vanova-zastena-mexen-alex-s-mrizkou-pevna-80x140-cm-cerna-c.webp\" \/>\n\t<meta property=\"og:image:width\" content=\"708\" \/>\n\t<meta property=\"og:image:height\" content=\"800\" \/>\n\t<meta property=\"og:image:type\" content=\"image\/webp\" \/>\n<meta name=\"twitter:card\" content=\"summary_large_image\" \/>\n<meta name=\"twitter:label1\" content=\"Odhadovan\u00e1 doba \u010dten\u00ed\" \/>\n\t<meta name=\"twitter:data1\" content=\"1 minuta\" \/>\n<script type=\"application\/ld+json\" class=\"yoast-schema-graph\">{\"@context\":\"https:\/\/schema.org\",\"@graph\":[{\"@type\":\"WebPage\",\"@id\":\"https:\/\/www.domtechnikpro.com\/index.php\/produkt\/kup-ted-vanova-zastena-mexen-alex-s-mrizkou-pevna-80x140-cm-cerna-cire-sklo-893-080-000-70-77-52984\/\",\"url\":\"https:\/\/www.domtechnikpro.com\/index.php\/produkt\/kup-ted-vanova-zastena-mexen-alex-s-mrizkou-pevna-80x140-cm-cerna-cire-sklo-893-080-000-70-77-52984\/\",\"name\":\"Kup Te\u010f Vanov\u00e1 z\u00e1st\u011bna MEXEN ALEX s m\u0159\u00ed\u017ekou - pevn\u00e1 - 80x140 cm - \u010dern\u00e1 - \u010dir\u00e9 sklo, 893-080-000-70-77 -\",\"isPartOf\":{\"@id\":\"https:\/\/www.domtechnikpro.com\/#website\"},\"primaryImageOfPage\":{\"@id\":\"https:\/\/www.domtechnikpro.com\/index.php\/produkt\/kup-ted-vanova-zastena-mexen-alex-s-mrizkou-pevna-80x140-cm-cerna-cire-sklo-893-080-000-70-77-52984\/#primaryimage\"},\"image\":{\"@id\":\"https:\/\/www.domtechnikpro.com\/index.php\/produkt\/kup-ted-vanova-zastena-mexen-alex-s-mrizkou-pevna-80x140-cm-cerna-cire-sklo-893-080-000-70-77-52984\/#primaryimage\"},\"thumbnailUrl\":\"https:\/\/www.domtechnikpro.com\/wp-content\/uploads\/2026\/SK0001357-CZ20260425-093041-0-1777080643-vanova-zastena-mexen-alex-s-mrizkou-pevna-80x140-cm-cerna-c.webp\",\"datePublished\":\"2026-04-26T09:01:21+00:00\",\"breadcrumb\":{\"@id\":\"https:\/\/www.domtechnikpro.com\/index.php\/produkt\/kup-ted-vanova-zastena-mexen-alex-s-mrizkou-pevna-80x140-cm-cerna-cire-sklo-893-080-000-70-77-52984\/#breadcrumb\"},\"inLanguage\":\"cs\",\"potentialAction\":[{\"@type\":\"ReadAction\",\"target\":[\"https:\/\/www.domtechnikpro.com\/index.php\/produkt\/kup-ted-vanova-zastena-mexen-alex-s-mrizkou-pevna-80x140-cm-cerna-cire-sklo-893-080-000-70-77-52984\/\"]}]},{\"@type\":\"ImageObject\",\"inLanguage\":\"cs\",\"@id\":\"https:\/\/www.domtechnikpro.com\/index.php\/produkt\/kup-ted-vanova-zastena-mexen-alex-s-mrizkou-pevna-80x140-cm-cerna-cire-sklo-893-080-000-70-77-52984\/#primaryimage\",\"url\":\"https:\/\/www.domtechnikpro.com\/wp-content\/uploads\/2026\/SK0001357-CZ20260425-093041-0-1777080643-vanova-zastena-mexen-alex-s-mrizkou-pevna-80x140-cm-cerna-c.webp\",\"contentUrl\":\"https:\/\/www.domtechnikpro.com\/wp-content\/uploads\/2026\/SK0001357-CZ20260425-093041-0-1777080643-vanova-zastena-mexen-alex-s-mrizkou-pevna-80x140-cm-cerna-c.webp\",\"width\":708,\"height\":800},{\"@type\":\"BreadcrumbList\",\"@id\":\"https:\/\/www.domtechnikpro.com\/index.php\/produkt\/kup-ted-vanova-zastena-mexen-alex-s-mrizkou-pevna-80x140-cm-cerna-cire-sklo-893-080-000-70-77-52984\/#breadcrumb\",\"itemListElement\":[{\"@type\":\"ListItem\",\"position\":1,\"name\":\"Home\",\"item\":\"https:\/\/www.domtechnikpro.com\/\"},{\"@type\":\"ListItem\",\"position\":2,\"name\":\"Products\",\"item\":\"https:\/\/www.domtechnikpro.com\/index.php\/products\/\"},{\"@type\":\"ListItem\",\"position\":3,\"name\":\"Kup Te\u010f Vanov\u00e1 z\u00e1st\u011bna MEXEN ALEX s m\u0159\u00ed\u017ekou &#8211; pevn\u00e1 &#8211; 80&#215;140 cm &#8211; \u010dern\u00e1 &#8211; \u010dir\u00e9 sklo, 893-080-000-70-77\"}]},{\"@type\":\"WebSite\",\"@id\":\"https:\/\/www.domtechnikpro.com\/#website\",\"url\":\"https:\/\/www.domtechnikpro.com\/\",\"name\":\"\",\"description\":\"\",\"potentialAction\":[{\"@type\":\"SearchAction\",\"target\":{\"@type\":\"EntryPoint\",\"urlTemplate\":\"https:\/\/www.domtechnikpro.com\/?s={search_term_string}\"},\"query-input\":{\"@type\":\"PropertyValueSpecification\",\"valueRequired\":true,\"valueName\":\"search_term_string\"}}],\"inLanguage\":\"cs\"}]}<\/script>\n<!-- \/ Yoast SEO plugin. -->","yoast_head_json":{"title":"Kup Te\u010f Vanov\u00e1 z\u00e1st\u011bna MEXEN ALEX s m\u0159\u00ed\u017ekou - pevn\u00e1 - 80x140 cm - \u010dern\u00e1 - \u010dir\u00e9 sklo, 893-080-000-70-77 -","robots":{"index":"index","follow":"follow","max-snippet":"max-snippet:-1","max-image-preview":"max-image-preview:large","max-video-preview":"max-video-preview:-1"},"canonical":"https:\/\/www.domtechnikpro.com\/index.php\/produkt\/kup-ted-vanova-zastena-mexen-alex-s-mrizkou-pevna-80x140-cm-cerna-cire-sklo-893-080-000-70-77-52984\/","og_locale":"cs_CZ","og_type":"article","og_title":"Kup Te\u010f Vanov\u00e1 z\u00e1st\u011bna MEXEN ALEX s m\u0159\u00ed\u017ekou - pevn\u00e1 - 80x140 cm - \u010dern\u00e1 - \u010dir\u00e9 sklo, 893-080-000-70-77 -","og_description":"Vanov\u00e1 z\u00e1st\u011bna ALEX s m\u0159\u00ed\u017ekou &#8211; pevn\u00e1 &#8211; 80&#215;140 cm &#8211; \u010dern\u00e1 &#8211; \u010dir\u00e9 sklo Jednod\u00edln\u00e1 vanov\u00e1 z\u00e1st\u011bna\u00a0je vyrobena z 5 mm tlust\u00e9ho tvrzen\u00e9ho \u010dir\u00e9ho skla, kter\u00e9 je zasazeno do hlin\u00edkov\u00fdch profil\u016f s \u010dernou matnou povrchovou \u00fapravou.\u00a0Z\u00e1st\u011bna se uchycuje pomoc\u00ed hlin\u00edkov\u00e9ho profilu do zdi, kter\u00fd m\u00e1 mo\u017enost regulace pro vyrovn\u00e1n\u00ed p\u0159\u00edpadn\u00fdch nerovnost\u00ed st\u011bn. Z\u00e1st\u011bna je [&hellip;]","og_url":"https:\/\/www.domtechnikpro.com\/index.php\/produkt\/kup-ted-vanova-zastena-mexen-alex-s-mrizkou-pevna-80x140-cm-cerna-cire-sklo-893-080-000-70-77-52984\/","og_image":[{"width":708,"height":800,"url":"https:\/\/www.domtechnikpro.com\/wp-content\/uploads\/2026\/SK0001357-CZ20260425-093041-0-1777080643-vanova-zastena-mexen-alex-s-mrizkou-pevna-80x140-cm-cerna-c.webp","type":"image\/webp"}],"twitter_card":"summary_large_image","twitter_misc":{"Odhadovan\u00e1 doba \u010dten\u00ed":"1 minuta"},"schema":{"@context":"https:\/\/schema.org","@graph":[{"@type":"WebPage","@id":"https:\/\/www.domtechnikpro.com\/index.php\/produkt\/kup-ted-vanova-zastena-mexen-alex-s-mrizkou-pevna-80x140-cm-cerna-cire-sklo-893-080-000-70-77-52984\/","url":"https:\/\/www.domtechnikpro.com\/index.php\/produkt\/kup-ted-vanova-zastena-mexen-alex-s-mrizkou-pevna-80x140-cm-cerna-cire-sklo-893-080-000-70-77-52984\/","name":"Kup Te\u010f Vanov\u00e1 z\u00e1st\u011bna MEXEN ALEX s m\u0159\u00ed\u017ekou - pevn\u00e1 - 80x140 cm - \u010dern\u00e1 - \u010dir\u00e9 sklo, 893-080-000-70-77 -","isPartOf":{"@id":"https:\/\/www.domtechnikpro.com\/#website"},"primaryImageOfPage":{"@id":"https:\/\/www.domtechnikpro.com\/index.php\/produkt\/kup-ted-vanova-zastena-mexen-alex-s-mrizkou-pevna-80x140-cm-cerna-cire-sklo-893-080-000-70-77-52984\/#primaryimage"},"image":{"@id":"https:\/\/www.domtechnikpro.com\/index.php\/produkt\/kup-ted-vanova-zastena-mexen-alex-s-mrizkou-pevna-80x140-cm-cerna-cire-sklo-893-080-000-70-77-52984\/#primaryimage"},"thumbnailUrl":"https:\/\/www.domtechnikpro.com\/wp-content\/uploads\/2026\/SK0001357-CZ20260425-093041-0-1777080643-vanova-zastena-mexen-alex-s-mrizkou-pevna-80x140-cm-cerna-c.webp","datePublished":"2026-04-26T09:01:21+00:00","breadcrumb":{"@id":"https:\/\/www.domtechnikpro.com\/index.php\/produkt\/kup-ted-vanova-zastena-mexen-alex-s-mrizkou-pevna-80x140-cm-cerna-cire-sklo-893-080-000-70-77-52984\/#breadcrumb"},"inLanguage":"cs","potentialAction":[{"@type":"ReadAction","target":["https:\/\/www.domtechnikpro.com\/index.php\/produkt\/kup-ted-vanova-zastena-mexen-alex-s-mrizkou-pevna-80x140-cm-cerna-cire-sklo-893-080-000-70-77-52984\/"]}]},{"@type":"ImageObject","inLanguage":"cs","@id":"https:\/\/www.domtechnikpro.com\/index.php\/produkt\/kup-ted-vanova-zastena-mexen-alex-s-mrizkou-pevna-80x140-cm-cerna-cire-sklo-893-080-000-70-77-52984\/#primaryimage","url":"https:\/\/www.domtechnikpro.com\/wp-content\/uploads\/2026\/SK0001357-CZ20260425-093041-0-1777080643-vanova-zastena-mexen-alex-s-mrizkou-pevna-80x140-cm-cerna-c.webp","contentUrl":"https:\/\/www.domtechnikpro.com\/wp-content\/uploads\/2026\/SK0001357-CZ20260425-093041-0-1777080643-vanova-zastena-mexen-alex-s-mrizkou-pevna-80x140-cm-cerna-c.webp","width":708,"height":800},{"@type":"BreadcrumbList","@id":"https:\/\/www.domtechnikpro.com\/index.php\/produkt\/kup-ted-vanova-zastena-mexen-alex-s-mrizkou-pevna-80x140-cm-cerna-cire-sklo-893-080-000-70-77-52984\/#breadcrumb","itemListElement":[{"@type":"ListItem","position":1,"name":"Home","item":"https:\/\/www.domtechnikpro.com\/"},{"@type":"ListItem","position":2,"name":"Products","item":"https:\/\/www.domtechnikpro.com\/index.php\/products\/"},{"@type":"ListItem","position":3,"name":"Kup Te\u010f Vanov\u00e1 z\u00e1st\u011bna MEXEN ALEX s m\u0159\u00ed\u017ekou &#8211; pevn\u00e1 &#8211; 80&#215;140 cm &#8211; \u010dern\u00e1 &#8211; \u010dir\u00e9 sklo, 893-080-000-70-77"}]},{"@type":"WebSite","@id":"https:\/\/www.domtechnikpro.com\/#website","url":"https:\/\/www.domtechnikpro.com\/","name":"","description":"","potentialAction":[{"@type":"SearchAction","target":{"@type":"EntryPoint","urlTemplate":"https:\/\/www.domtechnikpro.com\/?s={search_term_string}"},"query-input":{"@type":"PropertyValueSpecification","valueRequired":true,"valueName":"search_term_string"}}],"inLanguage":"cs"}]}},"_links":{"self":[{"href":"https:\/\/www.domtechnikpro.com\/index.php\/wp-json\/wp\/v2\/product\/52984","targetHints":{"allow":["GET"]}}],"collection":[{"href":"https:\/\/www.domtechnikpro.com\/index.php\/wp-json\/wp\/v2\/product"}],"about":[{"href":"https:\/\/www.domtechnikpro.com\/index.php\/wp-json\/wp\/v2\/types\/product"}],"replies":[{"embeddable":true,"href":"https:\/\/www.domtechnikpro.com\/index.php\/wp-json\/wp\/v2\/comments?post=52984"}],"wp:featuredmedia":[{"embeddable":true,"href":"https:\/\/www.domtechnikpro.com\/index.php\/wp-json\/wp\/v2\/media\/53084"}],"wp:attachment":[{"href":"https:\/\/www.domtechnikpro.com\/index.php\/wp-json\/wp\/v2\/media?parent=52984"}],"wp:term":[{"taxonomy":"product_brand","embeddable":true,"href":"https:\/\/www.domtechnikpro.com\/index.php\/wp-json\/wp\/v2\/product_brand?post=52984"},{"taxonomy":"product_cat","embeddable":true,"href":"https:\/\/www.domtechnikpro.com\/index.php\/wp-json\/wp\/v2\/product_cat?post=52984"},{"taxonomy":"product_tag","embeddable":true,"href":"https:\/\/www.domtechnikpro.com\/index.php\/wp-json\/wp\/v2\/product_tag?post=52984"}],"curies":[{"name":"wp","href":"https:\/\/api.w.org\/{rel}","templated":true}]}}