{"id":52976,"date":"2026-04-26T09:01:21","date_gmt":"2026-04-26T09:01:21","guid":{"rendered":""},"modified":"2026-04-26T09:01:21","modified_gmt":"2026-04-26T09:01:21","slug":"nizka-cena-koupelnova-pevna-zastena-maxmax-walk-in-130-cm-52976","status":"publish","type":"product","link":"https:\/\/www.domtechnikpro.com\/index.php\/produkt\/nizka-cena-koupelnova-pevna-zastena-maxmax-walk-in-130-cm-52976\/","title":{"rendered":"N\u00edzk\u00e1 Cena Koupelnov\u00e1 pevn\u00e1 z\u00e1st\u011bna MAXMAX WALK-IN 130 cm"},"content":{"rendered":"<div class=\"tabs__content-outer\" id=\"tab_description\" data-hash=\"description\" data-tabindex=\"-1\">\n<div class=\"tabs__content toggle_description\" id=\"content_description\">\n<div class=\"wysiwyg-content\">\n<div class=\"product__tab product__description full-width\">\n<div class=\"container\">\n<div >\n<h3>Variabiln\u00ed sprchov\u00e1 z\u00e1st\u011bna MAXMAX KIOTO 100&#215;200 cm, 8 mm &#8211; \u010dir\u00e9\/\u010dern\u00fd r\u00e1m<\/h3>\n<p>Skv\u011bl\u00e1 volba<span>\u00a0<\/span><strong>do ka\u017ed\u00e9 koupelny.<\/strong><span>\u00a0<\/span>Elegantn\u00ed sprchov\u00e1 z\u00e1st\u011bna KIOTO je vyrobena z<span> <strong>8<\/strong><strong>\u00a0mm\u00a0tlust\u00e9ho tvrzen\u00e9ho skla v \u010dir\u00e9m proveden\u00ed s \u010dern\u00fdm vzorem.<\/strong><\/span><strong>\u00a0<\/strong>Aplikovan\u00e1<span>\u00a0<\/span><strong>povrchov\u00e1 \u00faprava skla<\/strong><span>\u00a0<\/span>zaji\u0161\u0165uje<span>\u00a0<\/span><strong>maxim\u00e1ln\u00ed komfort<\/strong><span>\u00a0<\/span>v\u0161em u\u017eivatel\u016fm.\u00a0<\/p>\n<p>V dopl\u0148c\u00edch produktu m\u016f\u017eete vyb\u00edrat\u00a0<strong>z 5 povrchov\u00fdch \u00faprav<\/strong> profilov\u00e9 li\u0161ty a upev\u0148ovac\u00edho ramene (chrom, white, black, gold a rose gold). Tato sprchov\u00e1 z\u00e1st\u011bna m\u016f\u017ee b\u00fdt instalov\u00e1na tak\u00e9 jako\u00a0<strong>voln\u011b stoj\u00edc\u00ed &#8211;<\/strong> uchycena dv\u011bma upev\u0148ovac\u00edmi rameny bez pou\u017eit\u00ed profilov\u00e9 li\u0161ty. Z\u00e1rove\u0148 lze <strong>ze dvou z\u00e1st\u011bn velmi snadno vytvo\u0159it sprchov\u00fd kout WALK-IN<\/strong> bez dve\u0159\u00ed.<\/p>\n<p>Sprchov\u00e1 <strong>z\u00e1st\u011bna KIOTO je\u00a0univerz\u00e1ln\u00ed<\/strong>\u00a0&#8211; p\u0159i mont\u00e1\u017ei si zvol\u00edte levou \u010di pravou orientaci. S p\u0159\u00edpadnou nerovnost\u00ed zdi pom\u016f\u017ee\u00a0<strong>mo\u017enost regulace u profilov\u00e9 li\u0161ty.\u00a0<\/strong>Z\u00e1st\u011bny je mo\u017en\u00e9 ve v\u0161ech variant\u00e1ch instalovat\u00a0<strong>na sprchovou vani\u010dku nebo p\u0159\u00edmo na podlahu se sprchov\u00fdm \u017elabem.<\/strong><\/p>\n<p><strong>Technick\u00e9 parametry:<\/strong><\/p>\n<ul>\n<li>rozm\u011br (\u0160xV): 100&#215;200 cm<\/li>\n<li>tlou\u0161\u0165ka: 8 mm<\/li>\n<li>materi\u00e1l: tvrzen\u00e9, bezpe\u010dnostn\u00ed sklo<\/li>\n<li>proveden\u00ed skla: \u010dir\u00e9 s \u010dern\u00fdm r\u00e1mem<\/li>\n<li>instalace: na vani\u010dku nebo p\u0159\u00edmo na podlahu<\/li>\n<\/ul>\n<p style=\"text-align: left;\"><span style=\"font-size: 11pt;\"><strong>Mo\u017enosti mont\u00e1\u017ee sprchov\u00e9 z\u00e1st\u011bny<\/strong><\/span><\/p>\n<p style=\"text-align: left;\"><span style=\"font-size: 11pt;\"><strong><\/strong><\/span><\/p>\n<p><strong>Pot\u0159ebn\u00e9 p\u0159\u00edslu\u0161enstv\u00ed pro mont\u00e1\u017e vyobrazen\u00fdch mo\u017enost\u00ed viz v\u00fd\u0161e (<\/strong><strong><span>p\u0159\u00edslu\u0161enstv\u00ed m\u016f\u017eete dokoupit v r\u016fzn\u00fdch povrchov\u00fdch \u00faprav\u00e1ch v dopl\u0148c\u00edch produktu):<\/span><\/strong><\/p>\n<p>Sprchov\u00e1 z\u00e1st\u011bna KIOTO (<strong>1<\/strong>) &#8211; sprchov\u00e1 z\u00e1st\u011bna + upev\u0148ovac\u00ed rameno + profilov\u00e1 li\u0161ta<\/p>\n<p>Sprchov\u00e1 z\u00e1st\u011bna KIOTO PLUS (<strong>2<\/strong>) &#8211; sprchov\u00e1 z\u00e1st\u011bna + <span color=\"#ff0000\" style=\"color: #ff0000;\"><span style=\"color: #000000;\">upev\u0148ovac\u00ed rameno + profilov\u00e1 li\u0161ta +\u00a0<\/span><\/span>bo\u010dn\u00ed z\u00e1st\u011bna 30 cm<span color=\"#ff0000\" style=\"color: #ff0000;\"><span style=\"color: #000000;\">\u00a0v\u010d. rohov\u00e9 spojovac\u00ed li\u0161ty<\/span><\/span><\/p>\n<p>Sprchov\u00fd kout WALK-IN KIOTO (<strong>3<\/strong>) &#8211; 2x sprchov\u00e1 z\u00e1st\u011bna + 2x upev\u0148ovac\u00ed rameno + 2x profilov\u00e1 li\u0161ta + 1x spojka upev\u0148ovac\u00edch ramen<\/p>\n<p>Sprchov\u00fd kout WALK-IN KIOTO PLUS (<strong>4<\/strong>) &#8211;\u00a02x sprchov\u00e1 z\u00e1st\u011bna + 2x upev\u0148ovac\u00ed rameno + 2x profilov\u00e1 li\u0161ta + 1x spojka upev\u0148ovac\u00edch ramen\u00a0<span color=\"#ff0000\" style=\"color: #ff0000;\"><span style=\"color: #000000;\">+ bo\u010dn\u00ed z\u00e1st\u011bna 30 cm v\u010d. rohov\u00e9 spojovac\u00ed li\u0161ty<\/span><\/span><\/p>\n<p>Voln\u011b stoj\u00edc\u00ed sprchov\u00e1 z\u00e1st\u011bna KIOTO (<strong>5<\/strong>) &#8211; sprchov\u00e1 z\u00e1st\u011bna + 2x upev\u0148ovac\u00ed rameno<\/p>\n<p>Voln\u011b stoj\u00edc\u00ed sprchov\u00e1 z\u00e1st\u011bna KIOTO PLUS (<strong>6<\/strong>) &#8211;\u00a0sprchov\u00e1 z\u00e1st\u011bna + 2x upev\u0148ovac\u00ed rameno + 2x\u00a0bo\u010dn\u00ed z\u00e1st\u011bna 30 cm\u00a0<span color=\"#ff0000\" style=\"color: #ff0000;\"><span style=\"color: #000000;\">v\u010d. rohov\u00e9 spojovac\u00ed li\u0161ty<\/span><\/span><\/p>\n<p>Profilov\u00e9 li\u0161ty a upev\u0148ovac\u00ed ramena <strong>nejsou sou\u010d\u00e1st\u00ed<\/strong> t\u011bchto sprchov\u00fdch z\u00e1st\u011bn. Toto p\u0159\u00edslu\u0161enstv\u00ed je pot\u0159eba <strong>vybrat v nab\u00edzen\u00fdch dopl\u0148c\u00edch produktu podle zvolen\u00e9 povrchov\u00e9 \u00fapravy.<\/strong>\u00a0<\/p>\n<p><strong>Sprchov\u00e9 soupravy, panely, vani\u010dky, odtokov\u00e9 \u017elaby a dal\u0161\u00ed vybaven\u00ed koupelen<\/strong>\u00a0m\u016f\u017eete dokoupit v p\u0159\u00edslu\u0161n\u00fdch kategori\u00edch na\u0161eho e-shopu.<\/p>\n<\/div><\/div>\n<\/p><\/div>\n<\/p><\/div>\n<\/p><\/div>\n","protected":false},"excerpt":{"rendered":"<p>Variabiln\u00ed sprchov\u00e1 z\u00e1st\u011bna MAXMAX KIOTO 100&#215;200 cm, 8 mm &#8211; \u010dir\u00e9\/\u010dern\u00fd r\u00e1m Skv\u011bl\u00e1 volba\u00a0do ka\u017ed\u00e9 koupelny.\u00a0Elegantn\u00ed sprchov\u00e1 z\u00e1st\u011bna KIOTO je vyrobena z 8\u00a0mm\u00a0tlust\u00e9ho tvrzen\u00e9ho skla v \u010dir\u00e9m proveden\u00ed s \u010dern\u00fdm vzorem.\u00a0Aplikovan\u00e1\u00a0povrchov\u00e1 \u00faprava skla\u00a0zaji\u0161\u0165uje\u00a0maxim\u00e1ln\u00ed komfort\u00a0v\u0161em u\u017eivatel\u016fm.\u00a0 V dopl\u0148c\u00edch produktu m\u016f\u017eete vyb\u00edrat\u00a0z 5 povrchov\u00fdch \u00faprav profilov\u00e9 li\u0161ty a upev\u0148ovac\u00edho ramene (chrom, white, black, gold a rose gold). [&hellip;]<\/p>\n","protected":false},"featured_media":53076,"comment_status":"open","ping_status":"open","template":"","meta":[],"product_brand":[],"product_cat":[171],"product_tag":[],"class_list":{"0":"post-52976","1":"product","2":"type-product","3":"status-publish","4":"has-post-thumbnail","6":"product_cat-koupelna","8":"first","9":"instock","10":"sale","11":"shipping-taxable","12":"purchasable","13":"product-type-simple"},"yoast_head":"<!-- This site is optimized with the Yoast SEO plugin v26.8 - https:\/\/yoast.com\/product\/yoast-seo-wordpress\/ -->\n<title>N\u00edzk\u00e1 Cena Koupelnov\u00e1 pevn\u00e1 z\u00e1st\u011bna MAXMAX WALK-IN 130 cm -<\/title>\n<meta name=\"robots\" content=\"index, follow, max-snippet:-1, max-image-preview:large, max-video-preview:-1\" \/>\n<link rel=\"canonical\" href=\"https:\/\/www.domtechnikpro.com\/index.php\/produkt\/nizka-cena-koupelnova-pevna-zastena-maxmax-walk-in-130-cm-52976\/\" \/>\n<meta property=\"og:locale\" content=\"cs_CZ\" \/>\n<meta property=\"og:type\" content=\"article\" \/>\n<meta property=\"og:title\" content=\"N\u00edzk\u00e1 Cena Koupelnov\u00e1 pevn\u00e1 z\u00e1st\u011bna MAXMAX WALK-IN 130 cm -\" \/>\n<meta property=\"og:description\" content=\"Variabiln\u00ed sprchov\u00e1 z\u00e1st\u011bna MAXMAX KIOTO 100&#215;200 cm, 8 mm &#8211; \u010dir\u00e9\/\u010dern\u00fd r\u00e1m Skv\u011bl\u00e1 volba\u00a0do ka\u017ed\u00e9 koupelny.\u00a0Elegantn\u00ed sprchov\u00e1 z\u00e1st\u011bna KIOTO je vyrobena z 8\u00a0mm\u00a0tlust\u00e9ho tvrzen\u00e9ho skla v \u010dir\u00e9m proveden\u00ed s \u010dern\u00fdm vzorem.\u00a0Aplikovan\u00e1\u00a0povrchov\u00e1 \u00faprava skla\u00a0zaji\u0161\u0165uje\u00a0maxim\u00e1ln\u00ed komfort\u00a0v\u0161em u\u017eivatel\u016fm.\u00a0 V dopl\u0148c\u00edch produktu m\u016f\u017eete vyb\u00edrat\u00a0z 5 povrchov\u00fdch \u00faprav profilov\u00e9 li\u0161ty a upev\u0148ovac\u00edho ramene (chrom, white, black, gold a rose gold). [&hellip;]\" \/>\n<meta property=\"og:url\" content=\"https:\/\/www.domtechnikpro.com\/index.php\/produkt\/nizka-cena-koupelnova-pevna-zastena-maxmax-walk-in-130-cm-52976\/\" \/>\n<meta property=\"og:image\" content=\"https:\/\/www.domtechnikpro.com\/wp-content\/uploads\/2026\/SK0001349-CZ20260425-093041-0-1777080643-variabilni-sprchova-zastena-maxmax-mexen-kioto-cire-cerny-r.webp\" \/>\n\t<meta property=\"og:image:width\" content=\"552\" \/>\n\t<meta property=\"og:image:height\" content=\"800\" \/>\n\t<meta property=\"og:image:type\" content=\"image\/webp\" \/>\n<meta name=\"twitter:card\" content=\"summary_large_image\" \/>\n<meta name=\"twitter:label1\" content=\"Odhadovan\u00e1 doba \u010dten\u00ed\" \/>\n\t<meta name=\"twitter:data1\" content=\"2 minuty\" \/>\n<script type=\"application\/ld+json\" class=\"yoast-schema-graph\">{\"@context\":\"https:\/\/schema.org\",\"@graph\":[{\"@type\":\"WebPage\",\"@id\":\"https:\/\/www.domtechnikpro.com\/index.php\/produkt\/nizka-cena-koupelnova-pevna-zastena-maxmax-walk-in-130-cm-52976\/\",\"url\":\"https:\/\/www.domtechnikpro.com\/index.php\/produkt\/nizka-cena-koupelnova-pevna-zastena-maxmax-walk-in-130-cm-52976\/\",\"name\":\"N\u00edzk\u00e1 Cena Koupelnov\u00e1 pevn\u00e1 z\u00e1st\u011bna MAXMAX WALK-IN 130 cm -\",\"isPartOf\":{\"@id\":\"https:\/\/www.domtechnikpro.com\/#website\"},\"primaryImageOfPage\":{\"@id\":\"https:\/\/www.domtechnikpro.com\/index.php\/produkt\/nizka-cena-koupelnova-pevna-zastena-maxmax-walk-in-130-cm-52976\/#primaryimage\"},\"image\":{\"@id\":\"https:\/\/www.domtechnikpro.com\/index.php\/produkt\/nizka-cena-koupelnova-pevna-zastena-maxmax-walk-in-130-cm-52976\/#primaryimage\"},\"thumbnailUrl\":\"https:\/\/www.domtechnikpro.com\/wp-content\/uploads\/2026\/SK0001349-CZ20260425-093041-0-1777080643-variabilni-sprchova-zastena-maxmax-mexen-kioto-cire-cerny-r.webp\",\"datePublished\":\"2026-04-26T09:01:21+00:00\",\"breadcrumb\":{\"@id\":\"https:\/\/www.domtechnikpro.com\/index.php\/produkt\/nizka-cena-koupelnova-pevna-zastena-maxmax-walk-in-130-cm-52976\/#breadcrumb\"},\"inLanguage\":\"cs\",\"potentialAction\":[{\"@type\":\"ReadAction\",\"target\":[\"https:\/\/www.domtechnikpro.com\/index.php\/produkt\/nizka-cena-koupelnova-pevna-zastena-maxmax-walk-in-130-cm-52976\/\"]}]},{\"@type\":\"ImageObject\",\"inLanguage\":\"cs\",\"@id\":\"https:\/\/www.domtechnikpro.com\/index.php\/produkt\/nizka-cena-koupelnova-pevna-zastena-maxmax-walk-in-130-cm-52976\/#primaryimage\",\"url\":\"https:\/\/www.domtechnikpro.com\/wp-content\/uploads\/2026\/SK0001349-CZ20260425-093041-0-1777080643-variabilni-sprchova-zastena-maxmax-mexen-kioto-cire-cerny-r.webp\",\"contentUrl\":\"https:\/\/www.domtechnikpro.com\/wp-content\/uploads\/2026\/SK0001349-CZ20260425-093041-0-1777080643-variabilni-sprchova-zastena-maxmax-mexen-kioto-cire-cerny-r.webp\",\"width\":552,\"height\":800},{\"@type\":\"BreadcrumbList\",\"@id\":\"https:\/\/www.domtechnikpro.com\/index.php\/produkt\/nizka-cena-koupelnova-pevna-zastena-maxmax-walk-in-130-cm-52976\/#breadcrumb\",\"itemListElement\":[{\"@type\":\"ListItem\",\"position\":1,\"name\":\"Home\",\"item\":\"https:\/\/www.domtechnikpro.com\/\"},{\"@type\":\"ListItem\",\"position\":2,\"name\":\"Products\",\"item\":\"https:\/\/www.domtechnikpro.com\/index.php\/products\/\"},{\"@type\":\"ListItem\",\"position\":3,\"name\":\"N\u00edzk\u00e1 Cena Koupelnov\u00e1 pevn\u00e1 z\u00e1st\u011bna MAXMAX WALK-IN 130 cm\"}]},{\"@type\":\"WebSite\",\"@id\":\"https:\/\/www.domtechnikpro.com\/#website\",\"url\":\"https:\/\/www.domtechnikpro.com\/\",\"name\":\"\",\"description\":\"\",\"potentialAction\":[{\"@type\":\"SearchAction\",\"target\":{\"@type\":\"EntryPoint\",\"urlTemplate\":\"https:\/\/www.domtechnikpro.com\/?s={search_term_string}\"},\"query-input\":{\"@type\":\"PropertyValueSpecification\",\"valueRequired\":true,\"valueName\":\"search_term_string\"}}],\"inLanguage\":\"cs\"}]}<\/script>\n<!-- \/ Yoast SEO plugin. -->","yoast_head_json":{"title":"N\u00edzk\u00e1 Cena Koupelnov\u00e1 pevn\u00e1 z\u00e1st\u011bna MAXMAX WALK-IN 130 cm -","robots":{"index":"index","follow":"follow","max-snippet":"max-snippet:-1","max-image-preview":"max-image-preview:large","max-video-preview":"max-video-preview:-1"},"canonical":"https:\/\/www.domtechnikpro.com\/index.php\/produkt\/nizka-cena-koupelnova-pevna-zastena-maxmax-walk-in-130-cm-52976\/","og_locale":"cs_CZ","og_type":"article","og_title":"N\u00edzk\u00e1 Cena Koupelnov\u00e1 pevn\u00e1 z\u00e1st\u011bna MAXMAX WALK-IN 130 cm -","og_description":"Variabiln\u00ed sprchov\u00e1 z\u00e1st\u011bna MAXMAX KIOTO 100&#215;200 cm, 8 mm &#8211; \u010dir\u00e9\/\u010dern\u00fd r\u00e1m Skv\u011bl\u00e1 volba\u00a0do ka\u017ed\u00e9 koupelny.\u00a0Elegantn\u00ed sprchov\u00e1 z\u00e1st\u011bna KIOTO je vyrobena z 8\u00a0mm\u00a0tlust\u00e9ho tvrzen\u00e9ho skla v \u010dir\u00e9m proveden\u00ed s \u010dern\u00fdm vzorem.\u00a0Aplikovan\u00e1\u00a0povrchov\u00e1 \u00faprava skla\u00a0zaji\u0161\u0165uje\u00a0maxim\u00e1ln\u00ed komfort\u00a0v\u0161em u\u017eivatel\u016fm.\u00a0 V dopl\u0148c\u00edch produktu m\u016f\u017eete vyb\u00edrat\u00a0z 5 povrchov\u00fdch \u00faprav profilov\u00e9 li\u0161ty a upev\u0148ovac\u00edho ramene (chrom, white, black, gold a rose gold). [&hellip;]","og_url":"https:\/\/www.domtechnikpro.com\/index.php\/produkt\/nizka-cena-koupelnova-pevna-zastena-maxmax-walk-in-130-cm-52976\/","og_image":[{"width":552,"height":800,"url":"https:\/\/www.domtechnikpro.com\/wp-content\/uploads\/2026\/SK0001349-CZ20260425-093041-0-1777080643-variabilni-sprchova-zastena-maxmax-mexen-kioto-cire-cerny-r.webp","type":"image\/webp"}],"twitter_card":"summary_large_image","twitter_misc":{"Odhadovan\u00e1 doba \u010dten\u00ed":"2 minuty"},"schema":{"@context":"https:\/\/schema.org","@graph":[{"@type":"WebPage","@id":"https:\/\/www.domtechnikpro.com\/index.php\/produkt\/nizka-cena-koupelnova-pevna-zastena-maxmax-walk-in-130-cm-52976\/","url":"https:\/\/www.domtechnikpro.com\/index.php\/produkt\/nizka-cena-koupelnova-pevna-zastena-maxmax-walk-in-130-cm-52976\/","name":"N\u00edzk\u00e1 Cena Koupelnov\u00e1 pevn\u00e1 z\u00e1st\u011bna MAXMAX WALK-IN 130 cm -","isPartOf":{"@id":"https:\/\/www.domtechnikpro.com\/#website"},"primaryImageOfPage":{"@id":"https:\/\/www.domtechnikpro.com\/index.php\/produkt\/nizka-cena-koupelnova-pevna-zastena-maxmax-walk-in-130-cm-52976\/#primaryimage"},"image":{"@id":"https:\/\/www.domtechnikpro.com\/index.php\/produkt\/nizka-cena-koupelnova-pevna-zastena-maxmax-walk-in-130-cm-52976\/#primaryimage"},"thumbnailUrl":"https:\/\/www.domtechnikpro.com\/wp-content\/uploads\/2026\/SK0001349-CZ20260425-093041-0-1777080643-variabilni-sprchova-zastena-maxmax-mexen-kioto-cire-cerny-r.webp","datePublished":"2026-04-26T09:01:21+00:00","breadcrumb":{"@id":"https:\/\/www.domtechnikpro.com\/index.php\/produkt\/nizka-cena-koupelnova-pevna-zastena-maxmax-walk-in-130-cm-52976\/#breadcrumb"},"inLanguage":"cs","potentialAction":[{"@type":"ReadAction","target":["https:\/\/www.domtechnikpro.com\/index.php\/produkt\/nizka-cena-koupelnova-pevna-zastena-maxmax-walk-in-130-cm-52976\/"]}]},{"@type":"ImageObject","inLanguage":"cs","@id":"https:\/\/www.domtechnikpro.com\/index.php\/produkt\/nizka-cena-koupelnova-pevna-zastena-maxmax-walk-in-130-cm-52976\/#primaryimage","url":"https:\/\/www.domtechnikpro.com\/wp-content\/uploads\/2026\/SK0001349-CZ20260425-093041-0-1777080643-variabilni-sprchova-zastena-maxmax-mexen-kioto-cire-cerny-r.webp","contentUrl":"https:\/\/www.domtechnikpro.com\/wp-content\/uploads\/2026\/SK0001349-CZ20260425-093041-0-1777080643-variabilni-sprchova-zastena-maxmax-mexen-kioto-cire-cerny-r.webp","width":552,"height":800},{"@type":"BreadcrumbList","@id":"https:\/\/www.domtechnikpro.com\/index.php\/produkt\/nizka-cena-koupelnova-pevna-zastena-maxmax-walk-in-130-cm-52976\/#breadcrumb","itemListElement":[{"@type":"ListItem","position":1,"name":"Home","item":"https:\/\/www.domtechnikpro.com\/"},{"@type":"ListItem","position":2,"name":"Products","item":"https:\/\/www.domtechnikpro.com\/index.php\/products\/"},{"@type":"ListItem","position":3,"name":"N\u00edzk\u00e1 Cena Koupelnov\u00e1 pevn\u00e1 z\u00e1st\u011bna MAXMAX WALK-IN 130 cm"}]},{"@type":"WebSite","@id":"https:\/\/www.domtechnikpro.com\/#website","url":"https:\/\/www.domtechnikpro.com\/","name":"","description":"","potentialAction":[{"@type":"SearchAction","target":{"@type":"EntryPoint","urlTemplate":"https:\/\/www.domtechnikpro.com\/?s={search_term_string}"},"query-input":{"@type":"PropertyValueSpecification","valueRequired":true,"valueName":"search_term_string"}}],"inLanguage":"cs"}]}},"_links":{"self":[{"href":"https:\/\/www.domtechnikpro.com\/index.php\/wp-json\/wp\/v2\/product\/52976","targetHints":{"allow":["GET"]}}],"collection":[{"href":"https:\/\/www.domtechnikpro.com\/index.php\/wp-json\/wp\/v2\/product"}],"about":[{"href":"https:\/\/www.domtechnikpro.com\/index.php\/wp-json\/wp\/v2\/types\/product"}],"replies":[{"embeddable":true,"href":"https:\/\/www.domtechnikpro.com\/index.php\/wp-json\/wp\/v2\/comments?post=52976"}],"wp:featuredmedia":[{"embeddable":true,"href":"https:\/\/www.domtechnikpro.com\/index.php\/wp-json\/wp\/v2\/media\/53076"}],"wp:attachment":[{"href":"https:\/\/www.domtechnikpro.com\/index.php\/wp-json\/wp\/v2\/media?parent=52976"}],"wp:term":[{"taxonomy":"product_brand","embeddable":true,"href":"https:\/\/www.domtechnikpro.com\/index.php\/wp-json\/wp\/v2\/product_brand?post=52976"},{"taxonomy":"product_cat","embeddable":true,"href":"https:\/\/www.domtechnikpro.com\/index.php\/wp-json\/wp\/v2\/product_cat?post=52976"},{"taxonomy":"product_tag","embeddable":true,"href":"https:\/\/www.domtechnikpro.com\/index.php\/wp-json\/wp\/v2\/product_tag?post=52976"}],"curies":[{"name":"wp","href":"https:\/\/api.w.org\/{rel}","templated":true}]}}