{"id":52967,"date":"2026-04-26T09:01:21","date_gmt":"2026-04-26T09:01:21","guid":{"rendered":""},"modified":"2026-04-26T09:01:21","modified_gmt":"2026-04-26T09:01:21","slug":"kuchynska-baterie-mexen-flex-chromova-seda-670900-06-dokud-zasoby-vydrzi-52967","status":"publish","type":"product","link":"https:\/\/www.domtechnikpro.com\/index.php\/produkt\/kuchynska-baterie-mexen-flex-chromova-seda-670900-06-dokud-zasoby-vydrzi-52967\/","title":{"rendered":"Kuchy\u0148sk\u00e1 baterie MEXEN FLEX &#8211; chromov\u00e1\/\u0161ed\u00e1, 670900-06 Dokud Z\u00e1soby Vydr\u017e\u00ed"},"content":{"rendered":"<div class=\"tabs__content-outer\" id=\"tab_description\" data-hash=\"description\" data-tabindex=\"-1\">\n<div class=\"tabs__content toggle_description\" id=\"content_description\">\n<div class=\"wysiwyg-content\">\n<div class=\"product__tab product__description full-width\">\n<div class=\"container\">\n<div >\n<h3>Kuchy\u0148sk\u00e1 baterie FLEX &#8211; chromov\u00e1\/\u0161ed\u00e1<\/h3>\n<p><span>T\u011blo modern\u00ed vodovodn\u00ed baterie\u00a0je vyrobeno z <strong>mosazi<\/strong>, kter\u00e9 je pokryto <strong>vrstvou chromu<\/strong>.\u00a0<\/span><span>Baterie se hod\u00ed do ka\u017ed\u00e9 kuchyn\u011b a lze ji bez probl\u00e9mu usadit do otvoru v desce i d\u0159ezu.\u00a0<\/span><\/p>\n<p><span>Flexibiln\u00ed hus\u00ed krk s gumov\u00fdm kryt\u00edm je praktick\u00fdm dopl\u0148kem t\u00e9to modern\u00ed baterie. S krkem m\u016f\u017eete voln\u011b pohybovat na v\u0161echny strany, co\u017e usnadn\u00ed oplachov\u00e1n\u00ed d\u0159ezu i zeleniny. Syst\u00e9m uvnit\u0159 baterie efektivn\u011b provzdu\u0161\u0148uje vodu, co\u017e p\u0159in\u00e1\u0161\u00ed ni\u017e\u0161\u00ed spot\u0159ebu. Dod\u00e1v\u00e1no v\u010detn\u011b hadi\u010dek, t\u011bsn\u011bn\u00ed a mont\u00e1\u017en\u00edho p\u0159\u00edslu\u0161enstv\u00ed.\u00a0<\/span><\/p>\n<p><span><\/span><span>S\u00edla materi\u00e1lu, do kter\u00e9ho se baterie montuje, mus\u00ed b\u00fdt maxim\u00e1ln\u011b 30 mm.\u00a0<\/span><\/p>\n<p><strong>Parametry:\u00a0<\/strong><\/p>\n<ul>\n<li>typ um\u00edst\u011bn\u00ed: stoj\u00e1nkov\u00e1\u00a0<\/li>\n<li>materi\u00e1l: mosaz, ocelov\u00fd krk s gumov\u00fdm n\u00e1vlekem\u00a0<\/li>\n<li>typ hlavy: keramick\u00e1\u00a0<\/li>\n<li>povrchov\u00e1 \u00faprava: chrom + \u0161ed\u00fd hus\u00ed krk<\/li>\n<li>p\u0159ipojen\u00ed: 3\/8&#8243;\u00a0<\/li>\n<li>v\u00fd\u0161ka: 37,9 cm\u00a0<\/li>\n<\/ul>\n<\/div><\/div>\n<\/p><\/div>\n<\/p><\/div>\n<\/p><\/div>\n","protected":false},"excerpt":{"rendered":"<p>Kuchy\u0148sk\u00e1 baterie FLEX &#8211; chromov\u00e1\/\u0161ed\u00e1 T\u011blo modern\u00ed vodovodn\u00ed baterie\u00a0je vyrobeno z mosazi, kter\u00e9 je pokryto vrstvou chromu.\u00a0Baterie se hod\u00ed do ka\u017ed\u00e9 kuchyn\u011b a lze ji bez probl\u00e9mu usadit do otvoru v desce i d\u0159ezu.\u00a0 Flexibiln\u00ed hus\u00ed krk s gumov\u00fdm kryt\u00edm je praktick\u00fdm dopl\u0148kem t\u00e9to modern\u00ed baterie. S krkem m\u016f\u017eete voln\u011b pohybovat na v\u0161echny strany, co\u017e [&hellip;]<\/p>\n","protected":false},"featured_media":53067,"comment_status":"open","ping_status":"open","template":"","meta":[],"product_brand":[],"product_cat":[171],"product_tag":[],"class_list":{"0":"post-52967","1":"product","2":"type-product","3":"status-publish","4":"has-post-thumbnail","6":"product_cat-koupelna","8":"first","9":"instock","10":"sale","11":"shipping-taxable","12":"purchasable","13":"product-type-simple"},"yoast_head":"<!-- This site is optimized with the Yoast SEO plugin v26.8 - https:\/\/yoast.com\/product\/yoast-seo-wordpress\/ -->\n<title>Kuchy\u0148sk\u00e1 baterie MEXEN FLEX - chromov\u00e1\/\u0161ed\u00e1, 670900-06 Dokud Z\u00e1soby Vydr\u017e\u00ed -<\/title>\n<meta name=\"robots\" content=\"index, follow, max-snippet:-1, max-image-preview:large, max-video-preview:-1\" \/>\n<link rel=\"canonical\" href=\"https:\/\/www.domtechnikpro.com\/index.php\/produkt\/kuchynska-baterie-mexen-flex-chromova-seda-670900-06-dokud-zasoby-vydrzi-52967\/\" \/>\n<meta property=\"og:locale\" content=\"cs_CZ\" \/>\n<meta property=\"og:type\" content=\"article\" \/>\n<meta property=\"og:title\" content=\"Kuchy\u0148sk\u00e1 baterie MEXEN FLEX - chromov\u00e1\/\u0161ed\u00e1, 670900-06 Dokud Z\u00e1soby Vydr\u017e\u00ed -\" \/>\n<meta property=\"og:description\" content=\"Kuchy\u0148sk\u00e1 baterie FLEX &#8211; chromov\u00e1\/\u0161ed\u00e1 T\u011blo modern\u00ed vodovodn\u00ed baterie\u00a0je vyrobeno z mosazi, kter\u00e9 je pokryto vrstvou chromu.\u00a0Baterie se hod\u00ed do ka\u017ed\u00e9 kuchyn\u011b a lze ji bez probl\u00e9mu usadit do otvoru v desce i d\u0159ezu.\u00a0 Flexibiln\u00ed hus\u00ed krk s gumov\u00fdm kryt\u00edm je praktick\u00fdm dopl\u0148kem t\u00e9to modern\u00ed baterie. S krkem m\u016f\u017eete voln\u011b pohybovat na v\u0161echny strany, co\u017e [&hellip;]\" \/>\n<meta property=\"og:url\" content=\"https:\/\/www.domtechnikpro.com\/index.php\/produkt\/kuchynska-baterie-mexen-flex-chromova-seda-670900-06-dokud-zasoby-vydrzi-52967\/\" \/>\n<meta property=\"og:image\" content=\"https:\/\/www.domtechnikpro.com\/wp-content\/uploads\/2026\/SK0001340-CZ20260425-093041-0-1777080643-kuchynska-baterie-mexen-flex-chromova-seda.webp\" \/>\n\t<meta property=\"og:image:width\" content=\"506\" \/>\n\t<meta property=\"og:image:height\" content=\"800\" \/>\n\t<meta property=\"og:image:type\" content=\"image\/webp\" \/>\n<meta name=\"twitter:card\" content=\"summary_large_image\" \/>\n<meta name=\"twitter:label1\" content=\"Odhadovan\u00e1 doba \u010dten\u00ed\" \/>\n\t<meta name=\"twitter:data1\" content=\"1 minuta\" \/>\n<script type=\"application\/ld+json\" class=\"yoast-schema-graph\">{\"@context\":\"https:\/\/schema.org\",\"@graph\":[{\"@type\":\"WebPage\",\"@id\":\"https:\/\/www.domtechnikpro.com\/index.php\/produkt\/kuchynska-baterie-mexen-flex-chromova-seda-670900-06-dokud-zasoby-vydrzi-52967\/\",\"url\":\"https:\/\/www.domtechnikpro.com\/index.php\/produkt\/kuchynska-baterie-mexen-flex-chromova-seda-670900-06-dokud-zasoby-vydrzi-52967\/\",\"name\":\"Kuchy\u0148sk\u00e1 baterie MEXEN FLEX - chromov\u00e1\/\u0161ed\u00e1, 670900-06 Dokud Z\u00e1soby Vydr\u017e\u00ed -\",\"isPartOf\":{\"@id\":\"https:\/\/www.domtechnikpro.com\/#website\"},\"primaryImageOfPage\":{\"@id\":\"https:\/\/www.domtechnikpro.com\/index.php\/produkt\/kuchynska-baterie-mexen-flex-chromova-seda-670900-06-dokud-zasoby-vydrzi-52967\/#primaryimage\"},\"image\":{\"@id\":\"https:\/\/www.domtechnikpro.com\/index.php\/produkt\/kuchynska-baterie-mexen-flex-chromova-seda-670900-06-dokud-zasoby-vydrzi-52967\/#primaryimage\"},\"thumbnailUrl\":\"https:\/\/www.domtechnikpro.com\/wp-content\/uploads\/2026\/SK0001340-CZ20260425-093041-0-1777080643-kuchynska-baterie-mexen-flex-chromova-seda.webp\",\"datePublished\":\"2026-04-26T09:01:21+00:00\",\"breadcrumb\":{\"@id\":\"https:\/\/www.domtechnikpro.com\/index.php\/produkt\/kuchynska-baterie-mexen-flex-chromova-seda-670900-06-dokud-zasoby-vydrzi-52967\/#breadcrumb\"},\"inLanguage\":\"cs\",\"potentialAction\":[{\"@type\":\"ReadAction\",\"target\":[\"https:\/\/www.domtechnikpro.com\/index.php\/produkt\/kuchynska-baterie-mexen-flex-chromova-seda-670900-06-dokud-zasoby-vydrzi-52967\/\"]}]},{\"@type\":\"ImageObject\",\"inLanguage\":\"cs\",\"@id\":\"https:\/\/www.domtechnikpro.com\/index.php\/produkt\/kuchynska-baterie-mexen-flex-chromova-seda-670900-06-dokud-zasoby-vydrzi-52967\/#primaryimage\",\"url\":\"https:\/\/www.domtechnikpro.com\/wp-content\/uploads\/2026\/SK0001340-CZ20260425-093041-0-1777080643-kuchynska-baterie-mexen-flex-chromova-seda.webp\",\"contentUrl\":\"https:\/\/www.domtechnikpro.com\/wp-content\/uploads\/2026\/SK0001340-CZ20260425-093041-0-1777080643-kuchynska-baterie-mexen-flex-chromova-seda.webp\",\"width\":506,\"height\":800},{\"@type\":\"BreadcrumbList\",\"@id\":\"https:\/\/www.domtechnikpro.com\/index.php\/produkt\/kuchynska-baterie-mexen-flex-chromova-seda-670900-06-dokud-zasoby-vydrzi-52967\/#breadcrumb\",\"itemListElement\":[{\"@type\":\"ListItem\",\"position\":1,\"name\":\"Home\",\"item\":\"https:\/\/www.domtechnikpro.com\/\"},{\"@type\":\"ListItem\",\"position\":2,\"name\":\"Products\",\"item\":\"https:\/\/www.domtechnikpro.com\/index.php\/products\/\"},{\"@type\":\"ListItem\",\"position\":3,\"name\":\"Kuchy\u0148sk\u00e1 baterie MEXEN FLEX &#8211; chromov\u00e1\/\u0161ed\u00e1, 670900-06 Dokud Z\u00e1soby Vydr\u017e\u00ed\"}]},{\"@type\":\"WebSite\",\"@id\":\"https:\/\/www.domtechnikpro.com\/#website\",\"url\":\"https:\/\/www.domtechnikpro.com\/\",\"name\":\"\",\"description\":\"\",\"potentialAction\":[{\"@type\":\"SearchAction\",\"target\":{\"@type\":\"EntryPoint\",\"urlTemplate\":\"https:\/\/www.domtechnikpro.com\/?s={search_term_string}\"},\"query-input\":{\"@type\":\"PropertyValueSpecification\",\"valueRequired\":true,\"valueName\":\"search_term_string\"}}],\"inLanguage\":\"cs\"}]}<\/script>\n<!-- \/ Yoast SEO plugin. -->","yoast_head_json":{"title":"Kuchy\u0148sk\u00e1 baterie MEXEN FLEX - chromov\u00e1\/\u0161ed\u00e1, 670900-06 Dokud Z\u00e1soby Vydr\u017e\u00ed -","robots":{"index":"index","follow":"follow","max-snippet":"max-snippet:-1","max-image-preview":"max-image-preview:large","max-video-preview":"max-video-preview:-1"},"canonical":"https:\/\/www.domtechnikpro.com\/index.php\/produkt\/kuchynska-baterie-mexen-flex-chromova-seda-670900-06-dokud-zasoby-vydrzi-52967\/","og_locale":"cs_CZ","og_type":"article","og_title":"Kuchy\u0148sk\u00e1 baterie MEXEN FLEX - chromov\u00e1\/\u0161ed\u00e1, 670900-06 Dokud Z\u00e1soby Vydr\u017e\u00ed -","og_description":"Kuchy\u0148sk\u00e1 baterie FLEX &#8211; chromov\u00e1\/\u0161ed\u00e1 T\u011blo modern\u00ed vodovodn\u00ed baterie\u00a0je vyrobeno z mosazi, kter\u00e9 je pokryto vrstvou chromu.\u00a0Baterie se hod\u00ed do ka\u017ed\u00e9 kuchyn\u011b a lze ji bez probl\u00e9mu usadit do otvoru v desce i d\u0159ezu.\u00a0 Flexibiln\u00ed hus\u00ed krk s gumov\u00fdm kryt\u00edm je praktick\u00fdm dopl\u0148kem t\u00e9to modern\u00ed baterie. S krkem m\u016f\u017eete voln\u011b pohybovat na v\u0161echny strany, co\u017e [&hellip;]","og_url":"https:\/\/www.domtechnikpro.com\/index.php\/produkt\/kuchynska-baterie-mexen-flex-chromova-seda-670900-06-dokud-zasoby-vydrzi-52967\/","og_image":[{"width":506,"height":800,"url":"https:\/\/www.domtechnikpro.com\/wp-content\/uploads\/2026\/SK0001340-CZ20260425-093041-0-1777080643-kuchynska-baterie-mexen-flex-chromova-seda.webp","type":"image\/webp"}],"twitter_card":"summary_large_image","twitter_misc":{"Odhadovan\u00e1 doba \u010dten\u00ed":"1 minuta"},"schema":{"@context":"https:\/\/schema.org","@graph":[{"@type":"WebPage","@id":"https:\/\/www.domtechnikpro.com\/index.php\/produkt\/kuchynska-baterie-mexen-flex-chromova-seda-670900-06-dokud-zasoby-vydrzi-52967\/","url":"https:\/\/www.domtechnikpro.com\/index.php\/produkt\/kuchynska-baterie-mexen-flex-chromova-seda-670900-06-dokud-zasoby-vydrzi-52967\/","name":"Kuchy\u0148sk\u00e1 baterie MEXEN FLEX - chromov\u00e1\/\u0161ed\u00e1, 670900-06 Dokud Z\u00e1soby Vydr\u017e\u00ed -","isPartOf":{"@id":"https:\/\/www.domtechnikpro.com\/#website"},"primaryImageOfPage":{"@id":"https:\/\/www.domtechnikpro.com\/index.php\/produkt\/kuchynska-baterie-mexen-flex-chromova-seda-670900-06-dokud-zasoby-vydrzi-52967\/#primaryimage"},"image":{"@id":"https:\/\/www.domtechnikpro.com\/index.php\/produkt\/kuchynska-baterie-mexen-flex-chromova-seda-670900-06-dokud-zasoby-vydrzi-52967\/#primaryimage"},"thumbnailUrl":"https:\/\/www.domtechnikpro.com\/wp-content\/uploads\/2026\/SK0001340-CZ20260425-093041-0-1777080643-kuchynska-baterie-mexen-flex-chromova-seda.webp","datePublished":"2026-04-26T09:01:21+00:00","breadcrumb":{"@id":"https:\/\/www.domtechnikpro.com\/index.php\/produkt\/kuchynska-baterie-mexen-flex-chromova-seda-670900-06-dokud-zasoby-vydrzi-52967\/#breadcrumb"},"inLanguage":"cs","potentialAction":[{"@type":"ReadAction","target":["https:\/\/www.domtechnikpro.com\/index.php\/produkt\/kuchynska-baterie-mexen-flex-chromova-seda-670900-06-dokud-zasoby-vydrzi-52967\/"]}]},{"@type":"ImageObject","inLanguage":"cs","@id":"https:\/\/www.domtechnikpro.com\/index.php\/produkt\/kuchynska-baterie-mexen-flex-chromova-seda-670900-06-dokud-zasoby-vydrzi-52967\/#primaryimage","url":"https:\/\/www.domtechnikpro.com\/wp-content\/uploads\/2026\/SK0001340-CZ20260425-093041-0-1777080643-kuchynska-baterie-mexen-flex-chromova-seda.webp","contentUrl":"https:\/\/www.domtechnikpro.com\/wp-content\/uploads\/2026\/SK0001340-CZ20260425-093041-0-1777080643-kuchynska-baterie-mexen-flex-chromova-seda.webp","width":506,"height":800},{"@type":"BreadcrumbList","@id":"https:\/\/www.domtechnikpro.com\/index.php\/produkt\/kuchynska-baterie-mexen-flex-chromova-seda-670900-06-dokud-zasoby-vydrzi-52967\/#breadcrumb","itemListElement":[{"@type":"ListItem","position":1,"name":"Home","item":"https:\/\/www.domtechnikpro.com\/"},{"@type":"ListItem","position":2,"name":"Products","item":"https:\/\/www.domtechnikpro.com\/index.php\/products\/"},{"@type":"ListItem","position":3,"name":"Kuchy\u0148sk\u00e1 baterie MEXEN FLEX &#8211; chromov\u00e1\/\u0161ed\u00e1, 670900-06 Dokud Z\u00e1soby Vydr\u017e\u00ed"}]},{"@type":"WebSite","@id":"https:\/\/www.domtechnikpro.com\/#website","url":"https:\/\/www.domtechnikpro.com\/","name":"","description":"","potentialAction":[{"@type":"SearchAction","target":{"@type":"EntryPoint","urlTemplate":"https:\/\/www.domtechnikpro.com\/?s={search_term_string}"},"query-input":{"@type":"PropertyValueSpecification","valueRequired":true,"valueName":"search_term_string"}}],"inLanguage":"cs"}]}},"_links":{"self":[{"href":"https:\/\/www.domtechnikpro.com\/index.php\/wp-json\/wp\/v2\/product\/52967","targetHints":{"allow":["GET"]}}],"collection":[{"href":"https:\/\/www.domtechnikpro.com\/index.php\/wp-json\/wp\/v2\/product"}],"about":[{"href":"https:\/\/www.domtechnikpro.com\/index.php\/wp-json\/wp\/v2\/types\/product"}],"replies":[{"embeddable":true,"href":"https:\/\/www.domtechnikpro.com\/index.php\/wp-json\/wp\/v2\/comments?post=52967"}],"wp:featuredmedia":[{"embeddable":true,"href":"https:\/\/www.domtechnikpro.com\/index.php\/wp-json\/wp\/v2\/media\/53067"}],"wp:attachment":[{"href":"https:\/\/www.domtechnikpro.com\/index.php\/wp-json\/wp\/v2\/media?parent=52967"}],"wp:term":[{"taxonomy":"product_brand","embeddable":true,"href":"https:\/\/www.domtechnikpro.com\/index.php\/wp-json\/wp\/v2\/product_brand?post=52967"},{"taxonomy":"product_cat","embeddable":true,"href":"https:\/\/www.domtechnikpro.com\/index.php\/wp-json\/wp\/v2\/product_cat?post=52967"},{"taxonomy":"product_tag","embeddable":true,"href":"https:\/\/www.domtechnikpro.com\/index.php\/wp-json\/wp\/v2\/product_tag?post=52967"}],"curies":[{"name":"wp","href":"https:\/\/api.w.org\/{rel}","templated":true}]}}