{"id":52714,"date":"2026-04-26T09:01:19","date_gmt":"2026-04-26T09:01:19","guid":{"rendered":""},"modified":"2026-04-26T09:01:19","modified_gmt":"2026-04-26T09:01:19","slug":"znackovy-santech-asymetricka-vana-viky-150x80-cm-leva-savik150l-span-class-product-appendix-doprava-zdarma-pri-platbe-prevodem-sleva-span-52714","status":"publish","type":"product","link":"https:\/\/www.domtechnikpro.com\/index.php\/produkt\/znackovy-santech-asymetricka-vana-viky-150x80-cm-leva-savik150l-span-class-product-appendix-doprava-zdarma-pri-platbe-prevodem-sleva-span-52714\/","title":{"rendered":"Zna\u010dkov\u00fd SANTECH asymetrick\u00e1 vana VIKY 150&#215;80 cm, lev\u00e1, SAVIK150L <span class=\"product-appendix\"> + doprava zdarma + p\u0159i platb\u011b p\u0159evodem sleva<\/span>"},"content":{"rendered":"<div class=\"basic-description\">\n<p>Ost\u0159e \u0159ezan\u00e9 kontury a minimalistick\u00fd tvar navozuj\u00ed v mal\u00e9 koupeln\u011b celkov\u00fd dojem \u010distoty a elegance. P\u0159\u00edjemn\u011b geometrick\u00e1 vana VIKY koresponduje s trendy dne\u0161n\u00edch modern\u00edch koupelen. P\u0159i p\u016fdorysn\u00fdch rozm\u011brech 150\/80\/55 cm V\u00e1m VIKY v koupeln\u011b p\u0159\u00edli\u0161 m\u00edsta nezabere. Novinka s asymetrick\u00fdm vnit\u0159n\u00edm tvarem maxim\u00e1ln\u011b vyu\u017e\u00edv\u00e1 koupac\u00ed prostor a p\u0159itom neztr\u00e1c\u00ed pohodlnost.<\/p>\n<p><span>Vana je vyrobena z\u00a0<\/span><strong>lit\u00e9ho akryl\u00e1tu PMMA<\/strong><span>, kter\u00fd je odoln\u00fd proti povrchov\u00e9mu po\u0161kr\u00e1b\u00e1n\u00ed, povrch je hladk\u00fd a nepor\u00e9zn\u00ed, m\u00e1 izola\u010dn\u00ed vlastnosti a je barevn\u011b st\u00e1l\u00fd. Tlou\u0161\u0165ka akryl\u00e1tu \u010din\u00ed 4 mm.<\/span><\/p>\n<h4>Lit\u00fd akryl\u00e1t PMMA vynik\u00e1 p\u0159edev\u0161\u00edm t\u011bmito vlastnostmi:<\/h4>\n<ul>\n<li>vany jsou odoln\u00e9 proti povrchov\u00e9mu po\u0161kr\u00e1b\u00e1n\u00ed<\/li>\n<li>v\u00fdborn\u011b odol\u00e1vaj\u00ed b\u011b\u017en\u00fdm dom\u00e1c\u00edm chemik\u00e1li\u00edm<\/li>\n<li>ve van\u00e1ch m\u016f\u017eete pou\u017e\u00edvat ve\u0161ker\u00e9 dostupn\u00e9 osobn\u00ed hygienick\u00e9 prost\u0159edky<\/li>\n<li>vyzna\u010duj\u00ed se barevnou st\u00e1lost\u00ed po celou dobu \u017eivotnosti<\/li>\n<li>povrch van je hladk\u00fd a nepor\u00e9zn\u00ed, na povrchu van se neusazuj\u00ed ne\u010distoty<\/li>\n<li>m\u00e1 vynikaj\u00edc\u00ed izola\u010dn\u00ed vlastnosti<\/li>\n<li>povrch van je natolik tvrd\u00fd, \u017ee v p\u0159\u00edpad\u011b po\u0161kozen\u00ed povrchu m\u016f\u017eete vanu brousit a le\u0161tit do p\u016fvodn\u00ed podoby<\/li>\n<li>antibakteri\u00e1ln\u00ed \u00faprava povrchu je standardn\u011b prov\u00e1d\u011bna u v\u0161ech typ\u016f van<\/li>\n<li>\u017eivotnost t\u011bchto termoplast\u016f je minim\u00e1ln\u011b 20 let<\/li>\n<\/ul>\n<p><span style=\"color: #ff0000;\"><strong>Podpory (no\u017ei\u010dky) k\u00a0van\u011b ani vanov\u00e1 v\u00fdpus\u0165 &#8211; nejsou sou\u010d\u00e1st\u00ed &#8211; mus\u00ed se objedn\u00e1vat zvl\u00e1\u0161\u0165.<\/strong><\/span><\/p>\n<p><span><span style=\"color: #ff0000;\">Vana se mus\u00ed instalovat na origin\u00e1ln\u00ed podpory Santech.\u00a0<\/span>Origin\u00e1ln\u00ed podpory zajist\u00ed bezpe\u010dnou a\u00a0spr\u00e1vnou mont\u00e1\u017e samotn\u00e9 vany. Sou\u010d\u00e1st\u00ed t\u011bchto podpor jsou \u00fachyty pro upevn\u011bn\u00ed vany ke zdi.<\/span><\/p>\n<p><span><strong>Mont\u00e1\u017e vany s\u00a0kryc\u00edm panelem<\/strong><\/span><\/p>\n<p><span>Kryc\u00ed panel je ide\u00e1ln\u00ed volbou v\u00a0p\u0159\u00edpad\u011b, kdy nechcete vanu obezd\u00edvat a obkl\u00e1dat obkladem \u010di mozaikou. Kryc\u00ed panel je v\u017edy nutn\u00e9 instalovat na samonosn\u00fd kovov\u00fd r\u00e1m. Tento r\u00e1m je v\u00a0p\u0159\u00edpad\u011b objedn\u00e1n\u00ed dod\u00e1v\u00e1n ve smontovan\u00e9m stavu spolu s\u00a0vanou. Samotn\u00e9 uchycen\u00ed kryc\u00edho panelu k r\u00e1mu je snadn\u00e9 a rychl\u00e9. Bez r\u00e1mu nen\u00ed mo\u017en\u00e9 panel instalovat.<\/span><\/p>\n<\/p><\/div>\n<\/p><\/div>\n<\/p><\/div>\n","protected":false},"excerpt":{"rendered":"<p>Ost\u0159e \u0159ezan\u00e9 kontury a minimalistick\u00fd tvar navozuj\u00ed v mal\u00e9 koupeln\u011b celkov\u00fd dojem \u010distoty a elegance. P\u0159\u00edjemn\u011b geometrick\u00e1 vana VIKY koresponduje s trendy dne\u0161n\u00edch modern\u00edch koupelen. P\u0159i p\u016fdorysn\u00fdch rozm\u011brech 150\/80\/55 cm V\u00e1m VIKY v koupeln\u011b p\u0159\u00edli\u0161 m\u00edsta nezabere. Novinka s asymetrick\u00fdm vnit\u0159n\u00edm tvarem maxim\u00e1ln\u011b vyu\u017e\u00edv\u00e1 koupac\u00ed prostor a p\u0159itom neztr\u00e1c\u00ed pohodlnost. Vana je vyrobena z\u00a0lit\u00e9ho akryl\u00e1tu [&hellip;]<\/p>\n","protected":false},"featured_media":52814,"comment_status":"open","ping_status":"open","template":"","meta":[],"product_brand":[],"product_cat":[144],"product_tag":[],"class_list":{"0":"post-52714","1":"product","2":"type-product","3":"status-publish","4":"has-post-thumbnail","6":"product_cat-vany","8":"first","9":"instock","10":"sale","11":"shipping-taxable","12":"purchasable","13":"product-type-simple"},"yoast_head":"<!-- This site is optimized with the Yoast SEO plugin v26.8 - https:\/\/yoast.com\/product\/yoast-seo-wordpress\/ -->\n<title>Zna\u010dkov\u00fd SANTECH asymetrick\u00e1 vana VIKY 150x80 cm, lev\u00e1, SAVIK150L  + doprava zdarma + p\u0159i platb\u011b p\u0159evodem sleva -<\/title>\n<meta name=\"robots\" content=\"index, follow, max-snippet:-1, max-image-preview:large, max-video-preview:-1\" \/>\n<link rel=\"canonical\" href=\"https:\/\/www.domtechnikpro.com\/index.php\/produkt\/znackovy-santech-asymetricka-vana-viky-150x80-cm-leva-savik150l-span-class-product-appendix-doprava-zdarma-pri-platbe-prevodem-sleva-span-52714\/\" \/>\n<meta property=\"og:locale\" content=\"cs_CZ\" \/>\n<meta property=\"og:type\" content=\"article\" \/>\n<meta property=\"og:title\" content=\"Zna\u010dkov\u00fd SANTECH asymetrick\u00e1 vana VIKY 150x80 cm, lev\u00e1, SAVIK150L  + doprava zdarma + p\u0159i platb\u011b p\u0159evodem sleva -\" \/>\n<meta property=\"og:description\" content=\"Ost\u0159e \u0159ezan\u00e9 kontury a minimalistick\u00fd tvar navozuj\u00ed v mal\u00e9 koupeln\u011b celkov\u00fd dojem \u010distoty a elegance. P\u0159\u00edjemn\u011b geometrick\u00e1 vana VIKY koresponduje s trendy dne\u0161n\u00edch modern\u00edch koupelen. P\u0159i p\u016fdorysn\u00fdch rozm\u011brech 150\/80\/55 cm V\u00e1m VIKY v koupeln\u011b p\u0159\u00edli\u0161 m\u00edsta nezabere. Novinka s asymetrick\u00fdm vnit\u0159n\u00edm tvarem maxim\u00e1ln\u011b vyu\u017e\u00edv\u00e1 koupac\u00ed prostor a p\u0159itom neztr\u00e1c\u00ed pohodlnost. Vana je vyrobena z\u00a0lit\u00e9ho akryl\u00e1tu [&hellip;]\" \/>\n<meta property=\"og:url\" content=\"https:\/\/www.domtechnikpro.com\/index.php\/produkt\/znackovy-santech-asymetricka-vana-viky-150x80-cm-leva-savik150l-span-class-product-appendix-doprava-zdarma-pri-platbe-prevodem-sleva-span-52714\/\" \/>\n<meta property=\"og:image\" content=\"https:\/\/www.domtechnikpro.com\/wp-content\/uploads\/2026\/SK0003249-CZ20260425-092934-0-1777080574-73138-2_vana-viky-l.webp\" \/>\n\t<meta property=\"og:image:width\" content=\"533\" \/>\n\t<meta property=\"og:image:height\" content=\"800\" \/>\n\t<meta property=\"og:image:type\" content=\"image\/webp\" \/>\n<meta name=\"twitter:card\" content=\"summary_large_image\" \/>\n<meta name=\"twitter:label1\" content=\"Odhadovan\u00e1 doba \u010dten\u00ed\" \/>\n\t<meta name=\"twitter:data1\" content=\"2 minuty\" \/>\n<script type=\"application\/ld+json\" class=\"yoast-schema-graph\">{\"@context\":\"https:\/\/schema.org\",\"@graph\":[{\"@type\":\"WebPage\",\"@id\":\"https:\/\/www.domtechnikpro.com\/index.php\/produkt\/znackovy-santech-asymetricka-vana-viky-150x80-cm-leva-savik150l-span-class-product-appendix-doprava-zdarma-pri-platbe-prevodem-sleva-span-52714\/\",\"url\":\"https:\/\/www.domtechnikpro.com\/index.php\/produkt\/znackovy-santech-asymetricka-vana-viky-150x80-cm-leva-savik150l-span-class-product-appendix-doprava-zdarma-pri-platbe-prevodem-sleva-span-52714\/\",\"name\":\"Zna\u010dkov\u00fd SANTECH asymetrick\u00e1 vana VIKY 150x80 cm, lev\u00e1, SAVIK150L + doprava zdarma + p\u0159i platb\u011b p\u0159evodem sleva -\",\"isPartOf\":{\"@id\":\"https:\/\/www.domtechnikpro.com\/#website\"},\"primaryImageOfPage\":{\"@id\":\"https:\/\/www.domtechnikpro.com\/index.php\/produkt\/znackovy-santech-asymetricka-vana-viky-150x80-cm-leva-savik150l-span-class-product-appendix-doprava-zdarma-pri-platbe-prevodem-sleva-span-52714\/#primaryimage\"},\"image\":{\"@id\":\"https:\/\/www.domtechnikpro.com\/index.php\/produkt\/znackovy-santech-asymetricka-vana-viky-150x80-cm-leva-savik150l-span-class-product-appendix-doprava-zdarma-pri-platbe-prevodem-sleva-span-52714\/#primaryimage\"},\"thumbnailUrl\":\"https:\/\/www.domtechnikpro.com\/wp-content\/uploads\/2026\/SK0003249-CZ20260425-092934-0-1777080574-73138-2_vana-viky-l.webp\",\"datePublished\":\"2026-04-26T09:01:19+00:00\",\"breadcrumb\":{\"@id\":\"https:\/\/www.domtechnikpro.com\/index.php\/produkt\/znackovy-santech-asymetricka-vana-viky-150x80-cm-leva-savik150l-span-class-product-appendix-doprava-zdarma-pri-platbe-prevodem-sleva-span-52714\/#breadcrumb\"},\"inLanguage\":\"cs\",\"potentialAction\":[{\"@type\":\"ReadAction\",\"target\":[\"https:\/\/www.domtechnikpro.com\/index.php\/produkt\/znackovy-santech-asymetricka-vana-viky-150x80-cm-leva-savik150l-span-class-product-appendix-doprava-zdarma-pri-platbe-prevodem-sleva-span-52714\/\"]}]},{\"@type\":\"ImageObject\",\"inLanguage\":\"cs\",\"@id\":\"https:\/\/www.domtechnikpro.com\/index.php\/produkt\/znackovy-santech-asymetricka-vana-viky-150x80-cm-leva-savik150l-span-class-product-appendix-doprava-zdarma-pri-platbe-prevodem-sleva-span-52714\/#primaryimage\",\"url\":\"https:\/\/www.domtechnikpro.com\/wp-content\/uploads\/2026\/SK0003249-CZ20260425-092934-0-1777080574-73138-2_vana-viky-l.webp\",\"contentUrl\":\"https:\/\/www.domtechnikpro.com\/wp-content\/uploads\/2026\/SK0003249-CZ20260425-092934-0-1777080574-73138-2_vana-viky-l.webp\",\"width\":533,\"height\":800},{\"@type\":\"BreadcrumbList\",\"@id\":\"https:\/\/www.domtechnikpro.com\/index.php\/produkt\/znackovy-santech-asymetricka-vana-viky-150x80-cm-leva-savik150l-span-class-product-appendix-doprava-zdarma-pri-platbe-prevodem-sleva-span-52714\/#breadcrumb\",\"itemListElement\":[{\"@type\":\"ListItem\",\"position\":1,\"name\":\"Home\",\"item\":\"https:\/\/www.domtechnikpro.com\/\"},{\"@type\":\"ListItem\",\"position\":2,\"name\":\"Products\",\"item\":\"https:\/\/www.domtechnikpro.com\/index.php\/products\/\"},{\"@type\":\"ListItem\",\"position\":3,\"name\":\"Zna\u010dkov\u00fd SANTECH asymetrick\u00e1 vana VIKY 150&#215;80 cm, lev\u00e1, SAVIK150L + doprava zdarma + p\u0159i platb\u011b p\u0159evodem sleva\"}]},{\"@type\":\"WebSite\",\"@id\":\"https:\/\/www.domtechnikpro.com\/#website\",\"url\":\"https:\/\/www.domtechnikpro.com\/\",\"name\":\"\",\"description\":\"\",\"potentialAction\":[{\"@type\":\"SearchAction\",\"target\":{\"@type\":\"EntryPoint\",\"urlTemplate\":\"https:\/\/www.domtechnikpro.com\/?s={search_term_string}\"},\"query-input\":{\"@type\":\"PropertyValueSpecification\",\"valueRequired\":true,\"valueName\":\"search_term_string\"}}],\"inLanguage\":\"cs\"}]}<\/script>\n<!-- \/ Yoast SEO plugin. -->","yoast_head_json":{"title":"Zna\u010dkov\u00fd SANTECH asymetrick\u00e1 vana VIKY 150x80 cm, lev\u00e1, SAVIK150L  + doprava zdarma + p\u0159i platb\u011b p\u0159evodem sleva -","robots":{"index":"index","follow":"follow","max-snippet":"max-snippet:-1","max-image-preview":"max-image-preview:large","max-video-preview":"max-video-preview:-1"},"canonical":"https:\/\/www.domtechnikpro.com\/index.php\/produkt\/znackovy-santech-asymetricka-vana-viky-150x80-cm-leva-savik150l-span-class-product-appendix-doprava-zdarma-pri-platbe-prevodem-sleva-span-52714\/","og_locale":"cs_CZ","og_type":"article","og_title":"Zna\u010dkov\u00fd SANTECH asymetrick\u00e1 vana VIKY 150x80 cm, lev\u00e1, SAVIK150L  + doprava zdarma + p\u0159i platb\u011b p\u0159evodem sleva -","og_description":"Ost\u0159e \u0159ezan\u00e9 kontury a minimalistick\u00fd tvar navozuj\u00ed v mal\u00e9 koupeln\u011b celkov\u00fd dojem \u010distoty a elegance. P\u0159\u00edjemn\u011b geometrick\u00e1 vana VIKY koresponduje s trendy dne\u0161n\u00edch modern\u00edch koupelen. P\u0159i p\u016fdorysn\u00fdch rozm\u011brech 150\/80\/55 cm V\u00e1m VIKY v koupeln\u011b p\u0159\u00edli\u0161 m\u00edsta nezabere. Novinka s asymetrick\u00fdm vnit\u0159n\u00edm tvarem maxim\u00e1ln\u011b vyu\u017e\u00edv\u00e1 koupac\u00ed prostor a p\u0159itom neztr\u00e1c\u00ed pohodlnost. Vana je vyrobena z\u00a0lit\u00e9ho akryl\u00e1tu [&hellip;]","og_url":"https:\/\/www.domtechnikpro.com\/index.php\/produkt\/znackovy-santech-asymetricka-vana-viky-150x80-cm-leva-savik150l-span-class-product-appendix-doprava-zdarma-pri-platbe-prevodem-sleva-span-52714\/","og_image":[{"width":533,"height":800,"url":"https:\/\/www.domtechnikpro.com\/wp-content\/uploads\/2026\/SK0003249-CZ20260425-092934-0-1777080574-73138-2_vana-viky-l.webp","type":"image\/webp"}],"twitter_card":"summary_large_image","twitter_misc":{"Odhadovan\u00e1 doba \u010dten\u00ed":"2 minuty"},"schema":{"@context":"https:\/\/schema.org","@graph":[{"@type":"WebPage","@id":"https:\/\/www.domtechnikpro.com\/index.php\/produkt\/znackovy-santech-asymetricka-vana-viky-150x80-cm-leva-savik150l-span-class-product-appendix-doprava-zdarma-pri-platbe-prevodem-sleva-span-52714\/","url":"https:\/\/www.domtechnikpro.com\/index.php\/produkt\/znackovy-santech-asymetricka-vana-viky-150x80-cm-leva-savik150l-span-class-product-appendix-doprava-zdarma-pri-platbe-prevodem-sleva-span-52714\/","name":"Zna\u010dkov\u00fd SANTECH asymetrick\u00e1 vana VIKY 150x80 cm, lev\u00e1, SAVIK150L + doprava zdarma + p\u0159i platb\u011b p\u0159evodem sleva -","isPartOf":{"@id":"https:\/\/www.domtechnikpro.com\/#website"},"primaryImageOfPage":{"@id":"https:\/\/www.domtechnikpro.com\/index.php\/produkt\/znackovy-santech-asymetricka-vana-viky-150x80-cm-leva-savik150l-span-class-product-appendix-doprava-zdarma-pri-platbe-prevodem-sleva-span-52714\/#primaryimage"},"image":{"@id":"https:\/\/www.domtechnikpro.com\/index.php\/produkt\/znackovy-santech-asymetricka-vana-viky-150x80-cm-leva-savik150l-span-class-product-appendix-doprava-zdarma-pri-platbe-prevodem-sleva-span-52714\/#primaryimage"},"thumbnailUrl":"https:\/\/www.domtechnikpro.com\/wp-content\/uploads\/2026\/SK0003249-CZ20260425-092934-0-1777080574-73138-2_vana-viky-l.webp","datePublished":"2026-04-26T09:01:19+00:00","breadcrumb":{"@id":"https:\/\/www.domtechnikpro.com\/index.php\/produkt\/znackovy-santech-asymetricka-vana-viky-150x80-cm-leva-savik150l-span-class-product-appendix-doprava-zdarma-pri-platbe-prevodem-sleva-span-52714\/#breadcrumb"},"inLanguage":"cs","potentialAction":[{"@type":"ReadAction","target":["https:\/\/www.domtechnikpro.com\/index.php\/produkt\/znackovy-santech-asymetricka-vana-viky-150x80-cm-leva-savik150l-span-class-product-appendix-doprava-zdarma-pri-platbe-prevodem-sleva-span-52714\/"]}]},{"@type":"ImageObject","inLanguage":"cs","@id":"https:\/\/www.domtechnikpro.com\/index.php\/produkt\/znackovy-santech-asymetricka-vana-viky-150x80-cm-leva-savik150l-span-class-product-appendix-doprava-zdarma-pri-platbe-prevodem-sleva-span-52714\/#primaryimage","url":"https:\/\/www.domtechnikpro.com\/wp-content\/uploads\/2026\/SK0003249-CZ20260425-092934-0-1777080574-73138-2_vana-viky-l.webp","contentUrl":"https:\/\/www.domtechnikpro.com\/wp-content\/uploads\/2026\/SK0003249-CZ20260425-092934-0-1777080574-73138-2_vana-viky-l.webp","width":533,"height":800},{"@type":"BreadcrumbList","@id":"https:\/\/www.domtechnikpro.com\/index.php\/produkt\/znackovy-santech-asymetricka-vana-viky-150x80-cm-leva-savik150l-span-class-product-appendix-doprava-zdarma-pri-platbe-prevodem-sleva-span-52714\/#breadcrumb","itemListElement":[{"@type":"ListItem","position":1,"name":"Home","item":"https:\/\/www.domtechnikpro.com\/"},{"@type":"ListItem","position":2,"name":"Products","item":"https:\/\/www.domtechnikpro.com\/index.php\/products\/"},{"@type":"ListItem","position":3,"name":"Zna\u010dkov\u00fd SANTECH asymetrick\u00e1 vana VIKY 150&#215;80 cm, lev\u00e1, SAVIK150L + doprava zdarma + p\u0159i platb\u011b p\u0159evodem sleva"}]},{"@type":"WebSite","@id":"https:\/\/www.domtechnikpro.com\/#website","url":"https:\/\/www.domtechnikpro.com\/","name":"","description":"","potentialAction":[{"@type":"SearchAction","target":{"@type":"EntryPoint","urlTemplate":"https:\/\/www.domtechnikpro.com\/?s={search_term_string}"},"query-input":{"@type":"PropertyValueSpecification","valueRequired":true,"valueName":"search_term_string"}}],"inLanguage":"cs"}]}},"_links":{"self":[{"href":"https:\/\/www.domtechnikpro.com\/index.php\/wp-json\/wp\/v2\/product\/52714","targetHints":{"allow":["GET"]}}],"collection":[{"href":"https:\/\/www.domtechnikpro.com\/index.php\/wp-json\/wp\/v2\/product"}],"about":[{"href":"https:\/\/www.domtechnikpro.com\/index.php\/wp-json\/wp\/v2\/types\/product"}],"replies":[{"embeddable":true,"href":"https:\/\/www.domtechnikpro.com\/index.php\/wp-json\/wp\/v2\/comments?post=52714"}],"wp:featuredmedia":[{"embeddable":true,"href":"https:\/\/www.domtechnikpro.com\/index.php\/wp-json\/wp\/v2\/media\/52814"}],"wp:attachment":[{"href":"https:\/\/www.domtechnikpro.com\/index.php\/wp-json\/wp\/v2\/media?parent=52714"}],"wp:term":[{"taxonomy":"product_brand","embeddable":true,"href":"https:\/\/www.domtechnikpro.com\/index.php\/wp-json\/wp\/v2\/product_brand?post=52714"},{"taxonomy":"product_cat","embeddable":true,"href":"https:\/\/www.domtechnikpro.com\/index.php\/wp-json\/wp\/v2\/product_cat?post=52714"},{"taxonomy":"product_tag","embeddable":true,"href":"https:\/\/www.domtechnikpro.com\/index.php\/wp-json\/wp\/v2\/product_tag?post=52714"}],"curies":[{"name":"wp","href":"https:\/\/api.w.org\/{rel}","templated":true}]}}