{"id":4958,"date":"2026-04-26T08:52:00","date_gmt":"2026-04-26T08:52:00","guid":{"rendered":""},"modified":"2026-04-26T08:52:00","modified_gmt":"2026-04-26T08:52:00","slug":"znackovy-schneider-harmony-zb5-av043-quot-e-quot-ru-4958","status":"publish","type":"product","link":"https:\/\/www.domtechnikpro.com\/index.php\/produkt\/znackovy-schneider-harmony-zb5-av043-quot-e-quot-ru-4958\/","title":{"rendered":"Zna\u010dkov\u00fd Schneider HARMONY ZB5-AV043 &quot;E&quot; RU"},"content":{"rendered":"<div id=\"e8971119\" class=\"pages\">\n<div id=\"PDDescription\" class=\"UserContentView userContent v1a v1 bs-view dcon dc150 PDDescription\" >\n<div style=\"font: 14px\/20px Helvetica, Arial, sans-serif; color: #333333; text-transform: none; text-indent: 0px; letter-spacing: normal; word-spacing: 0px; white-space: normal; box-sizing: border-box; widows: 1; background-color: #ffffff; -webkit-text-stroke-width: 0px;\">\n<div class=\"HTMLEDIT\" style=\"box-sizing: border-box;\">\n<p style=\"margin: 0px 0px 10px; box-sizing: border-box;\"><strong style=\"font-weight: bold; box-sizing: border-box;\"><span class=\"boldGreyLevel3\" style=\"box-sizing: border-box;\">\u010cerven\u00e1 sign\u00e1ln\u00ed hlavice \u00d822 pln\u00e1 \u010do\u010dka pro integ. LED<\/span><\/strong><\/p>\n<ul style=\"margin-top: 0px; margin-bottom: 10px; box-sizing: border-box;\">\n<li style=\"box-sizing: border-box;\">\u0158ada v\u00fdrobk\u016f: Harmony XB5 \u00a0<\/li>\n<li style=\"box-sizing: border-box;\">Typ produktu nebo sou\u010d\u00e1sti: Hlava pro sign\u00e1lku \u00a0<\/li>\n<li style=\"box-sizing: border-box;\">Kompatibilita: integrovan\u00e1 LED \u00a0<\/li>\n<li style=\"box-sizing: border-box;\">Ozna\u010den\u00ed p\u0159\u00edstroje: ZB5 \u00a0<\/li>\n<li style=\"box-sizing: border-box;\">Materi\u00e1l obruby: plast \u00a0<\/li>\n<li style=\"box-sizing: border-box;\">Pr\u016fm\u011br pro mont\u00e1\u017e: 22 mm \u00a0<\/li>\n<li style=\"box-sizing: border-box;\">Tvar hlavice: Kruh \u00a0<\/li>\n<li style=\"box-sizing: border-box;\">Barva hmatn\u00edku\/ovl\u00e1da\u010de nebo \u010do\u010dky: \u010derven\u00e1 \u00a0<\/li>\n<li style=\"box-sizing: border-box;\">Dal\u0161\u00ed informace o ovlada\u010di: s pln\u00fdmi \u010do\u010dkami \u00a0<\/li>\n<li style=\"box-sizing: border-box;\">Stupe\u0148 kryt\u00ed IP:\u00a0IP66 vyhovuje IEC 60529<\/li>\n<\/ul>\n<\/div>\n<\/div>\n<p>\u00a0<\/p>\n<div id=\"PDTable3\" class=\"ProductDetailTableView v3a v3 bs-view dcon dc175 PDTable3\" >\n<table>\n<thead><\/thead>\n<tbody>\n<tr class=\"attribute attr_bsshop_maker\">\n<td class=\"caption\">V\u00fdrobce<\/td>\n<td class=\"value\">Schneider<\/td>\n<\/tr>\n<\/tbody>\n<\/table><\/div>\n<\/div>\n<\/div>\n<div id=\"e8971120\" class=\"tabs\">\n","protected":false},"excerpt":{"rendered":"<p>\u010cerven\u00e1 sign\u00e1ln\u00ed hlavice \u00d822 pln\u00e1 \u010do\u010dka pro integ. LED \u0158ada v\u00fdrobk\u016f: Harmony XB5 \u00a0 Typ produktu nebo sou\u010d\u00e1sti: Hlava pro sign\u00e1lku \u00a0 Kompatibilita: integrovan\u00e1 LED \u00a0 Ozna\u010den\u00ed p\u0159\u00edstroje: ZB5 \u00a0 Materi\u00e1l obruby: plast \u00a0 Pr\u016fm\u011br pro mont\u00e1\u017e: 22 mm \u00a0 Tvar hlavice: Kruh \u00a0 Barva hmatn\u00edku\/ovl\u00e1da\u010de nebo \u010do\u010dky: \u010derven\u00e1 \u00a0 Dal\u0161\u00ed informace o ovlada\u010di: s [&hellip;]<\/p>\n","protected":false},"featured_media":5058,"comment_status":"open","ping_status":"open","template":"","meta":[],"product_brand":[],"product_cat":[39],"product_tag":[],"class_list":{"0":"post-4958","1":"product","2":"type-product","3":"status-publish","4":"has-post-thumbnail","6":"product_cat-elektromateri-225-l","8":"first","9":"instock","10":"sale","11":"shipping-taxable","12":"purchasable","13":"product-type-simple"},"yoast_head":"<!-- This site is optimized with the Yoast SEO plugin v26.8 - https:\/\/yoast.com\/product\/yoast-seo-wordpress\/ -->\n<title>Zna\u010dkov\u00fd Schneider HARMONY ZB5-AV043 &quot;E&quot; RU -<\/title>\n<meta name=\"robots\" content=\"index, follow, max-snippet:-1, max-image-preview:large, max-video-preview:-1\" \/>\n<link rel=\"canonical\" href=\"https:\/\/www.domtechnikpro.com\/index.php\/produkt\/znackovy-schneider-harmony-zb5-av043-quot-e-quot-ru-4958\/\" \/>\n<meta property=\"og:locale\" content=\"cs_CZ\" \/>\n<meta property=\"og:type\" content=\"article\" \/>\n<meta property=\"og:title\" content=\"Zna\u010dkov\u00fd Schneider HARMONY ZB5-AV043 &quot;E&quot; RU -\" \/>\n<meta property=\"og:description\" content=\"\u010cerven\u00e1 sign\u00e1ln\u00ed hlavice \u00d822 pln\u00e1 \u010do\u010dka pro integ. LED \u0158ada v\u00fdrobk\u016f: Harmony XB5 \u00a0 Typ produktu nebo sou\u010d\u00e1sti: Hlava pro sign\u00e1lku \u00a0 Kompatibilita: integrovan\u00e1 LED \u00a0 Ozna\u010den\u00ed p\u0159\u00edstroje: ZB5 \u00a0 Materi\u00e1l obruby: plast \u00a0 Pr\u016fm\u011br pro mont\u00e1\u017e: 22 mm \u00a0 Tvar hlavice: Kruh \u00a0 Barva hmatn\u00edku\/ovl\u00e1da\u010de nebo \u010do\u010dky: \u010derven\u00e1 \u00a0 Dal\u0161\u00ed informace o ovlada\u010di: s [&hellip;]\" \/>\n<meta property=\"og:url\" content=\"https:\/\/www.domtechnikpro.com\/index.php\/produkt\/znackovy-schneider-harmony-zb5-av043-quot-e-quot-ru-4958\/\" \/>\n<meta property=\"og:image\" content=\"https:\/\/www.domtechnikpro.com\/wp-content\/uploads\/2026\/SK0001979-CZ20260425-091623-0-1777079785-schneider-harmony-zb5-av043-e-ru.webp\" \/>\n\t<meta property=\"og:image:width\" content=\"1000\" \/>\n\t<meta property=\"og:image:height\" content=\"525\" \/>\n\t<meta property=\"og:image:type\" content=\"image\/webp\" \/>\n<meta name=\"twitter:card\" content=\"summary_large_image\" \/>\n<script type=\"application\/ld+json\" class=\"yoast-schema-graph\">{\"@context\":\"https:\/\/schema.org\",\"@graph\":[{\"@type\":\"WebPage\",\"@id\":\"https:\/\/www.domtechnikpro.com\/index.php\/produkt\/znackovy-schneider-harmony-zb5-av043-quot-e-quot-ru-4958\/\",\"url\":\"https:\/\/www.domtechnikpro.com\/index.php\/produkt\/znackovy-schneider-harmony-zb5-av043-quot-e-quot-ru-4958\/\",\"name\":\"Zna\u010dkov\u00fd Schneider HARMONY ZB5-AV043 &quot;E&quot; RU -\",\"isPartOf\":{\"@id\":\"https:\/\/www.domtechnikpro.com\/#website\"},\"primaryImageOfPage\":{\"@id\":\"https:\/\/www.domtechnikpro.com\/index.php\/produkt\/znackovy-schneider-harmony-zb5-av043-quot-e-quot-ru-4958\/#primaryimage\"},\"image\":{\"@id\":\"https:\/\/www.domtechnikpro.com\/index.php\/produkt\/znackovy-schneider-harmony-zb5-av043-quot-e-quot-ru-4958\/#primaryimage\"},\"thumbnailUrl\":\"https:\/\/www.domtechnikpro.com\/wp-content\/uploads\/2026\/SK0001979-CZ20260425-091623-0-1777079785-schneider-harmony-zb5-av043-e-ru.webp\",\"datePublished\":\"2026-04-26T08:52:00+00:00\",\"breadcrumb\":{\"@id\":\"https:\/\/www.domtechnikpro.com\/index.php\/produkt\/znackovy-schneider-harmony-zb5-av043-quot-e-quot-ru-4958\/#breadcrumb\"},\"inLanguage\":\"cs\",\"potentialAction\":[{\"@type\":\"ReadAction\",\"target\":[\"https:\/\/www.domtechnikpro.com\/index.php\/produkt\/znackovy-schneider-harmony-zb5-av043-quot-e-quot-ru-4958\/\"]}]},{\"@type\":\"ImageObject\",\"inLanguage\":\"cs\",\"@id\":\"https:\/\/www.domtechnikpro.com\/index.php\/produkt\/znackovy-schneider-harmony-zb5-av043-quot-e-quot-ru-4958\/#primaryimage\",\"url\":\"https:\/\/www.domtechnikpro.com\/wp-content\/uploads\/2026\/SK0001979-CZ20260425-091623-0-1777079785-schneider-harmony-zb5-av043-e-ru.webp\",\"contentUrl\":\"https:\/\/www.domtechnikpro.com\/wp-content\/uploads\/2026\/SK0001979-CZ20260425-091623-0-1777079785-schneider-harmony-zb5-av043-e-ru.webp\",\"width\":1000,\"height\":525},{\"@type\":\"BreadcrumbList\",\"@id\":\"https:\/\/www.domtechnikpro.com\/index.php\/produkt\/znackovy-schneider-harmony-zb5-av043-quot-e-quot-ru-4958\/#breadcrumb\",\"itemListElement\":[{\"@type\":\"ListItem\",\"position\":1,\"name\":\"Home\",\"item\":\"https:\/\/www.domtechnikpro.com\/\"},{\"@type\":\"ListItem\",\"position\":2,\"name\":\"Products\",\"item\":\"https:\/\/www.domtechnikpro.com\/index.php\/products\/\"},{\"@type\":\"ListItem\",\"position\":3,\"name\":\"Zna\u010dkov\u00fd Schneider HARMONY ZB5-AV043 &quot;E&quot; RU\"}]},{\"@type\":\"WebSite\",\"@id\":\"https:\/\/www.domtechnikpro.com\/#website\",\"url\":\"https:\/\/www.domtechnikpro.com\/\",\"name\":\"\",\"description\":\"\",\"potentialAction\":[{\"@type\":\"SearchAction\",\"target\":{\"@type\":\"EntryPoint\",\"urlTemplate\":\"https:\/\/www.domtechnikpro.com\/?s={search_term_string}\"},\"query-input\":{\"@type\":\"PropertyValueSpecification\",\"valueRequired\":true,\"valueName\":\"search_term_string\"}}],\"inLanguage\":\"cs\"}]}<\/script>\n<!-- \/ Yoast SEO plugin. -->","yoast_head_json":{"title":"Zna\u010dkov\u00fd Schneider HARMONY ZB5-AV043 &quot;E&quot; RU -","robots":{"index":"index","follow":"follow","max-snippet":"max-snippet:-1","max-image-preview":"max-image-preview:large","max-video-preview":"max-video-preview:-1"},"canonical":"https:\/\/www.domtechnikpro.com\/index.php\/produkt\/znackovy-schneider-harmony-zb5-av043-quot-e-quot-ru-4958\/","og_locale":"cs_CZ","og_type":"article","og_title":"Zna\u010dkov\u00fd Schneider HARMONY ZB5-AV043 &quot;E&quot; RU -","og_description":"\u010cerven\u00e1 sign\u00e1ln\u00ed hlavice \u00d822 pln\u00e1 \u010do\u010dka pro integ. LED \u0158ada v\u00fdrobk\u016f: Harmony XB5 \u00a0 Typ produktu nebo sou\u010d\u00e1sti: Hlava pro sign\u00e1lku \u00a0 Kompatibilita: integrovan\u00e1 LED \u00a0 Ozna\u010den\u00ed p\u0159\u00edstroje: ZB5 \u00a0 Materi\u00e1l obruby: plast \u00a0 Pr\u016fm\u011br pro mont\u00e1\u017e: 22 mm \u00a0 Tvar hlavice: Kruh \u00a0 Barva hmatn\u00edku\/ovl\u00e1da\u010de nebo \u010do\u010dky: \u010derven\u00e1 \u00a0 Dal\u0161\u00ed informace o ovlada\u010di: s [&hellip;]","og_url":"https:\/\/www.domtechnikpro.com\/index.php\/produkt\/znackovy-schneider-harmony-zb5-av043-quot-e-quot-ru-4958\/","og_image":[{"width":1000,"height":525,"url":"https:\/\/www.domtechnikpro.com\/wp-content\/uploads\/2026\/SK0001979-CZ20260425-091623-0-1777079785-schneider-harmony-zb5-av043-e-ru.webp","type":"image\/webp"}],"twitter_card":"summary_large_image","schema":{"@context":"https:\/\/schema.org","@graph":[{"@type":"WebPage","@id":"https:\/\/www.domtechnikpro.com\/index.php\/produkt\/znackovy-schneider-harmony-zb5-av043-quot-e-quot-ru-4958\/","url":"https:\/\/www.domtechnikpro.com\/index.php\/produkt\/znackovy-schneider-harmony-zb5-av043-quot-e-quot-ru-4958\/","name":"Zna\u010dkov\u00fd Schneider HARMONY ZB5-AV043 &quot;E&quot; RU -","isPartOf":{"@id":"https:\/\/www.domtechnikpro.com\/#website"},"primaryImageOfPage":{"@id":"https:\/\/www.domtechnikpro.com\/index.php\/produkt\/znackovy-schneider-harmony-zb5-av043-quot-e-quot-ru-4958\/#primaryimage"},"image":{"@id":"https:\/\/www.domtechnikpro.com\/index.php\/produkt\/znackovy-schneider-harmony-zb5-av043-quot-e-quot-ru-4958\/#primaryimage"},"thumbnailUrl":"https:\/\/www.domtechnikpro.com\/wp-content\/uploads\/2026\/SK0001979-CZ20260425-091623-0-1777079785-schneider-harmony-zb5-av043-e-ru.webp","datePublished":"2026-04-26T08:52:00+00:00","breadcrumb":{"@id":"https:\/\/www.domtechnikpro.com\/index.php\/produkt\/znackovy-schneider-harmony-zb5-av043-quot-e-quot-ru-4958\/#breadcrumb"},"inLanguage":"cs","potentialAction":[{"@type":"ReadAction","target":["https:\/\/www.domtechnikpro.com\/index.php\/produkt\/znackovy-schneider-harmony-zb5-av043-quot-e-quot-ru-4958\/"]}]},{"@type":"ImageObject","inLanguage":"cs","@id":"https:\/\/www.domtechnikpro.com\/index.php\/produkt\/znackovy-schneider-harmony-zb5-av043-quot-e-quot-ru-4958\/#primaryimage","url":"https:\/\/www.domtechnikpro.com\/wp-content\/uploads\/2026\/SK0001979-CZ20260425-091623-0-1777079785-schneider-harmony-zb5-av043-e-ru.webp","contentUrl":"https:\/\/www.domtechnikpro.com\/wp-content\/uploads\/2026\/SK0001979-CZ20260425-091623-0-1777079785-schneider-harmony-zb5-av043-e-ru.webp","width":1000,"height":525},{"@type":"BreadcrumbList","@id":"https:\/\/www.domtechnikpro.com\/index.php\/produkt\/znackovy-schneider-harmony-zb5-av043-quot-e-quot-ru-4958\/#breadcrumb","itemListElement":[{"@type":"ListItem","position":1,"name":"Home","item":"https:\/\/www.domtechnikpro.com\/"},{"@type":"ListItem","position":2,"name":"Products","item":"https:\/\/www.domtechnikpro.com\/index.php\/products\/"},{"@type":"ListItem","position":3,"name":"Zna\u010dkov\u00fd Schneider HARMONY ZB5-AV043 &quot;E&quot; RU"}]},{"@type":"WebSite","@id":"https:\/\/www.domtechnikpro.com\/#website","url":"https:\/\/www.domtechnikpro.com\/","name":"","description":"","potentialAction":[{"@type":"SearchAction","target":{"@type":"EntryPoint","urlTemplate":"https:\/\/www.domtechnikpro.com\/?s={search_term_string}"},"query-input":{"@type":"PropertyValueSpecification","valueRequired":true,"valueName":"search_term_string"}}],"inLanguage":"cs"}]}},"_links":{"self":[{"href":"https:\/\/www.domtechnikpro.com\/index.php\/wp-json\/wp\/v2\/product\/4958","targetHints":{"allow":["GET"]}}],"collection":[{"href":"https:\/\/www.domtechnikpro.com\/index.php\/wp-json\/wp\/v2\/product"}],"about":[{"href":"https:\/\/www.domtechnikpro.com\/index.php\/wp-json\/wp\/v2\/types\/product"}],"replies":[{"embeddable":true,"href":"https:\/\/www.domtechnikpro.com\/index.php\/wp-json\/wp\/v2\/comments?post=4958"}],"wp:featuredmedia":[{"embeddable":true,"href":"https:\/\/www.domtechnikpro.com\/index.php\/wp-json\/wp\/v2\/media\/5058"}],"wp:attachment":[{"href":"https:\/\/www.domtechnikpro.com\/index.php\/wp-json\/wp\/v2\/media?parent=4958"}],"wp:term":[{"taxonomy":"product_brand","embeddable":true,"href":"https:\/\/www.domtechnikpro.com\/index.php\/wp-json\/wp\/v2\/product_brand?post=4958"},{"taxonomy":"product_cat","embeddable":true,"href":"https:\/\/www.domtechnikpro.com\/index.php\/wp-json\/wp\/v2\/product_cat?post=4958"},{"taxonomy":"product_tag","embeddable":true,"href":"https:\/\/www.domtechnikpro.com\/index.php\/wp-json\/wp\/v2\/product_tag?post=4958"}],"curies":[{"name":"wp","href":"https:\/\/api.w.org\/{rel}","templated":true}]}}