{"id":49098,"date":"2026-04-26T09:00:33","date_gmt":"2026-04-26T09:00:33","guid":{"rendered":""},"modified":"2026-04-26T09:00:33","modified_gmt":"2026-04-26T09:00:33","slug":"znackovy-manus-black-nerezovy-sprchovy-kanalek-ke-stene-s-rostem-onda-650x112x55mm-gmo22b-49098","status":"publish","type":"product","link":"https:\/\/www.domtechnikpro.com\/produkt\/znackovy-manus-black-nerezovy-sprchovy-kanalek-ke-stene-s-rostem-onda-650x112x55mm-gmo22b-49098\/","title":{"rendered":"Zna\u010dkov\u00fd MANUS BLACK nerezov\u00fd sprchov\u00fd kan\u00e1lek ke st\u011bn\u011b s ro\u0161tem ONDA, 650x112x55mm, GMO22B"},"content":{"rendered":"<div class=\"basic-description\">\n<ul>\n<li><span style=\"font-family: 'times new roman', times; font-size: 12pt;\">Instala\u010dn\u00ed rozm\u011bry: 650x112x55 mm<\/span><\/li>\n<li><span style=\"font-family: 'times new roman', times; font-size: 12pt;\">Rozm\u011br ro\u0161tu: 590&#215;78 mm<\/span><\/li>\n<li><span style=\"font-family: 'times new roman', times; font-size: 12pt;\">Zp\u016fsob instalace: ke st\u011bn\u011b<\/span><\/li>\n<\/ul>\n<p style=\"text-align: justify;\"><span style=\"font-family: 'times new roman', times; font-size: 12pt;\">Podlahov\u00e9 celonerezov\u00e9 kan\u00e1lky Manus s&nbsp;ro\u0161tem v&nbsp;modern\u00edm designu a dokonal\u00e9m zpracov\u00e1n\u00ed. Elegantn\u00ed \u0159e\u0161en\u00ed odvodn\u011bn\u00ed sprchov\u00fdch kout\u016f, kter\u00e9 umo\u017en\u00ed udr\u017eet kompaktn\u00ed a slad\u011bn\u00fd vzhled koupelny. Slou\u017e\u00ed k&nbsp;odvodn\u011bn\u00ed podlahov\u00fdch ploch uvnit\u0159 budov, zejm\u00e9na sprchov\u00fdch kout\u016f a koupelen, kde nahrazuje sprchovou vani\u010dku nebo podlahovou vpus\u0165.<\/span><\/p>\n<p><span style=\"font-family: 'times new roman', times; font-size: 12pt;\">&nbsp; &nbsp;&nbsp; &nbsp;<\/span><\/p>\n<ul>\n<li><span style=\"font-family: 'times new roman', times; font-size: 12pt;\">Kan\u00e1lky s&nbsp;nerezov\u00fdm sifonem a extra n\u00edzkou stavebn\u00ed v\u00fd\u0161kou<\/span><\/li>\n<li><span style=\"font-family: 'times new roman', times; font-size: 12pt;\">Instala\u010dn\u00ed v\u00fd\u0161ka 55 mm<\/span><\/li>\n<li><span style=\"font-family: 'times new roman', times; font-size: 12pt;\">\u0160\u00ed\u0159ka ro\u0161tu 70 mm<\/span><\/li>\n<li><span style=\"font-family: 'times new roman', times; font-size: 12pt;\">Pr\u016ftok 42 l\/min, odpad 50 mm<\/span><\/li>\n<li><span style=\"font-family: 'times new roman', times; font-size: 12pt;\">D\u00e9lkov\u00e9 rozp\u011bt\u00ed: 650 a\u017e 1250 mm<\/span><\/li>\n<li><span style=\"font-family: 'times new roman', times; font-size: 12pt;\">Umo\u017e\u0148uj\u00ed bezbari\u00e9rov\u00fd p\u0159\u00edstup do sprchov\u00e9ho koutu<\/span><\/li>\n<li><span style=\"font-family: 'times new roman', times; font-size: 12pt;\">T\u011blo kan\u00e1lku i&nbsp;sifonu je sva\u0159ov\u00e1no z&nbsp;nerezov\u00e9 oceli AISI304, co\u017e minimalizuje riziko vzniku net\u011bsnost\u00ed<\/span><\/li>\n<li><span style=\"font-family: 'times new roman', times; font-size: 12pt;\">V\u00fdtok DN50 je vhodn\u00fd pro v\u0161echny typy potrubn\u00edch syst\u00e9m\u016f<\/span><\/li>\n<li><span style=\"font-family: 'times new roman', times; font-size: 12pt;\">Sp\u00e1dovan\u00e9 dno \u017elabu pro rychlej\u0161\u00ed odtok vody<\/span><\/li>\n<li><span style=\"font-family: 'times new roman', times; font-size: 12pt;\">Snadno vyj\u00edmateln\u00fd a \u010distiteln\u00fd pachov\u00fd uz\u00e1v\u011br umo\u017e\u0148uje pln\u00fd p\u0159\u00edstup do odpadn\u00edho potrub\u00ed<\/span><\/li>\n<li><span style=\"font-family: 'times new roman', times; font-size: 12pt;\">Horizont\u00e1ln\u00ed lem pro jednoduch\u00e9 napojen\u00ed st\u011brkov\u00e9 izolace<\/span><\/li>\n<li><span style=\"font-family: 'times new roman', times; font-size: 12pt;\">Vertik\u00e1ln\u00ed lem pro instalaci ke st\u011bn\u011b<\/span><\/li>\n<\/ul>\n<h3><span style=\"font-family: 'times new roman', times; font-size: 12pt;\"><strong>D\u016fle\u017eit\u00e9 detaily<\/strong><\/span><\/h3>\n<p><span style=\"font-family: 'times new roman', times; font-size: 12pt;\"><strong>Ro\u0161ty a \u00fadr\u017eba<br \/><\/strong>Ro\u0161ty kan\u00e1lk\u016f MANUS maj\u00ed \u0161\u00ed\u0159ku jen 70 mm, jedine\u010dn\u00fd tvar a dokonale hladk\u00fd povrch.&nbsp;V\u0161echny sprchov\u00e9 kan\u00e1lky MANUS jsou kart\u00e1\u010dov\u00e1ny do sat\u00e9nov\u00e9ho lesku a maj\u00ed dokonale hladk\u00fd povrch. Proto se snadno udr\u017euj\u00ed, nebo\u0165 zbytky vody a m\u00fddla je mo\u017en\u00e9 snadno odstranit.<\/span><\/p>\n<p><span style=\"font-family: 'times new roman', times; font-size: 12pt;\">U\u017eivatelsk\u00fd komfort zvy\u0161uje \u00fa\u010dinn\u00fd protiz\u00e1pachov\u00fd uz\u00e1v\u011br, kter\u00fd je vyroben z&nbsp;nerez oceli s&nbsp;t\u011bsn\u00edc\u00edm O&nbsp;&#8211; krou\u017ekem. Tato konstrukce vylu\u010duje riziko ztr\u00e1ty t\u011bsnosti nebo poruchy, lze snadno demontovat a \u010distit. Poskytuje pln\u00fd p\u0159\u00edstup do odpadn\u00edho potrub\u00ed a jeho p\u0159\u00edpadn\u00e9 \u010di\u0161t\u011bn\u00ed.<\/span><\/p>\n<p><span style=\"font-family: 'times new roman', times; font-size: 12pt;\">&nbsp; &nbsp; &nbsp; &nbsp; &nbsp; &nbsp; &nbsp; &nbsp; &nbsp; &nbsp; &nbsp; &nbsp; &nbsp; &nbsp; &nbsp; &nbsp; &nbsp; &nbsp; &nbsp; &nbsp; &nbsp; &nbsp; &nbsp; &nbsp;&nbsp; &nbsp; &nbsp; &nbsp; &nbsp; &nbsp; &nbsp; &nbsp; &nbsp; &nbsp; &nbsp; &nbsp; &nbsp; &nbsp; &nbsp; &nbsp; &nbsp;&nbsp;&nbsp; &nbsp;&nbsp;<\/span><\/p>\n<p><span style=\"font-family: 'times new roman', times; font-size: 12pt;\"><strong>N\u00edzk\u00e1 instala\u010dn\u00ed v\u00fd\u0161ka<br \/><\/strong>Pouze 55 mm od horizont\u00e1ln\u00ed p\u0159\u00edruby kan\u00e1lku po dno sifonu p\u0159i zachov\u00e1n\u00ed vysok\u00e9ho pr\u016ftoku. Ocen\u00edte zejm\u00e9na p\u0159i rekonstrukc\u00edch koupelen, kdy u\u0161et\u0159\u00ed m\u00edsto, pr\u00e1ci a finance.<\/span><\/p>\n<p><span style=\"font-family: 'times new roman', times; font-size: 12pt;\"><strong>Staviteln\u00e9 nohy<\/strong><\/span><br \/><span style=\"font-family: 'times new roman', times; font-size: 12pt;\">Oh\u00fdbateln\u00e9 nohy kan\u00e1lku pomohou usadit kan\u00e1lek do pot\u0159ebn\u00e9 polohy a v\u00fd\u0161ky a v\u00fdrazn\u011b usnadn\u00ed instalaci.<\/span><\/p>\n<p><span style=\"font-family: 'times new roman', times; font-size: 12pt;\"><\/span><\/p>\n<\/p><\/div>\n<\/p><\/div>\n<\/p><\/div>\n","protected":false},"excerpt":{"rendered":"<p>Instala\u010dn\u00ed rozm\u011bry: 650x112x55 mm Rozm\u011br ro\u0161tu: 590&#215;78 mm Zp\u016fsob instalace: ke st\u011bn\u011b Podlahov\u00e9 celonerezov\u00e9 kan\u00e1lky Manus s&nbsp;ro\u0161tem v&nbsp;modern\u00edm designu a dokonal\u00e9m zpracov\u00e1n\u00ed. Elegantn\u00ed \u0159e\u0161en\u00ed odvodn\u011bn\u00ed sprchov\u00fdch kout\u016f, kter\u00e9 umo\u017en\u00ed udr\u017eet kompaktn\u00ed a slad\u011bn\u00fd vzhled koupelny. Slou\u017e\u00ed k&nbsp;odvodn\u011bn\u00ed podlahov\u00fdch ploch uvnit\u0159 budov, zejm\u00e9na sprchov\u00fdch kout\u016f a koupelen, kde nahrazuje sprchovou vani\u010dku nebo podlahovou vpus\u0165. &nbsp; &nbsp;&nbsp; [&hellip;]<\/p>\n","protected":false},"featured_media":49198,"comment_status":"open","ping_status":"open","template":"","meta":[],"product_brand":[],"product_cat":[170],"product_tag":[],"class_list":{"0":"post-49098","1":"product","2":"type-product","3":"status-publish","4":"has-post-thumbnail","6":"product_cat-sprchove-kouty-vanicky-a-zlaby","8":"first","9":"instock","10":"sale","11":"shipping-taxable","12":"purchasable","13":"product-type-simple"},"yoast_head":"<!-- This site is optimized with the Yoast SEO plugin v26.8 - https:\/\/yoast.com\/product\/yoast-seo-wordpress\/ -->\n<title>Zna\u010dkov\u00fd MANUS BLACK nerezov\u00fd sprchov\u00fd kan\u00e1lek ke st\u011bn\u011b s ro\u0161tem ONDA, 650x112x55mm, GMO22B - Pr\u016fmyslov\u00e9 vybaven\u00ed a p\u0159\u00edslu\u0161enstv\u00ed<\/title>\n<meta name=\"robots\" content=\"index, follow, max-snippet:-1, max-image-preview:large, max-video-preview:-1\" \/>\n<link rel=\"canonical\" href=\"https:\/\/www.domtechnikpro.com\/index.php\/produkt\/znackovy-manus-black-nerezovy-sprchovy-kanalek-ke-stene-s-rostem-onda-650x112x55mm-gmo22b-49098\/\" \/>\n<meta property=\"og:locale\" content=\"cs_CZ\" \/>\n<meta property=\"og:type\" content=\"article\" \/>\n<meta property=\"og:title\" content=\"Zna\u010dkov\u00fd MANUS BLACK nerezov\u00fd sprchov\u00fd kan\u00e1lek ke st\u011bn\u011b s ro\u0161tem ONDA, 650x112x55mm, GMO22B - Pr\u016fmyslov\u00e9 vybaven\u00ed a p\u0159\u00edslu\u0161enstv\u00ed\" \/>\n<meta property=\"og:description\" content=\"Instala\u010dn\u00ed rozm\u011bry: 650x112x55 mm Rozm\u011br ro\u0161tu: 590&#215;78 mm Zp\u016fsob instalace: ke st\u011bn\u011b Podlahov\u00e9 celonerezov\u00e9 kan\u00e1lky Manus s&nbsp;ro\u0161tem v&nbsp;modern\u00edm designu a dokonal\u00e9m zpracov\u00e1n\u00ed. Elegantn\u00ed \u0159e\u0161en\u00ed odvodn\u011bn\u00ed sprchov\u00fdch kout\u016f, kter\u00e9 umo\u017en\u00ed udr\u017eet kompaktn\u00ed a slad\u011bn\u00fd vzhled koupelny. Slou\u017e\u00ed k&nbsp;odvodn\u011bn\u00ed podlahov\u00fdch ploch uvnit\u0159 budov, zejm\u00e9na sprchov\u00fdch kout\u016f a koupelen, kde nahrazuje sprchovou vani\u010dku nebo podlahovou vpus\u0165. &nbsp; &nbsp;&nbsp; [&hellip;]\" \/>\n<meta property=\"og:url\" content=\"https:\/\/www.domtechnikpro.com\/index.php\/produkt\/znackovy-manus-black-nerezovy-sprchovy-kanalek-ke-stene-s-rostem-onda-650x112x55mm-gmo22b-49098\/\" \/>\n<meta property=\"og:site_name\" content=\"Pr\u016fmyslov\u00e9 vybaven\u00ed a p\u0159\u00edslu\u0161enstv\u00ed\" \/>\n<meta property=\"og:image\" content=\"https:\/\/www.domtechnikpro.com\/wp-content\/uploads\/2026\/SK0002574-CZ20260425-092706-0-1777080427-67010_gmo23-onda-cerna.webp\" \/>\n\t<meta property=\"og:image:width\" content=\"533\" \/>\n\t<meta property=\"og:image:height\" content=\"800\" \/>\n\t<meta property=\"og:image:type\" content=\"image\/webp\" \/>\n<meta name=\"twitter:card\" content=\"summary_large_image\" \/>\n<meta name=\"twitter:label1\" content=\"Odhadovan\u00e1 doba \u010dten\u00ed\" \/>\n\t<meta name=\"twitter:data1\" content=\"2 minuty\" \/>\n<script type=\"application\/ld+json\" class=\"yoast-schema-graph\">{\"@context\":\"https:\/\/schema.org\",\"@graph\":[{\"@type\":\"WebPage\",\"@id\":\"https:\/\/www.domtechnikpro.com\/index.php\/produkt\/znackovy-manus-black-nerezovy-sprchovy-kanalek-ke-stene-s-rostem-onda-650x112x55mm-gmo22b-49098\/\",\"url\":\"https:\/\/www.domtechnikpro.com\/index.php\/produkt\/znackovy-manus-black-nerezovy-sprchovy-kanalek-ke-stene-s-rostem-onda-650x112x55mm-gmo22b-49098\/\",\"name\":\"Zna\u010dkov\u00fd MANUS BLACK nerezov\u00fd sprchov\u00fd kan\u00e1lek ke st\u011bn\u011b s ro\u0161tem ONDA, 650x112x55mm, GMO22B - Pr\u016fmyslov\u00e9 vybaven\u00ed a p\u0159\u00edslu\u0161enstv\u00ed\",\"isPartOf\":{\"@id\":\"https:\/\/www.domtechnikpro.com\/#website\"},\"primaryImageOfPage\":{\"@id\":\"https:\/\/www.domtechnikpro.com\/index.php\/produkt\/znackovy-manus-black-nerezovy-sprchovy-kanalek-ke-stene-s-rostem-onda-650x112x55mm-gmo22b-49098\/#primaryimage\"},\"image\":{\"@id\":\"https:\/\/www.domtechnikpro.com\/index.php\/produkt\/znackovy-manus-black-nerezovy-sprchovy-kanalek-ke-stene-s-rostem-onda-650x112x55mm-gmo22b-49098\/#primaryimage\"},\"thumbnailUrl\":\"https:\/\/www.domtechnikpro.com\/wp-content\/uploads\/2026\/SK0002574-CZ20260425-092706-0-1777080427-67010_gmo23-onda-cerna.webp\",\"datePublished\":\"2026-04-26T09:00:33+00:00\",\"breadcrumb\":{\"@id\":\"https:\/\/www.domtechnikpro.com\/index.php\/produkt\/znackovy-manus-black-nerezovy-sprchovy-kanalek-ke-stene-s-rostem-onda-650x112x55mm-gmo22b-49098\/#breadcrumb\"},\"inLanguage\":\"cs\",\"potentialAction\":[{\"@type\":\"ReadAction\",\"target\":[\"https:\/\/www.domtechnikpro.com\/index.php\/produkt\/znackovy-manus-black-nerezovy-sprchovy-kanalek-ke-stene-s-rostem-onda-650x112x55mm-gmo22b-49098\/\"]}]},{\"@type\":\"ImageObject\",\"inLanguage\":\"cs\",\"@id\":\"https:\/\/www.domtechnikpro.com\/index.php\/produkt\/znackovy-manus-black-nerezovy-sprchovy-kanalek-ke-stene-s-rostem-onda-650x112x55mm-gmo22b-49098\/#primaryimage\",\"url\":\"https:\/\/www.domtechnikpro.com\/wp-content\/uploads\/2026\/SK0002574-CZ20260425-092706-0-1777080427-67010_gmo23-onda-cerna.webp\",\"contentUrl\":\"https:\/\/www.domtechnikpro.com\/wp-content\/uploads\/2026\/SK0002574-CZ20260425-092706-0-1777080427-67010_gmo23-onda-cerna.webp\",\"width\":533,\"height\":800},{\"@type\":\"BreadcrumbList\",\"@id\":\"https:\/\/www.domtechnikpro.com\/index.php\/produkt\/znackovy-manus-black-nerezovy-sprchovy-kanalek-ke-stene-s-rostem-onda-650x112x55mm-gmo22b-49098\/#breadcrumb\",\"itemListElement\":[{\"@type\":\"ListItem\",\"position\":1,\"name\":\"Home\",\"item\":\"https:\/\/www.domtechnikpro.com\/\"},{\"@type\":\"ListItem\",\"position\":2,\"name\":\"Products\",\"item\":\"https:\/\/www.domtechnikpro.com\/products\/\"},{\"@type\":\"ListItem\",\"position\":3,\"name\":\"Zna\u010dkov\u00fd MANUS BLACK nerezov\u00fd sprchov\u00fd kan\u00e1lek ke st\u011bn\u011b s ro\u0161tem ONDA, 650x112x55mm, GMO22B\"}]},{\"@type\":\"WebSite\",\"@id\":\"https:\/\/www.domtechnikpro.com\/#website\",\"url\":\"https:\/\/www.domtechnikpro.com\/\",\"name\":\"Pr\u016fmyslov\u00e9 vybaven\u00ed a p\u0159\u00edslu\u0161enstv\u00ed\",\"description\":\"Pr\u016fmyslov\u00e9 vybaven\u00ed a p\u0159\u00edslu\u0161enstv\u00ed\",\"publisher\":{\"@id\":\"https:\/\/www.domtechnikpro.com\/#organization\"},\"potentialAction\":[{\"@type\":\"SearchAction\",\"target\":{\"@type\":\"EntryPoint\",\"urlTemplate\":\"https:\/\/www.domtechnikpro.com\/?s={search_term_string}\"},\"query-input\":{\"@type\":\"PropertyValueSpecification\",\"valueRequired\":true,\"valueName\":\"search_term_string\"}}],\"inLanguage\":\"cs\"},{\"@type\":\"Organization\",\"@id\":\"https:\/\/www.domtechnikpro.com\/#organization\",\"name\":\"Pr\u016fmyslov\u00e9 vybaven\u00ed a p\u0159\u00edslu\u0161enstv\u00ed\",\"url\":\"https:\/\/www.domtechnikpro.com\/\",\"logo\":{\"@type\":\"ImageObject\",\"inLanguage\":\"cs\",\"@id\":\"https:\/\/www.domtechnikpro.com\/#\/schema\/logo\/image\/\",\"url\":\"https:\/\/www.domtechnikpro.com\/wp-content\/uploads\/2026\/04\/domtechnikpro_logo_full.svg\",\"contentUrl\":\"https:\/\/www.domtechnikpro.com\/wp-content\/uploads\/2026\/04\/domtechnikpro_logo_full.svg\",\"width\":920,\"height\":180,\"caption\":\"Pr\u016fmyslov\u00e9 vybaven\u00ed a p\u0159\u00edslu\u0161enstv\u00ed\"},\"image\":{\"@id\":\"https:\/\/www.domtechnikpro.com\/#\/schema\/logo\/image\/\"}}]}<\/script>\n<!-- \/ Yoast SEO plugin. -->","yoast_head_json":{"title":"Zna\u010dkov\u00fd MANUS BLACK nerezov\u00fd sprchov\u00fd kan\u00e1lek ke st\u011bn\u011b s ro\u0161tem ONDA, 650x112x55mm, GMO22B - Pr\u016fmyslov\u00e9 vybaven\u00ed a p\u0159\u00edslu\u0161enstv\u00ed","robots":{"index":"index","follow":"follow","max-snippet":"max-snippet:-1","max-image-preview":"max-image-preview:large","max-video-preview":"max-video-preview:-1"},"canonical":"https:\/\/www.domtechnikpro.com\/index.php\/produkt\/znackovy-manus-black-nerezovy-sprchovy-kanalek-ke-stene-s-rostem-onda-650x112x55mm-gmo22b-49098\/","og_locale":"cs_CZ","og_type":"article","og_title":"Zna\u010dkov\u00fd MANUS BLACK nerezov\u00fd sprchov\u00fd kan\u00e1lek ke st\u011bn\u011b s ro\u0161tem ONDA, 650x112x55mm, GMO22B - Pr\u016fmyslov\u00e9 vybaven\u00ed a p\u0159\u00edslu\u0161enstv\u00ed","og_description":"Instala\u010dn\u00ed rozm\u011bry: 650x112x55 mm Rozm\u011br ro\u0161tu: 590&#215;78 mm Zp\u016fsob instalace: ke st\u011bn\u011b Podlahov\u00e9 celonerezov\u00e9 kan\u00e1lky Manus s&nbsp;ro\u0161tem v&nbsp;modern\u00edm designu a dokonal\u00e9m zpracov\u00e1n\u00ed. Elegantn\u00ed \u0159e\u0161en\u00ed odvodn\u011bn\u00ed sprchov\u00fdch kout\u016f, kter\u00e9 umo\u017en\u00ed udr\u017eet kompaktn\u00ed a slad\u011bn\u00fd vzhled koupelny. Slou\u017e\u00ed k&nbsp;odvodn\u011bn\u00ed podlahov\u00fdch ploch uvnit\u0159 budov, zejm\u00e9na sprchov\u00fdch kout\u016f a koupelen, kde nahrazuje sprchovou vani\u010dku nebo podlahovou vpus\u0165. &nbsp; &nbsp;&nbsp; [&hellip;]","og_url":"https:\/\/www.domtechnikpro.com\/index.php\/produkt\/znackovy-manus-black-nerezovy-sprchovy-kanalek-ke-stene-s-rostem-onda-650x112x55mm-gmo22b-49098\/","og_site_name":"Pr\u016fmyslov\u00e9 vybaven\u00ed a p\u0159\u00edslu\u0161enstv\u00ed","og_image":[{"width":533,"height":800,"url":"https:\/\/www.domtechnikpro.com\/wp-content\/uploads\/2026\/SK0002574-CZ20260425-092706-0-1777080427-67010_gmo23-onda-cerna.webp","type":"image\/webp"}],"twitter_card":"summary_large_image","twitter_misc":{"Odhadovan\u00e1 doba \u010dten\u00ed":"2 minuty"},"schema":{"@context":"https:\/\/schema.org","@graph":[{"@type":"WebPage","@id":"https:\/\/www.domtechnikpro.com\/index.php\/produkt\/znackovy-manus-black-nerezovy-sprchovy-kanalek-ke-stene-s-rostem-onda-650x112x55mm-gmo22b-49098\/","url":"https:\/\/www.domtechnikpro.com\/index.php\/produkt\/znackovy-manus-black-nerezovy-sprchovy-kanalek-ke-stene-s-rostem-onda-650x112x55mm-gmo22b-49098\/","name":"Zna\u010dkov\u00fd MANUS BLACK nerezov\u00fd sprchov\u00fd kan\u00e1lek ke st\u011bn\u011b s ro\u0161tem ONDA, 650x112x55mm, GMO22B - Pr\u016fmyslov\u00e9 vybaven\u00ed a p\u0159\u00edslu\u0161enstv\u00ed","isPartOf":{"@id":"https:\/\/www.domtechnikpro.com\/#website"},"primaryImageOfPage":{"@id":"https:\/\/www.domtechnikpro.com\/index.php\/produkt\/znackovy-manus-black-nerezovy-sprchovy-kanalek-ke-stene-s-rostem-onda-650x112x55mm-gmo22b-49098\/#primaryimage"},"image":{"@id":"https:\/\/www.domtechnikpro.com\/index.php\/produkt\/znackovy-manus-black-nerezovy-sprchovy-kanalek-ke-stene-s-rostem-onda-650x112x55mm-gmo22b-49098\/#primaryimage"},"thumbnailUrl":"https:\/\/www.domtechnikpro.com\/wp-content\/uploads\/2026\/SK0002574-CZ20260425-092706-0-1777080427-67010_gmo23-onda-cerna.webp","datePublished":"2026-04-26T09:00:33+00:00","breadcrumb":{"@id":"https:\/\/www.domtechnikpro.com\/index.php\/produkt\/znackovy-manus-black-nerezovy-sprchovy-kanalek-ke-stene-s-rostem-onda-650x112x55mm-gmo22b-49098\/#breadcrumb"},"inLanguage":"cs","potentialAction":[{"@type":"ReadAction","target":["https:\/\/www.domtechnikpro.com\/index.php\/produkt\/znackovy-manus-black-nerezovy-sprchovy-kanalek-ke-stene-s-rostem-onda-650x112x55mm-gmo22b-49098\/"]}]},{"@type":"ImageObject","inLanguage":"cs","@id":"https:\/\/www.domtechnikpro.com\/index.php\/produkt\/znackovy-manus-black-nerezovy-sprchovy-kanalek-ke-stene-s-rostem-onda-650x112x55mm-gmo22b-49098\/#primaryimage","url":"https:\/\/www.domtechnikpro.com\/wp-content\/uploads\/2026\/SK0002574-CZ20260425-092706-0-1777080427-67010_gmo23-onda-cerna.webp","contentUrl":"https:\/\/www.domtechnikpro.com\/wp-content\/uploads\/2026\/SK0002574-CZ20260425-092706-0-1777080427-67010_gmo23-onda-cerna.webp","width":533,"height":800},{"@type":"BreadcrumbList","@id":"https:\/\/www.domtechnikpro.com\/index.php\/produkt\/znackovy-manus-black-nerezovy-sprchovy-kanalek-ke-stene-s-rostem-onda-650x112x55mm-gmo22b-49098\/#breadcrumb","itemListElement":[{"@type":"ListItem","position":1,"name":"Home","item":"https:\/\/www.domtechnikpro.com\/"},{"@type":"ListItem","position":2,"name":"Products","item":"https:\/\/www.domtechnikpro.com\/products\/"},{"@type":"ListItem","position":3,"name":"Zna\u010dkov\u00fd MANUS BLACK nerezov\u00fd sprchov\u00fd kan\u00e1lek ke st\u011bn\u011b s ro\u0161tem ONDA, 650x112x55mm, GMO22B"}]},{"@type":"WebSite","@id":"https:\/\/www.domtechnikpro.com\/#website","url":"https:\/\/www.domtechnikpro.com\/","name":"Pr\u016fmyslov\u00e9 vybaven\u00ed a p\u0159\u00edslu\u0161enstv\u00ed","description":"Pr\u016fmyslov\u00e9 vybaven\u00ed a p\u0159\u00edslu\u0161enstv\u00ed","publisher":{"@id":"https:\/\/www.domtechnikpro.com\/#organization"},"potentialAction":[{"@type":"SearchAction","target":{"@type":"EntryPoint","urlTemplate":"https:\/\/www.domtechnikpro.com\/?s={search_term_string}"},"query-input":{"@type":"PropertyValueSpecification","valueRequired":true,"valueName":"search_term_string"}}],"inLanguage":"cs"},{"@type":"Organization","@id":"https:\/\/www.domtechnikpro.com\/#organization","name":"Pr\u016fmyslov\u00e9 vybaven\u00ed a p\u0159\u00edslu\u0161enstv\u00ed","url":"https:\/\/www.domtechnikpro.com\/","logo":{"@type":"ImageObject","inLanguage":"cs","@id":"https:\/\/www.domtechnikpro.com\/#\/schema\/logo\/image\/","url":"https:\/\/www.domtechnikpro.com\/wp-content\/uploads\/2026\/04\/domtechnikpro_logo_full.svg","contentUrl":"https:\/\/www.domtechnikpro.com\/wp-content\/uploads\/2026\/04\/domtechnikpro_logo_full.svg","width":920,"height":180,"caption":"Pr\u016fmyslov\u00e9 vybaven\u00ed a p\u0159\u00edslu\u0161enstv\u00ed"},"image":{"@id":"https:\/\/www.domtechnikpro.com\/#\/schema\/logo\/image\/"}}]}},"_links":{"self":[{"href":"https:\/\/www.domtechnikpro.com\/wp-json\/wp\/v2\/product\/49098","targetHints":{"allow":["GET"]}}],"collection":[{"href":"https:\/\/www.domtechnikpro.com\/wp-json\/wp\/v2\/product"}],"about":[{"href":"https:\/\/www.domtechnikpro.com\/wp-json\/wp\/v2\/types\/product"}],"replies":[{"embeddable":true,"href":"https:\/\/www.domtechnikpro.com\/wp-json\/wp\/v2\/comments?post=49098"}],"wp:featuredmedia":[{"embeddable":true,"href":"https:\/\/www.domtechnikpro.com\/wp-json\/wp\/v2\/media\/49198"}],"wp:attachment":[{"href":"https:\/\/www.domtechnikpro.com\/wp-json\/wp\/v2\/media?parent=49098"}],"wp:term":[{"taxonomy":"product_brand","embeddable":true,"href":"https:\/\/www.domtechnikpro.com\/wp-json\/wp\/v2\/product_brand?post=49098"},{"taxonomy":"product_cat","embeddable":true,"href":"https:\/\/www.domtechnikpro.com\/wp-json\/wp\/v2\/product_cat?post=49098"},{"taxonomy":"product_tag","embeddable":true,"href":"https:\/\/www.domtechnikpro.com\/wp-json\/wp\/v2\/product_tag?post=49098"}],"curies":[{"name":"wp","href":"https:\/\/api.w.org\/{rel}","templated":true}]}}