{"id":47987,"date":"2026-04-26T09:00:18","date_gmt":"2026-04-26T09:00:18","guid":{"rendered":""},"modified":"2026-04-26T09:00:18","modified_gmt":"2026-04-26T09:00:18","slug":"sezonni-sleva-sapho-kare-60-keramicke-umyvadlo-nabytkove-60x46-cm-bila-17060-47987","status":"publish","type":"product","link":"https:\/\/www.domtechnikpro.com\/produkt\/sezonni-sleva-sapho-kare-60-keramicke-umyvadlo-nabytkove-60x46-cm-bila-17060-47987\/","title":{"rendered":"Sez\u00f3nn\u00ed Sleva Sapho KARE 60 keramick\u00e9 umyvadlo n\u00e1bytkov\u00e9 60&#215;46 cm, b\u00edl\u00e1, 17060"},"content":{"rendered":"<div class=\"basic-description\">\n<p>KARE keramick\u00e9 umyvadlo s&nbsp;tenkou hranou<\/p>\n<p>Keramick\u00e1 umyvadla KARE se vyzna\u010duj\u00ed tenkou hranou. Modern\u00ed design umyvadel vynikne p\u0159edev\u0161\u00edm v&nbsp;kombinaci s&nbsp;umyvadlovou sk\u0159\u00ed\u0148kou \u010di zapu\u0161t\u011bn\u00e1 do desky.<\/p>\n<\/p><\/div>\n<\/p><\/div>\n<\/p><\/div>\n","protected":false},"excerpt":{"rendered":"<p>KARE keramick\u00e9 umyvadlo s&nbsp;tenkou hranou Keramick\u00e1 umyvadla KARE se vyzna\u010duj\u00ed tenkou hranou. Modern\u00ed design umyvadel vynikne p\u0159edev\u0161\u00edm v&nbsp;kombinaci s&nbsp;umyvadlovou sk\u0159\u00ed\u0148kou \u010di zapu\u0161t\u011bn\u00e1 do desky.<\/p>\n","protected":false},"featured_media":48087,"comment_status":"open","ping_status":"open","template":"","meta":[],"product_brand":[],"product_cat":[169],"product_tag":[],"class_list":{"0":"post-47987","1":"product","2":"type-product","3":"status-publish","4":"has-post-thumbnail","6":"product_cat-sanitarni-keramika-a-wc","8":"first","9":"instock","10":"sale","11":"shipping-taxable","12":"purchasable","13":"product-type-simple"},"yoast_head":"<!-- This site is optimized with the Yoast SEO plugin v26.8 - https:\/\/yoast.com\/product\/yoast-seo-wordpress\/ -->\n<title>Sez\u00f3nn\u00ed Sleva Sapho KARE 60 keramick\u00e9 umyvadlo n\u00e1bytkov\u00e9 60x46 cm, b\u00edl\u00e1, 17060 -<\/title>\n<meta name=\"robots\" content=\"index, follow, max-snippet:-1, max-image-preview:large, max-video-preview:-1\" \/>\n<link rel=\"canonical\" href=\"https:\/\/www.domtechnikpro.com\/index.php\/produkt\/sezonni-sleva-sapho-kare-60-keramicke-umyvadlo-nabytkove-60x46-cm-bila-17060-47987\/\" \/>\n<meta property=\"og:locale\" content=\"cs_CZ\" \/>\n<meta property=\"og:type\" content=\"article\" \/>\n<meta property=\"og:title\" content=\"Sez\u00f3nn\u00ed Sleva Sapho KARE 60 keramick\u00e9 umyvadlo n\u00e1bytkov\u00e9 60x46 cm, b\u00edl\u00e1, 17060 -\" \/>\n<meta property=\"og:description\" content=\"KARE keramick\u00e9 umyvadlo s&nbsp;tenkou hranou Keramick\u00e1 umyvadla KARE se vyzna\u010duj\u00ed tenkou hranou. Modern\u00ed design umyvadel vynikne p\u0159edev\u0161\u00edm v&nbsp;kombinaci s&nbsp;umyvadlovou sk\u0159\u00ed\u0148kou \u010di zapu\u0161t\u011bn\u00e1 do desky.\" \/>\n<meta property=\"og:url\" content=\"https:\/\/www.domtechnikpro.com\/index.php\/produkt\/sezonni-sleva-sapho-kare-60-keramicke-umyvadlo-nabytkove-60x46-cm-bila-17060-47987\/\" \/>\n<meta property=\"og:image\" content=\"https:\/\/www.domtechnikpro.com\/wp-content\/uploads\/2026\/SK0001795-CZ20260425-092706-0-1777080427-62480_17060-kare-60-anf-cesta.webp\" \/>\n\t<meta property=\"og:image:width\" content=\"533\" \/>\n\t<meta property=\"og:image:height\" content=\"800\" \/>\n\t<meta property=\"og:image:type\" content=\"image\/webp\" \/>\n<meta name=\"twitter:card\" content=\"summary_large_image\" \/>\n<script type=\"application\/ld+json\" class=\"yoast-schema-graph\">{\"@context\":\"https:\/\/schema.org\",\"@graph\":[{\"@type\":\"WebPage\",\"@id\":\"https:\/\/www.domtechnikpro.com\/index.php\/produkt\/sezonni-sleva-sapho-kare-60-keramicke-umyvadlo-nabytkove-60x46-cm-bila-17060-47987\/\",\"url\":\"https:\/\/www.domtechnikpro.com\/index.php\/produkt\/sezonni-sleva-sapho-kare-60-keramicke-umyvadlo-nabytkove-60x46-cm-bila-17060-47987\/\",\"name\":\"Sez\u00f3nn\u00ed Sleva Sapho KARE 60 keramick\u00e9 umyvadlo n\u00e1bytkov\u00e9 60x46 cm, b\u00edl\u00e1, 17060 -\",\"isPartOf\":{\"@id\":\"https:\/\/www.domtechnikpro.com\/#website\"},\"primaryImageOfPage\":{\"@id\":\"https:\/\/www.domtechnikpro.com\/index.php\/produkt\/sezonni-sleva-sapho-kare-60-keramicke-umyvadlo-nabytkove-60x46-cm-bila-17060-47987\/#primaryimage\"},\"image\":{\"@id\":\"https:\/\/www.domtechnikpro.com\/index.php\/produkt\/sezonni-sleva-sapho-kare-60-keramicke-umyvadlo-nabytkove-60x46-cm-bila-17060-47987\/#primaryimage\"},\"thumbnailUrl\":\"https:\/\/www.domtechnikpro.com\/wp-content\/uploads\/2026\/SK0001795-CZ20260425-092706-0-1777080427-62480_17060-kare-60-anf-cesta.webp\",\"datePublished\":\"2026-04-26T09:00:18+00:00\",\"breadcrumb\":{\"@id\":\"https:\/\/www.domtechnikpro.com\/index.php\/produkt\/sezonni-sleva-sapho-kare-60-keramicke-umyvadlo-nabytkove-60x46-cm-bila-17060-47987\/#breadcrumb\"},\"inLanguage\":\"cs\",\"potentialAction\":[{\"@type\":\"ReadAction\",\"target\":[\"https:\/\/www.domtechnikpro.com\/index.php\/produkt\/sezonni-sleva-sapho-kare-60-keramicke-umyvadlo-nabytkove-60x46-cm-bila-17060-47987\/\"]}]},{\"@type\":\"ImageObject\",\"inLanguage\":\"cs\",\"@id\":\"https:\/\/www.domtechnikpro.com\/index.php\/produkt\/sezonni-sleva-sapho-kare-60-keramicke-umyvadlo-nabytkove-60x46-cm-bila-17060-47987\/#primaryimage\",\"url\":\"https:\/\/www.domtechnikpro.com\/wp-content\/uploads\/2026\/SK0001795-CZ20260425-092706-0-1777080427-62480_17060-kare-60-anf-cesta.webp\",\"contentUrl\":\"https:\/\/www.domtechnikpro.com\/wp-content\/uploads\/2026\/SK0001795-CZ20260425-092706-0-1777080427-62480_17060-kare-60-anf-cesta.webp\",\"width\":533,\"height\":800},{\"@type\":\"BreadcrumbList\",\"@id\":\"https:\/\/www.domtechnikpro.com\/index.php\/produkt\/sezonni-sleva-sapho-kare-60-keramicke-umyvadlo-nabytkove-60x46-cm-bila-17060-47987\/#breadcrumb\",\"itemListElement\":[{\"@type\":\"ListItem\",\"position\":1,\"name\":\"Home\",\"item\":\"https:\/\/www.domtechnikpro.com\/\"},{\"@type\":\"ListItem\",\"position\":2,\"name\":\"Products\",\"item\":\"https:\/\/www.domtechnikpro.com\/products\/\"},{\"@type\":\"ListItem\",\"position\":3,\"name\":\"Sez\u00f3nn\u00ed Sleva Sapho KARE 60 keramick\u00e9 umyvadlo n\u00e1bytkov\u00e9 60&#215;46 cm, b\u00edl\u00e1, 17060\"}]},{\"@type\":\"WebSite\",\"@id\":\"https:\/\/www.domtechnikpro.com\/#website\",\"url\":\"https:\/\/www.domtechnikpro.com\/\",\"name\":\"\",\"description\":\"\",\"potentialAction\":[{\"@type\":\"SearchAction\",\"target\":{\"@type\":\"EntryPoint\",\"urlTemplate\":\"https:\/\/www.domtechnikpro.com\/?s={search_term_string}\"},\"query-input\":{\"@type\":\"PropertyValueSpecification\",\"valueRequired\":true,\"valueName\":\"search_term_string\"}}],\"inLanguage\":\"cs\"}]}<\/script>\n<!-- \/ Yoast SEO plugin. -->","yoast_head_json":{"title":"Sez\u00f3nn\u00ed Sleva Sapho KARE 60 keramick\u00e9 umyvadlo n\u00e1bytkov\u00e9 60x46 cm, b\u00edl\u00e1, 17060 -","robots":{"index":"index","follow":"follow","max-snippet":"max-snippet:-1","max-image-preview":"max-image-preview:large","max-video-preview":"max-video-preview:-1"},"canonical":"https:\/\/www.domtechnikpro.com\/index.php\/produkt\/sezonni-sleva-sapho-kare-60-keramicke-umyvadlo-nabytkove-60x46-cm-bila-17060-47987\/","og_locale":"cs_CZ","og_type":"article","og_title":"Sez\u00f3nn\u00ed Sleva Sapho KARE 60 keramick\u00e9 umyvadlo n\u00e1bytkov\u00e9 60x46 cm, b\u00edl\u00e1, 17060 -","og_description":"KARE keramick\u00e9 umyvadlo s&nbsp;tenkou hranou Keramick\u00e1 umyvadla KARE se vyzna\u010duj\u00ed tenkou hranou. Modern\u00ed design umyvadel vynikne p\u0159edev\u0161\u00edm v&nbsp;kombinaci s&nbsp;umyvadlovou sk\u0159\u00ed\u0148kou \u010di zapu\u0161t\u011bn\u00e1 do desky.","og_url":"https:\/\/www.domtechnikpro.com\/index.php\/produkt\/sezonni-sleva-sapho-kare-60-keramicke-umyvadlo-nabytkove-60x46-cm-bila-17060-47987\/","og_image":[{"width":533,"height":800,"url":"https:\/\/www.domtechnikpro.com\/wp-content\/uploads\/2026\/SK0001795-CZ20260425-092706-0-1777080427-62480_17060-kare-60-anf-cesta.webp","type":"image\/webp"}],"twitter_card":"summary_large_image","schema":{"@context":"https:\/\/schema.org","@graph":[{"@type":"WebPage","@id":"https:\/\/www.domtechnikpro.com\/index.php\/produkt\/sezonni-sleva-sapho-kare-60-keramicke-umyvadlo-nabytkove-60x46-cm-bila-17060-47987\/","url":"https:\/\/www.domtechnikpro.com\/index.php\/produkt\/sezonni-sleva-sapho-kare-60-keramicke-umyvadlo-nabytkove-60x46-cm-bila-17060-47987\/","name":"Sez\u00f3nn\u00ed Sleva Sapho KARE 60 keramick\u00e9 umyvadlo n\u00e1bytkov\u00e9 60x46 cm, b\u00edl\u00e1, 17060 -","isPartOf":{"@id":"https:\/\/www.domtechnikpro.com\/#website"},"primaryImageOfPage":{"@id":"https:\/\/www.domtechnikpro.com\/index.php\/produkt\/sezonni-sleva-sapho-kare-60-keramicke-umyvadlo-nabytkove-60x46-cm-bila-17060-47987\/#primaryimage"},"image":{"@id":"https:\/\/www.domtechnikpro.com\/index.php\/produkt\/sezonni-sleva-sapho-kare-60-keramicke-umyvadlo-nabytkove-60x46-cm-bila-17060-47987\/#primaryimage"},"thumbnailUrl":"https:\/\/www.domtechnikpro.com\/wp-content\/uploads\/2026\/SK0001795-CZ20260425-092706-0-1777080427-62480_17060-kare-60-anf-cesta.webp","datePublished":"2026-04-26T09:00:18+00:00","breadcrumb":{"@id":"https:\/\/www.domtechnikpro.com\/index.php\/produkt\/sezonni-sleva-sapho-kare-60-keramicke-umyvadlo-nabytkove-60x46-cm-bila-17060-47987\/#breadcrumb"},"inLanguage":"cs","potentialAction":[{"@type":"ReadAction","target":["https:\/\/www.domtechnikpro.com\/index.php\/produkt\/sezonni-sleva-sapho-kare-60-keramicke-umyvadlo-nabytkove-60x46-cm-bila-17060-47987\/"]}]},{"@type":"ImageObject","inLanguage":"cs","@id":"https:\/\/www.domtechnikpro.com\/index.php\/produkt\/sezonni-sleva-sapho-kare-60-keramicke-umyvadlo-nabytkove-60x46-cm-bila-17060-47987\/#primaryimage","url":"https:\/\/www.domtechnikpro.com\/wp-content\/uploads\/2026\/SK0001795-CZ20260425-092706-0-1777080427-62480_17060-kare-60-anf-cesta.webp","contentUrl":"https:\/\/www.domtechnikpro.com\/wp-content\/uploads\/2026\/SK0001795-CZ20260425-092706-0-1777080427-62480_17060-kare-60-anf-cesta.webp","width":533,"height":800},{"@type":"BreadcrumbList","@id":"https:\/\/www.domtechnikpro.com\/index.php\/produkt\/sezonni-sleva-sapho-kare-60-keramicke-umyvadlo-nabytkove-60x46-cm-bila-17060-47987\/#breadcrumb","itemListElement":[{"@type":"ListItem","position":1,"name":"Home","item":"https:\/\/www.domtechnikpro.com\/"},{"@type":"ListItem","position":2,"name":"Products","item":"https:\/\/www.domtechnikpro.com\/products\/"},{"@type":"ListItem","position":3,"name":"Sez\u00f3nn\u00ed Sleva Sapho KARE 60 keramick\u00e9 umyvadlo n\u00e1bytkov\u00e9 60&#215;46 cm, b\u00edl\u00e1, 17060"}]},{"@type":"WebSite","@id":"https:\/\/www.domtechnikpro.com\/#website","url":"https:\/\/www.domtechnikpro.com\/","name":"","description":"","potentialAction":[{"@type":"SearchAction","target":{"@type":"EntryPoint","urlTemplate":"https:\/\/www.domtechnikpro.com\/?s={search_term_string}"},"query-input":{"@type":"PropertyValueSpecification","valueRequired":true,"valueName":"search_term_string"}}],"inLanguage":"cs"}]}},"_links":{"self":[{"href":"https:\/\/www.domtechnikpro.com\/wp-json\/wp\/v2\/product\/47987","targetHints":{"allow":["GET"]}}],"collection":[{"href":"https:\/\/www.domtechnikpro.com\/wp-json\/wp\/v2\/product"}],"about":[{"href":"https:\/\/www.domtechnikpro.com\/wp-json\/wp\/v2\/types\/product"}],"replies":[{"embeddable":true,"href":"https:\/\/www.domtechnikpro.com\/wp-json\/wp\/v2\/comments?post=47987"}],"wp:featuredmedia":[{"embeddable":true,"href":"https:\/\/www.domtechnikpro.com\/wp-json\/wp\/v2\/media\/48087"}],"wp:attachment":[{"href":"https:\/\/www.domtechnikpro.com\/wp-json\/wp\/v2\/media?parent=47987"}],"wp:term":[{"taxonomy":"product_brand","embeddable":true,"href":"https:\/\/www.domtechnikpro.com\/wp-json\/wp\/v2\/product_brand?post=47987"},{"taxonomy":"product_cat","embeddable":true,"href":"https:\/\/www.domtechnikpro.com\/wp-json\/wp\/v2\/product_cat?post=47987"},{"taxonomy":"product_tag","embeddable":true,"href":"https:\/\/www.domtechnikpro.com\/wp-json\/wp\/v2\/product_tag?post=47987"}],"curies":[{"name":"wp","href":"https:\/\/api.w.org\/{rel}","templated":true}]}}

Sezónní Sleva Sapho KARE 60 keramické umyvadlo nábytkové 60&#215;46 cm, bílá, 17060

<div class="basic-description">
<p>KARE keramické umyvadlo s&nbsp;tenkou hranou</p>
<p>Keramická umyvadla KARE se vyznačují tenkou hranou. Moderní design umyvadel vynikne především v&nbsp;kombinaci s&nbsp;umyvadlovou skříňkou či zapuštěná do desky.</p>
</p></div>
</p></div>
</p></div>

<p>KARE keramické umyvadlo s&nbsp;tenkou hranou Keramická umyvadla KARE se vyznačují tenkou hranou. Moderní design umyvadel vynikne především v&nbsp;kombinaci s&nbsp;umyvadlovou skříňkou či zapuštěná do desky.</p>

<!-- This site is optimized with the Yoast SEO plugin v26.8 - https://yoast.com/product/yoast-seo-wordpress/ -->
<title>Sezónní Sleva Sapho KARE 60 keramické umyvadlo nábytkové 60x46 cm, bílá, 17060 -</title>
<meta name="robots" content="index, follow, max-snippet:-1, max-image-preview:large, max-video-preview:-1" />
<link rel="canonical" href="https://www.domtechnikpro.com/index.php/produkt/sezonni-sleva-sapho-kare-60-keramicke-umyvadlo-nabytkove-60x46-cm-bila-17060-47987/" />
<meta property="og:locale" content="cs_CZ" />
<meta property="og:type" content="article" />
<meta property="og:title" content="Sezónní Sleva Sapho KARE 60 keramické umyvadlo nábytkové 60x46 cm, bílá, 17060 -" />
<meta property="og:description" content="KARE keramické umyvadlo s&nbsp;tenkou hranou Keramická umyvadla KARE se vyznačují tenkou hranou. Moderní design umyvadel vynikne především v&nbsp;kombinaci s&nbsp;umyvadlovou skříňkou či zapuštěná do desky." />
<meta property="og:url" content="https://www.domtechnikpro.com/index.php/produkt/sezonni-sleva-sapho-kare-60-keramicke-umyvadlo-nabytkove-60x46-cm-bila-17060-47987/" />
<meta property="og:image" content="https://www.domtechnikpro.com/wp-content/uploads/2026/SK0001795-CZ20260425-092706-0-1777080427-62480_17060-kare-60-anf-cesta.webp" />
	<meta property="og:image:width" content="533" />
	<meta property="og:image:height" content="800" />
	<meta property="og:image:type" content="image/webp" />
<meta name="twitter:card" content="summary_large_image" />
<script type="application/ld+json" class="yoast-schema-graph">{"@context":"https://schema.org","@graph":[{"@type":"WebPage","@id":"https://www.domtechnikpro.com/index.php/produkt/sezonni-sleva-sapho-kare-60-keramicke-umyvadlo-nabytkove-60x46-cm-bila-17060-47987/","url":"https://www.domtechnikpro.com/index.php/produkt/sezonni-sleva-sapho-kare-60-keramicke-umyvadlo-nabytkove-60x46-cm-bila-17060-47987/","name":"Sezónní Sleva Sapho KARE 60 keramické umyvadlo nábytkové 60x46 cm, bílá, 17060 -","isPartOf":{"@id":"https://www.domtechnikpro.com/#website"},"primaryImageOfPage":{"@id":"https://www.domtechnikpro.com/index.php/produkt/sezonni-sleva-sapho-kare-60-keramicke-umyvadlo-nabytkove-60x46-cm-bila-17060-47987/#primaryimage"},"image":{"@id":"https://www.domtechnikpro.com/index.php/produkt/sezonni-sleva-sapho-kare-60-keramicke-umyvadlo-nabytkove-60x46-cm-bila-17060-47987/#primaryimage"},"thumbnailUrl":"https://www.domtechnikpro.com/wp-content/uploads/2026/SK0001795-CZ20260425-092706-0-1777080427-62480_17060-kare-60-anf-cesta.webp","datePublished":"2026-04-26T09:00:18+00:00","breadcrumb":{"@id":"https://www.domtechnikpro.com/index.php/produkt/sezonni-sleva-sapho-kare-60-keramicke-umyvadlo-nabytkove-60x46-cm-bila-17060-47987/#breadcrumb"},"inLanguage":"cs","potentialAction":[{"@type":"ReadAction","target":["https://www.domtechnikpro.com/index.php/produkt/sezonni-sleva-sapho-kare-60-keramicke-umyvadlo-nabytkove-60x46-cm-bila-17060-47987/"]}]},{"@type":"ImageObject","inLanguage":"cs","@id":"https://www.domtechnikpro.com/index.php/produkt/sezonni-sleva-sapho-kare-60-keramicke-umyvadlo-nabytkove-60x46-cm-bila-17060-47987/#primaryimage","url":"https://www.domtechnikpro.com/wp-content/uploads/2026/SK0001795-CZ20260425-092706-0-1777080427-62480_17060-kare-60-anf-cesta.webp","contentUrl":"https://www.domtechnikpro.com/wp-content/uploads/2026/SK0001795-CZ20260425-092706-0-1777080427-62480_17060-kare-60-anf-cesta.webp","width":533,"height":800},{"@type":"BreadcrumbList","@id":"https://www.domtechnikpro.com/index.php/produkt/sezonni-sleva-sapho-kare-60-keramicke-umyvadlo-nabytkove-60x46-cm-bila-17060-47987/#breadcrumb","itemListElement":[{"@type":"ListItem","position":1,"name":"Home","item":"https://www.domtechnikpro.com/"},{"@type":"ListItem","position":2,"name":"Products","item":"https://www.domtechnikpro.com/products/"},{"@type":"ListItem","position":3,"name":"Sezónní Sleva Sapho KARE 60 keramické umyvadlo nábytkové 60&#215;46 cm, bílá, 17060"}]},{"@type":"WebSite","@id":"https://www.domtechnikpro.com/#website","url":"https://www.domtechnikpro.com/","name":"","description":"","potentialAction":[{"@type":"SearchAction","target":{"@type":"EntryPoint","urlTemplate":"https://www.domtechnikpro.com/?s={search_term_string}"},"query-input":{"@type":"PropertyValueSpecification","valueRequired":true,"valueName":"search_term_string"}}],"inLanguage":"cs"}]}</script>
<!-- / Yoast SEO plugin. -->

Sezónní Sleva Sapho KARE 60 keramické umyvadlo nábytkové 60x46 cm, bílá, 17060 -

KARE keramické umyvadlo s&nbsp;tenkou hranou Keramická umyvadla KARE se vyznačují tenkou hranou. Moderní design umyvadel vynikne především v&nbsp;kombinaci s&nbsp;umyvadlovou skříňkou či zapuštěná do desky.
