{"id":44989,"date":"2026-04-26T08:59:44","date_gmt":"2026-04-26T08:59:44","guid":{"rendered":""},"modified":"2026-04-26T08:59:44","modified_gmt":"2026-04-26T08:59:44","slug":"alca-m279s-ovladaci-wc-tlacitko-se-senzorem-pro-predstenove-instalacni-systemy-kov-antivandal-nizka-cena-44989","status":"publish","type":"product","link":"https:\/\/www.domtechnikpro.com\/index.php\/produkt\/alca-m279s-ovladaci-wc-tlacitko-se-senzorem-pro-predstenove-instalacni-systemy-kov-antivandal-nizka-cena-44989\/","title":{"rendered":"ALCA M279S Ovl\u00e1dac\u00ed wc tla\u010d\u00edtko se senzorem pro p\u0159edst\u011bnov\u00e9 instala\u010dn\u00ed syst\u00e9my, kov, Antivandal N\u00edzk\u00e1 Cena"},"content":{"rendered":"<div class=\"ProductDetail-content NoFixImageContainer\" id=\"productDescription\">\n<div class=\"Heading\">\n<h2 class=\"Heading-title\">Popis produktu <span class=''>ALCA M279S Ovl\u00e1dac\u00ed wc tla\u010d\u00edtko se senzorem pro p\u0159edst\u011bnov\u00e9 instala\u010dn\u00ed syst\u00e9my, kov, Antivandal<\/span><\/h2>\n<\/p><\/div>\n<div class=\"ProductDetailContent\">\n<ul>\n<li><span style=\"font-size:16px\">V\u00fdstupn\u00ed nap\u011bt\u00ed 12 V DC<\/span><\/li>\n<li><span style=\"font-size:16px\">P\u0159\u00edkon 8,5 W<\/span><\/li>\n<\/ul>\n<p><span style=\"font-size:16px\"><strong>Pou\u017eit\u00ed<\/strong><\/span><\/p>\n<ul>\n<li><span style=\"font-size:16px\">Pro p\u0159edst\u011bnov\u00e9 instala\u010dn\u00ed syst\u00e9my a WC n\u00e1dr\u017ee pro zazd\u011bn\u00ed<\/span><\/li>\n<li><span style=\"font-size:16px\">Pro pou\u017eit\u00ed ve ve\u0159ejn\u00fdch budov\u00e1ch \u2013 Antivandal<\/span><\/li>\n<li><span style=\"font-size:16px\">Pro bezdotykov\u00e9 splachov\u00e1n\u00ed pomoc\u00ed senzoru<\/span><\/li>\n<li><span style=\"font-size:16px\">Nelze pou\u017e\u00edt pro p\u0159edst\u011bnov\u00e9 instala\u010dn\u00ed syst\u00e9my Slim<\/span><\/li>\n<li><span style=\"font-size:16px\">Nelze pou\u017e\u00edt pro p\u0159edst\u011bnov\u00e9 instala\u010dn\u00ed syst\u00e9my AM118 a AM119 p\u0159i ovl\u00e1d\u00e1n\u00ed shora<\/span><\/li>\n<\/ul>\n<p><span style=\"font-size:16px\"><strong>Vlastnosti<\/strong><\/span><\/p>\n<ul>\n<li><span style=\"font-size:16px\">Masivn\u00ed konstrukce z nerez plechu<\/span><\/li>\n<li><span style=\"font-size:16px\">Vysoce odoln\u00e9 proti mechanick\u00e9mu po\u0161kozen\u00ed<\/span><\/li>\n<li><span style=\"font-size:16px\">Areta\u010dn\u00ed \u0161rouby skryty uvnit\u0159 tla\u010d\u00edtka<\/span><\/li>\n<li><span style=\"font-size:16px\">Nap\u00e1jen\u00ed ze s\u00edt\u011b, nutno dokoupit zdroj (12 V DC min 1 A) \u2013 doporu\u010den\u00fd AEZ310<\/span><\/li>\n<li><span style=\"font-size:16px\">Nastaven\u00ed p\u0159es mini USB pomoc\u00ed programu voln\u011b dostupn\u00e9ho na webov\u00fdch str\u00e1nk\u00e1ch Alca<\/span><\/li>\n<li><span style=\"font-size:16px\">Nastaviteln\u00e9 parametry: \u010das za\u010d\u00e1tku a konce registrace, d\u00e9lka spl\u00e1chnut\u00ed, automatick\u00e9 spl\u00e1chnut\u00ed, povolen\u00ed zavodn\u011bn\u00ed, \u010das zavodn\u011bn\u00ed, variabiln\u00ed nastaven\u00ed hygienick\u00e9ho oplachu<\/span><\/li>\n<li><span style=\"font-size:16px\">Magnetick\u00fd sp\u00edna\u010d pro servisn\u00ed nastaven\u00ed a \u00faklid<\/span><\/li>\n<li><span style=\"font-size:16px\">Mo\u017enost vyu\u017e\u00edt tla\u010d\u00edtko pro velk\u00e9 spl\u00e1chnut\u00ed<\/span><\/li>\n<li><span style=\"font-size:16px\">Materi\u00e1l: u\u0161lechtil\u00e1 ocel<\/span><\/li>\n<\/ul><\/div>\n<div class=\"ProductDetailContent\">                                                                    <\/div>\n<\/p><\/div>\n<\/p><\/div>\n<\/p><\/div>\n","protected":false},"excerpt":{"rendered":"<p>Popis produktu ALCA M279S Ovl\u00e1dac\u00ed wc tla\u010d\u00edtko se senzorem pro p\u0159edst\u011bnov\u00e9 instala\u010dn\u00ed syst\u00e9my, kov, Antivandal V\u00fdstupn\u00ed nap\u011bt\u00ed 12 V DC P\u0159\u00edkon 8,5 W Pou\u017eit\u00ed Pro p\u0159edst\u011bnov\u00e9 instala\u010dn\u00ed syst\u00e9my a WC n\u00e1dr\u017ee pro zazd\u011bn\u00ed Pro pou\u017eit\u00ed ve ve\u0159ejn\u00fdch budov\u00e1ch \u2013 Antivandal Pro bezdotykov\u00e9 splachov\u00e1n\u00ed pomoc\u00ed senzoru Nelze pou\u017e\u00edt pro p\u0159edst\u011bnov\u00e9 instala\u010dn\u00ed syst\u00e9my Slim Nelze pou\u017e\u00edt pro [&hellip;]<\/p>\n","protected":false},"featured_media":45089,"comment_status":"open","ping_status":"open","template":"","meta":[],"product_brand":[],"product_cat":[162],"product_tag":[],"class_list":{"0":"post-44989","1":"product","2":"type-product","3":"status-publish","4":"has-post-thumbnail","6":"product_cat-koupelny","8":"first","9":"instock","10":"sale","11":"shipping-taxable","12":"purchasable","13":"product-type-simple"},"yoast_head":"<!-- This site is optimized with the Yoast SEO plugin v26.8 - https:\/\/yoast.com\/product\/yoast-seo-wordpress\/ -->\n<title>ALCA M279S Ovl\u00e1dac\u00ed wc tla\u010d\u00edtko se senzorem pro p\u0159edst\u011bnov\u00e9 instala\u010dn\u00ed syst\u00e9my, kov, Antivandal N\u00edzk\u00e1 Cena -<\/title>\n<meta name=\"robots\" content=\"index, follow, max-snippet:-1, max-image-preview:large, max-video-preview:-1\" \/>\n<link rel=\"canonical\" href=\"https:\/\/www.domtechnikpro.com\/index.php\/produkt\/alca-m279s-ovladaci-wc-tlacitko-se-senzorem-pro-predstenove-instalacni-systemy-kov-antivandal-nizka-cena-44989\/\" \/>\n<meta property=\"og:locale\" content=\"cs_CZ\" \/>\n<meta property=\"og:type\" content=\"article\" \/>\n<meta property=\"og:title\" content=\"ALCA M279S Ovl\u00e1dac\u00ed wc tla\u010d\u00edtko se senzorem pro p\u0159edst\u011bnov\u00e9 instala\u010dn\u00ed syst\u00e9my, kov, Antivandal N\u00edzk\u00e1 Cena -\" \/>\n<meta property=\"og:description\" content=\"Popis produktu ALCA M279S Ovl\u00e1dac\u00ed wc tla\u010d\u00edtko se senzorem pro p\u0159edst\u011bnov\u00e9 instala\u010dn\u00ed syst\u00e9my, kov, Antivandal V\u00fdstupn\u00ed nap\u011bt\u00ed 12 V DC P\u0159\u00edkon 8,5 W Pou\u017eit\u00ed Pro p\u0159edst\u011bnov\u00e9 instala\u010dn\u00ed syst\u00e9my a WC n\u00e1dr\u017ee pro zazd\u011bn\u00ed Pro pou\u017eit\u00ed ve ve\u0159ejn\u00fdch budov\u00e1ch \u2013 Antivandal Pro bezdotykov\u00e9 splachov\u00e1n\u00ed pomoc\u00ed senzoru Nelze pou\u017e\u00edt pro p\u0159edst\u011bnov\u00e9 instala\u010dn\u00ed syst\u00e9my Slim Nelze pou\u017e\u00edt pro [&hellip;]\" \/>\n<meta property=\"og:url\" content=\"https:\/\/www.domtechnikpro.com\/index.php\/produkt\/alca-m279s-ovladaci-wc-tlacitko-se-senzorem-pro-predstenove-instalacni-systemy-kov-antivandal-nizka-cena-44989\/\" \/>\n<meta property=\"og:image\" content=\"https:\/\/www.domtechnikpro.com\/wp-content\/uploads\/2026\/SK0001431-CZ20260425-092632-0-1777080397-alca-m279s-ovladaci-wc-tlacitko-se-senzorem-pro-predstenove.webp\" \/>\n\t<meta property=\"og:image:width\" content=\"600\" \/>\n\t<meta property=\"og:image:height\" content=\"600\" \/>\n\t<meta property=\"og:image:type\" content=\"image\/webp\" \/>\n<meta name=\"twitter:card\" content=\"summary_large_image\" \/>\n<meta name=\"twitter:label1\" content=\"Odhadovan\u00e1 doba \u010dten\u00ed\" \/>\n\t<meta name=\"twitter:data1\" content=\"1 minuta\" \/>\n<script type=\"application\/ld+json\" class=\"yoast-schema-graph\">{\"@context\":\"https:\/\/schema.org\",\"@graph\":[{\"@type\":\"WebPage\",\"@id\":\"https:\/\/www.domtechnikpro.com\/index.php\/produkt\/alca-m279s-ovladaci-wc-tlacitko-se-senzorem-pro-predstenove-instalacni-systemy-kov-antivandal-nizka-cena-44989\/\",\"url\":\"https:\/\/www.domtechnikpro.com\/index.php\/produkt\/alca-m279s-ovladaci-wc-tlacitko-se-senzorem-pro-predstenove-instalacni-systemy-kov-antivandal-nizka-cena-44989\/\",\"name\":\"ALCA M279S Ovl\u00e1dac\u00ed wc tla\u010d\u00edtko se senzorem pro p\u0159edst\u011bnov\u00e9 instala\u010dn\u00ed syst\u00e9my, kov, Antivandal N\u00edzk\u00e1 Cena -\",\"isPartOf\":{\"@id\":\"https:\/\/www.domtechnikpro.com\/#website\"},\"primaryImageOfPage\":{\"@id\":\"https:\/\/www.domtechnikpro.com\/index.php\/produkt\/alca-m279s-ovladaci-wc-tlacitko-se-senzorem-pro-predstenove-instalacni-systemy-kov-antivandal-nizka-cena-44989\/#primaryimage\"},\"image\":{\"@id\":\"https:\/\/www.domtechnikpro.com\/index.php\/produkt\/alca-m279s-ovladaci-wc-tlacitko-se-senzorem-pro-predstenove-instalacni-systemy-kov-antivandal-nizka-cena-44989\/#primaryimage\"},\"thumbnailUrl\":\"https:\/\/www.domtechnikpro.com\/wp-content\/uploads\/2026\/SK0001431-CZ20260425-092632-0-1777080397-alca-m279s-ovladaci-wc-tlacitko-se-senzorem-pro-predstenove.webp\",\"datePublished\":\"2026-04-26T08:59:44+00:00\",\"breadcrumb\":{\"@id\":\"https:\/\/www.domtechnikpro.com\/index.php\/produkt\/alca-m279s-ovladaci-wc-tlacitko-se-senzorem-pro-predstenove-instalacni-systemy-kov-antivandal-nizka-cena-44989\/#breadcrumb\"},\"inLanguage\":\"cs\",\"potentialAction\":[{\"@type\":\"ReadAction\",\"target\":[\"https:\/\/www.domtechnikpro.com\/index.php\/produkt\/alca-m279s-ovladaci-wc-tlacitko-se-senzorem-pro-predstenove-instalacni-systemy-kov-antivandal-nizka-cena-44989\/\"]}]},{\"@type\":\"ImageObject\",\"inLanguage\":\"cs\",\"@id\":\"https:\/\/www.domtechnikpro.com\/index.php\/produkt\/alca-m279s-ovladaci-wc-tlacitko-se-senzorem-pro-predstenove-instalacni-systemy-kov-antivandal-nizka-cena-44989\/#primaryimage\",\"url\":\"https:\/\/www.domtechnikpro.com\/wp-content\/uploads\/2026\/SK0001431-CZ20260425-092632-0-1777080397-alca-m279s-ovladaci-wc-tlacitko-se-senzorem-pro-predstenove.webp\",\"contentUrl\":\"https:\/\/www.domtechnikpro.com\/wp-content\/uploads\/2026\/SK0001431-CZ20260425-092632-0-1777080397-alca-m279s-ovladaci-wc-tlacitko-se-senzorem-pro-predstenove.webp\",\"width\":600,\"height\":600},{\"@type\":\"BreadcrumbList\",\"@id\":\"https:\/\/www.domtechnikpro.com\/index.php\/produkt\/alca-m279s-ovladaci-wc-tlacitko-se-senzorem-pro-predstenove-instalacni-systemy-kov-antivandal-nizka-cena-44989\/#breadcrumb\",\"itemListElement\":[{\"@type\":\"ListItem\",\"position\":1,\"name\":\"Home\",\"item\":\"https:\/\/www.domtechnikpro.com\/\"},{\"@type\":\"ListItem\",\"position\":2,\"name\":\"Products\",\"item\":\"https:\/\/www.domtechnikpro.com\/index.php\/products\/\"},{\"@type\":\"ListItem\",\"position\":3,\"name\":\"ALCA M279S Ovl\u00e1dac\u00ed wc tla\u010d\u00edtko se senzorem pro p\u0159edst\u011bnov\u00e9 instala\u010dn\u00ed syst\u00e9my, kov, Antivandal N\u00edzk\u00e1 Cena\"}]},{\"@type\":\"WebSite\",\"@id\":\"https:\/\/www.domtechnikpro.com\/#website\",\"url\":\"https:\/\/www.domtechnikpro.com\/\",\"name\":\"\",\"description\":\"\",\"potentialAction\":[{\"@type\":\"SearchAction\",\"target\":{\"@type\":\"EntryPoint\",\"urlTemplate\":\"https:\/\/www.domtechnikpro.com\/?s={search_term_string}\"},\"query-input\":{\"@type\":\"PropertyValueSpecification\",\"valueRequired\":true,\"valueName\":\"search_term_string\"}}],\"inLanguage\":\"cs\"}]}<\/script>\n<!-- \/ Yoast SEO plugin. -->","yoast_head_json":{"title":"ALCA M279S Ovl\u00e1dac\u00ed wc tla\u010d\u00edtko se senzorem pro p\u0159edst\u011bnov\u00e9 instala\u010dn\u00ed syst\u00e9my, kov, Antivandal N\u00edzk\u00e1 Cena -","robots":{"index":"index","follow":"follow","max-snippet":"max-snippet:-1","max-image-preview":"max-image-preview:large","max-video-preview":"max-video-preview:-1"},"canonical":"https:\/\/www.domtechnikpro.com\/index.php\/produkt\/alca-m279s-ovladaci-wc-tlacitko-se-senzorem-pro-predstenove-instalacni-systemy-kov-antivandal-nizka-cena-44989\/","og_locale":"cs_CZ","og_type":"article","og_title":"ALCA M279S Ovl\u00e1dac\u00ed wc tla\u010d\u00edtko se senzorem pro p\u0159edst\u011bnov\u00e9 instala\u010dn\u00ed syst\u00e9my, kov, Antivandal N\u00edzk\u00e1 Cena -","og_description":"Popis produktu ALCA M279S Ovl\u00e1dac\u00ed wc tla\u010d\u00edtko se senzorem pro p\u0159edst\u011bnov\u00e9 instala\u010dn\u00ed syst\u00e9my, kov, Antivandal V\u00fdstupn\u00ed nap\u011bt\u00ed 12 V DC P\u0159\u00edkon 8,5 W Pou\u017eit\u00ed Pro p\u0159edst\u011bnov\u00e9 instala\u010dn\u00ed syst\u00e9my a WC n\u00e1dr\u017ee pro zazd\u011bn\u00ed Pro pou\u017eit\u00ed ve ve\u0159ejn\u00fdch budov\u00e1ch \u2013 Antivandal Pro bezdotykov\u00e9 splachov\u00e1n\u00ed pomoc\u00ed senzoru Nelze pou\u017e\u00edt pro p\u0159edst\u011bnov\u00e9 instala\u010dn\u00ed syst\u00e9my Slim Nelze pou\u017e\u00edt pro [&hellip;]","og_url":"https:\/\/www.domtechnikpro.com\/index.php\/produkt\/alca-m279s-ovladaci-wc-tlacitko-se-senzorem-pro-predstenove-instalacni-systemy-kov-antivandal-nizka-cena-44989\/","og_image":[{"width":600,"height":600,"url":"https:\/\/www.domtechnikpro.com\/wp-content\/uploads\/2026\/SK0001431-CZ20260425-092632-0-1777080397-alca-m279s-ovladaci-wc-tlacitko-se-senzorem-pro-predstenove.webp","type":"image\/webp"}],"twitter_card":"summary_large_image","twitter_misc":{"Odhadovan\u00e1 doba \u010dten\u00ed":"1 minuta"},"schema":{"@context":"https:\/\/schema.org","@graph":[{"@type":"WebPage","@id":"https:\/\/www.domtechnikpro.com\/index.php\/produkt\/alca-m279s-ovladaci-wc-tlacitko-se-senzorem-pro-predstenove-instalacni-systemy-kov-antivandal-nizka-cena-44989\/","url":"https:\/\/www.domtechnikpro.com\/index.php\/produkt\/alca-m279s-ovladaci-wc-tlacitko-se-senzorem-pro-predstenove-instalacni-systemy-kov-antivandal-nizka-cena-44989\/","name":"ALCA M279S Ovl\u00e1dac\u00ed wc tla\u010d\u00edtko se senzorem pro p\u0159edst\u011bnov\u00e9 instala\u010dn\u00ed syst\u00e9my, kov, Antivandal N\u00edzk\u00e1 Cena -","isPartOf":{"@id":"https:\/\/www.domtechnikpro.com\/#website"},"primaryImageOfPage":{"@id":"https:\/\/www.domtechnikpro.com\/index.php\/produkt\/alca-m279s-ovladaci-wc-tlacitko-se-senzorem-pro-predstenove-instalacni-systemy-kov-antivandal-nizka-cena-44989\/#primaryimage"},"image":{"@id":"https:\/\/www.domtechnikpro.com\/index.php\/produkt\/alca-m279s-ovladaci-wc-tlacitko-se-senzorem-pro-predstenove-instalacni-systemy-kov-antivandal-nizka-cena-44989\/#primaryimage"},"thumbnailUrl":"https:\/\/www.domtechnikpro.com\/wp-content\/uploads\/2026\/SK0001431-CZ20260425-092632-0-1777080397-alca-m279s-ovladaci-wc-tlacitko-se-senzorem-pro-predstenove.webp","datePublished":"2026-04-26T08:59:44+00:00","breadcrumb":{"@id":"https:\/\/www.domtechnikpro.com\/index.php\/produkt\/alca-m279s-ovladaci-wc-tlacitko-se-senzorem-pro-predstenove-instalacni-systemy-kov-antivandal-nizka-cena-44989\/#breadcrumb"},"inLanguage":"cs","potentialAction":[{"@type":"ReadAction","target":["https:\/\/www.domtechnikpro.com\/index.php\/produkt\/alca-m279s-ovladaci-wc-tlacitko-se-senzorem-pro-predstenove-instalacni-systemy-kov-antivandal-nizka-cena-44989\/"]}]},{"@type":"ImageObject","inLanguage":"cs","@id":"https:\/\/www.domtechnikpro.com\/index.php\/produkt\/alca-m279s-ovladaci-wc-tlacitko-se-senzorem-pro-predstenove-instalacni-systemy-kov-antivandal-nizka-cena-44989\/#primaryimage","url":"https:\/\/www.domtechnikpro.com\/wp-content\/uploads\/2026\/SK0001431-CZ20260425-092632-0-1777080397-alca-m279s-ovladaci-wc-tlacitko-se-senzorem-pro-predstenove.webp","contentUrl":"https:\/\/www.domtechnikpro.com\/wp-content\/uploads\/2026\/SK0001431-CZ20260425-092632-0-1777080397-alca-m279s-ovladaci-wc-tlacitko-se-senzorem-pro-predstenove.webp","width":600,"height":600},{"@type":"BreadcrumbList","@id":"https:\/\/www.domtechnikpro.com\/index.php\/produkt\/alca-m279s-ovladaci-wc-tlacitko-se-senzorem-pro-predstenove-instalacni-systemy-kov-antivandal-nizka-cena-44989\/#breadcrumb","itemListElement":[{"@type":"ListItem","position":1,"name":"Home","item":"https:\/\/www.domtechnikpro.com\/"},{"@type":"ListItem","position":2,"name":"Products","item":"https:\/\/www.domtechnikpro.com\/index.php\/products\/"},{"@type":"ListItem","position":3,"name":"ALCA M279S Ovl\u00e1dac\u00ed wc tla\u010d\u00edtko se senzorem pro p\u0159edst\u011bnov\u00e9 instala\u010dn\u00ed syst\u00e9my, kov, Antivandal N\u00edzk\u00e1 Cena"}]},{"@type":"WebSite","@id":"https:\/\/www.domtechnikpro.com\/#website","url":"https:\/\/www.domtechnikpro.com\/","name":"","description":"","potentialAction":[{"@type":"SearchAction","target":{"@type":"EntryPoint","urlTemplate":"https:\/\/www.domtechnikpro.com\/?s={search_term_string}"},"query-input":{"@type":"PropertyValueSpecification","valueRequired":true,"valueName":"search_term_string"}}],"inLanguage":"cs"}]}},"_links":{"self":[{"href":"https:\/\/www.domtechnikpro.com\/index.php\/wp-json\/wp\/v2\/product\/44989","targetHints":{"allow":["GET"]}}],"collection":[{"href":"https:\/\/www.domtechnikpro.com\/index.php\/wp-json\/wp\/v2\/product"}],"about":[{"href":"https:\/\/www.domtechnikpro.com\/index.php\/wp-json\/wp\/v2\/types\/product"}],"replies":[{"embeddable":true,"href":"https:\/\/www.domtechnikpro.com\/index.php\/wp-json\/wp\/v2\/comments?post=44989"}],"wp:featuredmedia":[{"embeddable":true,"href":"https:\/\/www.domtechnikpro.com\/index.php\/wp-json\/wp\/v2\/media\/45089"}],"wp:attachment":[{"href":"https:\/\/www.domtechnikpro.com\/index.php\/wp-json\/wp\/v2\/media?parent=44989"}],"wp:term":[{"taxonomy":"product_brand","embeddable":true,"href":"https:\/\/www.domtechnikpro.com\/index.php\/wp-json\/wp\/v2\/product_brand?post=44989"},{"taxonomy":"product_cat","embeddable":true,"href":"https:\/\/www.domtechnikpro.com\/index.php\/wp-json\/wp\/v2\/product_cat?post=44989"},{"taxonomy":"product_tag","embeddable":true,"href":"https:\/\/www.domtechnikpro.com\/index.php\/wp-json\/wp\/v2\/product_tag?post=44989"}],"curies":[{"name":"wp","href":"https:\/\/api.w.org\/{rel}","templated":true}]}}