{"id":44984,"date":"2026-04-26T08:59:44","date_gmt":"2026-04-26T08:59:44","guid":{"rendered":""},"modified":"2026-04-26T08:59:44","modified_gmt":"2026-04-26T08:59:44","slug":"gelco-aneta-panel-celni-90x90cm-vyska-10cm-kup-ted-44984","status":"publish","type":"product","link":"https:\/\/www.domtechnikpro.com\/index.php\/produkt\/gelco-aneta-panel-celni-90x90cm-vyska-10cm-kup-ted-44984\/","title":{"rendered":"Gelco ANETA panel \u010deln\u00ed 90x90cm, v\u00fd\u0161ka 10cm Kup Te\u010f"},"content":{"rendered":"<div class=\"ProductDetail-content NoFixImageContainer\" id=\"productDescription\">\n<div class=\"Heading\">\n<h2 class=\"Heading-title\">Popis produktu <span class=''>Gelco ANETA panel \u010deln\u00ed 90x90cm, v\u00fd\u0161ka 10cm<\/span><\/h2>\n<\/p><\/div>\n<div class=\"ProductDetailContent\">                                                                    <\/div>\n<div class=\"ProductDetailContent\">\n<div class=\"ProductDetailContent-item\">                                            Barva: B\u00edl\u00e1<br \/>\u0160\u00ed\u0159ka: 900 mm<br \/>V\u00fd\u0161ka: 100 mm<br \/>Balen\u00ed: 1 ks<br \/>Instalace: Panel lev\u00fd;Panel prav\u00fd<br \/>Rozm\u011br: 90x90x10 cm<br \/>D\u00e9lka: 900 mm<br \/>Materi\u00e1l: Akryl\u00e1t<br \/>Z\u00e1ruka: 3 roky                                        <\/div>\n<div class=\"ProductDetailContent-item\">\n<h3>Vysv\u011btlivky<\/h3>\n<div class=\"product-explanation-item\">\n<h3>Akryl\u00e1t<\/h3>\n<p style=\"text-align: justify;\">Akryl\u00e1tov\u00e9 vany a vani\u010dky jsou vyr\u00e1b\u011bny ze zna\u010dkov\u00e9ho akryl\u00e1tu Akripol. Na rozd\u00edl od koextrudovan\u00fdch akryl\u00e1tov\u00fdch desek, kter\u00e9 maj\u00ed m\u011bk\u010d\u00ed povrch a men\u0161\u00ed chemickou odolnost, se akryl\u00e1t Akripol vyr\u00e1b\u00ed lit\u00edm. To mj. znamen\u00e1, \u017ee je probarven\u00fd v cel\u00e9 tlou\u0161\u0165ce, pln\u011b st\u00e1lobarevn\u00fd, nepor\u00e9zn\u00ed a s vysokou povrchovou pevnost\u00ed. M\u00e1 hladk\u00fd povrch s minim\u00e1ln\u00ed mo\u017enost\u00ed uklouznut\u00ed a dob\u0159e tlum\u00ed hluk dopadaj\u00edc\u00ed vody.<\/p>\n<\/div><\/div>\n<\/p><\/div>\n<\/p><\/div>\n<\/p><\/div>\n<\/p><\/div>\n","protected":false},"excerpt":{"rendered":"<p>Popis produktu Gelco ANETA panel \u010deln\u00ed 90x90cm, v\u00fd\u0161ka 10cm Barva: B\u00edl\u00e1\u0160\u00ed\u0159ka: 900 mmV\u00fd\u0161ka: 100 mmBalen\u00ed: 1 ksInstalace: Panel lev\u00fd;Panel prav\u00fdRozm\u011br: 90x90x10 cmD\u00e9lka: 900 mmMateri\u00e1l: Akryl\u00e1tZ\u00e1ruka: 3 roky Vysv\u011btlivky Akryl\u00e1t Akryl\u00e1tov\u00e9 vany a vani\u010dky jsou vyr\u00e1b\u011bny ze zna\u010dkov\u00e9ho akryl\u00e1tu Akripol. Na rozd\u00edl od koextrudovan\u00fdch akryl\u00e1tov\u00fdch desek, kter\u00e9 maj\u00ed m\u011bk\u010d\u00ed povrch a men\u0161\u00ed chemickou odolnost, se akryl\u00e1t [&hellip;]<\/p>\n","protected":false},"featured_media":45084,"comment_status":"open","ping_status":"open","template":"","meta":[],"product_brand":[],"product_cat":[162],"product_tag":[],"class_list":{"0":"post-44984","1":"product","2":"type-product","3":"status-publish","4":"has-post-thumbnail","6":"product_cat-koupelny","8":"first","9":"instock","10":"sale","11":"shipping-taxable","12":"purchasable","13":"product-type-simple"},"yoast_head":"<!-- This site is optimized with the Yoast SEO plugin v26.8 - https:\/\/yoast.com\/product\/yoast-seo-wordpress\/ -->\n<title>Gelco ANETA panel \u010deln\u00ed 90x90cm, v\u00fd\u0161ka 10cm Kup Te\u010f -<\/title>\n<meta name=\"robots\" content=\"index, follow, max-snippet:-1, max-image-preview:large, max-video-preview:-1\" \/>\n<link rel=\"canonical\" href=\"https:\/\/www.domtechnikpro.com\/index.php\/produkt\/gelco-aneta-panel-celni-90x90cm-vyska-10cm-kup-ted-44984\/\" \/>\n<meta property=\"og:locale\" content=\"cs_CZ\" \/>\n<meta property=\"og:type\" content=\"article\" \/>\n<meta property=\"og:title\" content=\"Gelco ANETA panel \u010deln\u00ed 90x90cm, v\u00fd\u0161ka 10cm Kup Te\u010f -\" \/>\n<meta property=\"og:description\" content=\"Popis produktu Gelco ANETA panel \u010deln\u00ed 90x90cm, v\u00fd\u0161ka 10cm Barva: B\u00edl\u00e1\u0160\u00ed\u0159ka: 900 mmV\u00fd\u0161ka: 100 mmBalen\u00ed: 1 ksInstalace: Panel lev\u00fd;Panel prav\u00fdRozm\u011br: 90x90x10 cmD\u00e9lka: 900 mmMateri\u00e1l: Akryl\u00e1tZ\u00e1ruka: 3 roky Vysv\u011btlivky Akryl\u00e1t Akryl\u00e1tov\u00e9 vany a vani\u010dky jsou vyr\u00e1b\u011bny ze zna\u010dkov\u00e9ho akryl\u00e1tu Akripol. Na rozd\u00edl od koextrudovan\u00fdch akryl\u00e1tov\u00fdch desek, kter\u00e9 maj\u00ed m\u011bk\u010d\u00ed povrch a men\u0161\u00ed chemickou odolnost, se akryl\u00e1t [&hellip;]\" \/>\n<meta property=\"og:url\" content=\"https:\/\/www.domtechnikpro.com\/index.php\/produkt\/gelco-aneta-panel-celni-90x90cm-vyska-10cm-kup-ted-44984\/\" \/>\n<meta property=\"og:image\" content=\"https:\/\/www.domtechnikpro.com\/wp-content\/uploads\/2026\/SK0001416-CZ20260425-092632-0-1777080397-gelco-aneta-panel-celni-90x90cm-vyska-10cm-427179.webp\" \/>\n\t<meta property=\"og:image:width\" content=\"600\" \/>\n\t<meta property=\"og:image:height\" content=\"408\" \/>\n\t<meta property=\"og:image:type\" content=\"image\/webp\" \/>\n<meta name=\"twitter:card\" content=\"summary_large_image\" \/>\n<meta name=\"twitter:label1\" content=\"Odhadovan\u00e1 doba \u010dten\u00ed\" \/>\n\t<meta name=\"twitter:data1\" content=\"1 minuta\" \/>\n<script type=\"application\/ld+json\" class=\"yoast-schema-graph\">{\"@context\":\"https:\/\/schema.org\",\"@graph\":[{\"@type\":\"WebPage\",\"@id\":\"https:\/\/www.domtechnikpro.com\/index.php\/produkt\/gelco-aneta-panel-celni-90x90cm-vyska-10cm-kup-ted-44984\/\",\"url\":\"https:\/\/www.domtechnikpro.com\/index.php\/produkt\/gelco-aneta-panel-celni-90x90cm-vyska-10cm-kup-ted-44984\/\",\"name\":\"Gelco ANETA panel \u010deln\u00ed 90x90cm, v\u00fd\u0161ka 10cm Kup Te\u010f -\",\"isPartOf\":{\"@id\":\"https:\/\/www.domtechnikpro.com\/#website\"},\"primaryImageOfPage\":{\"@id\":\"https:\/\/www.domtechnikpro.com\/index.php\/produkt\/gelco-aneta-panel-celni-90x90cm-vyska-10cm-kup-ted-44984\/#primaryimage\"},\"image\":{\"@id\":\"https:\/\/www.domtechnikpro.com\/index.php\/produkt\/gelco-aneta-panel-celni-90x90cm-vyska-10cm-kup-ted-44984\/#primaryimage\"},\"thumbnailUrl\":\"https:\/\/www.domtechnikpro.com\/wp-content\/uploads\/2026\/SK0001416-CZ20260425-092632-0-1777080397-gelco-aneta-panel-celni-90x90cm-vyska-10cm-427179.webp\",\"datePublished\":\"2026-04-26T08:59:44+00:00\",\"breadcrumb\":{\"@id\":\"https:\/\/www.domtechnikpro.com\/index.php\/produkt\/gelco-aneta-panel-celni-90x90cm-vyska-10cm-kup-ted-44984\/#breadcrumb\"},\"inLanguage\":\"cs\",\"potentialAction\":[{\"@type\":\"ReadAction\",\"target\":[\"https:\/\/www.domtechnikpro.com\/index.php\/produkt\/gelco-aneta-panel-celni-90x90cm-vyska-10cm-kup-ted-44984\/\"]}]},{\"@type\":\"ImageObject\",\"inLanguage\":\"cs\",\"@id\":\"https:\/\/www.domtechnikpro.com\/index.php\/produkt\/gelco-aneta-panel-celni-90x90cm-vyska-10cm-kup-ted-44984\/#primaryimage\",\"url\":\"https:\/\/www.domtechnikpro.com\/wp-content\/uploads\/2026\/SK0001416-CZ20260425-092632-0-1777080397-gelco-aneta-panel-celni-90x90cm-vyska-10cm-427179.webp\",\"contentUrl\":\"https:\/\/www.domtechnikpro.com\/wp-content\/uploads\/2026\/SK0001416-CZ20260425-092632-0-1777080397-gelco-aneta-panel-celni-90x90cm-vyska-10cm-427179.webp\",\"width\":600,\"height\":408},{\"@type\":\"BreadcrumbList\",\"@id\":\"https:\/\/www.domtechnikpro.com\/index.php\/produkt\/gelco-aneta-panel-celni-90x90cm-vyska-10cm-kup-ted-44984\/#breadcrumb\",\"itemListElement\":[{\"@type\":\"ListItem\",\"position\":1,\"name\":\"Home\",\"item\":\"https:\/\/www.domtechnikpro.com\/\"},{\"@type\":\"ListItem\",\"position\":2,\"name\":\"Products\",\"item\":\"https:\/\/www.domtechnikpro.com\/index.php\/products\/\"},{\"@type\":\"ListItem\",\"position\":3,\"name\":\"Gelco ANETA panel \u010deln\u00ed 90x90cm, v\u00fd\u0161ka 10cm Kup Te\u010f\"}]},{\"@type\":\"WebSite\",\"@id\":\"https:\/\/www.domtechnikpro.com\/#website\",\"url\":\"https:\/\/www.domtechnikpro.com\/\",\"name\":\"\",\"description\":\"\",\"potentialAction\":[{\"@type\":\"SearchAction\",\"target\":{\"@type\":\"EntryPoint\",\"urlTemplate\":\"https:\/\/www.domtechnikpro.com\/?s={search_term_string}\"},\"query-input\":{\"@type\":\"PropertyValueSpecification\",\"valueRequired\":true,\"valueName\":\"search_term_string\"}}],\"inLanguage\":\"cs\"}]}<\/script>\n<!-- \/ Yoast SEO plugin. -->","yoast_head_json":{"title":"Gelco ANETA panel \u010deln\u00ed 90x90cm, v\u00fd\u0161ka 10cm Kup Te\u010f -","robots":{"index":"index","follow":"follow","max-snippet":"max-snippet:-1","max-image-preview":"max-image-preview:large","max-video-preview":"max-video-preview:-1"},"canonical":"https:\/\/www.domtechnikpro.com\/index.php\/produkt\/gelco-aneta-panel-celni-90x90cm-vyska-10cm-kup-ted-44984\/","og_locale":"cs_CZ","og_type":"article","og_title":"Gelco ANETA panel \u010deln\u00ed 90x90cm, v\u00fd\u0161ka 10cm Kup Te\u010f -","og_description":"Popis produktu Gelco ANETA panel \u010deln\u00ed 90x90cm, v\u00fd\u0161ka 10cm Barva: B\u00edl\u00e1\u0160\u00ed\u0159ka: 900 mmV\u00fd\u0161ka: 100 mmBalen\u00ed: 1 ksInstalace: Panel lev\u00fd;Panel prav\u00fdRozm\u011br: 90x90x10 cmD\u00e9lka: 900 mmMateri\u00e1l: Akryl\u00e1tZ\u00e1ruka: 3 roky Vysv\u011btlivky Akryl\u00e1t Akryl\u00e1tov\u00e9 vany a vani\u010dky jsou vyr\u00e1b\u011bny ze zna\u010dkov\u00e9ho akryl\u00e1tu Akripol. Na rozd\u00edl od koextrudovan\u00fdch akryl\u00e1tov\u00fdch desek, kter\u00e9 maj\u00ed m\u011bk\u010d\u00ed povrch a men\u0161\u00ed chemickou odolnost, se akryl\u00e1t [&hellip;]","og_url":"https:\/\/www.domtechnikpro.com\/index.php\/produkt\/gelco-aneta-panel-celni-90x90cm-vyska-10cm-kup-ted-44984\/","og_image":[{"width":600,"height":408,"url":"https:\/\/www.domtechnikpro.com\/wp-content\/uploads\/2026\/SK0001416-CZ20260425-092632-0-1777080397-gelco-aneta-panel-celni-90x90cm-vyska-10cm-427179.webp","type":"image\/webp"}],"twitter_card":"summary_large_image","twitter_misc":{"Odhadovan\u00e1 doba \u010dten\u00ed":"1 minuta"},"schema":{"@context":"https:\/\/schema.org","@graph":[{"@type":"WebPage","@id":"https:\/\/www.domtechnikpro.com\/index.php\/produkt\/gelco-aneta-panel-celni-90x90cm-vyska-10cm-kup-ted-44984\/","url":"https:\/\/www.domtechnikpro.com\/index.php\/produkt\/gelco-aneta-panel-celni-90x90cm-vyska-10cm-kup-ted-44984\/","name":"Gelco ANETA panel \u010deln\u00ed 90x90cm, v\u00fd\u0161ka 10cm Kup Te\u010f -","isPartOf":{"@id":"https:\/\/www.domtechnikpro.com\/#website"},"primaryImageOfPage":{"@id":"https:\/\/www.domtechnikpro.com\/index.php\/produkt\/gelco-aneta-panel-celni-90x90cm-vyska-10cm-kup-ted-44984\/#primaryimage"},"image":{"@id":"https:\/\/www.domtechnikpro.com\/index.php\/produkt\/gelco-aneta-panel-celni-90x90cm-vyska-10cm-kup-ted-44984\/#primaryimage"},"thumbnailUrl":"https:\/\/www.domtechnikpro.com\/wp-content\/uploads\/2026\/SK0001416-CZ20260425-092632-0-1777080397-gelco-aneta-panel-celni-90x90cm-vyska-10cm-427179.webp","datePublished":"2026-04-26T08:59:44+00:00","breadcrumb":{"@id":"https:\/\/www.domtechnikpro.com\/index.php\/produkt\/gelco-aneta-panel-celni-90x90cm-vyska-10cm-kup-ted-44984\/#breadcrumb"},"inLanguage":"cs","potentialAction":[{"@type":"ReadAction","target":["https:\/\/www.domtechnikpro.com\/index.php\/produkt\/gelco-aneta-panel-celni-90x90cm-vyska-10cm-kup-ted-44984\/"]}]},{"@type":"ImageObject","inLanguage":"cs","@id":"https:\/\/www.domtechnikpro.com\/index.php\/produkt\/gelco-aneta-panel-celni-90x90cm-vyska-10cm-kup-ted-44984\/#primaryimage","url":"https:\/\/www.domtechnikpro.com\/wp-content\/uploads\/2026\/SK0001416-CZ20260425-092632-0-1777080397-gelco-aneta-panel-celni-90x90cm-vyska-10cm-427179.webp","contentUrl":"https:\/\/www.domtechnikpro.com\/wp-content\/uploads\/2026\/SK0001416-CZ20260425-092632-0-1777080397-gelco-aneta-panel-celni-90x90cm-vyska-10cm-427179.webp","width":600,"height":408},{"@type":"BreadcrumbList","@id":"https:\/\/www.domtechnikpro.com\/index.php\/produkt\/gelco-aneta-panel-celni-90x90cm-vyska-10cm-kup-ted-44984\/#breadcrumb","itemListElement":[{"@type":"ListItem","position":1,"name":"Home","item":"https:\/\/www.domtechnikpro.com\/"},{"@type":"ListItem","position":2,"name":"Products","item":"https:\/\/www.domtechnikpro.com\/index.php\/products\/"},{"@type":"ListItem","position":3,"name":"Gelco ANETA panel \u010deln\u00ed 90x90cm, v\u00fd\u0161ka 10cm Kup Te\u010f"}]},{"@type":"WebSite","@id":"https:\/\/www.domtechnikpro.com\/#website","url":"https:\/\/www.domtechnikpro.com\/","name":"","description":"","potentialAction":[{"@type":"SearchAction","target":{"@type":"EntryPoint","urlTemplate":"https:\/\/www.domtechnikpro.com\/?s={search_term_string}"},"query-input":{"@type":"PropertyValueSpecification","valueRequired":true,"valueName":"search_term_string"}}],"inLanguage":"cs"}]}},"_links":{"self":[{"href":"https:\/\/www.domtechnikpro.com\/index.php\/wp-json\/wp\/v2\/product\/44984","targetHints":{"allow":["GET"]}}],"collection":[{"href":"https:\/\/www.domtechnikpro.com\/index.php\/wp-json\/wp\/v2\/product"}],"about":[{"href":"https:\/\/www.domtechnikpro.com\/index.php\/wp-json\/wp\/v2\/types\/product"}],"replies":[{"embeddable":true,"href":"https:\/\/www.domtechnikpro.com\/index.php\/wp-json\/wp\/v2\/comments?post=44984"}],"wp:featuredmedia":[{"embeddable":true,"href":"https:\/\/www.domtechnikpro.com\/index.php\/wp-json\/wp\/v2\/media\/45084"}],"wp:attachment":[{"href":"https:\/\/www.domtechnikpro.com\/index.php\/wp-json\/wp\/v2\/media?parent=44984"}],"wp:term":[{"taxonomy":"product_brand","embeddable":true,"href":"https:\/\/www.domtechnikpro.com\/index.php\/wp-json\/wp\/v2\/product_brand?post=44984"},{"taxonomy":"product_cat","embeddable":true,"href":"https:\/\/www.domtechnikpro.com\/index.php\/wp-json\/wp\/v2\/product_cat?post=44984"},{"taxonomy":"product_tag","embeddable":true,"href":"https:\/\/www.domtechnikpro.com\/index.php\/wp-json\/wp\/v2\/product_tag?post=44984"}],"curies":[{"name":"wp","href":"https:\/\/api.w.org\/{rel}","templated":true}]}}