{"id":43585,"date":"2026-04-26T08:59:27","date_gmt":"2026-04-26T08:59:27","guid":{"rendered":""},"modified":"2026-04-26T08:59:27","modified_gmt":"2026-04-26T08:59:27","slug":"mediena-skrinka-vysoka-35x140x30cm-2x-dvirka-leva-prava-bila-mat-dub-graphite-kup-ted-43585","status":"publish","type":"product","link":"https:\/\/www.domtechnikpro.com\/index.php\/produkt\/mediena-skrinka-vysoka-35x140x30cm-2x-dvirka-leva-prava-bila-mat-dub-graphite-kup-ted-43585\/","title":{"rendered":"MEDIENA sk\u0159\u00ed\u0148ka vysok\u00e1 35x140x30cm, 2x dv\u00ed\u0159ka, lev\u00e1\/prav\u00e1, b\u00edl\u00e1 mat\/dub graphite Kup Te\u010f"},"content":{"rendered":"<div class=\"basic-description\">\n<h3>Detailn\u00ed popis produktu<\/h3>\n<div>\n<ul>\n<li>Vvnit\u0159 4 v\u00fd\u0161kov\u011b nastaviteln\u00e9 sklen\u011bn\u00e9 police   <\/li>\n<li>Mo\u017enost instalace l\u00e1tkov\u00e9ho pr\u00e1deln\u00edho ko\u0161e do spodn\u00ed \u010d\u00e1sti <\/li>\n<\/ul>\n<p>N\u00e1bytek je dod\u00e1v\u00e1n ve smontovan\u00e9m stavu, p\u0159ipraven k okam\u017eit\u00e9 instalaci.<br \/>Lev\u00e1 nebo prav\u00e1 strana sk\u0159\u00edn\u011bk se ur\u010duje dle pozice pant\u016f.<\/p>\n<\/div>\n<p style=\"text-align: justify;\">S\u00e9rie MEDIENA je kombinac\u00ed b\u00edl\u00e9 matn\u00e9 barvy a z\u00e1suvek z masivn\u00edho d\u0159eva, kter\u00e9 sv\u00fdm zaoblen\u00edm kop\u00edruj\u00ed tvar keramick\u00fdch umyvadel SAND od italsk\u00e9ho v\u00fdrobce GSI. Z\u00e1suvky s netradi\u010dn\u00edm tvarem v\u00fd\u0159ezu pro otv\u00edr\u00e1n\u00ed jsou vybaveny v\u00fdsuvy BLUM s funkc\u00ed tlumen\u00ed BLUMOTION s do\u017eivotn\u00ed z\u00e1rukou. Sk\u0159\u00ed\u0148ky nab\u00edz\u00edme bu\u010f cel\u00e9 v b\u00edl\u00e9m matn\u00e9m proveden\u00ed nebo v kombinaci korpus matn\u00e1 b\u00edl\u00e1 a \u010dela z\u00e1suvek ve 2 dekorech dubov\u00e9ho d\u0159eva (voskov\u00fd olej dub natural a dub graphite). \u0160\u00ed\u0159ky sk\u0159\u00edn\u011bk jsou 60, 80, 100 a 120 cm. V nab\u00eddce jsou t\u00e9\u017e 2 typy dopl\u0148kov\u00fdch policov\u00fdch sk\u0159\u00edn\u011bk. Sk\u0159\u00ed\u0148ku s pr\u00e1deln\u00edm ko\u0161em z\u00edsk\u00e1te jednoduch\u00fdm vyjmut\u00edm spodn\u00ed police u dopl\u0148kov\u00e9 sk\u0159\u00ed\u0148ky \u0161\u00ed\u0159e 35 cm a instalac\u00ed l\u00e1tkov\u00e9ho pr\u00e1deln\u00edho ko\u0161e na such\u00fd zip.<\/p>\n<div>N\u00e1bytek je dod\u00e1v\u00e1n ve smontovan\u00e9m stavu, p\u0159ipraven k&nbsp;okam\u017eit\u00e9 instalaci.<\/div>\n<div>N\u00e1bytek instalujte na rovnou st\u011bnu. P\u0159i zkroucen\u00ed korpusu sk\u0159\u00ed\u0148ky m\u016f\u017ee doj\u00edt k&nbsp;poru\u0161e funkce dov\u00edrac\u00edch mechanism\u016f. Nevystavujte n\u00e1bytek trval\u00e9 vlhkosti a&nbsp;styku s&nbsp;vodou.<\/div>\n<div>Po pou\u017eit\u00ed koupelnu \u0159\u00e1dn\u011b odv\u011btrejte. Proti p\u0159\u00edpadn\u00e9mu zat\u00e9k\u00e1n\u00ed do sk\u0159\u00ed\u0148ky pou\u017eijte silikonov\u00fd tmel.<\/div>\n<p style=\"text-align: justify;\">P\u0159i v\u00fdrob\u011b n\u00e1bytku pou\u017e\u00edv\u00e1me syst\u00e9m v\u00fdsuvu z\u00e1suvky BLUM TANDEMBOX antaro s integrovanou funkc\u00ed tlumen\u00ed BLUMOTION. V\u0161echny z\u00e1suvky vybaven\u00e9 t\u00edmto syst\u00e9mem otev\u0159ete nanejv\u00fd\u0161 lehce a snadno jedn\u00edm pohybem ruky. TANDEMBOX antaro zajist\u00ed vysokou kvalitu pohybu p\u0159i dynamick\u00e9 nosnosti 30 a 65 kg. Technologie integrovan\u00e9ho tlumen\u00ed BLUMOTION garantuje lehk\u00fd chod, zav\u00edr\u00e1 n\u00e1bytek m\u011bkce a ti\u0161e a to po celou dobu \u017eivotnosti n\u00e1bytku. P\u0159itom nehraje \u017e\u00e1dnou roli, jak d\u016frazn\u011b z\u00e1suvky zav\u0159ete, nebo jak moc jsou pln\u00e9 a tud\u00ed\u017e zat\u00ed\u017een\u00e9.<\/p>\n<div class=\"product-explanation-item\">\n<h3>Lze vyrobit v tomto barevn\u00e9m proveden\u00ed:<\/h3>\n<p>Korpus sk\u0159\u00edn\u011bk: Cenov\u00e1 skupina A, B, CZ\u00e1suvky a dv\u00ed\u0159ka: Cenov\u00e1 skupina C<\/p>\n<p><strong>Cenov\u00e1 skupina A  <\/strong>p\u0159\u00edplatek 0%<\/p>\n<div class=\"vzorniky-list\">\n<div class=\"vzorniky-item\">30 B\u00edl\u00e1 lesk<\/div>\n<div class=\"vzorniky-item\">11 Dub st\u0159\u00edbrn\u00fd<\/div>\n<div class=\"vzorniky-item\">16 Borovice rustik<\/div>\n<div class=\"vzorniky-item\">22 Dub alabama<\/div>\n<div class=\"vzorniky-item\">25 Dub cuneo<\/div>\n<\/div>\n<div style=\"clear: both;\"><\/div>\n<p><strong>Cenov\u00e1 skupina B:<\/strong>  p\u0159\u00edplatek 30%<\/p>\n<div class=\"vzorniky-list\">\n<div class=\"vzorniky-item\">10 Dub polar<\/div>\n<div class=\"vzorniky-item\">12 Dub mocca<\/div>\n<div class=\"vzorniky-item\">20 Dub texas<\/div>\n<div class=\"vzorniky-item\">15 Dub sherwood<\/div>\n<div class=\"vzorniky-item\">13 Jilm bardini<\/div>\n<div class=\"vzorniky-item\">21 Mali wenge<\/div>\n<div class=\"vzorniky-item\">17 O\u0159ech yosemite<\/div>\n<div class=\"vzorniky-item\">18 Dub \u010dern\u00fd<\/div>\n<div class=\"vzorniky-item\">31 B\u00edl\u00e1 mat<\/div>\n<div class=\"vzorniky-item\">32 Ka\u0161m\u00edrov\u00e1 matn\u00e1<\/div>\n<div class=\"vzorniky-item\">33 \u0160ed\u00e1 matn\u00e1<\/div>\n<div class=\"vzorniky-item\">34 Antracit matn\u00fd<\/div>\n<div class=\"vzorniky-item\">35 \u010cern\u00e1 matn\u00e1<\/div>\n<\/div>\n<div style=\"clear: both;\"><\/div>\n<p><strong>Cenov\u00e1 skupina C:<\/strong> p\u0159\u00edplatek 50%<\/p>\n<div class=\"vzorniky-list\">\n<div class=\"vzorniky-item\">41 Carina<\/div>\n<div class=\"vzorniky-item\">42 Siena<\/div>\n<div class=\"vzorniky-item\">43 Agila<\/div>\n<div class=\"vzorniky-item\">44 Verde<\/div>\n<\/div>\n<div style=\"clear: both;\"><\/div>\n<p>jak\u00e1koliv barva dle vzorn\u00edku RAL nebo NCS v leskl\u00e9m nebo matn\u00e9m proveden\u00ed<\/p>\n<div class=\"vzorniky-list\">\n<div class=\"vzorniky-item\">RAL1019 \u0160edob\u00e9\u017eov\u00e1<\/div>\n<div class=\"vzorniky-item\">RAL3004 Bord\u00f3<\/div>\n<div class=\"vzorniky-item\">RAL6004 Modrozelen\u00e1<\/div>\n<div class=\"vzorniky-item\">RAL7031 \u0160edomodr\u00e1<\/div>\n<\/div>\n<div style=\"clear: both;\"><\/div>\n<p>Dodac\u00ed lh\u016fta cenov\u00fdch skupin B a C je 6 t\u00fddn\u016f.<\/p>\n<\/div>\n<div class=\"product-explanation-item\">\n<h3>Sm\u011br otev\u00edr\u00e1n\u00ed &#8211; univerz\u00e1ln\u00ed<\/h3>\n<p style=\"text-align: justify;\">Instalace je mo\u017en\u00e1 s lev\u00fdm nebo prav\u00fdm otev\u00edr\u00e1n\u00edm dve\u0159\u00ed.<\/p>\n<\/div>\n<div class=\"product-explanation-item\">\n<h3>Zpomalovac\u00ed panty<\/h3>\n<div style=\"float: left;\"><\/div>\n<p>N\u00e1bytek je vybaven mechanismem zpomalovac\u00edch pant\u016f u dv\u00ed\u0159ek. Dv\u00ed\u0159ka sta\u010d\u00ed jen lehce postr\u010dit a ona se ji\u017e sama dov\u0159ou.<\/p>\n<\/div>\n<p><b>Video ke shl\u00e9dnut\u00ed<\/b><video width=\"640\" height=\"480\" controls><source src=\"https:\/\/ubc.k2.cz\/K2FTPdata\/UBC\/video\/produkt_ostatne\/nabytek-mediena.mp4\" type=\"video\/mp4\">V\u00e1\u0161 prohl\u00ed\u017ee\u010d nepodporuje video tag.<\/video>                            <\/div>\n<div class=\"extended-description\">\n<h3>Dopl\u0148kov\u00e9 parametry<\/h3>\n<table class=\"detail-parameters\">\n<tbody>\n<tr>\n<th>        <span class=\"row-header-label\">            Kategorie<span class=\"row-header-label-colon\">:<\/span>        <\/span>    <\/th>\n<td>            <\/td>\n<\/tr>\n<tr>\n<th>            <span class=\"row-header-label\">                Z\u00e1ruka<span class=\"row-header-label-colon\">:<\/span>            <\/span>        <\/th>\n<td>            24        <\/td>\n<\/tr>\n<tr>\n<th>            <span class=\"row-header-label\">                Hmotnost<span class=\"row-header-label-colon\">:<\/span>            <\/span>        <\/th>\n<td>            22 kg        <\/td>\n<\/tr>\n<tr class=\"productEan\">\n<th>          <span class=\"row-header-label productEan__label\">              EAN<span class=\"row-header-label-colon\">:<\/span>          <\/span>      <\/th>\n<td>          <span class=\"productEan__value\">8590913868689<\/span>      <\/td>\n<\/tr>\n<tr>\n<th>                <span class=\"row-header-label\">                                            3D model<span class=\"row-header-label-colon\">:<\/span>                                    <\/span>            <\/th>\n<td>                                                            ANO                                                <\/td>\n<\/tr>\n<tr>\n<th>                <span class=\"row-header-label\">                                            Balen\u00ed<span class=\"row-header-label-colon\">:<\/span>                                    <\/span>            <\/th>\n<td>                                                            1 ks                                                <\/td>\n<\/tr>\n<tr>\n<th>                <span class=\"row-header-label\">                                            Barva<span class=\"row-header-label-colon\">:<\/span>                                    <\/span>            <\/th>\n<td>                                                            B\u00edl\u00e1 mat;Hn\u011bd\u00e1                                                <\/td>\n<\/tr>\n<tr>\n<th>                <span class=\"row-header-label\">                                            Dekor<span class=\"row-header-label-colon\">:<\/span>                                    <\/span>            <\/th>\n<td>                                                            Dub graphite                                                <\/td>\n<\/tr>\n<tr>\n<th>                <span class=\"row-header-label\">                                            Dostupnost<span class=\"row-header-label-colon\">:<\/span>                                    <\/span>            <\/th>\n<td>                                                            Dod\u00e1n\u00ed do 6ti t\u00fddn\u016f                                                <\/td>\n<\/tr>\n<tr>\n<th>                <span class=\"row-header-label\">                                            Hloubka<span class=\"row-header-label-colon\">:<\/span>                                    <\/span>            <\/th>\n<td>                                                            300 mm                                                <\/td>\n<\/tr>\n<tr>\n<th>                <span class=\"row-header-label\">                                            Instalace<span class=\"row-header-label-colon\">:<\/span>                                    <\/span>            <\/th>\n<td>                                                            Z\u00e1v\u011bsn\u00e9 na st\u011bnu                                                <\/td>\n<\/tr>\n<tr>\n<th>                <span class=\"row-header-label\">                                            Jin\u00e9 barevn\u00e9 proveden\u00ed<span class=\"row-header-label-colon\">:<\/span>                                    <\/span>            <\/th>\n<td>                                                            Dle vzorn\u00edku                                                <\/td>\n<\/tr>\n<tr>\n<th>                <span class=\"row-header-label\">                                            Materi\u00e1l<span class=\"row-header-label-colon\">:<\/span>                                    <\/span>            <\/th>\n<td>                                                            MDF\/lamino\/masiv                                                <\/td>\n<\/tr>\n<tr>\n<th>                <span class=\"row-header-label\">                                            Rozm\u011br<span class=\"row-header-label-colon\">:<\/span>                                    <\/span>            <\/th>\n<td>                                                            35x138x30 cm                                                <\/td>\n<\/tr>\n<tr>\n<th>                <span class=\"row-header-label\">                                            Sm\u011br otev\u00edr\u00e1n\u00ed<span class=\"row-header-label-colon\">:<\/span>                                    <\/span>            <\/th>\n<td>                                                            Univerz\u00e1ln\u00ed                                                <\/td>\n<\/tr>\n<tr>\n<th>                <span class=\"row-header-label\">                                            \u0160\u00ed\u0159ka<span class=\"row-header-label-colon\">:<\/span>                                    <\/span>            <\/th>\n<td>                                                            350 mm                                                <\/td>\n<\/tr>\n<tr>\n<th>                <span class=\"row-header-label\">                                            Typ sk\u0159\u00ed\u0148ky<span class=\"row-header-label-colon\">:<\/span>                                    <\/span>            <\/th>\n<td>                                                            Dv\u00ed\u0159ka                                                <\/td>\n<\/tr>\n<tr>\n<th>                <span class=\"row-header-label\">                                            V\u00fdbava<span class=\"row-header-label-colon\">:<\/span>                                    <\/span>            <\/th>\n<td>                                                            Ko\u0161 na pr\u00e1dlo: dopl\u0148kov\u00e1 v\u00fdbava;Zpomalovac\u00ed panty                                                <\/td>\n<\/tr>\n<tr>\n<th>                <span class=\"row-header-label\">                                            V\u00fd\u0161ka<span class=\"row-header-label-colon\">:<\/span>                                    <\/span>            <\/th>\n<td>                                                            1380 mm                                                <\/td>\n<\/tr>\n<tr>\n<th>                <span class=\"row-header-label\">                                            Z\u00e1ruka<span class=\"row-header-label-colon\">:<\/span>                                    <\/span>            <\/th>\n<td>                                                            2 roky                                                <\/td>\n<\/tr>\n<\/tbody>\n<\/table><\/div>\n<\/p><\/div>\n<\/p><\/div>\n","protected":false},"excerpt":{"rendered":"<p>Detailn\u00ed popis produktu Vvnit\u0159 4 v\u00fd\u0161kov\u011b nastaviteln\u00e9 sklen\u011bn\u00e9 police Mo\u017enost instalace l\u00e1tkov\u00e9ho pr\u00e1deln\u00edho ko\u0161e do spodn\u00ed \u010d\u00e1sti N\u00e1bytek je dod\u00e1v\u00e1n ve smontovan\u00e9m stavu, p\u0159ipraven k okam\u017eit\u00e9 instalaci.Lev\u00e1 nebo prav\u00e1 strana sk\u0159\u00edn\u011bk se ur\u010duje dle pozice pant\u016f. S\u00e9rie MEDIENA je kombinac\u00ed b\u00edl\u00e9 matn\u00e9 barvy a z\u00e1suvek z masivn\u00edho d\u0159eva, kter\u00e9 sv\u00fdm zaoblen\u00edm kop\u00edruj\u00ed tvar keramick\u00fdch umyvadel [&hellip;]<\/p>\n","protected":false},"featured_media":43685,"comment_status":"open","ping_status":"open","template":"","meta":[],"product_brand":[],"product_cat":[147],"product_tag":[],"class_list":{"0":"post-43585","1":"product","2":"type-product","3":"status-publish","4":"has-post-thumbnail","6":"product_cat-koupelnovy-nabytek","8":"first","9":"instock","10":"sale","11":"shipping-taxable","12":"purchasable","13":"product-type-simple"},"yoast_head":"<!-- This site is optimized with the Yoast SEO plugin v26.8 - https:\/\/yoast.com\/product\/yoast-seo-wordpress\/ -->\n<title>MEDIENA sk\u0159\u00ed\u0148ka vysok\u00e1 35x140x30cm, 2x dv\u00ed\u0159ka, lev\u00e1\/prav\u00e1, b\u00edl\u00e1 mat\/dub graphite Kup Te\u010f -<\/title>\n<meta name=\"robots\" content=\"index, follow, max-snippet:-1, max-image-preview:large, max-video-preview:-1\" \/>\n<link rel=\"canonical\" href=\"https:\/\/www.domtechnikpro.com\/index.php\/produkt\/mediena-skrinka-vysoka-35x140x30cm-2x-dvirka-leva-prava-bila-mat-dub-graphite-kup-ted-43585\/\" \/>\n<meta property=\"og:locale\" content=\"cs_CZ\" \/>\n<meta property=\"og:type\" content=\"article\" \/>\n<meta property=\"og:title\" content=\"MEDIENA sk\u0159\u00ed\u0148ka vysok\u00e1 35x140x30cm, 2x dv\u00ed\u0159ka, lev\u00e1\/prav\u00e1, b\u00edl\u00e1 mat\/dub graphite Kup Te\u010f -\" \/>\n<meta property=\"og:description\" content=\"Detailn\u00ed popis produktu Vvnit\u0159 4 v\u00fd\u0161kov\u011b nastaviteln\u00e9 sklen\u011bn\u00e9 police Mo\u017enost instalace l\u00e1tkov\u00e9ho pr\u00e1deln\u00edho ko\u0161e do spodn\u00ed \u010d\u00e1sti N\u00e1bytek je dod\u00e1v\u00e1n ve smontovan\u00e9m stavu, p\u0159ipraven k okam\u017eit\u00e9 instalaci.Lev\u00e1 nebo prav\u00e1 strana sk\u0159\u00edn\u011bk se ur\u010duje dle pozice pant\u016f. S\u00e9rie MEDIENA je kombinac\u00ed b\u00edl\u00e9 matn\u00e9 barvy a z\u00e1suvek z masivn\u00edho d\u0159eva, kter\u00e9 sv\u00fdm zaoblen\u00edm kop\u00edruj\u00ed tvar keramick\u00fdch umyvadel [&hellip;]\" \/>\n<meta property=\"og:url\" content=\"https:\/\/www.domtechnikpro.com\/index.php\/produkt\/mediena-skrinka-vysoka-35x140x30cm-2x-dvirka-leva-prava-bila-mat-dub-graphite-kup-ted-43585\/\" \/>\n<meta property=\"og:image\" content=\"https:\/\/www.domtechnikpro.com\/wp-content\/uploads\/2026\/SK0002038-CZ20260425-092556-0-1777080363-27472-1_md351-155263067751629.webp\" \/>\n\t<meta property=\"og:image:width\" content=\"1000\" \/>\n\t<meta property=\"og:image:height\" content=\"750\" \/>\n\t<meta property=\"og:image:type\" content=\"image\/webp\" \/>\n<meta name=\"twitter:card\" content=\"summary_large_image\" \/>\n<meta name=\"twitter:label1\" content=\"Odhadovan\u00e1 doba \u010dten\u00ed\" \/>\n\t<meta name=\"twitter:data1\" content=\"3 minuty\" \/>\n<script type=\"application\/ld+json\" class=\"yoast-schema-graph\">{\"@context\":\"https:\/\/schema.org\",\"@graph\":[{\"@type\":\"WebPage\",\"@id\":\"https:\/\/www.domtechnikpro.com\/index.php\/produkt\/mediena-skrinka-vysoka-35x140x30cm-2x-dvirka-leva-prava-bila-mat-dub-graphite-kup-ted-43585\/\",\"url\":\"https:\/\/www.domtechnikpro.com\/index.php\/produkt\/mediena-skrinka-vysoka-35x140x30cm-2x-dvirka-leva-prava-bila-mat-dub-graphite-kup-ted-43585\/\",\"name\":\"MEDIENA sk\u0159\u00ed\u0148ka vysok\u00e1 35x140x30cm, 2x dv\u00ed\u0159ka, lev\u00e1\/prav\u00e1, b\u00edl\u00e1 mat\/dub graphite Kup Te\u010f -\",\"isPartOf\":{\"@id\":\"https:\/\/www.domtechnikpro.com\/#website\"},\"primaryImageOfPage\":{\"@id\":\"https:\/\/www.domtechnikpro.com\/index.php\/produkt\/mediena-skrinka-vysoka-35x140x30cm-2x-dvirka-leva-prava-bila-mat-dub-graphite-kup-ted-43585\/#primaryimage\"},\"image\":{\"@id\":\"https:\/\/www.domtechnikpro.com\/index.php\/produkt\/mediena-skrinka-vysoka-35x140x30cm-2x-dvirka-leva-prava-bila-mat-dub-graphite-kup-ted-43585\/#primaryimage\"},\"thumbnailUrl\":\"https:\/\/www.domtechnikpro.com\/wp-content\/uploads\/2026\/SK0002038-CZ20260425-092556-0-1777080363-27472-1_md351-155263067751629.webp\",\"datePublished\":\"2026-04-26T08:59:27+00:00\",\"breadcrumb\":{\"@id\":\"https:\/\/www.domtechnikpro.com\/index.php\/produkt\/mediena-skrinka-vysoka-35x140x30cm-2x-dvirka-leva-prava-bila-mat-dub-graphite-kup-ted-43585\/#breadcrumb\"},\"inLanguage\":\"cs\",\"potentialAction\":[{\"@type\":\"ReadAction\",\"target\":[\"https:\/\/www.domtechnikpro.com\/index.php\/produkt\/mediena-skrinka-vysoka-35x140x30cm-2x-dvirka-leva-prava-bila-mat-dub-graphite-kup-ted-43585\/\"]}]},{\"@type\":\"ImageObject\",\"inLanguage\":\"cs\",\"@id\":\"https:\/\/www.domtechnikpro.com\/index.php\/produkt\/mediena-skrinka-vysoka-35x140x30cm-2x-dvirka-leva-prava-bila-mat-dub-graphite-kup-ted-43585\/#primaryimage\",\"url\":\"https:\/\/www.domtechnikpro.com\/wp-content\/uploads\/2026\/SK0002038-CZ20260425-092556-0-1777080363-27472-1_md351-155263067751629.webp\",\"contentUrl\":\"https:\/\/www.domtechnikpro.com\/wp-content\/uploads\/2026\/SK0002038-CZ20260425-092556-0-1777080363-27472-1_md351-155263067751629.webp\",\"width\":1000,\"height\":750},{\"@type\":\"BreadcrumbList\",\"@id\":\"https:\/\/www.domtechnikpro.com\/index.php\/produkt\/mediena-skrinka-vysoka-35x140x30cm-2x-dvirka-leva-prava-bila-mat-dub-graphite-kup-ted-43585\/#breadcrumb\",\"itemListElement\":[{\"@type\":\"ListItem\",\"position\":1,\"name\":\"Home\",\"item\":\"https:\/\/www.domtechnikpro.com\/\"},{\"@type\":\"ListItem\",\"position\":2,\"name\":\"Products\",\"item\":\"https:\/\/www.domtechnikpro.com\/index.php\/products\/\"},{\"@type\":\"ListItem\",\"position\":3,\"name\":\"MEDIENA sk\u0159\u00ed\u0148ka vysok\u00e1 35x140x30cm, 2x dv\u00ed\u0159ka, lev\u00e1\/prav\u00e1, b\u00edl\u00e1 mat\/dub graphite Kup Te\u010f\"}]},{\"@type\":\"WebSite\",\"@id\":\"https:\/\/www.domtechnikpro.com\/#website\",\"url\":\"https:\/\/www.domtechnikpro.com\/\",\"name\":\"\",\"description\":\"\",\"potentialAction\":[{\"@type\":\"SearchAction\",\"target\":{\"@type\":\"EntryPoint\",\"urlTemplate\":\"https:\/\/www.domtechnikpro.com\/?s={search_term_string}\"},\"query-input\":{\"@type\":\"PropertyValueSpecification\",\"valueRequired\":true,\"valueName\":\"search_term_string\"}}],\"inLanguage\":\"cs\"}]}<\/script>\n<!-- \/ Yoast SEO plugin. -->","yoast_head_json":{"title":"MEDIENA sk\u0159\u00ed\u0148ka vysok\u00e1 35x140x30cm, 2x dv\u00ed\u0159ka, lev\u00e1\/prav\u00e1, b\u00edl\u00e1 mat\/dub graphite Kup Te\u010f -","robots":{"index":"index","follow":"follow","max-snippet":"max-snippet:-1","max-image-preview":"max-image-preview:large","max-video-preview":"max-video-preview:-1"},"canonical":"https:\/\/www.domtechnikpro.com\/index.php\/produkt\/mediena-skrinka-vysoka-35x140x30cm-2x-dvirka-leva-prava-bila-mat-dub-graphite-kup-ted-43585\/","og_locale":"cs_CZ","og_type":"article","og_title":"MEDIENA sk\u0159\u00ed\u0148ka vysok\u00e1 35x140x30cm, 2x dv\u00ed\u0159ka, lev\u00e1\/prav\u00e1, b\u00edl\u00e1 mat\/dub graphite Kup Te\u010f -","og_description":"Detailn\u00ed popis produktu Vvnit\u0159 4 v\u00fd\u0161kov\u011b nastaviteln\u00e9 sklen\u011bn\u00e9 police Mo\u017enost instalace l\u00e1tkov\u00e9ho pr\u00e1deln\u00edho ko\u0161e do spodn\u00ed \u010d\u00e1sti N\u00e1bytek je dod\u00e1v\u00e1n ve smontovan\u00e9m stavu, p\u0159ipraven k okam\u017eit\u00e9 instalaci.Lev\u00e1 nebo prav\u00e1 strana sk\u0159\u00edn\u011bk se ur\u010duje dle pozice pant\u016f. S\u00e9rie MEDIENA je kombinac\u00ed b\u00edl\u00e9 matn\u00e9 barvy a z\u00e1suvek z masivn\u00edho d\u0159eva, kter\u00e9 sv\u00fdm zaoblen\u00edm kop\u00edruj\u00ed tvar keramick\u00fdch umyvadel [&hellip;]","og_url":"https:\/\/www.domtechnikpro.com\/index.php\/produkt\/mediena-skrinka-vysoka-35x140x30cm-2x-dvirka-leva-prava-bila-mat-dub-graphite-kup-ted-43585\/","og_image":[{"width":1000,"height":750,"url":"https:\/\/www.domtechnikpro.com\/wp-content\/uploads\/2026\/SK0002038-CZ20260425-092556-0-1777080363-27472-1_md351-155263067751629.webp","type":"image\/webp"}],"twitter_card":"summary_large_image","twitter_misc":{"Odhadovan\u00e1 doba \u010dten\u00ed":"3 minuty"},"schema":{"@context":"https:\/\/schema.org","@graph":[{"@type":"WebPage","@id":"https:\/\/www.domtechnikpro.com\/index.php\/produkt\/mediena-skrinka-vysoka-35x140x30cm-2x-dvirka-leva-prava-bila-mat-dub-graphite-kup-ted-43585\/","url":"https:\/\/www.domtechnikpro.com\/index.php\/produkt\/mediena-skrinka-vysoka-35x140x30cm-2x-dvirka-leva-prava-bila-mat-dub-graphite-kup-ted-43585\/","name":"MEDIENA sk\u0159\u00ed\u0148ka vysok\u00e1 35x140x30cm, 2x dv\u00ed\u0159ka, lev\u00e1\/prav\u00e1, b\u00edl\u00e1 mat\/dub graphite Kup Te\u010f -","isPartOf":{"@id":"https:\/\/www.domtechnikpro.com\/#website"},"primaryImageOfPage":{"@id":"https:\/\/www.domtechnikpro.com\/index.php\/produkt\/mediena-skrinka-vysoka-35x140x30cm-2x-dvirka-leva-prava-bila-mat-dub-graphite-kup-ted-43585\/#primaryimage"},"image":{"@id":"https:\/\/www.domtechnikpro.com\/index.php\/produkt\/mediena-skrinka-vysoka-35x140x30cm-2x-dvirka-leva-prava-bila-mat-dub-graphite-kup-ted-43585\/#primaryimage"},"thumbnailUrl":"https:\/\/www.domtechnikpro.com\/wp-content\/uploads\/2026\/SK0002038-CZ20260425-092556-0-1777080363-27472-1_md351-155263067751629.webp","datePublished":"2026-04-26T08:59:27+00:00","breadcrumb":{"@id":"https:\/\/www.domtechnikpro.com\/index.php\/produkt\/mediena-skrinka-vysoka-35x140x30cm-2x-dvirka-leva-prava-bila-mat-dub-graphite-kup-ted-43585\/#breadcrumb"},"inLanguage":"cs","potentialAction":[{"@type":"ReadAction","target":["https:\/\/www.domtechnikpro.com\/index.php\/produkt\/mediena-skrinka-vysoka-35x140x30cm-2x-dvirka-leva-prava-bila-mat-dub-graphite-kup-ted-43585\/"]}]},{"@type":"ImageObject","inLanguage":"cs","@id":"https:\/\/www.domtechnikpro.com\/index.php\/produkt\/mediena-skrinka-vysoka-35x140x30cm-2x-dvirka-leva-prava-bila-mat-dub-graphite-kup-ted-43585\/#primaryimage","url":"https:\/\/www.domtechnikpro.com\/wp-content\/uploads\/2026\/SK0002038-CZ20260425-092556-0-1777080363-27472-1_md351-155263067751629.webp","contentUrl":"https:\/\/www.domtechnikpro.com\/wp-content\/uploads\/2026\/SK0002038-CZ20260425-092556-0-1777080363-27472-1_md351-155263067751629.webp","width":1000,"height":750},{"@type":"BreadcrumbList","@id":"https:\/\/www.domtechnikpro.com\/index.php\/produkt\/mediena-skrinka-vysoka-35x140x30cm-2x-dvirka-leva-prava-bila-mat-dub-graphite-kup-ted-43585\/#breadcrumb","itemListElement":[{"@type":"ListItem","position":1,"name":"Home","item":"https:\/\/www.domtechnikpro.com\/"},{"@type":"ListItem","position":2,"name":"Products","item":"https:\/\/www.domtechnikpro.com\/index.php\/products\/"},{"@type":"ListItem","position":3,"name":"MEDIENA sk\u0159\u00ed\u0148ka vysok\u00e1 35x140x30cm, 2x dv\u00ed\u0159ka, lev\u00e1\/prav\u00e1, b\u00edl\u00e1 mat\/dub graphite Kup Te\u010f"}]},{"@type":"WebSite","@id":"https:\/\/www.domtechnikpro.com\/#website","url":"https:\/\/www.domtechnikpro.com\/","name":"","description":"","potentialAction":[{"@type":"SearchAction","target":{"@type":"EntryPoint","urlTemplate":"https:\/\/www.domtechnikpro.com\/?s={search_term_string}"},"query-input":{"@type":"PropertyValueSpecification","valueRequired":true,"valueName":"search_term_string"}}],"inLanguage":"cs"}]}},"_links":{"self":[{"href":"https:\/\/www.domtechnikpro.com\/index.php\/wp-json\/wp\/v2\/product\/43585","targetHints":{"allow":["GET"]}}],"collection":[{"href":"https:\/\/www.domtechnikpro.com\/index.php\/wp-json\/wp\/v2\/product"}],"about":[{"href":"https:\/\/www.domtechnikpro.com\/index.php\/wp-json\/wp\/v2\/types\/product"}],"replies":[{"embeddable":true,"href":"https:\/\/www.domtechnikpro.com\/index.php\/wp-json\/wp\/v2\/comments?post=43585"}],"wp:featuredmedia":[{"embeddable":true,"href":"https:\/\/www.domtechnikpro.com\/index.php\/wp-json\/wp\/v2\/media\/43685"}],"wp:attachment":[{"href":"https:\/\/www.domtechnikpro.com\/index.php\/wp-json\/wp\/v2\/media?parent=43585"}],"wp:term":[{"taxonomy":"product_brand","embeddable":true,"href":"https:\/\/www.domtechnikpro.com\/index.php\/wp-json\/wp\/v2\/product_brand?post=43585"},{"taxonomy":"product_cat","embeddable":true,"href":"https:\/\/www.domtechnikpro.com\/index.php\/wp-json\/wp\/v2\/product_cat?post=43585"},{"taxonomy":"product_tag","embeddable":true,"href":"https:\/\/www.domtechnikpro.com\/index.php\/wp-json\/wp\/v2\/product_tag?post=43585"}],"curies":[{"name":"wp","href":"https:\/\/api.w.org\/{rel}","templated":true}]}}