{"id":42746,"date":"2026-04-26T08:59:17","date_gmt":"2026-04-26T08:59:17","guid":{"rendered":""},"modified":"2026-04-26T08:59:17","modified_gmt":"2026-04-26T08:59:17","slug":"mirai-sprchova-vanicka-z-liteho-mramoru-obdelnik-100x90x1-8cm-leva-bila-koupit-online-42746","status":"publish","type":"product","link":"https:\/\/www.domtechnikpro.com\/index.php\/produkt\/mirai-sprchova-vanicka-z-liteho-mramoru-obdelnik-100x90x1-8cm-leva-bila-koupit-online-42746\/","title":{"rendered":"MIRAI sprchov\u00e1 vani\u010dka z lit\u00e9ho mramoru, obd\u00e9ln\u00edk 100x90x1,8cm, lev\u00e1, b\u00edl\u00e1 Koupit Online"},"content":{"rendered":"<div class=\"basic-description\">\n<h3>Detailn\u00ed popis produktu<\/h3>\n<p>Vani\u010dky MIRAI byly navr\u017eeny pro instalaci do obkladu.<\/p>\n<ul>\n<li>Zv\u00fd\u0161en\u00fd lem vani\u010dky umo\u017e\u0148uje plynul\u00e9 napojen\u00ed na obklad. Voda ze st\u011bny p\u0159irozen\u011b st\u00e9k\u00e1 do vani\u010dky.<\/li>\n<li>Dr\u00e1\u017eky na spodn\u00ed stran\u011b umo\u017e\u0148uj\u00ed vani\u010dku nalepit p\u0159\u00edmo na podlahu. D\u00edky n\u00edzk\u00e9 v\u00fd\u0161ce 18 mm lze dla\u017ebu nalepit do stejn\u00e9 roviny s vani\u010dkou.<\/li>\n<li>Zapu\u0161t\u011bn\u00ed vani\u010dky do obkladu umo\u017e\u0148uje jednoduchou instalaci sprchov\u00e9 z\u00e1st\u011bny.<\/li>\n<li>Snadn\u00e9 \u010di\u0161t\u011bn\u00ed. Vyj\u00edmateln\u00fd sifon pln\u011b \u010distiteln\u00fd a\u017e po odpadn\u00ed potrub\u00ed.<\/li>\n<li>Materi\u00e1l: lit\u00fd mramor, homogenn\u00ed materi\u00e1l s vysokou stabilitou<\/li>\n<li>Standardn\u00ed proveden\u00ed v b\u00edl\u00e9 barv\u011b, mo\u017eno objednat i barevn\u00e9 proveden\u00ed dle vzorn\u00edku RAL lesk za p\u0159\u00edplatek 30 % k z\u00e1kladn\u00ed cen\u011b.&nbsp;<span>(Barevn\u00e9 proveden\u00ed RAL mat nen\u00ed mo\u017en\u00e9.)<\/span><\/li>\n<li>Velk\u00fd odpadn\u00ed v\u00fdkon. Pr\u016ftok 43 l\/min.<\/li>\n<li>Podlahy nab\u00edz\u00edme v \u0161\u00ed\u0159ce od 80 do 100 cm a v d\u00e9lce od 80 do 120 cm.<\/li>\n<li>Bezbari\u00e9rov\u00fd p\u0159\u00edstup, modern\u00ed vzhled, snadn\u00fd p\u0159\u00edstup a \u00fadr\u017eba.<\/li>\n<\/ul>\n<p>&nbsp; &nbsp; &nbsp; &nbsp;&nbsp;<\/p>\n<p><strong>Na sprchov\u00e9 vani\u010dky POLYSAN vyroben\u00e9 z lit\u00e9ho mramoru poskytujeme z\u00e1ruku 2 roky.<\/strong><strong>Podm\u00ednkou z\u00e1ruky je spr\u00e1vn\u00e9 usazen\u00ed podle n\u00e1vodu.<\/strong><\/p>\n<div class=\"product-explanation-item\">\n<h3><strong>Lit\u00fd mramor &#8211; materi\u00e1l s tepeln\u011b-izola\u010dn\u00edmi vlastnostmi, kter\u00e9 ocen\u00edte p\u0159i ka\u017ed\u00e9m doteku<\/strong><\/h3>\n<p style=\"text-align: justify;\">Pou\u017e\u00edv\u00e1 se pro v\u00fdrobu sprchov\u00fdch vani\u010dek, van, umyvadel i dal\u0161\u00edch produkt\u016f. Vyr\u00e1b\u00ed se ze sm\u011bsi mlet\u00e9ho v\u00e1pence, skl\u00e1\u0159sk\u00e9ho p\u00edsku, polyesterov\u00e9 prysky\u0159ice a barviv. V\u00fdrobky z lit\u00e9ho mramoru se vyzna\u010duj\u00ed vysokou pevnost\u00ed, nulov\u00fdm pr\u016fhybem, stabilitou a elegantn\u00edm designem.<\/p>\n<\/div>\n<p><b>Video ke shl\u00e9dnut\u00ed<\/b><video width=\"640\" height=\"480\" controls><source src=\"https:\/\/ubc.k2.cz\/K2FTPdata\/UBC\/video\/produkt_ostatne\/vanicky-mirai-navod-montaz.mp4\" type=\"video\/mp4\">V\u00e1\u0161 prohl\u00ed\u017ee\u010d nepodporuje video tag.<\/video>                            <\/div>\n<div class=\"extended-description\">\n<h3>Dopl\u0148kov\u00e9 parametry<\/h3>\n<table class=\"detail-parameters\">\n<tbody>\n<tr>\n<th>        <span class=\"row-header-label\">            Kategorie<span class=\"row-header-label-colon\">:<\/span>        <\/span>    <\/th>\n<td>            <\/td>\n<\/tr>\n<tr>\n<th>            <span class=\"row-header-label\">                Z\u00e1ruka<span class=\"row-header-label-colon\">:<\/span>            <\/span>        <\/th>\n<td>            24        <\/td>\n<\/tr>\n<tr>\n<th>            <span class=\"row-header-label\">                Hmotnost<span class=\"row-header-label-colon\">:<\/span>            <\/span>        <\/th>\n<td>            33.4 kg        <\/td>\n<\/tr>\n<tr class=\"productEan\">\n<th>          <span class=\"row-header-label productEan__label\">              EAN<span class=\"row-header-label-colon\">:<\/span>          <\/span>      <\/th>\n<td>          <span class=\"productEan__value\">8590729083948<\/span>      <\/td>\n<\/tr>\n<tr>\n<th>                <span class=\"row-header-label\">                                            Balen\u00ed<span class=\"row-header-label-colon\">:<\/span>                                    <\/span>            <\/th>\n<td>                                                            1 ks                                                <\/td>\n<\/tr>\n<tr>\n<th>                <span class=\"row-header-label\">                                            Barva<span class=\"row-header-label-colon\">:<\/span>                                    <\/span>            <\/th>\n<td>                                                            B\u00edl\u00e1                                                <\/td>\n<\/tr>\n<tr>\n<th>                <span class=\"row-header-label\">                                            D\u00e9lka<span class=\"row-header-label-colon\">:<\/span>                                    <\/span>            <\/th>\n<td>                                                            1000 mm                                                <\/td>\n<\/tr>\n<tr>\n<th>                <span class=\"row-header-label\">                                            Dostupnost<span class=\"row-header-label-colon\">:<\/span>                                    <\/span>            <\/th>\n<td>                                                            Dod\u00e1n\u00ed do m\u011bs\u00edce                                                <\/td>\n<\/tr>\n<tr>\n<th>                <span class=\"row-header-label\">                                            Materi\u00e1l<span class=\"row-header-label-colon\">:<\/span>                                    <\/span>            <\/th>\n<td>                                                            Lit\u00fd mramor                                                <\/td>\n<\/tr>\n<tr>\n<th>                <span class=\"row-header-label\">                                            Pr\u016fm\u011br odpadu<span class=\"row-header-label-colon\">:<\/span>                                    <\/span>            <\/th>\n<td>                                                            90 mm                                                <\/td>\n<\/tr>\n<tr>\n<th>                <span class=\"row-header-label\">                                            Reli\u00e9f (povrch) dna<span class=\"row-header-label-colon\">:<\/span>                                    <\/span>            <\/th>\n<td>                                                            Hladk\u00fd                                                <\/td>\n<\/tr>\n<tr>\n<th>                <span class=\"row-header-label\">                                            Rozm\u011br<span class=\"row-header-label-colon\">:<\/span>                                    <\/span>            <\/th>\n<td>                                                            100x90x1,8 cm                                                <\/td>\n<\/tr>\n<tr>\n<th>                <span class=\"row-header-label\">                                            \u0160\u00ed\u0159ka<span class=\"row-header-label-colon\">:<\/span>                                    <\/span>            <\/th>\n<td>                                                            900 mm                                                <\/td>\n<\/tr>\n<tr>\n<th>                <span class=\"row-header-label\">                                            Tvar<span class=\"row-header-label-colon\">:<\/span>                                    <\/span>            <\/th>\n<td>                                                            Obd\u00e9ln\u00edkov\u00e9                                                <\/td>\n<\/tr>\n<tr>\n<th>                <span class=\"row-header-label\">                                            V\u00fd\u0161ka<span class=\"row-header-label-colon\">:<\/span>                                    <\/span>            <\/th>\n<td>                                                            18 mm                                                <\/td>\n<\/tr>\n<tr>\n<th>                <span class=\"row-header-label\">                                            Z\u00e1ruka<span class=\"row-header-label-colon\">:<\/span>                                    <\/span>            <\/th>\n<td>                                                            2 roky                                                <\/td>\n<\/tr>\n<\/tbody>\n<\/table><\/div>\n<\/p><\/div>\n<\/p><\/div>\n","protected":false},"excerpt":{"rendered":"<p>Detailn\u00ed popis produktu Vani\u010dky MIRAI byly navr\u017eeny pro instalaci do obkladu. Zv\u00fd\u0161en\u00fd lem vani\u010dky umo\u017e\u0148uje plynul\u00e9 napojen\u00ed na obklad. Voda ze st\u011bny p\u0159irozen\u011b st\u00e9k\u00e1 do vani\u010dky. Dr\u00e1\u017eky na spodn\u00ed stran\u011b umo\u017e\u0148uj\u00ed vani\u010dku nalepit p\u0159\u00edmo na podlahu. D\u00edky n\u00edzk\u00e9 v\u00fd\u0161ce 18 mm lze dla\u017ebu nalepit do stejn\u00e9 roviny s vani\u010dkou. Zapu\u0161t\u011bn\u00ed vani\u010dky do obkladu umo\u017e\u0148uje jednoduchou [&hellip;]<\/p>\n","protected":false},"featured_media":42846,"comment_status":"open","ping_status":"open","template":"","meta":[],"product_brand":[],"product_cat":[152],"product_tag":[],"class_list":{"0":"post-42746","1":"product","2":"type-product","3":"status-publish","4":"has-post-thumbnail","6":"product_cat-sprchove-vanicky","8":"first","9":"instock","10":"sale","11":"shipping-taxable","12":"purchasable","13":"product-type-simple"},"yoast_head":"<!-- This site is optimized with the Yoast SEO plugin v26.8 - https:\/\/yoast.com\/product\/yoast-seo-wordpress\/ -->\n<title>MIRAI sprchov\u00e1 vani\u010dka z lit\u00e9ho mramoru, obd\u00e9ln\u00edk 100x90x1,8cm, lev\u00e1, b\u00edl\u00e1 Koupit Online -<\/title>\n<meta name=\"robots\" content=\"index, follow, max-snippet:-1, max-image-preview:large, max-video-preview:-1\" \/>\n<link rel=\"canonical\" href=\"https:\/\/www.domtechnikpro.com\/index.php\/produkt\/mirai-sprchova-vanicka-z-liteho-mramoru-obdelnik-100x90x1-8cm-leva-bila-koupit-online-42746\/\" \/>\n<meta property=\"og:locale\" content=\"cs_CZ\" \/>\n<meta property=\"og:type\" content=\"article\" \/>\n<meta property=\"og:title\" content=\"MIRAI sprchov\u00e1 vani\u010dka z lit\u00e9ho mramoru, obd\u00e9ln\u00edk 100x90x1,8cm, lev\u00e1, b\u00edl\u00e1 Koupit Online -\" \/>\n<meta property=\"og:description\" content=\"Detailn\u00ed popis produktu Vani\u010dky MIRAI byly navr\u017eeny pro instalaci do obkladu. Zv\u00fd\u0161en\u00fd lem vani\u010dky umo\u017e\u0148uje plynul\u00e9 napojen\u00ed na obklad. Voda ze st\u011bny p\u0159irozen\u011b st\u00e9k\u00e1 do vani\u010dky. Dr\u00e1\u017eky na spodn\u00ed stran\u011b umo\u017e\u0148uj\u00ed vani\u010dku nalepit p\u0159\u00edmo na podlahu. D\u00edky n\u00edzk\u00e9 v\u00fd\u0161ce 18 mm lze dla\u017ebu nalepit do stejn\u00e9 roviny s vani\u010dkou. Zapu\u0161t\u011bn\u00ed vani\u010dky do obkladu umo\u017e\u0148uje jednoduchou [&hellip;]\" \/>\n<meta property=\"og:url\" content=\"https:\/\/www.domtechnikpro.com\/index.php\/produkt\/mirai-sprchova-vanicka-z-liteho-mramoru-obdelnik-100x90x1-8cm-leva-bila-koupit-online-42746\/\" \/>\n<meta property=\"og:image\" content=\"https:\/\/www.domtechnikpro.com\/wp-content\/uploads\/2026\/SK0001577-CZ20260425-092556-0-1777080363-21388_mirai-sprchova-vanicka-z-liteho-mramoru--obdelnik-100.webp\" \/>\n\t<meta property=\"og:image:width\" content=\"1000\" \/>\n\t<meta property=\"og:image:height\" content=\"750\" \/>\n\t<meta property=\"og:image:type\" content=\"image\/webp\" \/>\n<meta name=\"twitter:card\" content=\"summary_large_image\" \/>\n<meta name=\"twitter:label1\" content=\"Odhadovan\u00e1 doba \u010dten\u00ed\" \/>\n\t<meta name=\"twitter:data1\" content=\"2 minuty\" \/>\n<script type=\"application\/ld+json\" class=\"yoast-schema-graph\">{\"@context\":\"https:\/\/schema.org\",\"@graph\":[{\"@type\":\"WebPage\",\"@id\":\"https:\/\/www.domtechnikpro.com\/index.php\/produkt\/mirai-sprchova-vanicka-z-liteho-mramoru-obdelnik-100x90x1-8cm-leva-bila-koupit-online-42746\/\",\"url\":\"https:\/\/www.domtechnikpro.com\/index.php\/produkt\/mirai-sprchova-vanicka-z-liteho-mramoru-obdelnik-100x90x1-8cm-leva-bila-koupit-online-42746\/\",\"name\":\"MIRAI sprchov\u00e1 vani\u010dka z lit\u00e9ho mramoru, obd\u00e9ln\u00edk 100x90x1,8cm, lev\u00e1, b\u00edl\u00e1 Koupit Online -\",\"isPartOf\":{\"@id\":\"https:\/\/www.domtechnikpro.com\/#website\"},\"primaryImageOfPage\":{\"@id\":\"https:\/\/www.domtechnikpro.com\/index.php\/produkt\/mirai-sprchova-vanicka-z-liteho-mramoru-obdelnik-100x90x1-8cm-leva-bila-koupit-online-42746\/#primaryimage\"},\"image\":{\"@id\":\"https:\/\/www.domtechnikpro.com\/index.php\/produkt\/mirai-sprchova-vanicka-z-liteho-mramoru-obdelnik-100x90x1-8cm-leva-bila-koupit-online-42746\/#primaryimage\"},\"thumbnailUrl\":\"https:\/\/www.domtechnikpro.com\/wp-content\/uploads\/2026\/SK0001577-CZ20260425-092556-0-1777080363-21388_mirai-sprchova-vanicka-z-liteho-mramoru--obdelnik-100.webp\",\"datePublished\":\"2026-04-26T08:59:17+00:00\",\"breadcrumb\":{\"@id\":\"https:\/\/www.domtechnikpro.com\/index.php\/produkt\/mirai-sprchova-vanicka-z-liteho-mramoru-obdelnik-100x90x1-8cm-leva-bila-koupit-online-42746\/#breadcrumb\"},\"inLanguage\":\"cs\",\"potentialAction\":[{\"@type\":\"ReadAction\",\"target\":[\"https:\/\/www.domtechnikpro.com\/index.php\/produkt\/mirai-sprchova-vanicka-z-liteho-mramoru-obdelnik-100x90x1-8cm-leva-bila-koupit-online-42746\/\"]}]},{\"@type\":\"ImageObject\",\"inLanguage\":\"cs\",\"@id\":\"https:\/\/www.domtechnikpro.com\/index.php\/produkt\/mirai-sprchova-vanicka-z-liteho-mramoru-obdelnik-100x90x1-8cm-leva-bila-koupit-online-42746\/#primaryimage\",\"url\":\"https:\/\/www.domtechnikpro.com\/wp-content\/uploads\/2026\/SK0001577-CZ20260425-092556-0-1777080363-21388_mirai-sprchova-vanicka-z-liteho-mramoru--obdelnik-100.webp\",\"contentUrl\":\"https:\/\/www.domtechnikpro.com\/wp-content\/uploads\/2026\/SK0001577-CZ20260425-092556-0-1777080363-21388_mirai-sprchova-vanicka-z-liteho-mramoru--obdelnik-100.webp\",\"width\":1000,\"height\":750},{\"@type\":\"BreadcrumbList\",\"@id\":\"https:\/\/www.domtechnikpro.com\/index.php\/produkt\/mirai-sprchova-vanicka-z-liteho-mramoru-obdelnik-100x90x1-8cm-leva-bila-koupit-online-42746\/#breadcrumb\",\"itemListElement\":[{\"@type\":\"ListItem\",\"position\":1,\"name\":\"Home\",\"item\":\"https:\/\/www.domtechnikpro.com\/\"},{\"@type\":\"ListItem\",\"position\":2,\"name\":\"Products\",\"item\":\"https:\/\/www.domtechnikpro.com\/index.php\/products\/\"},{\"@type\":\"ListItem\",\"position\":3,\"name\":\"MIRAI sprchov\u00e1 vani\u010dka z lit\u00e9ho mramoru, obd\u00e9ln\u00edk 100x90x1,8cm, lev\u00e1, b\u00edl\u00e1 Koupit Online\"}]},{\"@type\":\"WebSite\",\"@id\":\"https:\/\/www.domtechnikpro.com\/#website\",\"url\":\"https:\/\/www.domtechnikpro.com\/\",\"name\":\"\",\"description\":\"\",\"potentialAction\":[{\"@type\":\"SearchAction\",\"target\":{\"@type\":\"EntryPoint\",\"urlTemplate\":\"https:\/\/www.domtechnikpro.com\/?s={search_term_string}\"},\"query-input\":{\"@type\":\"PropertyValueSpecification\",\"valueRequired\":true,\"valueName\":\"search_term_string\"}}],\"inLanguage\":\"cs\"}]}<\/script>\n<!-- \/ Yoast SEO plugin. -->","yoast_head_json":{"title":"MIRAI sprchov\u00e1 vani\u010dka z lit\u00e9ho mramoru, obd\u00e9ln\u00edk 100x90x1,8cm, lev\u00e1, b\u00edl\u00e1 Koupit Online -","robots":{"index":"index","follow":"follow","max-snippet":"max-snippet:-1","max-image-preview":"max-image-preview:large","max-video-preview":"max-video-preview:-1"},"canonical":"https:\/\/www.domtechnikpro.com\/index.php\/produkt\/mirai-sprchova-vanicka-z-liteho-mramoru-obdelnik-100x90x1-8cm-leva-bila-koupit-online-42746\/","og_locale":"cs_CZ","og_type":"article","og_title":"MIRAI sprchov\u00e1 vani\u010dka z lit\u00e9ho mramoru, obd\u00e9ln\u00edk 100x90x1,8cm, lev\u00e1, b\u00edl\u00e1 Koupit Online -","og_description":"Detailn\u00ed popis produktu Vani\u010dky MIRAI byly navr\u017eeny pro instalaci do obkladu. Zv\u00fd\u0161en\u00fd lem vani\u010dky umo\u017e\u0148uje plynul\u00e9 napojen\u00ed na obklad. Voda ze st\u011bny p\u0159irozen\u011b st\u00e9k\u00e1 do vani\u010dky. Dr\u00e1\u017eky na spodn\u00ed stran\u011b umo\u017e\u0148uj\u00ed vani\u010dku nalepit p\u0159\u00edmo na podlahu. D\u00edky n\u00edzk\u00e9 v\u00fd\u0161ce 18 mm lze dla\u017ebu nalepit do stejn\u00e9 roviny s vani\u010dkou. Zapu\u0161t\u011bn\u00ed vani\u010dky do obkladu umo\u017e\u0148uje jednoduchou [&hellip;]","og_url":"https:\/\/www.domtechnikpro.com\/index.php\/produkt\/mirai-sprchova-vanicka-z-liteho-mramoru-obdelnik-100x90x1-8cm-leva-bila-koupit-online-42746\/","og_image":[{"width":1000,"height":750,"url":"https:\/\/www.domtechnikpro.com\/wp-content\/uploads\/2026\/SK0001577-CZ20260425-092556-0-1777080363-21388_mirai-sprchova-vanicka-z-liteho-mramoru--obdelnik-100.webp","type":"image\/webp"}],"twitter_card":"summary_large_image","twitter_misc":{"Odhadovan\u00e1 doba \u010dten\u00ed":"2 minuty"},"schema":{"@context":"https:\/\/schema.org","@graph":[{"@type":"WebPage","@id":"https:\/\/www.domtechnikpro.com\/index.php\/produkt\/mirai-sprchova-vanicka-z-liteho-mramoru-obdelnik-100x90x1-8cm-leva-bila-koupit-online-42746\/","url":"https:\/\/www.domtechnikpro.com\/index.php\/produkt\/mirai-sprchova-vanicka-z-liteho-mramoru-obdelnik-100x90x1-8cm-leva-bila-koupit-online-42746\/","name":"MIRAI sprchov\u00e1 vani\u010dka z lit\u00e9ho mramoru, obd\u00e9ln\u00edk 100x90x1,8cm, lev\u00e1, b\u00edl\u00e1 Koupit Online -","isPartOf":{"@id":"https:\/\/www.domtechnikpro.com\/#website"},"primaryImageOfPage":{"@id":"https:\/\/www.domtechnikpro.com\/index.php\/produkt\/mirai-sprchova-vanicka-z-liteho-mramoru-obdelnik-100x90x1-8cm-leva-bila-koupit-online-42746\/#primaryimage"},"image":{"@id":"https:\/\/www.domtechnikpro.com\/index.php\/produkt\/mirai-sprchova-vanicka-z-liteho-mramoru-obdelnik-100x90x1-8cm-leva-bila-koupit-online-42746\/#primaryimage"},"thumbnailUrl":"https:\/\/www.domtechnikpro.com\/wp-content\/uploads\/2026\/SK0001577-CZ20260425-092556-0-1777080363-21388_mirai-sprchova-vanicka-z-liteho-mramoru--obdelnik-100.webp","datePublished":"2026-04-26T08:59:17+00:00","breadcrumb":{"@id":"https:\/\/www.domtechnikpro.com\/index.php\/produkt\/mirai-sprchova-vanicka-z-liteho-mramoru-obdelnik-100x90x1-8cm-leva-bila-koupit-online-42746\/#breadcrumb"},"inLanguage":"cs","potentialAction":[{"@type":"ReadAction","target":["https:\/\/www.domtechnikpro.com\/index.php\/produkt\/mirai-sprchova-vanicka-z-liteho-mramoru-obdelnik-100x90x1-8cm-leva-bila-koupit-online-42746\/"]}]},{"@type":"ImageObject","inLanguage":"cs","@id":"https:\/\/www.domtechnikpro.com\/index.php\/produkt\/mirai-sprchova-vanicka-z-liteho-mramoru-obdelnik-100x90x1-8cm-leva-bila-koupit-online-42746\/#primaryimage","url":"https:\/\/www.domtechnikpro.com\/wp-content\/uploads\/2026\/SK0001577-CZ20260425-092556-0-1777080363-21388_mirai-sprchova-vanicka-z-liteho-mramoru--obdelnik-100.webp","contentUrl":"https:\/\/www.domtechnikpro.com\/wp-content\/uploads\/2026\/SK0001577-CZ20260425-092556-0-1777080363-21388_mirai-sprchova-vanicka-z-liteho-mramoru--obdelnik-100.webp","width":1000,"height":750},{"@type":"BreadcrumbList","@id":"https:\/\/www.domtechnikpro.com\/index.php\/produkt\/mirai-sprchova-vanicka-z-liteho-mramoru-obdelnik-100x90x1-8cm-leva-bila-koupit-online-42746\/#breadcrumb","itemListElement":[{"@type":"ListItem","position":1,"name":"Home","item":"https:\/\/www.domtechnikpro.com\/"},{"@type":"ListItem","position":2,"name":"Products","item":"https:\/\/www.domtechnikpro.com\/index.php\/products\/"},{"@type":"ListItem","position":3,"name":"MIRAI sprchov\u00e1 vani\u010dka z lit\u00e9ho mramoru, obd\u00e9ln\u00edk 100x90x1,8cm, lev\u00e1, b\u00edl\u00e1 Koupit Online"}]},{"@type":"WebSite","@id":"https:\/\/www.domtechnikpro.com\/#website","url":"https:\/\/www.domtechnikpro.com\/","name":"","description":"","potentialAction":[{"@type":"SearchAction","target":{"@type":"EntryPoint","urlTemplate":"https:\/\/www.domtechnikpro.com\/?s={search_term_string}"},"query-input":{"@type":"PropertyValueSpecification","valueRequired":true,"valueName":"search_term_string"}}],"inLanguage":"cs"}]}},"_links":{"self":[{"href":"https:\/\/www.domtechnikpro.com\/index.php\/wp-json\/wp\/v2\/product\/42746","targetHints":{"allow":["GET"]}}],"collection":[{"href":"https:\/\/www.domtechnikpro.com\/index.php\/wp-json\/wp\/v2\/product"}],"about":[{"href":"https:\/\/www.domtechnikpro.com\/index.php\/wp-json\/wp\/v2\/types\/product"}],"replies":[{"embeddable":true,"href":"https:\/\/www.domtechnikpro.com\/index.php\/wp-json\/wp\/v2\/comments?post=42746"}],"wp:featuredmedia":[{"embeddable":true,"href":"https:\/\/www.domtechnikpro.com\/index.php\/wp-json\/wp\/v2\/media\/42846"}],"wp:attachment":[{"href":"https:\/\/www.domtechnikpro.com\/index.php\/wp-json\/wp\/v2\/media?parent=42746"}],"wp:term":[{"taxonomy":"product_brand","embeddable":true,"href":"https:\/\/www.domtechnikpro.com\/index.php\/wp-json\/wp\/v2\/product_brand?post=42746"},{"taxonomy":"product_cat","embeddable":true,"href":"https:\/\/www.domtechnikpro.com\/index.php\/wp-json\/wp\/v2\/product_cat?post=42746"},{"taxonomy":"product_tag","embeddable":true,"href":"https:\/\/www.domtechnikpro.com\/index.php\/wp-json\/wp\/v2\/product_tag?post=42746"}],"curies":[{"name":"wp","href":"https:\/\/api.w.org\/{rel}","templated":true}]}}