{"id":42580,"date":"2026-04-26T08:59:15","date_gmt":"2026-04-26T08:59:15","guid":{"rendered":""},"modified":"2026-04-26T08:59:15","modified_gmt":"2026-04-26T08:59:15","slug":"marlene-obdelnikova-vana-180x80x48cm-bila-expresni-doruceni-42580","status":"publish","type":"product","link":"https:\/\/www.domtechnikpro.com\/index.php\/produkt\/marlene-obdelnikova-vana-180x80x48cm-bila-expresni-doruceni-42580\/","title":{"rendered":"MARLENE obd\u00e9ln\u00edkov\u00e1 vana 180x80x48cm, b\u00edl\u00e1 Expresn\u00ed Doru\u010den\u00ed"},"content":{"rendered":"<div class=\"basic-description\">\n<h3>Detailn\u00ed popis produktu<\/h3>\n<p>Vana MARLENE je modern\u00ed velkoprostorov\u00e1 vana. D\u00edky akryl\u00e1tov\u00e9mu krytu odtoku bylo dosa\u017eeno \u010d\u00edst\u00e9ho designu bez ru\u0161iv\u00fdch v\u00fdstupk\u016f. Sv\u00fdm velk\u00fdm vnit\u0159n\u00edm prostorem poskytne pohodlnou koupel, co\u017e ocen\u00ed nejen z\u00e1kazn\u00edci s vy\u0161\u0161\u00ed v\u00fd\u0161kou, ale tak\u00e9 rodiny s d\u011btmi. Dostate\u010dn\u011b \u0161irok\u00fd okraj po obou stran\u00e1ch dovoluje pou\u017eit\u00ed stoj\u00e1nkov\u00e9 baterie, napou\u0161t\u011bc\u00ed hubice nebo ovl\u00e1d\u00e1n\u00ed hydromas\u00e1\u017en\u00edho syst\u00e9mu.<\/p>\n<p>\u00a0<\/p>\n<div class=\"product-explanation-item\">\n<h3>Akryl\u00e1t<\/h3>\n<p style=\"text-align: justify;\">Akryl\u00e1tov\u00e9 vany a vani\u010dky jsou vyr\u00e1b\u011bny ze zna\u010dkov\u00e9ho akryl\u00e1tu. Na rozd\u00edl od koextrudovan\u00fdch akryl\u00e1tov\u00fdch desek, kter\u00e9 maj\u00ed m\u011bk\u010d\u00ed povrch a men\u0161\u00ed chemickou odolnost, se vyr\u00e1b\u00ed lit\u00edm. To mj. znamen\u00e1, \u017ee je probarven\u00fd v cel\u00e9 tlou\u0161\u0165ce, pln\u011b st\u00e1lobarevn\u00fd, nepor\u00e9zn\u00ed a s vysokou povrchovou pevnost\u00ed. M\u00e1 hladk\u00fd povrch s minim\u00e1ln\u00ed mo\u017enost\u00ed uklouznut\u00ed a dob\u0159e tlum\u00ed hluk dopadaj\u00edc\u00ed vody.<\/p>\n<\/div>\n<div class=\"product-explanation-item\">\n<h3><strong>Oboustrann\u00e1 vana<\/strong><\/h3>\n<p style=\"text-align: justify;\">Vana s pohodln\u011b tvarovan\u00fdmi st\u011bnami pro op\u0159en\u00ed zad na obou stran\u00e1ch a odtokem um\u00edst\u011bn\u00fdm uprost\u0159ed.<\/p>\n<\/div>\n<p><b>Video ke shl\u00e9dnut\u00ed<\/b><video width=\"640\" height=\"480\" controls><source src=\"https:\/\/ubc.k2.cz\/K2FTPdata\/UBC\/video\/produkt\/72034-vana-marlene.mp4\" type=\"video\/mp4\">V\u00e1\u0161 prohl\u00ed\u017ee\u010d nepodporuje video tag.<\/video>                            <\/div>\n<div class=\"extended-description\">\n<h3>Dopl\u0148kov\u00e9 parametry<\/h3>\n<table class=\"detail-parameters\">\n<tbody>\n<tr>\n<th>        <span class=\"row-header-label\">            Kategorie<span class=\"row-header-label-colon\">:<\/span>        <\/span>    <\/th>\n<td>            <\/td>\n<\/tr>\n<tr>\n<th>            <span class=\"row-header-label\">                Z\u00e1ruka<span class=\"row-header-label-colon\">:<\/span>            <\/span>        <\/th>\n<td>            120        <\/td>\n<\/tr>\n<tr>\n<th>            <span class=\"row-header-label\">                Hmotnost<span class=\"row-header-label-colon\">:<\/span>            <\/span>        <\/th>\n<td>            28 kg        <\/td>\n<\/tr>\n<tr class=\"productEan\">\n<th>          <span class=\"row-header-label productEan__label\">              EAN<span class=\"row-header-label-colon\">:<\/span>          <\/span>      <\/th>\n<td>          <span class=\"productEan__value\">8590729071624<\/span>      <\/td>\n<\/tr>\n<tr>\n<th>                <span class=\"row-header-label\">                                            Balen\u00ed<span class=\"row-header-label-colon\">:<\/span>                                    <\/span>            <\/th>\n<td>                                                            1 ks                                                <\/td>\n<\/tr>\n<tr>\n<th>                <span class=\"row-header-label\">                                            Balen\u00ed neobsahuje<span class=\"row-header-label-colon\">:<\/span>                                    <\/span>            <\/th>\n<td>                                                            Sifon;Vanov\u00e1 souprava                                                <\/td>\n<\/tr>\n<tr>\n<th>                <span class=\"row-header-label\">                                            Barva<span class=\"row-header-label-colon\">:<\/span>                                    <\/span>            <\/th>\n<td>                                                            B\u00edl\u00e1                                                <\/td>\n<\/tr>\n<tr>\n<th>                <span class=\"row-header-label\">                                            D\u00e9lka<span class=\"row-header-label-colon\">:<\/span>                                    <\/span>            <\/th>\n<td>                                                            1800 mm                                                <\/td>\n<\/tr>\n<tr>\n<th>                <span class=\"row-header-label\">                                            Dostupnost<span class=\"row-header-label-colon\">:<\/span>                                    <\/span>            <\/th>\n<td>                                                            Skladem                                                <\/td>\n<\/tr>\n<tr>\n<th>                <span class=\"row-header-label\">                                            Instalace<span class=\"row-header-label-colon\">:<\/span>                                    <\/span>            <\/th>\n<td>                                                            Vestavn\u00e1 (k obezd\u011bn\u00ed)                                                <\/td>\n<\/tr>\n<tr>\n<th>                <span class=\"row-header-label\">                                            Materi\u00e1l<span class=\"row-header-label-colon\">:<\/span>                                    <\/span>            <\/th>\n<td>                                                            Akryl\u00e1t                                                <\/td>\n<\/tr>\n<tr>\n<th>                <span class=\"row-header-label\">                                            Objem<span class=\"row-header-label-colon\">:<\/span>                                    <\/span>            <\/th>\n<td>                                                            315 l                                                <\/td>\n<\/tr>\n<tr>\n<th>                <span class=\"row-header-label\">                                            Pr\u016fm\u011br odpadu<span class=\"row-header-label-colon\">:<\/span>                                    <\/span>            <\/th>\n<td>                                                            52 mm                                                <\/td>\n<\/tr>\n<tr>\n<th>                <span class=\"row-header-label\">                                            Rozm\u011br<span class=\"row-header-label-colon\">:<\/span>                                    <\/span>            <\/th>\n<td>                                                            180x80x48 cm                                                <\/td>\n<\/tr>\n<tr>\n<th>                <span class=\"row-header-label\">                                            \u0160\u00ed\u0159ka<span class=\"row-header-label-colon\">:<\/span>                                    <\/span>            <\/th>\n<td>                                                            800 mm                                                <\/td>\n<\/tr>\n<tr>\n<th>                <span class=\"row-header-label\">                                            Tvar<span class=\"row-header-label-colon\">:<\/span>                                    <\/span>            <\/th>\n<td>                                                            Obd\u00e9ln\u00edkov\u00e9                                                <\/td>\n<\/tr>\n<tr>\n<th>                <span class=\"row-header-label\">                                            Vlastnosti<span class=\"row-header-label-colon\">:<\/span>                                    <\/span>            <\/th>\n<td>                                                            Oboustrann\u00e1;V\u00fd\u0161ka okraje 40 mm (Standard)                                                <\/td>\n<\/tr>\n<tr>\n<th>                <span class=\"row-header-label\">                                            V\u00fd\u0161ka<span class=\"row-header-label-colon\">:<\/span>                                    <\/span>            <\/th>\n<td>                                                            480 mm                                                <\/td>\n<\/tr>\n<tr>\n<th>                <span class=\"row-header-label\">                                            Z\u00e1ruka<span class=\"row-header-label-colon\">:<\/span>                                    <\/span>            <\/th>\n<td>                                                            10 let                                                <\/td>\n<\/tr>\n<\/tbody>\n<\/table><\/div>\n<\/p><\/div>\n<\/p><\/div>\n","protected":false},"excerpt":{"rendered":"<p>Detailn\u00ed popis produktu Vana MARLENE je modern\u00ed velkoprostorov\u00e1 vana. D\u00edky akryl\u00e1tov\u00e9mu krytu odtoku bylo dosa\u017eeno \u010d\u00edst\u00e9ho designu bez ru\u0161iv\u00fdch v\u00fdstupk\u016f. Sv\u00fdm velk\u00fdm vnit\u0159n\u00edm prostorem poskytne pohodlnou koupel, co\u017e ocen\u00ed nejen z\u00e1kazn\u00edci s vy\u0161\u0161\u00ed v\u00fd\u0161kou, ale tak\u00e9 rodiny s d\u011btmi. Dostate\u010dn\u011b \u0161irok\u00fd okraj po obou stran\u00e1ch dovoluje pou\u017eit\u00ed stoj\u00e1nkov\u00e9 baterie, napou\u0161t\u011bc\u00ed hubice nebo ovl\u00e1d\u00e1n\u00ed hydromas\u00e1\u017en\u00edho syst\u00e9mu. [&hellip;]<\/p>\n","protected":false},"featured_media":42680,"comment_status":"open","ping_status":"open","template":"","meta":[],"product_brand":[],"product_cat":[144],"product_tag":[],"class_list":{"0":"post-42580","1":"product","2":"type-product","3":"status-publish","4":"has-post-thumbnail","6":"product_cat-vany","8":"first","9":"instock","10":"sale","11":"shipping-taxable","12":"purchasable","13":"product-type-simple"},"yoast_head":"<!-- This site is optimized with the Yoast SEO plugin v26.8 - https:\/\/yoast.com\/product\/yoast-seo-wordpress\/ -->\n<title>MARLENE obd\u00e9ln\u00edkov\u00e1 vana 180x80x48cm, b\u00edl\u00e1 Expresn\u00ed Doru\u010den\u00ed -<\/title>\n<meta name=\"robots\" content=\"index, follow, max-snippet:-1, max-image-preview:large, max-video-preview:-1\" \/>\n<link rel=\"canonical\" href=\"https:\/\/www.domtechnikpro.com\/index.php\/produkt\/marlene-obdelnikova-vana-180x80x48cm-bila-expresni-doruceni-42580\/\" \/>\n<meta property=\"og:locale\" content=\"cs_CZ\" \/>\n<meta property=\"og:type\" content=\"article\" \/>\n<meta property=\"og:title\" content=\"MARLENE obd\u00e9ln\u00edkov\u00e1 vana 180x80x48cm, b\u00edl\u00e1 Expresn\u00ed Doru\u010den\u00ed -\" \/>\n<meta property=\"og:description\" content=\"Detailn\u00ed popis produktu Vana MARLENE je modern\u00ed velkoprostorov\u00e1 vana. D\u00edky akryl\u00e1tov\u00e9mu krytu odtoku bylo dosa\u017eeno \u010d\u00edst\u00e9ho designu bez ru\u0161iv\u00fdch v\u00fdstupk\u016f. Sv\u00fdm velk\u00fdm vnit\u0159n\u00edm prostorem poskytne pohodlnou koupel, co\u017e ocen\u00ed nejen z\u00e1kazn\u00edci s vy\u0161\u0161\u00ed v\u00fd\u0161kou, ale tak\u00e9 rodiny s d\u011btmi. Dostate\u010dn\u011b \u0161irok\u00fd okraj po obou stran\u00e1ch dovoluje pou\u017eit\u00ed stoj\u00e1nkov\u00e9 baterie, napou\u0161t\u011bc\u00ed hubice nebo ovl\u00e1d\u00e1n\u00ed hydromas\u00e1\u017en\u00edho syst\u00e9mu. [&hellip;]\" \/>\n<meta property=\"og:url\" content=\"https:\/\/www.domtechnikpro.com\/index.php\/produkt\/marlene-obdelnikova-vana-180x80x48cm-bila-expresni-doruceni-42580\/\" \/>\n<meta property=\"og:image\" content=\"https:\/\/www.domtechnikpro.com\/wp-content\/uploads\/2026\/SK0001510-CZ20260425-092556-0-1777080363-19888_marlene-obdelnikova-vana-180x80x48cm--bila.webp\" \/>\n\t<meta property=\"og:image:width\" content=\"1000\" \/>\n\t<meta property=\"og:image:height\" content=\"750\" \/>\n\t<meta property=\"og:image:type\" content=\"image\/webp\" \/>\n<meta name=\"twitter:card\" content=\"summary_large_image\" \/>\n<meta name=\"twitter:label1\" content=\"Odhadovan\u00e1 doba \u010dten\u00ed\" \/>\n\t<meta name=\"twitter:data1\" content=\"1 minuta\" \/>\n<script type=\"application\/ld+json\" class=\"yoast-schema-graph\">{\"@context\":\"https:\/\/schema.org\",\"@graph\":[{\"@type\":\"WebPage\",\"@id\":\"https:\/\/www.domtechnikpro.com\/index.php\/produkt\/marlene-obdelnikova-vana-180x80x48cm-bila-expresni-doruceni-42580\/\",\"url\":\"https:\/\/www.domtechnikpro.com\/index.php\/produkt\/marlene-obdelnikova-vana-180x80x48cm-bila-expresni-doruceni-42580\/\",\"name\":\"MARLENE obd\u00e9ln\u00edkov\u00e1 vana 180x80x48cm, b\u00edl\u00e1 Expresn\u00ed Doru\u010den\u00ed -\",\"isPartOf\":{\"@id\":\"https:\/\/www.domtechnikpro.com\/#website\"},\"primaryImageOfPage\":{\"@id\":\"https:\/\/www.domtechnikpro.com\/index.php\/produkt\/marlene-obdelnikova-vana-180x80x48cm-bila-expresni-doruceni-42580\/#primaryimage\"},\"image\":{\"@id\":\"https:\/\/www.domtechnikpro.com\/index.php\/produkt\/marlene-obdelnikova-vana-180x80x48cm-bila-expresni-doruceni-42580\/#primaryimage\"},\"thumbnailUrl\":\"https:\/\/www.domtechnikpro.com\/wp-content\/uploads\/2026\/SK0001510-CZ20260425-092556-0-1777080363-19888_marlene-obdelnikova-vana-180x80x48cm--bila.webp\",\"datePublished\":\"2026-04-26T08:59:15+00:00\",\"breadcrumb\":{\"@id\":\"https:\/\/www.domtechnikpro.com\/index.php\/produkt\/marlene-obdelnikova-vana-180x80x48cm-bila-expresni-doruceni-42580\/#breadcrumb\"},\"inLanguage\":\"cs\",\"potentialAction\":[{\"@type\":\"ReadAction\",\"target\":[\"https:\/\/www.domtechnikpro.com\/index.php\/produkt\/marlene-obdelnikova-vana-180x80x48cm-bila-expresni-doruceni-42580\/\"]}]},{\"@type\":\"ImageObject\",\"inLanguage\":\"cs\",\"@id\":\"https:\/\/www.domtechnikpro.com\/index.php\/produkt\/marlene-obdelnikova-vana-180x80x48cm-bila-expresni-doruceni-42580\/#primaryimage\",\"url\":\"https:\/\/www.domtechnikpro.com\/wp-content\/uploads\/2026\/SK0001510-CZ20260425-092556-0-1777080363-19888_marlene-obdelnikova-vana-180x80x48cm--bila.webp\",\"contentUrl\":\"https:\/\/www.domtechnikpro.com\/wp-content\/uploads\/2026\/SK0001510-CZ20260425-092556-0-1777080363-19888_marlene-obdelnikova-vana-180x80x48cm--bila.webp\",\"width\":1000,\"height\":750},{\"@type\":\"BreadcrumbList\",\"@id\":\"https:\/\/www.domtechnikpro.com\/index.php\/produkt\/marlene-obdelnikova-vana-180x80x48cm-bila-expresni-doruceni-42580\/#breadcrumb\",\"itemListElement\":[{\"@type\":\"ListItem\",\"position\":1,\"name\":\"Home\",\"item\":\"https:\/\/www.domtechnikpro.com\/\"},{\"@type\":\"ListItem\",\"position\":2,\"name\":\"Products\",\"item\":\"https:\/\/www.domtechnikpro.com\/index.php\/products\/\"},{\"@type\":\"ListItem\",\"position\":3,\"name\":\"MARLENE obd\u00e9ln\u00edkov\u00e1 vana 180x80x48cm, b\u00edl\u00e1 Expresn\u00ed Doru\u010den\u00ed\"}]},{\"@type\":\"WebSite\",\"@id\":\"https:\/\/www.domtechnikpro.com\/#website\",\"url\":\"https:\/\/www.domtechnikpro.com\/\",\"name\":\"\",\"description\":\"\",\"potentialAction\":[{\"@type\":\"SearchAction\",\"target\":{\"@type\":\"EntryPoint\",\"urlTemplate\":\"https:\/\/www.domtechnikpro.com\/?s={search_term_string}\"},\"query-input\":{\"@type\":\"PropertyValueSpecification\",\"valueRequired\":true,\"valueName\":\"search_term_string\"}}],\"inLanguage\":\"cs\"}]}<\/script>\n<!-- \/ Yoast SEO plugin. -->","yoast_head_json":{"title":"MARLENE obd\u00e9ln\u00edkov\u00e1 vana 180x80x48cm, b\u00edl\u00e1 Expresn\u00ed Doru\u010den\u00ed -","robots":{"index":"index","follow":"follow","max-snippet":"max-snippet:-1","max-image-preview":"max-image-preview:large","max-video-preview":"max-video-preview:-1"},"canonical":"https:\/\/www.domtechnikpro.com\/index.php\/produkt\/marlene-obdelnikova-vana-180x80x48cm-bila-expresni-doruceni-42580\/","og_locale":"cs_CZ","og_type":"article","og_title":"MARLENE obd\u00e9ln\u00edkov\u00e1 vana 180x80x48cm, b\u00edl\u00e1 Expresn\u00ed Doru\u010den\u00ed -","og_description":"Detailn\u00ed popis produktu Vana MARLENE je modern\u00ed velkoprostorov\u00e1 vana. D\u00edky akryl\u00e1tov\u00e9mu krytu odtoku bylo dosa\u017eeno \u010d\u00edst\u00e9ho designu bez ru\u0161iv\u00fdch v\u00fdstupk\u016f. Sv\u00fdm velk\u00fdm vnit\u0159n\u00edm prostorem poskytne pohodlnou koupel, co\u017e ocen\u00ed nejen z\u00e1kazn\u00edci s vy\u0161\u0161\u00ed v\u00fd\u0161kou, ale tak\u00e9 rodiny s d\u011btmi. Dostate\u010dn\u011b \u0161irok\u00fd okraj po obou stran\u00e1ch dovoluje pou\u017eit\u00ed stoj\u00e1nkov\u00e9 baterie, napou\u0161t\u011bc\u00ed hubice nebo ovl\u00e1d\u00e1n\u00ed hydromas\u00e1\u017en\u00edho syst\u00e9mu. [&hellip;]","og_url":"https:\/\/www.domtechnikpro.com\/index.php\/produkt\/marlene-obdelnikova-vana-180x80x48cm-bila-expresni-doruceni-42580\/","og_image":[{"width":1000,"height":750,"url":"https:\/\/www.domtechnikpro.com\/wp-content\/uploads\/2026\/SK0001510-CZ20260425-092556-0-1777080363-19888_marlene-obdelnikova-vana-180x80x48cm--bila.webp","type":"image\/webp"}],"twitter_card":"summary_large_image","twitter_misc":{"Odhadovan\u00e1 doba \u010dten\u00ed":"1 minuta"},"schema":{"@context":"https:\/\/schema.org","@graph":[{"@type":"WebPage","@id":"https:\/\/www.domtechnikpro.com\/index.php\/produkt\/marlene-obdelnikova-vana-180x80x48cm-bila-expresni-doruceni-42580\/","url":"https:\/\/www.domtechnikpro.com\/index.php\/produkt\/marlene-obdelnikova-vana-180x80x48cm-bila-expresni-doruceni-42580\/","name":"MARLENE obd\u00e9ln\u00edkov\u00e1 vana 180x80x48cm, b\u00edl\u00e1 Expresn\u00ed Doru\u010den\u00ed -","isPartOf":{"@id":"https:\/\/www.domtechnikpro.com\/#website"},"primaryImageOfPage":{"@id":"https:\/\/www.domtechnikpro.com\/index.php\/produkt\/marlene-obdelnikova-vana-180x80x48cm-bila-expresni-doruceni-42580\/#primaryimage"},"image":{"@id":"https:\/\/www.domtechnikpro.com\/index.php\/produkt\/marlene-obdelnikova-vana-180x80x48cm-bila-expresni-doruceni-42580\/#primaryimage"},"thumbnailUrl":"https:\/\/www.domtechnikpro.com\/wp-content\/uploads\/2026\/SK0001510-CZ20260425-092556-0-1777080363-19888_marlene-obdelnikova-vana-180x80x48cm--bila.webp","datePublished":"2026-04-26T08:59:15+00:00","breadcrumb":{"@id":"https:\/\/www.domtechnikpro.com\/index.php\/produkt\/marlene-obdelnikova-vana-180x80x48cm-bila-expresni-doruceni-42580\/#breadcrumb"},"inLanguage":"cs","potentialAction":[{"@type":"ReadAction","target":["https:\/\/www.domtechnikpro.com\/index.php\/produkt\/marlene-obdelnikova-vana-180x80x48cm-bila-expresni-doruceni-42580\/"]}]},{"@type":"ImageObject","inLanguage":"cs","@id":"https:\/\/www.domtechnikpro.com\/index.php\/produkt\/marlene-obdelnikova-vana-180x80x48cm-bila-expresni-doruceni-42580\/#primaryimage","url":"https:\/\/www.domtechnikpro.com\/wp-content\/uploads\/2026\/SK0001510-CZ20260425-092556-0-1777080363-19888_marlene-obdelnikova-vana-180x80x48cm--bila.webp","contentUrl":"https:\/\/www.domtechnikpro.com\/wp-content\/uploads\/2026\/SK0001510-CZ20260425-092556-0-1777080363-19888_marlene-obdelnikova-vana-180x80x48cm--bila.webp","width":1000,"height":750},{"@type":"BreadcrumbList","@id":"https:\/\/www.domtechnikpro.com\/index.php\/produkt\/marlene-obdelnikova-vana-180x80x48cm-bila-expresni-doruceni-42580\/#breadcrumb","itemListElement":[{"@type":"ListItem","position":1,"name":"Home","item":"https:\/\/www.domtechnikpro.com\/"},{"@type":"ListItem","position":2,"name":"Products","item":"https:\/\/www.domtechnikpro.com\/index.php\/products\/"},{"@type":"ListItem","position":3,"name":"MARLENE obd\u00e9ln\u00edkov\u00e1 vana 180x80x48cm, b\u00edl\u00e1 Expresn\u00ed Doru\u010den\u00ed"}]},{"@type":"WebSite","@id":"https:\/\/www.domtechnikpro.com\/#website","url":"https:\/\/www.domtechnikpro.com\/","name":"","description":"","potentialAction":[{"@type":"SearchAction","target":{"@type":"EntryPoint","urlTemplate":"https:\/\/www.domtechnikpro.com\/?s={search_term_string}"},"query-input":{"@type":"PropertyValueSpecification","valueRequired":true,"valueName":"search_term_string"}}],"inLanguage":"cs"}]}},"_links":{"self":[{"href":"https:\/\/www.domtechnikpro.com\/index.php\/wp-json\/wp\/v2\/product\/42580","targetHints":{"allow":["GET"]}}],"collection":[{"href":"https:\/\/www.domtechnikpro.com\/index.php\/wp-json\/wp\/v2\/product"}],"about":[{"href":"https:\/\/www.domtechnikpro.com\/index.php\/wp-json\/wp\/v2\/types\/product"}],"replies":[{"embeddable":true,"href":"https:\/\/www.domtechnikpro.com\/index.php\/wp-json\/wp\/v2\/comments?post=42580"}],"wp:featuredmedia":[{"embeddable":true,"href":"https:\/\/www.domtechnikpro.com\/index.php\/wp-json\/wp\/v2\/media\/42680"}],"wp:attachment":[{"href":"https:\/\/www.domtechnikpro.com\/index.php\/wp-json\/wp\/v2\/media?parent=42580"}],"wp:term":[{"taxonomy":"product_brand","embeddable":true,"href":"https:\/\/www.domtechnikpro.com\/index.php\/wp-json\/wp\/v2\/product_brand?post=42580"},{"taxonomy":"product_cat","embeddable":true,"href":"https:\/\/www.domtechnikpro.com\/index.php\/wp-json\/wp\/v2\/product_cat?post=42580"},{"taxonomy":"product_tag","embeddable":true,"href":"https:\/\/www.domtechnikpro.com\/index.php\/wp-json\/wp\/v2\/product_tag?post=42580"}],"curies":[{"name":"wp","href":"https:\/\/api.w.org\/{rel}","templated":true}]}}