{"id":42528,"date":"2026-04-26T08:59:15","date_gmt":"2026-04-26T08:59:15","guid":{"rendered":""},"modified":"2026-04-26T08:59:15","modified_gmt":"2026-04-26T08:59:15","slug":"vyprodej-dragon-obdelnikovy-sprchovy-kout-1600x900mm-l-p-varianta-42528","status":"publish","type":"product","link":"https:\/\/www.domtechnikpro.com\/index.php\/produkt\/vyprodej-dragon-obdelnikovy-sprchovy-kout-1600x900mm-l-p-varianta-42528\/","title":{"rendered":"V\u00fdprodej Dragon obd\u00e9ln\u00edkov\u00fd sprchov\u00fd kout 1600x900mm L\/P varianta"},"content":{"rendered":"<div class=\"basic-description\">\n<h3>Detailn\u00ed popis produktu<\/h3>\n<p>V\u00fdjime\u010dn\u00e1 s\u00e9rie sprchov\u00fdch z\u00e1st\u011bn pro v\u0161echny generace. \u010cist\u00fd design umocn\u00ed modern\u00ed vzhled Va\u0161\u00ed koupelny.<\/p>\n<p><strong>Charakteristika sprchov\u00fdch z\u00e1st\u011bn s\u00e9rie DRAGON:<\/strong><\/p>\n<ul>\n<li>Masivn\u00ed lo\u017eiskov\u00e1 kola a spodn\u00ed vod\u00edc\u00ed d\u00edl zaru\u010duj\u00ed bezvadn\u00fd chod na mnoho let<\/li>\n<li>Hlin\u00edkov\u00e9 profily ve dvou barevn\u00fdch variant\u00e1ch &#8211; chrom a \u010dern\u00e1 matn\u00e1<\/li>\n<li>Bezpe\u010dnostn\u00ed sklo o s\u00edle 8 mm s oboustrannou povrchovou \u00fapravou COATED GLASS pro snadnou \u00fadr\u017ebu<\/li>\n<li>Rozst\u0159iku vody zabra\u0148uje prahov\u00e1 li\u0161ta a magnetick\u00e9 t\u011bsn\u011bn\u00ed<\/li>\n<li>Dve\u0159e jsou d\u011bleny na \u010d\u00e1st posuvnou a \u010d\u00e1st pevnou<\/li>\n<li>Sklo dve\u0159\u00ed je voln\u011b zav\u011b\u0161en\u00e9 bez spodn\u00edho vod\u00edc\u00edho profilu<\/li>\n<li>Proveden\u00ed je variabiln\u00ed pro instalaci s lev\u00fdm i prav\u00fdm otev\u00edr\u00e1n\u00edm<\/li>\n<li>Pro vy\u0161\u0161\u00ed stabilitu doporu\u010dujeme instalovat z\u00e1st\u011bnu se <strong>vzp\u011brou GDV300\/GDV300B<\/strong><\/li>\n<li>Prodlou\u017een\u00e1 z\u00e1ruka 3 roky<\/li>\n<\/ul>\n<div style=\"float: left; width: 30%; text-align: justify;\">\n<div style=\"padding-right: 25px;\">Prahovou li\u0161tu lze p\u0159ilepit k podlaze\/vani\u010dce nebo ji zafixovat pomoc\u00ed p\u0159ilo\u017een\u00fdch vrut\u016f, kter\u00e9 zaslep\u00edte krytkami.<\/div>\n<\/div>\n<div style=\"float: left; width: 30%; text-align: justify;\">\n<div style=\"padding-right: 25px;\">Dve\u0159e z bezpe\u010dnostn\u00edho skla jsou zav\u011b\u0161eny a jejich pohyb usm\u011br\u0148uje vod\u00edc\u00ed d\u00edl na podlaze. Je tak umo\u017en\u011bn bezbari\u00e9rov\u00fd vstup.<\/div>\n<\/div>\n<div style=\"float: left; width: 30%; text-align: justify;\">\n<div style=\"padding-right: 25px;\">Masivn\u00ed lo\u017eiskov\u00e1 kola zaru\u010duj\u00ed bezvadn\u00fd chod z\u00e1st\u011bny na mnoho let.<\/div>\n<\/div>\n<div style=\"clear: both;\"><\/div>\n<p>&nbsp;Mo\u017enost v\u00fdroby z\u00e1st\u011bn na m\u00edru dle po\u017eadavk\u016f klienta do v\u00fd\u0161ky 2000 mm<\/p>\n<p>&nbsp;<\/p>\n<ul>\n<li>Variabiln\u00ed \u0159e\u0161en\u00ed z\u00e1st\u011bn na m\u00edru<\/li>\n<li>V\u00fd\u0161ka do 2000 mm<\/li>\n<li>Cena je nav\u00fd\u0161ena o 40 % (k typu s nejbli\u017e\u0161\u00edm rozm\u011brem)<\/li>\n<li>ATYPick\u00e9 \u0159e\u0161en\u00ed bude nacen\u011bno a zhotoveno pouze na z\u00e1klad\u011b n\u00e1\u010drtku od z\u00e1kazn\u00edka<\/li>\n<li>U \u010dtvrtkruhov\u00e9 z\u00e1st\u011bny atypick\u00e9 \u0159e\u0161en\u00ed nen\u00ed mo\u017en\u00e9<\/li>\n<li>Pro v\u00edce informac\u00ed kontaktujte na\u0161i podporu<\/li>\n<\/ul>\n<div class=\"product-explanation-item\">\n<h3>Sm\u011br otev\u00edr\u00e1n\u00ed &#8211; univerz\u00e1ln\u00ed<\/h3>\n<p style=\"text-align: justify;\">Instalace je mo\u017en\u00e1 s lev\u00fdm nebo prav\u00fdm otev\u00edr\u00e1n\u00edm dve\u0159\u00ed.<\/p>\n<\/div>\n<div class=\"product-explanation-item\">\n<h3><span><strong>Coated glass<\/strong><\/span><\/h3>\n<p style=\"text-align: justify;\">Coated glass p\u0159edstavuje jednu z nejkvalitn\u011bj\u0161\u00edch \u00faprav skla sprchov\u00fdch kout\u016f. Jedn\u00e1 se o chemickou slou\u010deninu sm\u011bsi polymer\u016f, kter\u00e1 ve spojen\u00ed s katalyz\u00e1tory reaguje s k\u0159emi\u010ditanov\u00fdmi skupinami obsa\u017een\u00fdmi ve skle. Na sklen\u011bn\u00fdch ploch\u00e1ch tak vytv\u00e1\u0159\u00ed souvislou vrstvu filmu, kter\u00e1 vypln\u00ed mikrop\u00f3ry ve skle a odpuzuje vodu. Vlivem vod\u011bodpudiv\u00e9ho filmu se kapky vody shlukuj\u00ed a st\u00e9kaj\u00ed z povrchu skla. I kdy\u017e dojde k nepatrn\u00e9mu udr\u017een\u00ed men\u0161\u00edch kapek na skle, nedojde k chemick\u00e9 vazb\u011b, sklo nebude naru\u0161eno a neze\u0161edne.<\/p>\n<\/div><\/div>\n<div class=\"extended-description\">\n<h3>Dopl\u0148kov\u00e9 parametry<\/h3>\n<table class=\"detail-parameters\">\n<tbody>\n<tr>\n<th>        <span class=\"row-header-label\">            Kategorie<span class=\"row-header-label-colon\">:<\/span>        <\/span>    <\/th>\n<td>            <\/td>\n<\/tr>\n<tr>\n<th>            <span class=\"row-header-label\">                Z\u00e1ruka<span class=\"row-header-label-colon\">:<\/span>            <\/span>        <\/th>\n<td>            36        <\/td>\n<\/tr>\n<tr>\n<th>            <span class=\"row-header-label\">                Hmotnost<span class=\"row-header-label-colon\">:<\/span>            <\/span>        <\/th>\n<td>            118.5 kg        <\/td>\n<\/tr>\n<tr class=\"productEan\">\n<th>          <span class=\"row-header-label productEan__label\">              EAN<span class=\"row-header-label-colon\">:<\/span>          <\/span>      <\/th>\n<td>          <span class=\"productEan__value\">8590913900044<\/span>      <\/td>\n<\/tr>\n<tr>\n<th>                <span class=\"row-header-label\">                                            Balen\u00ed<span class=\"row-header-label-colon\">:<\/span>                                    <\/span>            <\/th>\n<td>                                                            2 ks                                                <\/td>\n<\/tr>\n<tr>\n<th>                <span class=\"row-header-label\">                                            Barva profilu<span class=\"row-header-label-colon\">:<\/span>                                    <\/span>            <\/th>\n<td>                                                            Chrom &#8211; Le\u0161t\u011bn\u00fd hlin\u00edk                                                <\/td>\n<\/tr>\n<tr>\n<th>                <span class=\"row-header-label\">                                            Dostupnost<span class=\"row-header-label-colon\">:<\/span>                                    <\/span>            <\/th>\n<td>                                                            Skladem                                                <\/td>\n<\/tr>\n<tr>\n<th>                <span class=\"row-header-label\">                                            Hloubka<span class=\"row-header-label-colon\">:<\/span>                                    <\/span>            <\/th>\n<td>                                                            900 mm                                                <\/td>\n<\/tr>\n<tr>\n<th>                <span class=\"row-header-label\">                                            Rozm\u011br<span class=\"row-header-label-colon\">:<\/span>                                    <\/span>            <\/th>\n<td>                                                            160&#215;90 cm                                                <\/td>\n<\/tr>\n<tr>\n<th>                <span class=\"row-header-label\">                                            Sm\u011br otev\u00edr\u00e1n\u00ed<span class=\"row-header-label-colon\">:<\/span>                                    <\/span>            <\/th>\n<td>                                                            Univerz\u00e1ln\u00ed                                                <\/td>\n<\/tr>\n<tr>\n<th>                <span class=\"row-header-label\">                                            \u0160\u00ed\u0159ka<span class=\"row-header-label-colon\">:<\/span>                                    <\/span>            <\/th>\n<td>                                                            1600 mm                                                <\/td>\n<\/tr>\n<tr>\n<th>                <span class=\"row-header-label\">                                            \u0160\u00ed\u0159ka vstupu<span class=\"row-header-label-colon\">:<\/span>                                    <\/span>            <\/th>\n<td>                                                            670 mm                                                <\/td>\n<\/tr>\n<tr>\n<th>                <span class=\"row-header-label\">                                            Tlou\u0161\u0165ka skla<span class=\"row-header-label-colon\">:<\/span>                                    <\/span>            <\/th>\n<td>                                                            8 mm                                                <\/td>\n<\/tr>\n<tr>\n<th>                <span class=\"row-header-label\">                                            Tvar<span class=\"row-header-label-colon\">:<\/span>                                    <\/span>            <\/th>\n<td>                                                            Obd\u00e9ln\u00edkov\u00e9 z\u00e1st\u011bny                                                <\/td>\n<\/tr>\n<tr>\n<th>                <span class=\"row-header-label\">                                            Typ otev\u00edr\u00e1n\u00ed<span class=\"row-header-label-colon\">:<\/span>                                    <\/span>            <\/th>\n<td>                                                            Posuvn\u00e9                                                <\/td>\n<\/tr>\n<tr>\n<th>                <span class=\"row-header-label\">                                            Typ v\u00fdpln\u011b<span class=\"row-header-label-colon\">:<\/span>                                    <\/span>            <\/th>\n<td>                                                            \u010cIR\u00c9 sklo                                                <\/td>\n<\/tr>\n<tr>\n<th>                <span class=\"row-header-label\">                                            \u00daprava skla<span class=\"row-header-label-colon\">:<\/span>                                    <\/span>            <\/th>\n<td>                                                            Coated glass                                                <\/td>\n<\/tr>\n<tr>\n<th>                <span class=\"row-header-label\">                                            V\u00fd\u0161ka<span class=\"row-header-label-colon\">:<\/span>                                    <\/span>            <\/th>\n<td>                                                            2000 mm                                                <\/td>\n<\/tr>\n<tr>\n<th>                <span class=\"row-header-label\">                                            Z\u00e1ruka<span class=\"row-header-label-colon\">:<\/span>                                    <\/span>            <\/th>\n<td>                                                            3 roky                                                <\/td>\n<\/tr>\n<\/tbody>\n<\/table><\/div>\n<\/p><\/div>\n<\/p><\/div>\n","protected":false},"excerpt":{"rendered":"<p>Detailn\u00ed popis produktu V\u00fdjime\u010dn\u00e1 s\u00e9rie sprchov\u00fdch z\u00e1st\u011bn pro v\u0161echny generace. \u010cist\u00fd design umocn\u00ed modern\u00ed vzhled Va\u0161\u00ed koupelny. Charakteristika sprchov\u00fdch z\u00e1st\u011bn s\u00e9rie DRAGON: Masivn\u00ed lo\u017eiskov\u00e1 kola a spodn\u00ed vod\u00edc\u00ed d\u00edl zaru\u010duj\u00ed bezvadn\u00fd chod na mnoho let Hlin\u00edkov\u00e9 profily ve dvou barevn\u00fdch variant\u00e1ch &#8211; chrom a \u010dern\u00e1 matn\u00e1 Bezpe\u010dnostn\u00ed sklo o s\u00edle 8 mm s oboustrannou povrchovou [&hellip;]<\/p>\n","protected":false},"featured_media":42628,"comment_status":"open","ping_status":"open","template":"","meta":[],"product_brand":[],"product_cat":[143],"product_tag":[],"class_list":{"0":"post-42528","1":"product","2":"type-product","3":"status-publish","4":"has-post-thumbnail","6":"product_cat-sprchove-kouty","8":"first","9":"instock","10":"sale","11":"shipping-taxable","12":"purchasable","13":"product-type-simple"},"yoast_head":"<!-- This site is optimized with the Yoast SEO plugin v26.8 - https:\/\/yoast.com\/product\/yoast-seo-wordpress\/ -->\n<title>V\u00fdprodej Dragon obd\u00e9ln\u00edkov\u00fd sprchov\u00fd kout 1600x900mm L\/P varianta -<\/title>\n<meta name=\"robots\" content=\"index, follow, max-snippet:-1, max-image-preview:large, max-video-preview:-1\" \/>\n<link rel=\"canonical\" href=\"https:\/\/www.domtechnikpro.com\/index.php\/produkt\/vyprodej-dragon-obdelnikovy-sprchovy-kout-1600x900mm-l-p-varianta-42528\/\" \/>\n<meta property=\"og:locale\" content=\"cs_CZ\" \/>\n<meta property=\"og:type\" content=\"article\" \/>\n<meta property=\"og:title\" content=\"V\u00fdprodej Dragon obd\u00e9ln\u00edkov\u00fd sprchov\u00fd kout 1600x900mm L\/P varianta -\" \/>\n<meta property=\"og:description\" content=\"Detailn\u00ed popis produktu V\u00fdjime\u010dn\u00e1 s\u00e9rie sprchov\u00fdch z\u00e1st\u011bn pro v\u0161echny generace. \u010cist\u00fd design umocn\u00ed modern\u00ed vzhled Va\u0161\u00ed koupelny. Charakteristika sprchov\u00fdch z\u00e1st\u011bn s\u00e9rie DRAGON: Masivn\u00ed lo\u017eiskov\u00e1 kola a spodn\u00ed vod\u00edc\u00ed d\u00edl zaru\u010duj\u00ed bezvadn\u00fd chod na mnoho let Hlin\u00edkov\u00e9 profily ve dvou barevn\u00fdch variant\u00e1ch &#8211; chrom a \u010dern\u00e1 matn\u00e1 Bezpe\u010dnostn\u00ed sklo o s\u00edle 8 mm s oboustrannou povrchovou [&hellip;]\" \/>\n<meta property=\"og:url\" content=\"https:\/\/www.domtechnikpro.com\/index.php\/produkt\/vyprodej-dragon-obdelnikovy-sprchovy-kout-1600x900mm-l-p-varianta-42528\/\" \/>\n<meta property=\"og:image\" content=\"https:\/\/www.domtechnikpro.com\/wp-content\/uploads\/2026\/SK0001456-CZ20260425-092556-0-1777080363-19138-1_gd4616gd7290-171833051580127.webp\" \/>\n\t<meta property=\"og:image:width\" content=\"1000\" \/>\n\t<meta property=\"og:image:height\" content=\"750\" \/>\n\t<meta property=\"og:image:type\" content=\"image\/webp\" \/>\n<meta name=\"twitter:card\" content=\"summary_large_image\" \/>\n<meta name=\"twitter:label1\" content=\"Odhadovan\u00e1 doba \u010dten\u00ed\" \/>\n\t<meta name=\"twitter:data1\" content=\"2 minuty\" \/>\n<script type=\"application\/ld+json\" class=\"yoast-schema-graph\">{\"@context\":\"https:\/\/schema.org\",\"@graph\":[{\"@type\":\"WebPage\",\"@id\":\"https:\/\/www.domtechnikpro.com\/index.php\/produkt\/vyprodej-dragon-obdelnikovy-sprchovy-kout-1600x900mm-l-p-varianta-42528\/\",\"url\":\"https:\/\/www.domtechnikpro.com\/index.php\/produkt\/vyprodej-dragon-obdelnikovy-sprchovy-kout-1600x900mm-l-p-varianta-42528\/\",\"name\":\"V\u00fdprodej Dragon obd\u00e9ln\u00edkov\u00fd sprchov\u00fd kout 1600x900mm L\/P varianta -\",\"isPartOf\":{\"@id\":\"https:\/\/www.domtechnikpro.com\/#website\"},\"primaryImageOfPage\":{\"@id\":\"https:\/\/www.domtechnikpro.com\/index.php\/produkt\/vyprodej-dragon-obdelnikovy-sprchovy-kout-1600x900mm-l-p-varianta-42528\/#primaryimage\"},\"image\":{\"@id\":\"https:\/\/www.domtechnikpro.com\/index.php\/produkt\/vyprodej-dragon-obdelnikovy-sprchovy-kout-1600x900mm-l-p-varianta-42528\/#primaryimage\"},\"thumbnailUrl\":\"https:\/\/www.domtechnikpro.com\/wp-content\/uploads\/2026\/SK0001456-CZ20260425-092556-0-1777080363-19138-1_gd4616gd7290-171833051580127.webp\",\"datePublished\":\"2026-04-26T08:59:15+00:00\",\"breadcrumb\":{\"@id\":\"https:\/\/www.domtechnikpro.com\/index.php\/produkt\/vyprodej-dragon-obdelnikovy-sprchovy-kout-1600x900mm-l-p-varianta-42528\/#breadcrumb\"},\"inLanguage\":\"cs\",\"potentialAction\":[{\"@type\":\"ReadAction\",\"target\":[\"https:\/\/www.domtechnikpro.com\/index.php\/produkt\/vyprodej-dragon-obdelnikovy-sprchovy-kout-1600x900mm-l-p-varianta-42528\/\"]}]},{\"@type\":\"ImageObject\",\"inLanguage\":\"cs\",\"@id\":\"https:\/\/www.domtechnikpro.com\/index.php\/produkt\/vyprodej-dragon-obdelnikovy-sprchovy-kout-1600x900mm-l-p-varianta-42528\/#primaryimage\",\"url\":\"https:\/\/www.domtechnikpro.com\/wp-content\/uploads\/2026\/SK0001456-CZ20260425-092556-0-1777080363-19138-1_gd4616gd7290-171833051580127.webp\",\"contentUrl\":\"https:\/\/www.domtechnikpro.com\/wp-content\/uploads\/2026\/SK0001456-CZ20260425-092556-0-1777080363-19138-1_gd4616gd7290-171833051580127.webp\",\"width\":1000,\"height\":750},{\"@type\":\"BreadcrumbList\",\"@id\":\"https:\/\/www.domtechnikpro.com\/index.php\/produkt\/vyprodej-dragon-obdelnikovy-sprchovy-kout-1600x900mm-l-p-varianta-42528\/#breadcrumb\",\"itemListElement\":[{\"@type\":\"ListItem\",\"position\":1,\"name\":\"Home\",\"item\":\"https:\/\/www.domtechnikpro.com\/\"},{\"@type\":\"ListItem\",\"position\":2,\"name\":\"Products\",\"item\":\"https:\/\/www.domtechnikpro.com\/index.php\/products\/\"},{\"@type\":\"ListItem\",\"position\":3,\"name\":\"V\u00fdprodej Dragon obd\u00e9ln\u00edkov\u00fd sprchov\u00fd kout 1600x900mm L\/P varianta\"}]},{\"@type\":\"WebSite\",\"@id\":\"https:\/\/www.domtechnikpro.com\/#website\",\"url\":\"https:\/\/www.domtechnikpro.com\/\",\"name\":\"\",\"description\":\"\",\"potentialAction\":[{\"@type\":\"SearchAction\",\"target\":{\"@type\":\"EntryPoint\",\"urlTemplate\":\"https:\/\/www.domtechnikpro.com\/?s={search_term_string}\"},\"query-input\":{\"@type\":\"PropertyValueSpecification\",\"valueRequired\":true,\"valueName\":\"search_term_string\"}}],\"inLanguage\":\"cs\"}]}<\/script>\n<!-- \/ Yoast SEO plugin. -->","yoast_head_json":{"title":"V\u00fdprodej Dragon obd\u00e9ln\u00edkov\u00fd sprchov\u00fd kout 1600x900mm L\/P varianta -","robots":{"index":"index","follow":"follow","max-snippet":"max-snippet:-1","max-image-preview":"max-image-preview:large","max-video-preview":"max-video-preview:-1"},"canonical":"https:\/\/www.domtechnikpro.com\/index.php\/produkt\/vyprodej-dragon-obdelnikovy-sprchovy-kout-1600x900mm-l-p-varianta-42528\/","og_locale":"cs_CZ","og_type":"article","og_title":"V\u00fdprodej Dragon obd\u00e9ln\u00edkov\u00fd sprchov\u00fd kout 1600x900mm L\/P varianta -","og_description":"Detailn\u00ed popis produktu V\u00fdjime\u010dn\u00e1 s\u00e9rie sprchov\u00fdch z\u00e1st\u011bn pro v\u0161echny generace. \u010cist\u00fd design umocn\u00ed modern\u00ed vzhled Va\u0161\u00ed koupelny. Charakteristika sprchov\u00fdch z\u00e1st\u011bn s\u00e9rie DRAGON: Masivn\u00ed lo\u017eiskov\u00e1 kola a spodn\u00ed vod\u00edc\u00ed d\u00edl zaru\u010duj\u00ed bezvadn\u00fd chod na mnoho let Hlin\u00edkov\u00e9 profily ve dvou barevn\u00fdch variant\u00e1ch &#8211; chrom a \u010dern\u00e1 matn\u00e1 Bezpe\u010dnostn\u00ed sklo o s\u00edle 8 mm s oboustrannou povrchovou [&hellip;]","og_url":"https:\/\/www.domtechnikpro.com\/index.php\/produkt\/vyprodej-dragon-obdelnikovy-sprchovy-kout-1600x900mm-l-p-varianta-42528\/","og_image":[{"width":1000,"height":750,"url":"https:\/\/www.domtechnikpro.com\/wp-content\/uploads\/2026\/SK0001456-CZ20260425-092556-0-1777080363-19138-1_gd4616gd7290-171833051580127.webp","type":"image\/webp"}],"twitter_card":"summary_large_image","twitter_misc":{"Odhadovan\u00e1 doba \u010dten\u00ed":"2 minuty"},"schema":{"@context":"https:\/\/schema.org","@graph":[{"@type":"WebPage","@id":"https:\/\/www.domtechnikpro.com\/index.php\/produkt\/vyprodej-dragon-obdelnikovy-sprchovy-kout-1600x900mm-l-p-varianta-42528\/","url":"https:\/\/www.domtechnikpro.com\/index.php\/produkt\/vyprodej-dragon-obdelnikovy-sprchovy-kout-1600x900mm-l-p-varianta-42528\/","name":"V\u00fdprodej Dragon obd\u00e9ln\u00edkov\u00fd sprchov\u00fd kout 1600x900mm L\/P varianta -","isPartOf":{"@id":"https:\/\/www.domtechnikpro.com\/#website"},"primaryImageOfPage":{"@id":"https:\/\/www.domtechnikpro.com\/index.php\/produkt\/vyprodej-dragon-obdelnikovy-sprchovy-kout-1600x900mm-l-p-varianta-42528\/#primaryimage"},"image":{"@id":"https:\/\/www.domtechnikpro.com\/index.php\/produkt\/vyprodej-dragon-obdelnikovy-sprchovy-kout-1600x900mm-l-p-varianta-42528\/#primaryimage"},"thumbnailUrl":"https:\/\/www.domtechnikpro.com\/wp-content\/uploads\/2026\/SK0001456-CZ20260425-092556-0-1777080363-19138-1_gd4616gd7290-171833051580127.webp","datePublished":"2026-04-26T08:59:15+00:00","breadcrumb":{"@id":"https:\/\/www.domtechnikpro.com\/index.php\/produkt\/vyprodej-dragon-obdelnikovy-sprchovy-kout-1600x900mm-l-p-varianta-42528\/#breadcrumb"},"inLanguage":"cs","potentialAction":[{"@type":"ReadAction","target":["https:\/\/www.domtechnikpro.com\/index.php\/produkt\/vyprodej-dragon-obdelnikovy-sprchovy-kout-1600x900mm-l-p-varianta-42528\/"]}]},{"@type":"ImageObject","inLanguage":"cs","@id":"https:\/\/www.domtechnikpro.com\/index.php\/produkt\/vyprodej-dragon-obdelnikovy-sprchovy-kout-1600x900mm-l-p-varianta-42528\/#primaryimage","url":"https:\/\/www.domtechnikpro.com\/wp-content\/uploads\/2026\/SK0001456-CZ20260425-092556-0-1777080363-19138-1_gd4616gd7290-171833051580127.webp","contentUrl":"https:\/\/www.domtechnikpro.com\/wp-content\/uploads\/2026\/SK0001456-CZ20260425-092556-0-1777080363-19138-1_gd4616gd7290-171833051580127.webp","width":1000,"height":750},{"@type":"BreadcrumbList","@id":"https:\/\/www.domtechnikpro.com\/index.php\/produkt\/vyprodej-dragon-obdelnikovy-sprchovy-kout-1600x900mm-l-p-varianta-42528\/#breadcrumb","itemListElement":[{"@type":"ListItem","position":1,"name":"Home","item":"https:\/\/www.domtechnikpro.com\/"},{"@type":"ListItem","position":2,"name":"Products","item":"https:\/\/www.domtechnikpro.com\/index.php\/products\/"},{"@type":"ListItem","position":3,"name":"V\u00fdprodej Dragon obd\u00e9ln\u00edkov\u00fd sprchov\u00fd kout 1600x900mm L\/P varianta"}]},{"@type":"WebSite","@id":"https:\/\/www.domtechnikpro.com\/#website","url":"https:\/\/www.domtechnikpro.com\/","name":"","description":"","potentialAction":[{"@type":"SearchAction","target":{"@type":"EntryPoint","urlTemplate":"https:\/\/www.domtechnikpro.com\/?s={search_term_string}"},"query-input":{"@type":"PropertyValueSpecification","valueRequired":true,"valueName":"search_term_string"}}],"inLanguage":"cs"}]}},"_links":{"self":[{"href":"https:\/\/www.domtechnikpro.com\/index.php\/wp-json\/wp\/v2\/product\/42528","targetHints":{"allow":["GET"]}}],"collection":[{"href":"https:\/\/www.domtechnikpro.com\/index.php\/wp-json\/wp\/v2\/product"}],"about":[{"href":"https:\/\/www.domtechnikpro.com\/index.php\/wp-json\/wp\/v2\/types\/product"}],"replies":[{"embeddable":true,"href":"https:\/\/www.domtechnikpro.com\/index.php\/wp-json\/wp\/v2\/comments?post=42528"}],"wp:featuredmedia":[{"embeddable":true,"href":"https:\/\/www.domtechnikpro.com\/index.php\/wp-json\/wp\/v2\/media\/42628"}],"wp:attachment":[{"href":"https:\/\/www.domtechnikpro.com\/index.php\/wp-json\/wp\/v2\/media?parent=42528"}],"wp:term":[{"taxonomy":"product_brand","embeddable":true,"href":"https:\/\/www.domtechnikpro.com\/index.php\/wp-json\/wp\/v2\/product_brand?post=42528"},{"taxonomy":"product_cat","embeddable":true,"href":"https:\/\/www.domtechnikpro.com\/index.php\/wp-json\/wp\/v2\/product_cat?post=42528"},{"taxonomy":"product_tag","embeddable":true,"href":"https:\/\/www.domtechnikpro.com\/index.php\/wp-json\/wp\/v2\/product_tag?post=42528"}],"curies":[{"name":"wp","href":"https:\/\/api.w.org\/{rel}","templated":true}]}}