{"id":41342,"date":"2026-04-26T08:58:59","date_gmt":"2026-04-26T08:58:59","guid":{"rendered":""},"modified":"2026-04-26T08:58:59","modified_gmt":"2026-04-26T08:58:59","slug":"znackovy-schuller-eh-klar-r-spachtle-kyoto-car-black-karosarska-plast-120x80-mm-41342","status":"publish","type":"product","link":"https:\/\/www.domtechnikpro.com\/index.php\/produkt\/znackovy-schuller-eh-klar-r-spachtle-kyoto-car-black-karosarska-plast-120x80-mm-41342\/","title":{"rendered":"Zna\u010dkov\u00fd SCHULLER EH&#8217;KLAR\u00ae \u0160pachtle KYOTO CAR BLACK karos\u00e1\u0159sk\u00e1, plast, 120\u00d780 mm"},"content":{"rendered":"<div class=\"basic-description\">\n<h3>Detailn\u00ed popis produktu<\/h3>\n<h1><strong>KYOTO CAR BLACK\u00a0<\/strong><\/h1>\n<h1><span style=\"font-size: 14pt;\"><strong>\u0160pachtle karos\u00e1\u0159sk\u00e1, <span class=\"show-tooltip\" title=\"Plastyn\u011bkdy tak\u00e9 naz\u00fdvan\u00e9 plastick\u00e9 \u010di um\u011bl\u00e9 hmoty, p\u0159edstavuj\u00ed \u0161irokou \u0161k\u00e1lu syntetick\u00fdch nebo \u010d\u00e1ste\u010dn\u011b syntetick\u00fdch organick\u00fdch slou\u010denin a polymern\u00edch materi\u00e1l\u016f. \u010casto obsahuj\u00ed p\u0159\u00edsady zlep\u0161uj\u00edc\u00ed jejich funk\u010dn\u00ed vlastnosti, nap\u0159\u00edklad&amp;hellip;\">plast<\/span>, 120&#215;80 mm<\/strong><\/span><\/h1>\n<div><strong>\u2743 Karos\u00e1\u0159sk\u00e1 \u0161pachtle vhodn\u00e1 pro opravy a \u00fapravy v oblasti karos\u00e1\u0159sk\u00fdch prac\u00ed.<\/strong><\/div>\n<div><strong>\u2743 Konick\u00fd tvar umo\u017e\u0148uje precizn\u00ed a snadn\u00e9 nan\u00e1\u0161en\u00ed tmel\u016f a n\u00e1t\u011br\u016f.<\/strong><\/div>\n<div><strong>\u2743 Vyrobena z odoln\u00e9ho plastu, kter\u00fd je odoln\u00fd v\u016f\u010di nitro a \u0159edidl\u016fm.<\/strong><\/div>\n<div>\u00a0<\/div>\n<div><strong>Rozm\u011bry:<\/strong>\u00a0\u0161\u00ed\u0159ka: 120 mm, v\u00fd\u0161ka: 80 mm<\/div>\n<div><strong>Materi\u00e1l:<\/strong> plast<\/div>\n<div>\u00a0<\/div>\n<div><strong>Pou\u017eit\u00ed<\/strong><\/div>\n<div>\u00a0<\/div>\n<div><strong>\u2743 Ide\u00e1ln\u00ed pro pou\u017eit\u00ed p\u0159i karos\u00e1\u0159sk\u00fdch oprav\u00e1ch, kde je vy\u017eadov\u00e1na precizn\u00ed pr\u00e1ce s <span class=\"show-tooltip\" title=\"Tmel je materi\u00e1l pou\u017e\u00edvan\u00fd k vypln\u011bn\u00ed a t\u011bsn\u011bn\u00ed mezer, sp\u00e1r nebo trhlin mezi r\u016fzn\u00fdmi materi\u00e1ly. Tmel m\u00e1 za \u00fakol zajistit, aby spoj mezi r\u016fzn\u00fdmi \u010d\u00e1stmi byl pevn\u00fd, vodot\u011bsn\u00fd, prachot\u011bsn\u00fd a odoln\u00fd proti vn\u011bj\u0161\u00edm vliv\u016fm. Tmel je b\u011b\u017en\u011b pou\u017e\u00edv\u00e1n v&amp;hellip;\">tmely<\/span> a n\u00e1t\u011bry.<\/strong><\/div>\n<div>\u00a0<\/div>\n<div>\u00a0<\/div>\n<\/p><\/div>\n","protected":false},"excerpt":{"rendered":"<p>Detailn\u00ed popis produktu KYOTO CAR BLACK\u00a0 \u0160pachtle karos\u00e1\u0159sk\u00e1, plast, 120&#215;80 mm \u2743 Karos\u00e1\u0159sk\u00e1 \u0161pachtle vhodn\u00e1 pro opravy a \u00fapravy v oblasti karos\u00e1\u0159sk\u00fdch prac\u00ed. \u2743 Konick\u00fd tvar umo\u017e\u0148uje precizn\u00ed a snadn\u00e9 nan\u00e1\u0161en\u00ed tmel\u016f a n\u00e1t\u011br\u016f. \u2743 Vyrobena z odoln\u00e9ho plastu, kter\u00fd je odoln\u00fd v\u016f\u010di nitro a \u0159edidl\u016fm. \u00a0 Rozm\u011bry:\u00a0\u0161\u00ed\u0159ka: 120 mm, v\u00fd\u0161ka: 80 mm Materi\u00e1l: plast [&hellip;]<\/p>\n","protected":false},"featured_media":41442,"comment_status":"open","ping_status":"open","template":"","meta":[],"product_brand":[],"product_cat":[63],"product_tag":[],"class_list":{"0":"post-41342","1":"product","2":"type-product","3":"status-publish","4":"has-post-thumbnail","6":"product_cat-naradi","8":"first","9":"instock","10":"sale","11":"shipping-taxable","12":"purchasable","13":"product-type-simple"},"yoast_head":"<!-- This site is optimized with the Yoast SEO plugin v26.8 - https:\/\/yoast.com\/product\/yoast-seo-wordpress\/ -->\n<title>Zna\u010dkov\u00fd SCHULLER EH&#039;KLAR\u00ae \u0160pachtle KYOTO CAR BLACK karos\u00e1\u0159sk\u00e1, plast, 120\u00d780 mm -<\/title>\n<meta name=\"robots\" content=\"index, follow, max-snippet:-1, max-image-preview:large, max-video-preview:-1\" \/>\n<link rel=\"canonical\" href=\"https:\/\/www.domtechnikpro.com\/index.php\/produkt\/znackovy-schuller-eh-klar-r-spachtle-kyoto-car-black-karosarska-plast-120x80-mm-41342\/\" \/>\n<meta property=\"og:locale\" content=\"cs_CZ\" \/>\n<meta property=\"og:type\" content=\"article\" \/>\n<meta property=\"og:title\" content=\"Zna\u010dkov\u00fd SCHULLER EH&#039;KLAR\u00ae \u0160pachtle KYOTO CAR BLACK karos\u00e1\u0159sk\u00e1, plast, 120\u00d780 mm -\" \/>\n<meta property=\"og:description\" content=\"Detailn\u00ed popis produktu KYOTO CAR BLACK\u00a0 \u0160pachtle karos\u00e1\u0159sk\u00e1, plast, 120&#215;80 mm \u2743 Karos\u00e1\u0159sk\u00e1 \u0161pachtle vhodn\u00e1 pro opravy a \u00fapravy v oblasti karos\u00e1\u0159sk\u00fdch prac\u00ed. \u2743 Konick\u00fd tvar umo\u017e\u0148uje precizn\u00ed a snadn\u00e9 nan\u00e1\u0161en\u00ed tmel\u016f a n\u00e1t\u011br\u016f. \u2743 Vyrobena z odoln\u00e9ho plastu, kter\u00fd je odoln\u00fd v\u016f\u010di nitro a \u0159edidl\u016fm. \u00a0 Rozm\u011bry:\u00a0\u0161\u00ed\u0159ka: 120 mm, v\u00fd\u0161ka: 80 mm Materi\u00e1l: plast [&hellip;]\" \/>\n<meta property=\"og:url\" content=\"https:\/\/www.domtechnikpro.com\/index.php\/produkt\/znackovy-schuller-eh-klar-r-spachtle-kyoto-car-black-karosarska-plast-120x80-mm-41342\/\" \/>\n<meta property=\"og:image\" content=\"https:\/\/www.domtechnikpro.com\/wp-content\/uploads\/2026\/SK0002168-CZ20260425-092522-0-1777080324-59159-1_schuller-eh-klar-spachtle-kyoto-car-black-karosarsk.webp\" \/>\n\t<meta property=\"og:image:width\" content=\"1000\" \/>\n\t<meta property=\"og:image:height\" content=\"750\" \/>\n\t<meta property=\"og:image:type\" content=\"image\/webp\" \/>\n<meta name=\"twitter:card\" content=\"summary_large_image\" \/>\n<script type=\"application\/ld+json\" class=\"yoast-schema-graph\">{\"@context\":\"https:\/\/schema.org\",\"@graph\":[{\"@type\":\"WebPage\",\"@id\":\"https:\/\/www.domtechnikpro.com\/index.php\/produkt\/znackovy-schuller-eh-klar-r-spachtle-kyoto-car-black-karosarska-plast-120x80-mm-41342\/\",\"url\":\"https:\/\/www.domtechnikpro.com\/index.php\/produkt\/znackovy-schuller-eh-klar-r-spachtle-kyoto-car-black-karosarska-plast-120x80-mm-41342\/\",\"name\":\"Zna\u010dkov\u00fd SCHULLER EH'KLAR\u00ae \u0160pachtle KYOTO CAR BLACK karos\u00e1\u0159sk\u00e1, plast, 120\u00d780 mm -\",\"isPartOf\":{\"@id\":\"https:\/\/www.domtechnikpro.com\/#website\"},\"primaryImageOfPage\":{\"@id\":\"https:\/\/www.domtechnikpro.com\/index.php\/produkt\/znackovy-schuller-eh-klar-r-spachtle-kyoto-car-black-karosarska-plast-120x80-mm-41342\/#primaryimage\"},\"image\":{\"@id\":\"https:\/\/www.domtechnikpro.com\/index.php\/produkt\/znackovy-schuller-eh-klar-r-spachtle-kyoto-car-black-karosarska-plast-120x80-mm-41342\/#primaryimage\"},\"thumbnailUrl\":\"https:\/\/www.domtechnikpro.com\/wp-content\/uploads\/2026\/SK0002168-CZ20260425-092522-0-1777080324-59159-1_schuller-eh-klar-spachtle-kyoto-car-black-karosarsk.webp\",\"datePublished\":\"2026-04-26T08:58:59+00:00\",\"breadcrumb\":{\"@id\":\"https:\/\/www.domtechnikpro.com\/index.php\/produkt\/znackovy-schuller-eh-klar-r-spachtle-kyoto-car-black-karosarska-plast-120x80-mm-41342\/#breadcrumb\"},\"inLanguage\":\"cs\",\"potentialAction\":[{\"@type\":\"ReadAction\",\"target\":[\"https:\/\/www.domtechnikpro.com\/index.php\/produkt\/znackovy-schuller-eh-klar-r-spachtle-kyoto-car-black-karosarska-plast-120x80-mm-41342\/\"]}]},{\"@type\":\"ImageObject\",\"inLanguage\":\"cs\",\"@id\":\"https:\/\/www.domtechnikpro.com\/index.php\/produkt\/znackovy-schuller-eh-klar-r-spachtle-kyoto-car-black-karosarska-plast-120x80-mm-41342\/#primaryimage\",\"url\":\"https:\/\/www.domtechnikpro.com\/wp-content\/uploads\/2026\/SK0002168-CZ20260425-092522-0-1777080324-59159-1_schuller-eh-klar-spachtle-kyoto-car-black-karosarsk.webp\",\"contentUrl\":\"https:\/\/www.domtechnikpro.com\/wp-content\/uploads\/2026\/SK0002168-CZ20260425-092522-0-1777080324-59159-1_schuller-eh-klar-spachtle-kyoto-car-black-karosarsk.webp\",\"width\":1000,\"height\":750},{\"@type\":\"BreadcrumbList\",\"@id\":\"https:\/\/www.domtechnikpro.com\/index.php\/produkt\/znackovy-schuller-eh-klar-r-spachtle-kyoto-car-black-karosarska-plast-120x80-mm-41342\/#breadcrumb\",\"itemListElement\":[{\"@type\":\"ListItem\",\"position\":1,\"name\":\"Home\",\"item\":\"https:\/\/www.domtechnikpro.com\/\"},{\"@type\":\"ListItem\",\"position\":2,\"name\":\"Products\",\"item\":\"https:\/\/www.domtechnikpro.com\/index.php\/products\/\"},{\"@type\":\"ListItem\",\"position\":3,\"name\":\"Zna\u010dkov\u00fd SCHULLER EH&#8217;KLAR\u00ae \u0160pachtle KYOTO CAR BLACK karos\u00e1\u0159sk\u00e1, plast, 120\u00d780 mm\"}]},{\"@type\":\"WebSite\",\"@id\":\"https:\/\/www.domtechnikpro.com\/#website\",\"url\":\"https:\/\/www.domtechnikpro.com\/\",\"name\":\"\",\"description\":\"\",\"potentialAction\":[{\"@type\":\"SearchAction\",\"target\":{\"@type\":\"EntryPoint\",\"urlTemplate\":\"https:\/\/www.domtechnikpro.com\/?s={search_term_string}\"},\"query-input\":{\"@type\":\"PropertyValueSpecification\",\"valueRequired\":true,\"valueName\":\"search_term_string\"}}],\"inLanguage\":\"cs\"}]}<\/script>\n<!-- \/ Yoast SEO plugin. -->","yoast_head_json":{"title":"Zna\u010dkov\u00fd SCHULLER EH'KLAR\u00ae \u0160pachtle KYOTO CAR BLACK karos\u00e1\u0159sk\u00e1, plast, 120\u00d780 mm -","robots":{"index":"index","follow":"follow","max-snippet":"max-snippet:-1","max-image-preview":"max-image-preview:large","max-video-preview":"max-video-preview:-1"},"canonical":"https:\/\/www.domtechnikpro.com\/index.php\/produkt\/znackovy-schuller-eh-klar-r-spachtle-kyoto-car-black-karosarska-plast-120x80-mm-41342\/","og_locale":"cs_CZ","og_type":"article","og_title":"Zna\u010dkov\u00fd SCHULLER EH'KLAR\u00ae \u0160pachtle KYOTO CAR BLACK karos\u00e1\u0159sk\u00e1, plast, 120\u00d780 mm -","og_description":"Detailn\u00ed popis produktu KYOTO CAR BLACK\u00a0 \u0160pachtle karos\u00e1\u0159sk\u00e1, plast, 120&#215;80 mm \u2743 Karos\u00e1\u0159sk\u00e1 \u0161pachtle vhodn\u00e1 pro opravy a \u00fapravy v oblasti karos\u00e1\u0159sk\u00fdch prac\u00ed. \u2743 Konick\u00fd tvar umo\u017e\u0148uje precizn\u00ed a snadn\u00e9 nan\u00e1\u0161en\u00ed tmel\u016f a n\u00e1t\u011br\u016f. \u2743 Vyrobena z odoln\u00e9ho plastu, kter\u00fd je odoln\u00fd v\u016f\u010di nitro a \u0159edidl\u016fm. \u00a0 Rozm\u011bry:\u00a0\u0161\u00ed\u0159ka: 120 mm, v\u00fd\u0161ka: 80 mm Materi\u00e1l: plast [&hellip;]","og_url":"https:\/\/www.domtechnikpro.com\/index.php\/produkt\/znackovy-schuller-eh-klar-r-spachtle-kyoto-car-black-karosarska-plast-120x80-mm-41342\/","og_image":[{"width":1000,"height":750,"url":"https:\/\/www.domtechnikpro.com\/wp-content\/uploads\/2026\/SK0002168-CZ20260425-092522-0-1777080324-59159-1_schuller-eh-klar-spachtle-kyoto-car-black-karosarsk.webp","type":"image\/webp"}],"twitter_card":"summary_large_image","schema":{"@context":"https:\/\/schema.org","@graph":[{"@type":"WebPage","@id":"https:\/\/www.domtechnikpro.com\/index.php\/produkt\/znackovy-schuller-eh-klar-r-spachtle-kyoto-car-black-karosarska-plast-120x80-mm-41342\/","url":"https:\/\/www.domtechnikpro.com\/index.php\/produkt\/znackovy-schuller-eh-klar-r-spachtle-kyoto-car-black-karosarska-plast-120x80-mm-41342\/","name":"Zna\u010dkov\u00fd SCHULLER EH'KLAR\u00ae \u0160pachtle KYOTO CAR BLACK karos\u00e1\u0159sk\u00e1, plast, 120\u00d780 mm -","isPartOf":{"@id":"https:\/\/www.domtechnikpro.com\/#website"},"primaryImageOfPage":{"@id":"https:\/\/www.domtechnikpro.com\/index.php\/produkt\/znackovy-schuller-eh-klar-r-spachtle-kyoto-car-black-karosarska-plast-120x80-mm-41342\/#primaryimage"},"image":{"@id":"https:\/\/www.domtechnikpro.com\/index.php\/produkt\/znackovy-schuller-eh-klar-r-spachtle-kyoto-car-black-karosarska-plast-120x80-mm-41342\/#primaryimage"},"thumbnailUrl":"https:\/\/www.domtechnikpro.com\/wp-content\/uploads\/2026\/SK0002168-CZ20260425-092522-0-1777080324-59159-1_schuller-eh-klar-spachtle-kyoto-car-black-karosarsk.webp","datePublished":"2026-04-26T08:58:59+00:00","breadcrumb":{"@id":"https:\/\/www.domtechnikpro.com\/index.php\/produkt\/znackovy-schuller-eh-klar-r-spachtle-kyoto-car-black-karosarska-plast-120x80-mm-41342\/#breadcrumb"},"inLanguage":"cs","potentialAction":[{"@type":"ReadAction","target":["https:\/\/www.domtechnikpro.com\/index.php\/produkt\/znackovy-schuller-eh-klar-r-spachtle-kyoto-car-black-karosarska-plast-120x80-mm-41342\/"]}]},{"@type":"ImageObject","inLanguage":"cs","@id":"https:\/\/www.domtechnikpro.com\/index.php\/produkt\/znackovy-schuller-eh-klar-r-spachtle-kyoto-car-black-karosarska-plast-120x80-mm-41342\/#primaryimage","url":"https:\/\/www.domtechnikpro.com\/wp-content\/uploads\/2026\/SK0002168-CZ20260425-092522-0-1777080324-59159-1_schuller-eh-klar-spachtle-kyoto-car-black-karosarsk.webp","contentUrl":"https:\/\/www.domtechnikpro.com\/wp-content\/uploads\/2026\/SK0002168-CZ20260425-092522-0-1777080324-59159-1_schuller-eh-klar-spachtle-kyoto-car-black-karosarsk.webp","width":1000,"height":750},{"@type":"BreadcrumbList","@id":"https:\/\/www.domtechnikpro.com\/index.php\/produkt\/znackovy-schuller-eh-klar-r-spachtle-kyoto-car-black-karosarska-plast-120x80-mm-41342\/#breadcrumb","itemListElement":[{"@type":"ListItem","position":1,"name":"Home","item":"https:\/\/www.domtechnikpro.com\/"},{"@type":"ListItem","position":2,"name":"Products","item":"https:\/\/www.domtechnikpro.com\/index.php\/products\/"},{"@type":"ListItem","position":3,"name":"Zna\u010dkov\u00fd SCHULLER EH&#8217;KLAR\u00ae \u0160pachtle KYOTO CAR BLACK karos\u00e1\u0159sk\u00e1, plast, 120\u00d780 mm"}]},{"@type":"WebSite","@id":"https:\/\/www.domtechnikpro.com\/#website","url":"https:\/\/www.domtechnikpro.com\/","name":"","description":"","potentialAction":[{"@type":"SearchAction","target":{"@type":"EntryPoint","urlTemplate":"https:\/\/www.domtechnikpro.com\/?s={search_term_string}"},"query-input":{"@type":"PropertyValueSpecification","valueRequired":true,"valueName":"search_term_string"}}],"inLanguage":"cs"}]}},"_links":{"self":[{"href":"https:\/\/www.domtechnikpro.com\/index.php\/wp-json\/wp\/v2\/product\/41342","targetHints":{"allow":["GET"]}}],"collection":[{"href":"https:\/\/www.domtechnikpro.com\/index.php\/wp-json\/wp\/v2\/product"}],"about":[{"href":"https:\/\/www.domtechnikpro.com\/index.php\/wp-json\/wp\/v2\/types\/product"}],"replies":[{"embeddable":true,"href":"https:\/\/www.domtechnikpro.com\/index.php\/wp-json\/wp\/v2\/comments?post=41342"}],"wp:featuredmedia":[{"embeddable":true,"href":"https:\/\/www.domtechnikpro.com\/index.php\/wp-json\/wp\/v2\/media\/41442"}],"wp:attachment":[{"href":"https:\/\/www.domtechnikpro.com\/index.php\/wp-json\/wp\/v2\/media?parent=41342"}],"wp:term":[{"taxonomy":"product_brand","embeddable":true,"href":"https:\/\/www.domtechnikpro.com\/index.php\/wp-json\/wp\/v2\/product_brand?post=41342"},{"taxonomy":"product_cat","embeddable":true,"href":"https:\/\/www.domtechnikpro.com\/index.php\/wp-json\/wp\/v2\/product_cat?post=41342"},{"taxonomy":"product_tag","embeddable":true,"href":"https:\/\/www.domtechnikpro.com\/index.php\/wp-json\/wp\/v2\/product_tag?post=41342"}],"curies":[{"name":"wp","href":"https:\/\/api.w.org\/{rel}","templated":true}]}}