{"id":40927,"date":"2026-04-26T08:58:54","date_gmt":"2026-04-26T08:58:54","guid":{"rendered":""},"modified":"2026-04-26T08:58:54","modified_gmt":"2026-04-26T08:58:54","slug":"znackovy-unital-lepidlo-univerzalni-pro-lepeni-tapet-900-g-40927","status":"publish","type":"product","link":"https:\/\/www.domtechnikpro.com\/index.php\/produkt\/znackovy-unital-lepidlo-univerzalni-pro-lepeni-tapet-900-g-40927\/","title":{"rendered":"Zna\u010dkov\u00fd UNITAL Lepidlo univerz\u00e1ln\u00ed pro lepen\u00ed tapet, 900 g"},"content":{"rendered":"<div class=\"basic-description\">\n<h3>Detailn\u00ed popis produktu<\/h3>\n<ul>\n<li><span style=\"font-family: inherit; font-size: 12pt;\"><strong><span>Univerz\u00e1ln\u00ed <span class=\"show-tooltip\" title=\"Lepidlo&amp;nbsp;je l\u00e1tka, kter\u00e1 umo\u017e\u0148uje p\u0159ilnut\u00ed (adhezi) povrch\u016f pevn\u00fdch p\u0159edm\u011bt\u016f a t\u00edm jejich pevn\u00e9 spojen\u00ed. Lepidlo mohou tvo\u0159it p\u0159\u00edrodn\u00ed&amp;nbsp;sm\u011bsi&amp;nbsp;nebo syntetick\u00e9&amp;nbsp;materi\u00e1ly. Vyu\u017e\u00edv\u00e1 se v r\u016fzn\u00fdch d\u00edln\u00e1ch,&amp;nbsp;kancel\u00e1\u0159\u00edch, pr\u016fmyslu.&amp;hellip;\">lepidlo<\/span> k lepen\u00ed tapet na <span class=\"show-tooltip\" title=\"Om\u00edtka je vrstva materi\u00e1lu, kter\u00e1 se nan\u00e1\u0161\u00ed na povrch st\u011bn nebo strop\u016f budov a slou\u017e\u00ed k vytvo\u0159en\u00ed hladk\u00e9, rovnom\u011brn\u00e9 a dekorativn\u00ed povrchov\u00e9 \u00fapravy. Om\u00edtka m\u016f\u017ee plnit r\u016fzn\u00e9 funkce, v\u010detn\u011b estetick\u00fdch, ochrann\u00fdch a tepeln\u011b izola\u010dn\u00edch.&amp;nbsp;Zakr\u00fdv\u00e1&amp;hellip;\">om\u00edtku<\/span>, umakart, lakovan\u00e9 povrchy a dal\u0161\u00edch p\u0159edm\u011bt\u016f z podobn\u00e9ho materi\u00e1lu. <\/span><\/strong><\/span><\/li>\n<li><span style=\"font-family: inherit; font-size: 12pt;\"><strong><span>Snadn\u00e1 aplikace.<\/span><\/strong><\/span><\/li>\n<li><span style=\"font-family: inherit; font-size: 12pt;\"><strong><span>Unital je neho\u0159lav\u00fd, bez organick\u00fdch <span class=\"show-tooltip\" title=\"Rozpou\u0161t\u011bdlo je l\u00e1tka, obvykle kapalina, schopn\u00e1 rozpou\u0161t\u011bt nebo dispergovat jinou l\u00e1tku, kter\u00e1 se naz\u00fdv\u00e1 rozpou\u0161t\u011bn\u00e1 l\u00e1tka. Tento proces je zn\u00e1m\u00fd jako rozpou\u0161t\u011bn\u00ed. Rozpou\u0161t\u011bdla jsou \u010dasto pou\u017e\u00edv\u00e1na v chemii, pr\u016fmyslu, lakovn\u00e1ch, farmacii a dal\u0161\u00edch&amp;hellip;\">rozpou\u0161t\u011bdel<\/span>.<\/span><\/strong><\/span><\/li>\n<\/ul>\n<p><strong style=\"font-family: inherit; font-size: 12pt; letter-spacing: 0.02rem;\"><span>Lepen\u00ed t\u011b\u017ek\u00fdch tapet<\/span><\/strong><\/p>\n<ul>\n<li><span style=\"font-size: 12pt; font-family: inherit;\">Lepidlo naneste v p\u016fvodn\u00edm stavu bez <span class=\"show-tooltip\" title=\"\u0158ed\u011bn\u00ed je proces, p\u0159i kter\u00e9m se jedna l\u00e1tka (obvykle tekutina) o ur\u010dit\u00e9 hustot\u011b nebo koncentraci \u0159ed\u00ed sm\u00edch\u00e1n\u00edm s jinou l\u00e1tkou ni\u017e\u0161\u00ed hustoty v takov\u00e9m mno\u017estv\u00ed, aby bylo dosa\u017eeno po\u017eadovan\u00e9 v\u00fdsledn\u00e9 sm\u011bsi - roztoku o ni\u017e\u0161\u00ed hustot\u011b.Tento term\u00edn se&amp;hellip;\">\u0159ed\u011bn\u00ed<\/span> <span class=\"show-tooltip\" title=\"\u0160t\u011btec je n\u00e1stroj pou\u017e\u00edvan\u00fd pro malov\u00e1n\u00ed, nan\u00e1\u0161en\u00ed laku, barvy, lepidel nebo jin\u00fdch podobn\u00fdch l\u00e1tek na povrchy. Skl\u00e1d\u00e1 se z h\u0159betu (t\u011bla) a chlup\u016f (vl\u00e1ken), kter\u00e9 jsou p\u0159ipevn\u011bny k h\u0159betu. Chlupy mohou b\u00fdt vyrobeny z r\u016fzn\u00fdch materi\u00e1l\u016f, jako&amp;hellip;\">\u0161t\u011btcem<\/span> nebo st\u011brkou p\u0159\u00edmo na tapetu.<\/span><span> <\/span><\/li>\n<\/ul>\n<p><strong style=\"font-family: inherit; font-size: 12pt; letter-spacing: 0.02rem;\"><span>Lepen\u00ed lehk\u00fdch tapet <\/span><\/strong><\/p>\n<ul>\n<li><span style=\"font-size: 12pt; font-family: inherit;\">Lepidlo z\u0159e\u010fte v pom\u011bru 1:1. \u0158ed\u011bn\u00ed prove\u010fte postupn\u00fdm p\u0159id\u00e1v\u00e1n\u00edm vody za st\u00e1l\u00e9ho m\u00edch\u00e1n\u00ed.<\/span><\/li>\n<li><span style=\"font-size: 12pt; font-family: inherit;\">Podklady pro lepen\u00ed mus\u00edte dokonale odmastit.<\/span><\/li>\n<li><span style=\"font-size: 12pt; font-family: inherit;\">Tapetu s n\u00e1nosem lepidla p\u0159ilo\u017ete na lepenou <span class=\"show-tooltip\" title=\"&amp;nbsp;Obsah je fyzik\u00e1ln\u00ed veli\u010dina, kter\u00e1 vyjad\u0159uje plochu n\u011bjak\u00e9ho geometrick\u00e9ho tvaru. Obsah se zpravidla m\u011b\u0159\u00ed v \u010dtvere\u010dn\u00fdch jednotk\u00e1ch, nap\u0159\u00edklad \u010dtvere\u010dn\u00fdch metrech (m\u00b2) nebo \u010dtvere\u010dn\u00fdch centimetrech (cm\u00b2).Zde jsou vzorce pro v\u00fdpo\u010det&amp;hellip;\">plochu<\/span> a pe\u010dliv\u011b vyhla\u010fte, aby dob\u0159e p\u0159ilnula.<\/span><\/li>\n<li><span style=\"font-size: 12pt; font-family: inherit;\">Lepidlem pot\u0159\u00edsn\u011bnou tapetu, \u0161t\u011btec nebo st\u011brku omyjte vla\u017enou <span class=\"show-tooltip\" title=\"Voda,&amp;nbsp;chemick\u00fdm vzorcem&amp;nbsp;H2O,&amp;nbsp;systematick\u00fd n\u00e1zev&amp;nbsp;oxidan, je&amp;nbsp;chemick\u00e1 slou\u010denina&amp;nbsp;vod\u00edku&amp;nbsp;a&amp;nbsp;kysl\u00edku. Spolu se&amp;nbsp;vzduchem, resp.&amp;nbsp;zemskou atmosf\u00e9rou, tvo\u0159\u00ed z\u00e1kladn\u00ed podm\u00ednky pro&amp;hellip;\">vodou<\/span>.<\/span><\/li>\n<li><span style=\"font-size: 12pt; font-family: inherit;\">Sta\u017een\u00ed star\u00fdch tapet lze prov\u00e9st po dokonal\u00e9m provlh\u010den\u00ed.<\/span><\/li>\n<\/ul>\n<div>\u00a0<\/div>\n<div><span style=\"font-family: inherit; font-size: 12pt;\"><strong><span class=\"show-tooltip\" title=\"Spot\u0159eba materi\u00e1lu je m\u011b\u0159en\u00ed mno\u017estv\u00ed surovin, komponent\u016f nebo materi\u00e1l\u016f, kter\u00e9 jsou pou\u017eity p\u0159i v\u00fdrob\u011b, konstrukci, instalaci, aplikaci nebo provozu n\u011bjak\u00e9ho v\u00fdrobku, za\u0159\u00edzen\u00ed nebo syst\u00e9mu.Spot\u0159eba materi\u00e1lu m\u016f\u017ee b\u00fdt vyj\u00e1d\u0159ena v r\u016fzn\u00fdch&amp;hellip;\">Spot\u0159eba<\/span>: 60 &#8211; 80 g\/m<sup>2<\/sup><\/strong><\/span><\/div>\n<div><span style=\"font-family: inherit; font-size: 12pt;\"><strong>Velikost balen\u00ed: 900 g<\/strong><\/span><\/div>\n<\/p><\/div>\n","protected":false},"excerpt":{"rendered":"<p>Detailn\u00ed popis produktu Univerz\u00e1ln\u00ed lepidlo k lepen\u00ed tapet na om\u00edtku, umakart, lakovan\u00e9 povrchy a dal\u0161\u00edch p\u0159edm\u011bt\u016f z podobn\u00e9ho materi\u00e1lu. Snadn\u00e1 aplikace. Unital je neho\u0159lav\u00fd, bez organick\u00fdch rozpou\u0161t\u011bdel. Lepen\u00ed t\u011b\u017ek\u00fdch tapet Lepidlo naneste v p\u016fvodn\u00edm stavu bez \u0159ed\u011bn\u00ed \u0161t\u011btcem nebo st\u011brkou p\u0159\u00edmo na tapetu. Lepen\u00ed lehk\u00fdch tapet Lepidlo z\u0159e\u010fte v pom\u011bru 1:1. \u0158ed\u011bn\u00ed prove\u010fte postupn\u00fdm p\u0159id\u00e1v\u00e1n\u00edm [&hellip;]<\/p>\n","protected":false},"featured_media":41027,"comment_status":"open","ping_status":"open","template":"","meta":[],"product_brand":[],"product_cat":[88],"product_tag":[],"class_list":{"0":"post-40927","1":"product","2":"type-product","3":"status-publish","4":"has-post-thumbnail","6":"product_cat-stavba","8":"first","9":"instock","10":"sale","11":"shipping-taxable","12":"purchasable","13":"product-type-simple"},"yoast_head":"<!-- This site is optimized with the Yoast SEO plugin v26.8 - https:\/\/yoast.com\/product\/yoast-seo-wordpress\/ -->\n<title>Zna\u010dkov\u00fd UNITAL Lepidlo univerz\u00e1ln\u00ed pro lepen\u00ed tapet, 900 g -<\/title>\n<meta name=\"robots\" content=\"index, follow, max-snippet:-1, max-image-preview:large, max-video-preview:-1\" \/>\n<link rel=\"canonical\" href=\"https:\/\/www.domtechnikpro.com\/index.php\/produkt\/znackovy-unital-lepidlo-univerzalni-pro-lepeni-tapet-900-g-40927\/\" \/>\n<meta property=\"og:locale\" content=\"cs_CZ\" \/>\n<meta property=\"og:type\" content=\"article\" \/>\n<meta property=\"og:title\" content=\"Zna\u010dkov\u00fd UNITAL Lepidlo univerz\u00e1ln\u00ed pro lepen\u00ed tapet, 900 g -\" \/>\n<meta property=\"og:description\" content=\"Detailn\u00ed popis produktu Univerz\u00e1ln\u00ed lepidlo k lepen\u00ed tapet na om\u00edtku, umakart, lakovan\u00e9 povrchy a dal\u0161\u00edch p\u0159edm\u011bt\u016f z podobn\u00e9ho materi\u00e1lu. Snadn\u00e1 aplikace. Unital je neho\u0159lav\u00fd, bez organick\u00fdch rozpou\u0161t\u011bdel. Lepen\u00ed t\u011b\u017ek\u00fdch tapet Lepidlo naneste v p\u016fvodn\u00edm stavu bez \u0159ed\u011bn\u00ed \u0161t\u011btcem nebo st\u011brkou p\u0159\u00edmo na tapetu. Lepen\u00ed lehk\u00fdch tapet Lepidlo z\u0159e\u010fte v pom\u011bru 1:1. \u0158ed\u011bn\u00ed prove\u010fte postupn\u00fdm p\u0159id\u00e1v\u00e1n\u00edm [&hellip;]\" \/>\n<meta property=\"og:url\" content=\"https:\/\/www.domtechnikpro.com\/index.php\/produkt\/znackovy-unital-lepidlo-univerzalni-pro-lepeni-tapet-900-g-40927\/\" \/>\n<meta property=\"og:image\" content=\"https:\/\/www.domtechnikpro.com\/wp-content\/uploads\/2026\/SK0001952-CZ20260425-092522-0-1777080324-56279_unital.webp\" \/>\n\t<meta property=\"og:image:width\" content=\"1000\" \/>\n\t<meta property=\"og:image:height\" content=\"750\" \/>\n\t<meta property=\"og:image:type\" content=\"image\/webp\" \/>\n<meta name=\"twitter:card\" content=\"summary_large_image\" \/>\n<meta name=\"twitter:label1\" content=\"Odhadovan\u00e1 doba \u010dten\u00ed\" \/>\n\t<meta name=\"twitter:data1\" content=\"1 minuta\" \/>\n<script type=\"application\/ld+json\" class=\"yoast-schema-graph\">{\"@context\":\"https:\/\/schema.org\",\"@graph\":[{\"@type\":\"WebPage\",\"@id\":\"https:\/\/www.domtechnikpro.com\/index.php\/produkt\/znackovy-unital-lepidlo-univerzalni-pro-lepeni-tapet-900-g-40927\/\",\"url\":\"https:\/\/www.domtechnikpro.com\/index.php\/produkt\/znackovy-unital-lepidlo-univerzalni-pro-lepeni-tapet-900-g-40927\/\",\"name\":\"Zna\u010dkov\u00fd UNITAL Lepidlo univerz\u00e1ln\u00ed pro lepen\u00ed tapet, 900 g -\",\"isPartOf\":{\"@id\":\"https:\/\/www.domtechnikpro.com\/#website\"},\"primaryImageOfPage\":{\"@id\":\"https:\/\/www.domtechnikpro.com\/index.php\/produkt\/znackovy-unital-lepidlo-univerzalni-pro-lepeni-tapet-900-g-40927\/#primaryimage\"},\"image\":{\"@id\":\"https:\/\/www.domtechnikpro.com\/index.php\/produkt\/znackovy-unital-lepidlo-univerzalni-pro-lepeni-tapet-900-g-40927\/#primaryimage\"},\"thumbnailUrl\":\"https:\/\/www.domtechnikpro.com\/wp-content\/uploads\/2026\/SK0001952-CZ20260425-092522-0-1777080324-56279_unital.webp\",\"datePublished\":\"2026-04-26T08:58:54+00:00\",\"breadcrumb\":{\"@id\":\"https:\/\/www.domtechnikpro.com\/index.php\/produkt\/znackovy-unital-lepidlo-univerzalni-pro-lepeni-tapet-900-g-40927\/#breadcrumb\"},\"inLanguage\":\"cs\",\"potentialAction\":[{\"@type\":\"ReadAction\",\"target\":[\"https:\/\/www.domtechnikpro.com\/index.php\/produkt\/znackovy-unital-lepidlo-univerzalni-pro-lepeni-tapet-900-g-40927\/\"]}]},{\"@type\":\"ImageObject\",\"inLanguage\":\"cs\",\"@id\":\"https:\/\/www.domtechnikpro.com\/index.php\/produkt\/znackovy-unital-lepidlo-univerzalni-pro-lepeni-tapet-900-g-40927\/#primaryimage\",\"url\":\"https:\/\/www.domtechnikpro.com\/wp-content\/uploads\/2026\/SK0001952-CZ20260425-092522-0-1777080324-56279_unital.webp\",\"contentUrl\":\"https:\/\/www.domtechnikpro.com\/wp-content\/uploads\/2026\/SK0001952-CZ20260425-092522-0-1777080324-56279_unital.webp\",\"width\":1000,\"height\":750},{\"@type\":\"BreadcrumbList\",\"@id\":\"https:\/\/www.domtechnikpro.com\/index.php\/produkt\/znackovy-unital-lepidlo-univerzalni-pro-lepeni-tapet-900-g-40927\/#breadcrumb\",\"itemListElement\":[{\"@type\":\"ListItem\",\"position\":1,\"name\":\"Home\",\"item\":\"https:\/\/www.domtechnikpro.com\/\"},{\"@type\":\"ListItem\",\"position\":2,\"name\":\"Products\",\"item\":\"https:\/\/www.domtechnikpro.com\/index.php\/products\/\"},{\"@type\":\"ListItem\",\"position\":3,\"name\":\"Zna\u010dkov\u00fd UNITAL Lepidlo univerz\u00e1ln\u00ed pro lepen\u00ed tapet, 900 g\"}]},{\"@type\":\"WebSite\",\"@id\":\"https:\/\/www.domtechnikpro.com\/#website\",\"url\":\"https:\/\/www.domtechnikpro.com\/\",\"name\":\"\",\"description\":\"\",\"potentialAction\":[{\"@type\":\"SearchAction\",\"target\":{\"@type\":\"EntryPoint\",\"urlTemplate\":\"https:\/\/www.domtechnikpro.com\/?s={search_term_string}\"},\"query-input\":{\"@type\":\"PropertyValueSpecification\",\"valueRequired\":true,\"valueName\":\"search_term_string\"}}],\"inLanguage\":\"cs\"}]}<\/script>\n<!-- \/ Yoast SEO plugin. -->","yoast_head_json":{"title":"Zna\u010dkov\u00fd UNITAL Lepidlo univerz\u00e1ln\u00ed pro lepen\u00ed tapet, 900 g -","robots":{"index":"index","follow":"follow","max-snippet":"max-snippet:-1","max-image-preview":"max-image-preview:large","max-video-preview":"max-video-preview:-1"},"canonical":"https:\/\/www.domtechnikpro.com\/index.php\/produkt\/znackovy-unital-lepidlo-univerzalni-pro-lepeni-tapet-900-g-40927\/","og_locale":"cs_CZ","og_type":"article","og_title":"Zna\u010dkov\u00fd UNITAL Lepidlo univerz\u00e1ln\u00ed pro lepen\u00ed tapet, 900 g -","og_description":"Detailn\u00ed popis produktu Univerz\u00e1ln\u00ed lepidlo k lepen\u00ed tapet na om\u00edtku, umakart, lakovan\u00e9 povrchy a dal\u0161\u00edch p\u0159edm\u011bt\u016f z podobn\u00e9ho materi\u00e1lu. Snadn\u00e1 aplikace. Unital je neho\u0159lav\u00fd, bez organick\u00fdch rozpou\u0161t\u011bdel. Lepen\u00ed t\u011b\u017ek\u00fdch tapet Lepidlo naneste v p\u016fvodn\u00edm stavu bez \u0159ed\u011bn\u00ed \u0161t\u011btcem nebo st\u011brkou p\u0159\u00edmo na tapetu. Lepen\u00ed lehk\u00fdch tapet Lepidlo z\u0159e\u010fte v pom\u011bru 1:1. \u0158ed\u011bn\u00ed prove\u010fte postupn\u00fdm p\u0159id\u00e1v\u00e1n\u00edm [&hellip;]","og_url":"https:\/\/www.domtechnikpro.com\/index.php\/produkt\/znackovy-unital-lepidlo-univerzalni-pro-lepeni-tapet-900-g-40927\/","og_image":[{"width":1000,"height":750,"url":"https:\/\/www.domtechnikpro.com\/wp-content\/uploads\/2026\/SK0001952-CZ20260425-092522-0-1777080324-56279_unital.webp","type":"image\/webp"}],"twitter_card":"summary_large_image","twitter_misc":{"Odhadovan\u00e1 doba \u010dten\u00ed":"1 minuta"},"schema":{"@context":"https:\/\/schema.org","@graph":[{"@type":"WebPage","@id":"https:\/\/www.domtechnikpro.com\/index.php\/produkt\/znackovy-unital-lepidlo-univerzalni-pro-lepeni-tapet-900-g-40927\/","url":"https:\/\/www.domtechnikpro.com\/index.php\/produkt\/znackovy-unital-lepidlo-univerzalni-pro-lepeni-tapet-900-g-40927\/","name":"Zna\u010dkov\u00fd UNITAL Lepidlo univerz\u00e1ln\u00ed pro lepen\u00ed tapet, 900 g -","isPartOf":{"@id":"https:\/\/www.domtechnikpro.com\/#website"},"primaryImageOfPage":{"@id":"https:\/\/www.domtechnikpro.com\/index.php\/produkt\/znackovy-unital-lepidlo-univerzalni-pro-lepeni-tapet-900-g-40927\/#primaryimage"},"image":{"@id":"https:\/\/www.domtechnikpro.com\/index.php\/produkt\/znackovy-unital-lepidlo-univerzalni-pro-lepeni-tapet-900-g-40927\/#primaryimage"},"thumbnailUrl":"https:\/\/www.domtechnikpro.com\/wp-content\/uploads\/2026\/SK0001952-CZ20260425-092522-0-1777080324-56279_unital.webp","datePublished":"2026-04-26T08:58:54+00:00","breadcrumb":{"@id":"https:\/\/www.domtechnikpro.com\/index.php\/produkt\/znackovy-unital-lepidlo-univerzalni-pro-lepeni-tapet-900-g-40927\/#breadcrumb"},"inLanguage":"cs","potentialAction":[{"@type":"ReadAction","target":["https:\/\/www.domtechnikpro.com\/index.php\/produkt\/znackovy-unital-lepidlo-univerzalni-pro-lepeni-tapet-900-g-40927\/"]}]},{"@type":"ImageObject","inLanguage":"cs","@id":"https:\/\/www.domtechnikpro.com\/index.php\/produkt\/znackovy-unital-lepidlo-univerzalni-pro-lepeni-tapet-900-g-40927\/#primaryimage","url":"https:\/\/www.domtechnikpro.com\/wp-content\/uploads\/2026\/SK0001952-CZ20260425-092522-0-1777080324-56279_unital.webp","contentUrl":"https:\/\/www.domtechnikpro.com\/wp-content\/uploads\/2026\/SK0001952-CZ20260425-092522-0-1777080324-56279_unital.webp","width":1000,"height":750},{"@type":"BreadcrumbList","@id":"https:\/\/www.domtechnikpro.com\/index.php\/produkt\/znackovy-unital-lepidlo-univerzalni-pro-lepeni-tapet-900-g-40927\/#breadcrumb","itemListElement":[{"@type":"ListItem","position":1,"name":"Home","item":"https:\/\/www.domtechnikpro.com\/"},{"@type":"ListItem","position":2,"name":"Products","item":"https:\/\/www.domtechnikpro.com\/index.php\/products\/"},{"@type":"ListItem","position":3,"name":"Zna\u010dkov\u00fd UNITAL Lepidlo univerz\u00e1ln\u00ed pro lepen\u00ed tapet, 900 g"}]},{"@type":"WebSite","@id":"https:\/\/www.domtechnikpro.com\/#website","url":"https:\/\/www.domtechnikpro.com\/","name":"","description":"","potentialAction":[{"@type":"SearchAction","target":{"@type":"EntryPoint","urlTemplate":"https:\/\/www.domtechnikpro.com\/?s={search_term_string}"},"query-input":{"@type":"PropertyValueSpecification","valueRequired":true,"valueName":"search_term_string"}}],"inLanguage":"cs"}]}},"_links":{"self":[{"href":"https:\/\/www.domtechnikpro.com\/index.php\/wp-json\/wp\/v2\/product\/40927","targetHints":{"allow":["GET"]}}],"collection":[{"href":"https:\/\/www.domtechnikpro.com\/index.php\/wp-json\/wp\/v2\/product"}],"about":[{"href":"https:\/\/www.domtechnikpro.com\/index.php\/wp-json\/wp\/v2\/types\/product"}],"replies":[{"embeddable":true,"href":"https:\/\/www.domtechnikpro.com\/index.php\/wp-json\/wp\/v2\/comments?post=40927"}],"wp:featuredmedia":[{"embeddable":true,"href":"https:\/\/www.domtechnikpro.com\/index.php\/wp-json\/wp\/v2\/media\/41027"}],"wp:attachment":[{"href":"https:\/\/www.domtechnikpro.com\/index.php\/wp-json\/wp\/v2\/media?parent=40927"}],"wp:term":[{"taxonomy":"product_brand","embeddable":true,"href":"https:\/\/www.domtechnikpro.com\/index.php\/wp-json\/wp\/v2\/product_brand?post=40927"},{"taxonomy":"product_cat","embeddable":true,"href":"https:\/\/www.domtechnikpro.com\/index.php\/wp-json\/wp\/v2\/product_cat?post=40927"},{"taxonomy":"product_tag","embeddable":true,"href":"https:\/\/www.domtechnikpro.com\/index.php\/wp-json\/wp\/v2\/product_tag?post=40927"}],"curies":[{"name":"wp","href":"https:\/\/api.w.org\/{rel}","templated":true}]}}