{"id":40172,"date":"2026-04-26T08:58:44","date_gmt":"2026-04-26T08:58:44","guid":{"rendered":""},"modified":"2026-04-26T08:58:44","modified_gmt":"2026-04-26T08:58:44","slug":"jen-po-omezenou-doba-tesa-r-60042-odstranovac-lepidla-200-ml-sprej-element-shop-cz-40172","status":"publish","type":"product","link":"https:\/\/www.domtechnikpro.com\/index.php\/produkt\/jen-po-omezenou-doba-tesa-r-60042-odstranovac-lepidla-200-ml-sprej-element-shop-cz-40172\/","title":{"rendered":"Jen Po Omezenou Doba tesa\u00ae 60042 Odstra\u0148ova\u010d lepidla, 200 ml sprej | element-shop.cz"},"content":{"rendered":"<div class=\"basic-description\">\n<h3>Detailn\u00ed popis produktu<\/h3>\n<h3 class=\"western\"><span style=\"font-size: 14pt;\"><strong><span style=\"font-family: inherit;\"><\/span><\/strong><\/span><\/h3>\n<h3 class=\"western\"><span style=\"font-size: 14pt;\"><strong><span style=\"font-family: inherit;\">Vlastnosti a v\u00fdhody<\/span><\/strong><\/span><\/h3>\n<ul>\n<li>\n<p style=\"margin-bottom: 0cm;\"><span style=\"font-size: 12pt;\"><strong><span style=\"font-family: inherit;\">Tento odstra\u0148ova\u010d dokonce odstran\u00ed i <span class=\"show-tooltip\" title=\"Kyanoakryl\u00e1t, zn\u00e1m\u00fd tak\u00e9 jako &quot;superlepidlo&quot; nebo &quot;CA lepidlo&quot;, je druh rychle tuhnouc\u00edho adhezivn\u00edho lepidla. Jedn\u00e1 se o pr\u016fhlednou kapalinu s n\u00edzkou viskozitou, kter\u00e1 rychle reaguje s vlhkost\u00ed vzduchu a tuhne do pevn\u00e9ho stavu. Kyanoakryl\u00e1ty jsou&amp;hellip;\">vte\u0159inov\u00e9 lepidlo<\/span>.<\/span><\/strong><\/span><\/p>\n<\/li>\n<li>\n<p style=\"margin-bottom: 0cm;\"><span style=\"font-size: 12pt;\"><strong><span style=\"font-family: inherit;\">Neobsahuje <span class=\"show-tooltip\" title=\"Silikon je polymern\u00ed materi\u00e1l, kter\u00fd je zn\u00e1m\u00fd svou \u0161irokou \u0161k\u00e1lou vlastnost\u00ed a pou\u017eit\u00ed. Jedn\u00e1 se o syntetick\u00fd materi\u00e1l, kter\u00fd obsahuje opakuj\u00edc\u00ed se jednotky k\u0159em\u00edku a kysl\u00edku spojen\u00e9 organick\u00fdmi skupinami. Silikon m\u00e1 mnoho v\u00fdhod,&amp;hellip;\">silikon<\/span> a lze ho pou\u017e\u00edt pro v\u011bt\u0161inu povrch\u016f, jako jsou <span class=\"show-tooltip\" title=\"Plastyn\u011bkdy tak\u00e9 naz\u00fdvan\u00e9 plastick\u00e9 \u010di um\u011bl\u00e9 hmoty, p\u0159edstavuj\u00ed \u0161irokou \u0161k\u00e1lu syntetick\u00fdch nebo \u010d\u00e1ste\u010dn\u011b syntetick\u00fdch organick\u00fdch slou\u010denin a polymern\u00edch materi\u00e1l\u016f. \u010casto obsahuj\u00ed p\u0159\u00edsady zlep\u0161uj\u00edc\u00ed jejich funk\u010dn\u00ed vlastnosti, nap\u0159\u00edklad&amp;hellip;\">plasty<\/span>, <span class=\"show-tooltip\" title=\"Sklo&amp;nbsp;je homogenn\u00ed,&amp;nbsp;amorfn\u00ed&amp;nbsp;(tj. nekrystalick\u00e1) pevn\u00e1 l\u00e1tka, kter\u00e1 se vyzna\u010duje tvrdost\u00ed, k\u0159ehkost\u00ed a pr\u016fhlednost\u00ed. Hlavn\u00ed slo\u017ekou skla je&amp;nbsp;oxid k\u0159emi\u010dit\u00fd&amp;nbsp;(SiO2) a vyr\u00e1b\u00ed se taven\u00edm k\u0159emi\u010dit\u00e9ho&amp;nbsp;skl\u00e1\u0159sk\u00e9ho&amp;hellip;\">sklo<\/span> nebo <span class=\"show-tooltip\" title=\"Kovy&amp;nbsp;tvo\u0159\u00ed spole\u010dn\u011b s&amp;nbsp;polokovy&amp;nbsp;a&amp;nbsp;nekovy&amp;nbsp;t\u0159i hlavn\u00ed skupiny&amp;nbsp;chemick\u00fdch prvk\u016f. Rozd\u011blen\u00ed je prov\u00e1d\u011bno s ohledem na&amp;nbsp;vazebn\u00e9&amp;nbsp;a&amp;nbsp;ioniza\u010dn\u00ed&amp;nbsp;vlastnosti prvk\u016f. Kovy jsou charakterizovan\u00e9&amp;hellip;\">kov<\/span>.<\/span><\/strong><\/span><\/p>\n<\/li>\n<li>\n<p style=\"margin-bottom: 0cm;\"><span style=\"font-size: 12pt;\"><strong><span style=\"font-family: inherit;\">Jednodu\u0161e nast\u0159\u00edkejte na povrch, vy\u010dkejte 5 minut a set\u0159ete v\u0161echny zbytky lepidla kusem l\u00e1tky.<\/span><\/strong><\/span><\/p>\n<\/li>\n<li>\n<p style=\"margin-bottom: 0cm;\"><span style=\"font-size: 12pt;\"><strong><span style=\"font-family: inherit;\">Odstra\u0148ova\u010d lepidla z\u016fstane \u00fa\u010dinn\u00fd po dostate\u010dn\u011b dlouhou dobu a pak se jednodu\u0161e odpa\u0159\u00ed bez zanech\u00e1n\u00ed stop.<\/span><\/strong><\/span><\/p>\n<\/li>\n<li>\n<p><span style=\"font-size: 12pt;\"><strong><span style=\"font-family: inherit;\"><span class=\"show-tooltip\" title=\"Sprej je za\u0159\u00edzen\u00ed nebo produkt, kter\u00fd umo\u017e\u0148uje rozpra\u0161ov\u00e1n\u00ed kapaliny nebo suspenze do vzduchu ve form\u011b jemn\u00e9 mlhy.Spreje jsou praktick\u00fdm a efektivn\u00edm zp\u016fsobem, jak aplikovat r\u016fzn\u00e9 l\u00e1tky v mnoha odv\u011btv\u00edch, a jejich design a technologie se neust\u00e1le&amp;hellip;\">Sprej<\/span> dos\u00e1hne i na skryt\u00e1 a t\u011b\u017eko dostupn\u00e1 m\u00edsta.<\/span><\/strong><\/span><\/p>\n<\/li>\n<\/ul>\n<h3 class=\"western\"><span style=\"font-size: 14pt;\"><strong><span style=\"font-family: inherit;\"><\/span><\/strong><\/span><\/h3>\n<h3 class=\"western\"><span style=\"font-size: 14pt;\"><strong><span style=\"font-family: inherit;\">Pou\u017eit\u00ed<\/span><\/strong><\/span><\/h3>\n<ul>\n<li>\n<p><span style=\"font-size: 12pt;\"><strong><span style=\"font-family: inherit;\">Odstran\u011bn\u00ed lepidel, \u0161t\u00edtk\u016f, v\u011bt\u0161iny lepic\u00edch p\u00e1sek nebo cenovek.<\/span><\/strong><\/span><\/p>\n<\/li>\n<\/ul>\n<h3 class=\"western\"><span style=\"font-size: 14pt;\"><strong><span style=\"font-family: inherit;\">Velikosti balen\u00ed<\/span><\/strong><\/span><\/h3>\n<ul>\n<li>\n<p><span style=\"font-family: inherit; font-size: 12pt;\"><span class=\"show-tooltip\" title=\"Aerosol je jemn\u00e1 disperze kapaliny nebo pevn\u00fdch \u010d\u00e1stic ve vzduchu nebo jin\u00e9m plynu.Tato disperze vytv\u00e1\u0159\u00ed stabiln\u00ed \u010d\u00e1sticov\u00fd oblak nebo mlhu.Aerosoly mohou b\u00fdt slo\u017eeny z tekutin, jako jsou barvy, laky, \u010di\u0161t\u011bn\u00ed nebo dezinfek\u010dn\u00ed prost\u0159edky, a tak\u00e9 z&amp;hellip;\">aerosolov\u00e1<\/span> d\u00f3za (spray) 200 ml<\/span><\/p>\n<\/li>\n<\/ul>\n<p><span style=\"font-family: inherit; font-size: 12pt;\"><\/span><\/p>\n<\/p><\/div>\n","protected":false},"excerpt":{"rendered":"<p>Detailn\u00ed popis produktu Vlastnosti a v\u00fdhody Tento odstra\u0148ova\u010d dokonce odstran\u00ed i vte\u0159inov\u00e9 lepidlo. Neobsahuje silikon a lze ho pou\u017e\u00edt pro v\u011bt\u0161inu povrch\u016f, jako jsou plasty, sklo nebo kov. Jednodu\u0161e nast\u0159\u00edkejte na povrch, vy\u010dkejte 5 minut a set\u0159ete v\u0161echny zbytky lepidla kusem l\u00e1tky. Odstra\u0148ova\u010d lepidla z\u016fstane \u00fa\u010dinn\u00fd po dostate\u010dn\u011b dlouhou dobu a pak se jednodu\u0161e odpa\u0159\u00ed [&hellip;]<\/p>\n","protected":false},"featured_media":40272,"comment_status":"open","ping_status":"open","template":"","meta":[],"product_brand":[],"product_cat":[133],"product_tag":[],"class_list":{"0":"post-40172","1":"product","2":"type-product","3":"status-publish","4":"has-post-thumbnail","6":"product_cat-barvy-amp-laky","8":"first","9":"instock","10":"sale","11":"shipping-taxable","12":"purchasable","13":"product-type-simple"},"yoast_head":"<!-- This site is optimized with the Yoast SEO plugin v26.8 - https:\/\/yoast.com\/product\/yoast-seo-wordpress\/ -->\n<title>Jen Po Omezenou Doba tesa\u00ae 60042 Odstra\u0148ova\u010d lepidla, 200 ml sprej | element-shop.cz -<\/title>\n<meta name=\"robots\" content=\"index, follow, max-snippet:-1, max-image-preview:large, max-video-preview:-1\" \/>\n<link rel=\"canonical\" href=\"https:\/\/www.domtechnikpro.com\/index.php\/produkt\/jen-po-omezenou-doba-tesa-r-60042-odstranovac-lepidla-200-ml-sprej-element-shop-cz-40172\/\" \/>\n<meta property=\"og:locale\" content=\"cs_CZ\" \/>\n<meta property=\"og:type\" content=\"article\" \/>\n<meta property=\"og:title\" content=\"Jen Po Omezenou Doba tesa\u00ae 60042 Odstra\u0148ova\u010d lepidla, 200 ml sprej | element-shop.cz -\" \/>\n<meta property=\"og:description\" content=\"Detailn\u00ed popis produktu Vlastnosti a v\u00fdhody Tento odstra\u0148ova\u010d dokonce odstran\u00ed i vte\u0159inov\u00e9 lepidlo. Neobsahuje silikon a lze ho pou\u017e\u00edt pro v\u011bt\u0161inu povrch\u016f, jako jsou plasty, sklo nebo kov. Jednodu\u0161e nast\u0159\u00edkejte na povrch, vy\u010dkejte 5 minut a set\u0159ete v\u0161echny zbytky lepidla kusem l\u00e1tky. Odstra\u0148ova\u010d lepidla z\u016fstane \u00fa\u010dinn\u00fd po dostate\u010dn\u011b dlouhou dobu a pak se jednodu\u0161e odpa\u0159\u00ed [&hellip;]\" \/>\n<meta property=\"og:url\" content=\"https:\/\/www.domtechnikpro.com\/index.php\/produkt\/jen-po-omezenou-doba-tesa-r-60042-odstranovac-lepidla-200-ml-sprej-element-shop-cz-40172\/\" \/>\n<meta property=\"og:image\" content=\"https:\/\/www.domtechnikpro.com\/wp-content\/uploads\/2026\/SK0001593-CZ20260425-092522-0-1777080324-46448_tesa-60042-odstranovac-lepidla--200-ml-sprej.webp\" \/>\n\t<meta property=\"og:image:width\" content=\"1000\" \/>\n\t<meta property=\"og:image:height\" content=\"750\" \/>\n\t<meta property=\"og:image:type\" content=\"image\/webp\" \/>\n<meta name=\"twitter:card\" content=\"summary_large_image\" \/>\n<meta name=\"twitter:label1\" content=\"Odhadovan\u00e1 doba \u010dten\u00ed\" \/>\n\t<meta name=\"twitter:data1\" content=\"1 minuta\" \/>\n<script type=\"application\/ld+json\" class=\"yoast-schema-graph\">{\"@context\":\"https:\/\/schema.org\",\"@graph\":[{\"@type\":\"WebPage\",\"@id\":\"https:\/\/www.domtechnikpro.com\/index.php\/produkt\/jen-po-omezenou-doba-tesa-r-60042-odstranovac-lepidla-200-ml-sprej-element-shop-cz-40172\/\",\"url\":\"https:\/\/www.domtechnikpro.com\/index.php\/produkt\/jen-po-omezenou-doba-tesa-r-60042-odstranovac-lepidla-200-ml-sprej-element-shop-cz-40172\/\",\"name\":\"Jen Po Omezenou Doba tesa\u00ae 60042 Odstra\u0148ova\u010d lepidla, 200 ml sprej | element-shop.cz -\",\"isPartOf\":{\"@id\":\"https:\/\/www.domtechnikpro.com\/#website\"},\"primaryImageOfPage\":{\"@id\":\"https:\/\/www.domtechnikpro.com\/index.php\/produkt\/jen-po-omezenou-doba-tesa-r-60042-odstranovac-lepidla-200-ml-sprej-element-shop-cz-40172\/#primaryimage\"},\"image\":{\"@id\":\"https:\/\/www.domtechnikpro.com\/index.php\/produkt\/jen-po-omezenou-doba-tesa-r-60042-odstranovac-lepidla-200-ml-sprej-element-shop-cz-40172\/#primaryimage\"},\"thumbnailUrl\":\"https:\/\/www.domtechnikpro.com\/wp-content\/uploads\/2026\/SK0001593-CZ20260425-092522-0-1777080324-46448_tesa-60042-odstranovac-lepidla--200-ml-sprej.webp\",\"datePublished\":\"2026-04-26T08:58:44+00:00\",\"breadcrumb\":{\"@id\":\"https:\/\/www.domtechnikpro.com\/index.php\/produkt\/jen-po-omezenou-doba-tesa-r-60042-odstranovac-lepidla-200-ml-sprej-element-shop-cz-40172\/#breadcrumb\"},\"inLanguage\":\"cs\",\"potentialAction\":[{\"@type\":\"ReadAction\",\"target\":[\"https:\/\/www.domtechnikpro.com\/index.php\/produkt\/jen-po-omezenou-doba-tesa-r-60042-odstranovac-lepidla-200-ml-sprej-element-shop-cz-40172\/\"]}]},{\"@type\":\"ImageObject\",\"inLanguage\":\"cs\",\"@id\":\"https:\/\/www.domtechnikpro.com\/index.php\/produkt\/jen-po-omezenou-doba-tesa-r-60042-odstranovac-lepidla-200-ml-sprej-element-shop-cz-40172\/#primaryimage\",\"url\":\"https:\/\/www.domtechnikpro.com\/wp-content\/uploads\/2026\/SK0001593-CZ20260425-092522-0-1777080324-46448_tesa-60042-odstranovac-lepidla--200-ml-sprej.webp\",\"contentUrl\":\"https:\/\/www.domtechnikpro.com\/wp-content\/uploads\/2026\/SK0001593-CZ20260425-092522-0-1777080324-46448_tesa-60042-odstranovac-lepidla--200-ml-sprej.webp\",\"width\":1000,\"height\":750},{\"@type\":\"BreadcrumbList\",\"@id\":\"https:\/\/www.domtechnikpro.com\/index.php\/produkt\/jen-po-omezenou-doba-tesa-r-60042-odstranovac-lepidla-200-ml-sprej-element-shop-cz-40172\/#breadcrumb\",\"itemListElement\":[{\"@type\":\"ListItem\",\"position\":1,\"name\":\"Home\",\"item\":\"https:\/\/www.domtechnikpro.com\/\"},{\"@type\":\"ListItem\",\"position\":2,\"name\":\"Products\",\"item\":\"https:\/\/www.domtechnikpro.com\/index.php\/products\/\"},{\"@type\":\"ListItem\",\"position\":3,\"name\":\"Jen Po Omezenou Doba tesa\u00ae 60042 Odstra\u0148ova\u010d lepidla, 200 ml sprej | element-shop.cz\"}]},{\"@type\":\"WebSite\",\"@id\":\"https:\/\/www.domtechnikpro.com\/#website\",\"url\":\"https:\/\/www.domtechnikpro.com\/\",\"name\":\"\",\"description\":\"\",\"potentialAction\":[{\"@type\":\"SearchAction\",\"target\":{\"@type\":\"EntryPoint\",\"urlTemplate\":\"https:\/\/www.domtechnikpro.com\/?s={search_term_string}\"},\"query-input\":{\"@type\":\"PropertyValueSpecification\",\"valueRequired\":true,\"valueName\":\"search_term_string\"}}],\"inLanguage\":\"cs\"}]}<\/script>\n<!-- \/ Yoast SEO plugin. -->","yoast_head_json":{"title":"Jen Po Omezenou Doba tesa\u00ae 60042 Odstra\u0148ova\u010d lepidla, 200 ml sprej | element-shop.cz -","robots":{"index":"index","follow":"follow","max-snippet":"max-snippet:-1","max-image-preview":"max-image-preview:large","max-video-preview":"max-video-preview:-1"},"canonical":"https:\/\/www.domtechnikpro.com\/index.php\/produkt\/jen-po-omezenou-doba-tesa-r-60042-odstranovac-lepidla-200-ml-sprej-element-shop-cz-40172\/","og_locale":"cs_CZ","og_type":"article","og_title":"Jen Po Omezenou Doba tesa\u00ae 60042 Odstra\u0148ova\u010d lepidla, 200 ml sprej | element-shop.cz -","og_description":"Detailn\u00ed popis produktu Vlastnosti a v\u00fdhody Tento odstra\u0148ova\u010d dokonce odstran\u00ed i vte\u0159inov\u00e9 lepidlo. Neobsahuje silikon a lze ho pou\u017e\u00edt pro v\u011bt\u0161inu povrch\u016f, jako jsou plasty, sklo nebo kov. Jednodu\u0161e nast\u0159\u00edkejte na povrch, vy\u010dkejte 5 minut a set\u0159ete v\u0161echny zbytky lepidla kusem l\u00e1tky. Odstra\u0148ova\u010d lepidla z\u016fstane \u00fa\u010dinn\u00fd po dostate\u010dn\u011b dlouhou dobu a pak se jednodu\u0161e odpa\u0159\u00ed [&hellip;]","og_url":"https:\/\/www.domtechnikpro.com\/index.php\/produkt\/jen-po-omezenou-doba-tesa-r-60042-odstranovac-lepidla-200-ml-sprej-element-shop-cz-40172\/","og_image":[{"width":1000,"height":750,"url":"https:\/\/www.domtechnikpro.com\/wp-content\/uploads\/2026\/SK0001593-CZ20260425-092522-0-1777080324-46448_tesa-60042-odstranovac-lepidla--200-ml-sprej.webp","type":"image\/webp"}],"twitter_card":"summary_large_image","twitter_misc":{"Odhadovan\u00e1 doba \u010dten\u00ed":"1 minuta"},"schema":{"@context":"https:\/\/schema.org","@graph":[{"@type":"WebPage","@id":"https:\/\/www.domtechnikpro.com\/index.php\/produkt\/jen-po-omezenou-doba-tesa-r-60042-odstranovac-lepidla-200-ml-sprej-element-shop-cz-40172\/","url":"https:\/\/www.domtechnikpro.com\/index.php\/produkt\/jen-po-omezenou-doba-tesa-r-60042-odstranovac-lepidla-200-ml-sprej-element-shop-cz-40172\/","name":"Jen Po Omezenou Doba tesa\u00ae 60042 Odstra\u0148ova\u010d lepidla, 200 ml sprej | element-shop.cz -","isPartOf":{"@id":"https:\/\/www.domtechnikpro.com\/#website"},"primaryImageOfPage":{"@id":"https:\/\/www.domtechnikpro.com\/index.php\/produkt\/jen-po-omezenou-doba-tesa-r-60042-odstranovac-lepidla-200-ml-sprej-element-shop-cz-40172\/#primaryimage"},"image":{"@id":"https:\/\/www.domtechnikpro.com\/index.php\/produkt\/jen-po-omezenou-doba-tesa-r-60042-odstranovac-lepidla-200-ml-sprej-element-shop-cz-40172\/#primaryimage"},"thumbnailUrl":"https:\/\/www.domtechnikpro.com\/wp-content\/uploads\/2026\/SK0001593-CZ20260425-092522-0-1777080324-46448_tesa-60042-odstranovac-lepidla--200-ml-sprej.webp","datePublished":"2026-04-26T08:58:44+00:00","breadcrumb":{"@id":"https:\/\/www.domtechnikpro.com\/index.php\/produkt\/jen-po-omezenou-doba-tesa-r-60042-odstranovac-lepidla-200-ml-sprej-element-shop-cz-40172\/#breadcrumb"},"inLanguage":"cs","potentialAction":[{"@type":"ReadAction","target":["https:\/\/www.domtechnikpro.com\/index.php\/produkt\/jen-po-omezenou-doba-tesa-r-60042-odstranovac-lepidla-200-ml-sprej-element-shop-cz-40172\/"]}]},{"@type":"ImageObject","inLanguage":"cs","@id":"https:\/\/www.domtechnikpro.com\/index.php\/produkt\/jen-po-omezenou-doba-tesa-r-60042-odstranovac-lepidla-200-ml-sprej-element-shop-cz-40172\/#primaryimage","url":"https:\/\/www.domtechnikpro.com\/wp-content\/uploads\/2026\/SK0001593-CZ20260425-092522-0-1777080324-46448_tesa-60042-odstranovac-lepidla--200-ml-sprej.webp","contentUrl":"https:\/\/www.domtechnikpro.com\/wp-content\/uploads\/2026\/SK0001593-CZ20260425-092522-0-1777080324-46448_tesa-60042-odstranovac-lepidla--200-ml-sprej.webp","width":1000,"height":750},{"@type":"BreadcrumbList","@id":"https:\/\/www.domtechnikpro.com\/index.php\/produkt\/jen-po-omezenou-doba-tesa-r-60042-odstranovac-lepidla-200-ml-sprej-element-shop-cz-40172\/#breadcrumb","itemListElement":[{"@type":"ListItem","position":1,"name":"Home","item":"https:\/\/www.domtechnikpro.com\/"},{"@type":"ListItem","position":2,"name":"Products","item":"https:\/\/www.domtechnikpro.com\/index.php\/products\/"},{"@type":"ListItem","position":3,"name":"Jen Po Omezenou Doba tesa\u00ae 60042 Odstra\u0148ova\u010d lepidla, 200 ml sprej | element-shop.cz"}]},{"@type":"WebSite","@id":"https:\/\/www.domtechnikpro.com\/#website","url":"https:\/\/www.domtechnikpro.com\/","name":"","description":"","potentialAction":[{"@type":"SearchAction","target":{"@type":"EntryPoint","urlTemplate":"https:\/\/www.domtechnikpro.com\/?s={search_term_string}"},"query-input":{"@type":"PropertyValueSpecification","valueRequired":true,"valueName":"search_term_string"}}],"inLanguage":"cs"}]}},"_links":{"self":[{"href":"https:\/\/www.domtechnikpro.com\/index.php\/wp-json\/wp\/v2\/product\/40172","targetHints":{"allow":["GET"]}}],"collection":[{"href":"https:\/\/www.domtechnikpro.com\/index.php\/wp-json\/wp\/v2\/product"}],"about":[{"href":"https:\/\/www.domtechnikpro.com\/index.php\/wp-json\/wp\/v2\/types\/product"}],"replies":[{"embeddable":true,"href":"https:\/\/www.domtechnikpro.com\/index.php\/wp-json\/wp\/v2\/comments?post=40172"}],"wp:featuredmedia":[{"embeddable":true,"href":"https:\/\/www.domtechnikpro.com\/index.php\/wp-json\/wp\/v2\/media\/40272"}],"wp:attachment":[{"href":"https:\/\/www.domtechnikpro.com\/index.php\/wp-json\/wp\/v2\/media?parent=40172"}],"wp:term":[{"taxonomy":"product_brand","embeddable":true,"href":"https:\/\/www.domtechnikpro.com\/index.php\/wp-json\/wp\/v2\/product_brand?post=40172"},{"taxonomy":"product_cat","embeddable":true,"href":"https:\/\/www.domtechnikpro.com\/index.php\/wp-json\/wp\/v2\/product_cat?post=40172"},{"taxonomy":"product_tag","embeddable":true,"href":"https:\/\/www.domtechnikpro.com\/index.php\/wp-json\/wp\/v2\/product_tag?post=40172"}],"curies":[{"name":"wp","href":"https:\/\/api.w.org\/{rel}","templated":true}]}}