{"id":40147,"date":"2026-04-26T08:58:44","date_gmt":"2026-04-26T08:58:44","guid":{"rendered":""},"modified":"2026-04-26T08:58:44","modified_gmt":"2026-04-26T08:58:44","slug":"super-cena-tech-aerosol-r-efekt-chrom-barva-ve-spreji-chromovana-400-ml-40147","status":"publish","type":"product","link":"https:\/\/www.domtechnikpro.com\/index.php\/produkt\/super-cena-tech-aerosol-r-efekt-chrom-barva-ve-spreji-chromovana-400-ml-40147\/","title":{"rendered":"Super Cena TECH AEROSOL\u00ae EFEKT CHROM Barva ve spreji, chromovan\u00e1, 400 ml"},"content":{"rendered":"<div class=\"basic-description\">\n<h3>Detailn\u00ed popis produktu<\/h3>\n<p><span style=\"font-size: 12pt; font-family: inherit;\"><strong><\/strong><\/span><\/p>\n<ul>\n<li><span style=\"font-size: 12pt; font-family: inherit;\"><strong>Speci\u00e1ln\u00ed dekorativn\u00ed barva s chromov\u00fdm efektem a vysok\u00fdm leskem. <\/strong><\/span><\/li>\n<li><span style=\"font-size: 12pt; font-family: inherit;\"><strong>Barva nem\u00e1 \u017e\u00e1dnou odolnost v\u016f\u010di p\u0159\u00edpadn\u00fdm n\u00e1sledn\u00fdm manipulac\u00edm ani nem\u016f\u017ee b\u00fdt p\u0159elakov\u00e1na \u010di pou\u017e\u00edv\u00e1na ve venkovn\u00edm prost\u0159ed\u00ed. <\/strong><\/span><\/li>\n<li><span style=\"font-size: 12pt; font-family: inherit;\"><strong>V p\u0159\u00edpad\u011b po\u0161kozen\u00ed m\u016f\u017ee b\u00fdt p\u0159elakov\u00e1na stejn\u00fdm produktem. <\/strong><\/span><\/li>\n<li><span style=\"font-size: 12pt; font-family: inherit;\"><strong>Kompletn\u00ed \u0161k\u00e1la barev umo\u017e\u0148uje \u0161irok\u00e9 vyu\u017eit\u00ed nap\u0159. (dekora\u010dn\u00ed p\u0159edm\u011bty, r\u00e1my, v\u00e1no\u010dn\u00ed ozdoby, kv\u011btinov\u00e9 vazby a jin\u00e9). <\/strong><\/span><\/li>\n<li><span style=\"font-size: 12pt; font-family: inherit;\"><strong>Podklad mus\u00ed b\u00fdt such\u00fd, \u010dist\u00fd, bez rzi a odma\u0161t\u011bn\u00fd. <\/strong><\/span><\/li>\n<li><span style=\"font-size: 12pt; font-family: inherit;\"><strong>N\u00e1dobku d\u016fkladn\u011b prot\u0159epejte. <\/strong><\/span><\/li>\n<li><span style=\"font-size: 12pt; font-family: inherit;\"><strong>P\u0159\u00edpravek naneste rozpra\u0161ova\u010dem na ur\u010den\u00e1 m\u00edsta. <\/strong><\/span><\/li>\n<\/ul>\n<p><span style=\"font-size: 12pt; font-family: inherit;\"><strong>Velikost balen\u00ed: <span class=\"show-tooltip\" title=\"Aerosol je jemn\u00e1 disperze kapaliny nebo pevn\u00fdch \u010d\u00e1stic ve vzduchu nebo jin\u00e9m plynu.Tato disperze vytv\u00e1\u0159\u00ed stabiln\u00ed \u010d\u00e1sticov\u00fd oblak nebo mlhu.Aerosoly mohou b\u00fdt slo\u017eeny z tekutin, jako jsou barvy, laky, \u010di\u0161t\u011bn\u00ed nebo dezinfek\u010dn\u00ed prost\u0159edky, a tak\u00e9 z&amp;hellip;\">aerosolov\u00e1<\/span> d\u00f3za (<span class=\"show-tooltip\" title=\"Sprej je za\u0159\u00edzen\u00ed nebo produkt, kter\u00fd umo\u017e\u0148uje rozpra\u0161ov\u00e1n\u00ed kapaliny nebo suspenze do vzduchu ve form\u011b jemn\u00e9 mlhy.Spreje jsou praktick\u00fdm a efektivn\u00edm zp\u016fsobem, jak aplikovat r\u016fzn\u00e9 l\u00e1tky v mnoha odv\u011btv\u00edch, a jejich design a technologie se neust\u00e1le&amp;hellip;\">spray<\/span>) 400 ml &nbsp; &nbsp;<\/strong><\/span><\/p>\n<\/p><\/div>\n","protected":false},"excerpt":{"rendered":"<p>Detailn\u00ed popis produktu Speci\u00e1ln\u00ed dekorativn\u00ed barva s chromov\u00fdm efektem a vysok\u00fdm leskem. Barva nem\u00e1 \u017e\u00e1dnou odolnost v\u016f\u010di p\u0159\u00edpadn\u00fdm n\u00e1sledn\u00fdm manipulac\u00edm ani nem\u016f\u017ee b\u00fdt p\u0159elakov\u00e1na \u010di pou\u017e\u00edv\u00e1na ve venkovn\u00edm prost\u0159ed\u00ed. V p\u0159\u00edpad\u011b po\u0161kozen\u00ed m\u016f\u017ee b\u00fdt p\u0159elakov\u00e1na stejn\u00fdm produktem. Kompletn\u00ed \u0161k\u00e1la barev umo\u017e\u0148uje \u0161irok\u00e9 vyu\u017eit\u00ed nap\u0159. (dekora\u010dn\u00ed p\u0159edm\u011bty, r\u00e1my, v\u00e1no\u010dn\u00ed ozdoby, kv\u011btinov\u00e9 vazby a jin\u00e9). Podklad mus\u00ed [&hellip;]<\/p>\n","protected":false},"featured_media":40247,"comment_status":"open","ping_status":"open","template":"","meta":[],"product_brand":[],"product_cat":[133],"product_tag":[],"class_list":{"0":"post-40147","1":"product","2":"type-product","3":"status-publish","4":"has-post-thumbnail","6":"product_cat-barvy-amp-laky","8":"first","9":"instock","10":"sale","11":"shipping-taxable","12":"purchasable","13":"product-type-simple"},"yoast_head":"<!-- This site is optimized with the Yoast SEO plugin v26.8 - https:\/\/yoast.com\/product\/yoast-seo-wordpress\/ -->\n<title>Super Cena TECH AEROSOL\u00ae EFEKT CHROM Barva ve spreji, chromovan\u00e1, 400 ml -<\/title>\n<meta name=\"robots\" content=\"index, follow, max-snippet:-1, max-image-preview:large, max-video-preview:-1\" \/>\n<link rel=\"canonical\" href=\"https:\/\/www.domtechnikpro.com\/index.php\/produkt\/super-cena-tech-aerosol-r-efekt-chrom-barva-ve-spreji-chromovana-400-ml-40147\/\" \/>\n<meta property=\"og:locale\" content=\"cs_CZ\" \/>\n<meta property=\"og:type\" content=\"article\" \/>\n<meta property=\"og:title\" content=\"Super Cena TECH AEROSOL\u00ae EFEKT CHROM Barva ve spreji, chromovan\u00e1, 400 ml -\" \/>\n<meta property=\"og:description\" content=\"Detailn\u00ed popis produktu Speci\u00e1ln\u00ed dekorativn\u00ed barva s chromov\u00fdm efektem a vysok\u00fdm leskem. Barva nem\u00e1 \u017e\u00e1dnou odolnost v\u016f\u010di p\u0159\u00edpadn\u00fdm n\u00e1sledn\u00fdm manipulac\u00edm ani nem\u016f\u017ee b\u00fdt p\u0159elakov\u00e1na \u010di pou\u017e\u00edv\u00e1na ve venkovn\u00edm prost\u0159ed\u00ed. V p\u0159\u00edpad\u011b po\u0161kozen\u00ed m\u016f\u017ee b\u00fdt p\u0159elakov\u00e1na stejn\u00fdm produktem. Kompletn\u00ed \u0161k\u00e1la barev umo\u017e\u0148uje \u0161irok\u00e9 vyu\u017eit\u00ed nap\u0159. (dekora\u010dn\u00ed p\u0159edm\u011bty, r\u00e1my, v\u00e1no\u010dn\u00ed ozdoby, kv\u011btinov\u00e9 vazby a jin\u00e9). Podklad mus\u00ed [&hellip;]\" \/>\n<meta property=\"og:url\" content=\"https:\/\/www.domtechnikpro.com\/index.php\/produkt\/super-cena-tech-aerosol-r-efekt-chrom-barva-ve-spreji-chromovana-400-ml-40147\/\" \/>\n<meta property=\"og:image\" content=\"https:\/\/www.domtechnikpro.com\/wp-content\/uploads\/2026\/SK0001568-CZ20260425-092522-0-1777080324-46055-2_tech-aerosol-efekt-chrom-chromovana.webp\" \/>\n\t<meta property=\"og:image:width\" content=\"1000\" \/>\n\t<meta property=\"og:image:height\" content=\"750\" \/>\n\t<meta property=\"og:image:type\" content=\"image\/webp\" \/>\n<meta name=\"twitter:card\" content=\"summary_large_image\" \/>\n<meta name=\"twitter:label1\" content=\"Odhadovan\u00e1 doba \u010dten\u00ed\" \/>\n\t<meta name=\"twitter:data1\" content=\"1 minuta\" \/>\n<script type=\"application\/ld+json\" class=\"yoast-schema-graph\">{\"@context\":\"https:\/\/schema.org\",\"@graph\":[{\"@type\":\"WebPage\",\"@id\":\"https:\/\/www.domtechnikpro.com\/index.php\/produkt\/super-cena-tech-aerosol-r-efekt-chrom-barva-ve-spreji-chromovana-400-ml-40147\/\",\"url\":\"https:\/\/www.domtechnikpro.com\/index.php\/produkt\/super-cena-tech-aerosol-r-efekt-chrom-barva-ve-spreji-chromovana-400-ml-40147\/\",\"name\":\"Super Cena TECH AEROSOL\u00ae EFEKT CHROM Barva ve spreji, chromovan\u00e1, 400 ml -\",\"isPartOf\":{\"@id\":\"https:\/\/www.domtechnikpro.com\/#website\"},\"primaryImageOfPage\":{\"@id\":\"https:\/\/www.domtechnikpro.com\/index.php\/produkt\/super-cena-tech-aerosol-r-efekt-chrom-barva-ve-spreji-chromovana-400-ml-40147\/#primaryimage\"},\"image\":{\"@id\":\"https:\/\/www.domtechnikpro.com\/index.php\/produkt\/super-cena-tech-aerosol-r-efekt-chrom-barva-ve-spreji-chromovana-400-ml-40147\/#primaryimage\"},\"thumbnailUrl\":\"https:\/\/www.domtechnikpro.com\/wp-content\/uploads\/2026\/SK0001568-CZ20260425-092522-0-1777080324-46055-2_tech-aerosol-efekt-chrom-chromovana.webp\",\"datePublished\":\"2026-04-26T08:58:44+00:00\",\"breadcrumb\":{\"@id\":\"https:\/\/www.domtechnikpro.com\/index.php\/produkt\/super-cena-tech-aerosol-r-efekt-chrom-barva-ve-spreji-chromovana-400-ml-40147\/#breadcrumb\"},\"inLanguage\":\"cs\",\"potentialAction\":[{\"@type\":\"ReadAction\",\"target\":[\"https:\/\/www.domtechnikpro.com\/index.php\/produkt\/super-cena-tech-aerosol-r-efekt-chrom-barva-ve-spreji-chromovana-400-ml-40147\/\"]}]},{\"@type\":\"ImageObject\",\"inLanguage\":\"cs\",\"@id\":\"https:\/\/www.domtechnikpro.com\/index.php\/produkt\/super-cena-tech-aerosol-r-efekt-chrom-barva-ve-spreji-chromovana-400-ml-40147\/#primaryimage\",\"url\":\"https:\/\/www.domtechnikpro.com\/wp-content\/uploads\/2026\/SK0001568-CZ20260425-092522-0-1777080324-46055-2_tech-aerosol-efekt-chrom-chromovana.webp\",\"contentUrl\":\"https:\/\/www.domtechnikpro.com\/wp-content\/uploads\/2026\/SK0001568-CZ20260425-092522-0-1777080324-46055-2_tech-aerosol-efekt-chrom-chromovana.webp\",\"width\":1000,\"height\":750},{\"@type\":\"BreadcrumbList\",\"@id\":\"https:\/\/www.domtechnikpro.com\/index.php\/produkt\/super-cena-tech-aerosol-r-efekt-chrom-barva-ve-spreji-chromovana-400-ml-40147\/#breadcrumb\",\"itemListElement\":[{\"@type\":\"ListItem\",\"position\":1,\"name\":\"Home\",\"item\":\"https:\/\/www.domtechnikpro.com\/\"},{\"@type\":\"ListItem\",\"position\":2,\"name\":\"Products\",\"item\":\"https:\/\/www.domtechnikpro.com\/index.php\/products\/\"},{\"@type\":\"ListItem\",\"position\":3,\"name\":\"Super Cena TECH AEROSOL\u00ae EFEKT CHROM Barva ve spreji, chromovan\u00e1, 400 ml\"}]},{\"@type\":\"WebSite\",\"@id\":\"https:\/\/www.domtechnikpro.com\/#website\",\"url\":\"https:\/\/www.domtechnikpro.com\/\",\"name\":\"\",\"description\":\"\",\"potentialAction\":[{\"@type\":\"SearchAction\",\"target\":{\"@type\":\"EntryPoint\",\"urlTemplate\":\"https:\/\/www.domtechnikpro.com\/?s={search_term_string}\"},\"query-input\":{\"@type\":\"PropertyValueSpecification\",\"valueRequired\":true,\"valueName\":\"search_term_string\"}}],\"inLanguage\":\"cs\"}]}<\/script>\n<!-- \/ Yoast SEO plugin. -->","yoast_head_json":{"title":"Super Cena TECH AEROSOL\u00ae EFEKT CHROM Barva ve spreji, chromovan\u00e1, 400 ml -","robots":{"index":"index","follow":"follow","max-snippet":"max-snippet:-1","max-image-preview":"max-image-preview:large","max-video-preview":"max-video-preview:-1"},"canonical":"https:\/\/www.domtechnikpro.com\/index.php\/produkt\/super-cena-tech-aerosol-r-efekt-chrom-barva-ve-spreji-chromovana-400-ml-40147\/","og_locale":"cs_CZ","og_type":"article","og_title":"Super Cena TECH AEROSOL\u00ae EFEKT CHROM Barva ve spreji, chromovan\u00e1, 400 ml -","og_description":"Detailn\u00ed popis produktu Speci\u00e1ln\u00ed dekorativn\u00ed barva s chromov\u00fdm efektem a vysok\u00fdm leskem. Barva nem\u00e1 \u017e\u00e1dnou odolnost v\u016f\u010di p\u0159\u00edpadn\u00fdm n\u00e1sledn\u00fdm manipulac\u00edm ani nem\u016f\u017ee b\u00fdt p\u0159elakov\u00e1na \u010di pou\u017e\u00edv\u00e1na ve venkovn\u00edm prost\u0159ed\u00ed. V p\u0159\u00edpad\u011b po\u0161kozen\u00ed m\u016f\u017ee b\u00fdt p\u0159elakov\u00e1na stejn\u00fdm produktem. Kompletn\u00ed \u0161k\u00e1la barev umo\u017e\u0148uje \u0161irok\u00e9 vyu\u017eit\u00ed nap\u0159. (dekora\u010dn\u00ed p\u0159edm\u011bty, r\u00e1my, v\u00e1no\u010dn\u00ed ozdoby, kv\u011btinov\u00e9 vazby a jin\u00e9). Podklad mus\u00ed [&hellip;]","og_url":"https:\/\/www.domtechnikpro.com\/index.php\/produkt\/super-cena-tech-aerosol-r-efekt-chrom-barva-ve-spreji-chromovana-400-ml-40147\/","og_image":[{"width":1000,"height":750,"url":"https:\/\/www.domtechnikpro.com\/wp-content\/uploads\/2026\/SK0001568-CZ20260425-092522-0-1777080324-46055-2_tech-aerosol-efekt-chrom-chromovana.webp","type":"image\/webp"}],"twitter_card":"summary_large_image","twitter_misc":{"Odhadovan\u00e1 doba \u010dten\u00ed":"1 minuta"},"schema":{"@context":"https:\/\/schema.org","@graph":[{"@type":"WebPage","@id":"https:\/\/www.domtechnikpro.com\/index.php\/produkt\/super-cena-tech-aerosol-r-efekt-chrom-barva-ve-spreji-chromovana-400-ml-40147\/","url":"https:\/\/www.domtechnikpro.com\/index.php\/produkt\/super-cena-tech-aerosol-r-efekt-chrom-barva-ve-spreji-chromovana-400-ml-40147\/","name":"Super Cena TECH AEROSOL\u00ae EFEKT CHROM Barva ve spreji, chromovan\u00e1, 400 ml -","isPartOf":{"@id":"https:\/\/www.domtechnikpro.com\/#website"},"primaryImageOfPage":{"@id":"https:\/\/www.domtechnikpro.com\/index.php\/produkt\/super-cena-tech-aerosol-r-efekt-chrom-barva-ve-spreji-chromovana-400-ml-40147\/#primaryimage"},"image":{"@id":"https:\/\/www.domtechnikpro.com\/index.php\/produkt\/super-cena-tech-aerosol-r-efekt-chrom-barva-ve-spreji-chromovana-400-ml-40147\/#primaryimage"},"thumbnailUrl":"https:\/\/www.domtechnikpro.com\/wp-content\/uploads\/2026\/SK0001568-CZ20260425-092522-0-1777080324-46055-2_tech-aerosol-efekt-chrom-chromovana.webp","datePublished":"2026-04-26T08:58:44+00:00","breadcrumb":{"@id":"https:\/\/www.domtechnikpro.com\/index.php\/produkt\/super-cena-tech-aerosol-r-efekt-chrom-barva-ve-spreji-chromovana-400-ml-40147\/#breadcrumb"},"inLanguage":"cs","potentialAction":[{"@type":"ReadAction","target":["https:\/\/www.domtechnikpro.com\/index.php\/produkt\/super-cena-tech-aerosol-r-efekt-chrom-barva-ve-spreji-chromovana-400-ml-40147\/"]}]},{"@type":"ImageObject","inLanguage":"cs","@id":"https:\/\/www.domtechnikpro.com\/index.php\/produkt\/super-cena-tech-aerosol-r-efekt-chrom-barva-ve-spreji-chromovana-400-ml-40147\/#primaryimage","url":"https:\/\/www.domtechnikpro.com\/wp-content\/uploads\/2026\/SK0001568-CZ20260425-092522-0-1777080324-46055-2_tech-aerosol-efekt-chrom-chromovana.webp","contentUrl":"https:\/\/www.domtechnikpro.com\/wp-content\/uploads\/2026\/SK0001568-CZ20260425-092522-0-1777080324-46055-2_tech-aerosol-efekt-chrom-chromovana.webp","width":1000,"height":750},{"@type":"BreadcrumbList","@id":"https:\/\/www.domtechnikpro.com\/index.php\/produkt\/super-cena-tech-aerosol-r-efekt-chrom-barva-ve-spreji-chromovana-400-ml-40147\/#breadcrumb","itemListElement":[{"@type":"ListItem","position":1,"name":"Home","item":"https:\/\/www.domtechnikpro.com\/"},{"@type":"ListItem","position":2,"name":"Products","item":"https:\/\/www.domtechnikpro.com\/index.php\/products\/"},{"@type":"ListItem","position":3,"name":"Super Cena TECH AEROSOL\u00ae EFEKT CHROM Barva ve spreji, chromovan\u00e1, 400 ml"}]},{"@type":"WebSite","@id":"https:\/\/www.domtechnikpro.com\/#website","url":"https:\/\/www.domtechnikpro.com\/","name":"","description":"","potentialAction":[{"@type":"SearchAction","target":{"@type":"EntryPoint","urlTemplate":"https:\/\/www.domtechnikpro.com\/?s={search_term_string}"},"query-input":{"@type":"PropertyValueSpecification","valueRequired":true,"valueName":"search_term_string"}}],"inLanguage":"cs"}]}},"_links":{"self":[{"href":"https:\/\/www.domtechnikpro.com\/index.php\/wp-json\/wp\/v2\/product\/40147","targetHints":{"allow":["GET"]}}],"collection":[{"href":"https:\/\/www.domtechnikpro.com\/index.php\/wp-json\/wp\/v2\/product"}],"about":[{"href":"https:\/\/www.domtechnikpro.com\/index.php\/wp-json\/wp\/v2\/types\/product"}],"replies":[{"embeddable":true,"href":"https:\/\/www.domtechnikpro.com\/index.php\/wp-json\/wp\/v2\/comments?post=40147"}],"wp:featuredmedia":[{"embeddable":true,"href":"https:\/\/www.domtechnikpro.com\/index.php\/wp-json\/wp\/v2\/media\/40247"}],"wp:attachment":[{"href":"https:\/\/www.domtechnikpro.com\/index.php\/wp-json\/wp\/v2\/media?parent=40147"}],"wp:term":[{"taxonomy":"product_brand","embeddable":true,"href":"https:\/\/www.domtechnikpro.com\/index.php\/wp-json\/wp\/v2\/product_brand?post=40147"},{"taxonomy":"product_cat","embeddable":true,"href":"https:\/\/www.domtechnikpro.com\/index.php\/wp-json\/wp\/v2\/product_cat?post=40147"},{"taxonomy":"product_tag","embeddable":true,"href":"https:\/\/www.domtechnikpro.com\/index.php\/wp-json\/wp\/v2\/product_tag?post=40147"}],"curies":[{"name":"wp","href":"https:\/\/api.w.org\/{rel}","templated":true}]}}