{"id":40117,"date":"2026-04-26T08:58:44","date_gmt":"2026-04-26T08:58:44","guid":{"rendered":""},"modified":"2026-04-26T08:58:44","modified_gmt":"2026-04-26T08:58:44","slug":"znackovy-lignofix-r-i-profi-oh-aplikacni-roztok-k-osetreni-napadeneho-dreva-40117","status":"publish","type":"product","link":"https:\/\/www.domtechnikpro.com\/index.php\/produkt\/znackovy-lignofix-r-i-profi-oh-aplikacni-roztok-k-osetreni-napadeneho-dreva-40117\/","title":{"rendered":"Zna\u010dkov\u00fd LIGNOFIX\u00ae I-PROFI-OH aplika\u010dn\u00ed roztok k o\u0161et\u0159en\u00ed napaden\u00e9ho d\u0159eva"},"content":{"rendered":"<div class=\"basic-description\">\n<h3>Detailn\u00ed popis produktu<\/h3>\n<h3 class=\"western\"><span style=\"font-size: 14pt;\"><strong><span style=\"font-family: inherit;\">Vlastnosti a v\u00fdhody<\/span><\/strong><\/span><\/h3>\n<ul>\n<li>\n<div style=\"margin-bottom: 0cm;\"><span style=\"font-size: 12pt;\"><strong><span style=\"font-family: inherit;\"><span class=\"show-tooltip\" title=\"Kapalina je skupenstv\u00ed l\u00e1tky, kter\u00e9 se vyzna\u010duje t\u00edm, \u017ee m\u00e1 pevn\u00fd objem, ale nen\u00ed schopna udr\u017eet sv\u016fj tvar a p\u0159izp\u016fsobuje se tvaru n\u00e1doby, do kter\u00e9 je um\u00edst\u011bna. Kapaliny zahrnuj\u00ed \u0161irokou \u0161k\u00e1lu l\u00e1tek, od vody a oleje po alkoholy a benz\u00edn.Kapaliny&amp;hellip;\">Kapaln\u00fd<\/span> p\u0159\u00edpravek k o\u0161et\u0159en\u00ed <span class=\"show-tooltip\" title=\"D\u0159evo&amp;nbsp;je tvrd\u00e9 a p\u00f3rovit\u00e9&amp;nbsp;rostlinn\u00e9 pletivo&amp;nbsp;(tk\u00e1\u0148), je\u017e tvo\u0159\u00ed kmeny, ko\u0159eny a v\u011btve strom\u016f, ke\u0159\u016f a dal\u0161\u00edch&amp;nbsp;d\u0159evin. Skl\u00e1d\u00e1 se z&amp;nbsp;celul\u00f3zov\u00fdch&amp;nbsp;vl\u00e1ken s vysokou pevnost\u00ed v tahu a&amp;nbsp;ligninov\u00e9&amp;nbsp;v\u00fdpln\u011b, kter\u00e1&amp;hellip;\">d\u0159eva<\/span> napaden\u00e9ho <span class=\"show-tooltip\" title=\"D\u0159evokazov\u00e9, odborn\u011b zn\u00e1m\u00e9 jako xylof\u00e1gov\u00e9, p\u0159edstavuj\u00ed vy\u0161\u0161\u00ed organismy, zejm\u00e9na hmyz, kter\u00fd se alespo\u0148 v ur\u010dit\u00fdch f\u00e1z\u00edch sv\u00e9ho v\u00fdvoje \u017eiv\u00ed d\u0159evem. Jejich p\u0159irozen\u00fdm chov\u00e1n\u00edm p\u0159isp\u00edvaj\u00ed k rozkladu d\u0159eva v p\u0159\u00edrod\u011b, av\u0161ak mohou tak\u00e9 zp\u016fsobit \u0161kody&amp;hellip;\">d\u0159evokazn\u00fdm<\/span> hmyzem (\u010dervoto\u010d, tesa\u0159\u00edk apod.) a k preventivn\u00edmu o\u0161et\u0159en\u00ed d\u0159eva proti d\u0159evokazn\u00e9mu hmyzu v interi\u00e9rech (st\u0159e\u0161n\u00ed <span class=\"show-tooltip\" title=\"Konstrukce je proces tvorby a sestaven\u00ed r\u016fzn\u00fdch prvk\u016f nebo sou\u010d\u00e1st\u00ed do funk\u010dn\u00edho celku, kter\u00fd m\u016f\u017ee slou\u017eit k ur\u010dit\u00e9mu \u00fa\u010delu. V kontextu stavebnictv\u00ed a in\u017een\u00fdrstv\u00ed zahrnuje konstrukce tvorbu budov, most\u016f, silnic, pr\u016fmyslov\u00fdch za\u0159\u00edzen\u00ed,&amp;hellip;\">konstrukce<\/span>, oblo\u017een\u00ed, schody, podlahy atd.) a v exteri\u00e9rech bez p\u0159\u00edm\u00e9ho a trval\u00e9ho kontaktu se <span class=\"show-tooltip\" title=\"Zem\u011b je t\u0159et\u00ed planetou od Slunce ve slune\u010dn\u00ed soustav\u011b a je jedinou planetou, na kter\u00e9 je dosud zn\u00e1m \u017eivot.&amp;nbsp;Zem\u011b je p\u0159ibli\u017en\u011b 4,5 miliardy let star\u00e1, co\u017e z n\u00ed \u010din\u00ed jednu z nejstar\u0161\u00edch planet ve slune\u010dn\u00ed soustav\u011b.&amp;nbsp;Velikost: Pr\u016fm\u011br Zem\u011b&amp;hellip;\">zem\u00ed<\/span> a <span class=\"show-tooltip\" title=\"Voda,&amp;nbsp;chemick\u00fdm vzorcem&amp;nbsp;H2O,&amp;nbsp;systematick\u00fd n\u00e1zev&amp;nbsp;oxidan, je&amp;nbsp;chemick\u00e1 slou\u010denina&amp;nbsp;vod\u00edku&amp;nbsp;a&amp;nbsp;kysl\u00edku. Spolu se&amp;nbsp;vzduchem, resp.&amp;nbsp;zemskou atmosf\u00e9rou, tvo\u0159\u00ed z\u00e1kladn\u00ed podm\u00ednky pro&amp;hellip;\">vodou<\/span> (st\u0159e\u0161n\u00ed podbit\u00ed, d\u0159ev\u011bn\u00e9 <span class=\"show-tooltip\" title=\"Stavba je proces tvorby a vytv\u00e1\u0159en\u00ed r\u016fzn\u00fdch stavebn\u00edch objekt\u016f nebo konstrukc\u00ed. Stavba m\u016f\u017ee zahrnovat v\u00fdstavbu budov, most\u016f, silnic, tunel\u016f, hr\u00e1z\u00ed, pr\u016fmyslov\u00fdch za\u0159\u00edzen\u00ed, vodn\u00edch n\u00e1dr\u017e\u00ed, sportovn\u00edch za\u0159\u00edzen\u00ed a dal\u0161\u00edch&amp;hellip;\">stavby<\/span>, ploty, krovy atd.).<\/span><\/strong><\/span><\/div>\n<\/li>\n<li>\n<div style=\"margin-bottom: 0cm;\"><span style=\"font-size: 12pt;\"><strong><span style=\"font-family: inherit;\">\u00da\u010dinn\u011b hub\u00ed d\u0159evokazn\u00fd hmyz ve v\u0161ech jeho v\u00fdvojov\u00fdch st\u00e1di\u00edch, v\u010detn\u011b vaj\u00ed\u010dek a larev<\/span><\/strong><\/span><\/div>\n<\/li>\n<li>\n<div style=\"margin-bottom: 0cm;\"><span style=\"font-size: 12pt;\"><strong><span style=\"font-family: inherit;\">ur\u010den\u00fd pro interi\u00e9ry, exteri\u00e9ry, je dlouhodob\u011b \u00fa\u010dinn\u00fd<\/span><\/strong><\/span><\/div>\n<\/li>\n<li>\n<div style=\"margin-bottom: 0cm;\"><span style=\"font-size: 12pt;\"><strong><span style=\"font-family: inherit;\">P\u0159\u00edpravek m\u00e1 i preventivn\u00ed \u00fa\u010dinek proti pl\u00edsn\u00edm.<\/span><\/strong><\/span><\/div>\n<\/li>\n<li>\n<div style=\"margin-bottom: 0cm;\"><span style=\"font-size: 12pt;\"><strong><span style=\"font-family: inherit;\">Je vhodn\u00fd pro ochranu vz\u00e1cn\u00e9ho d\u0159eva a historick\u00fdch p\u0159edm\u011bt\u016f.<\/span><\/strong><\/span><\/div>\n<\/li>\n<li>\n<div style=\"margin-bottom: 0cm;\"><span style=\"font-size: 12pt;\"><strong><span style=\"font-family: inherit;\">V\u00fdhodou je mo\u017enost aplikace i p\u0159i teplot\u011b okol\u00ed ni\u017e\u0161\u00ed ne\u017e 5 \u00b0C.<\/span><\/strong><\/span><\/div>\n<\/li>\n<li>\n<div><span style=\"font-size: 12pt;\"><strong><span style=\"font-family: inherit;\">Obsahuje <span class=\"show-tooltip\" title=\"Regul\u00e1tor je za\u0159\u00edzen\u00ed, mechanismus nebo syst\u00e9m navr\u017een\u00fd k \u0159\u00edzen\u00ed, ovl\u00e1d\u00e1n\u00ed nebo stabilizaci ur\u010dit\u00e9ho parametru, procesu nebo syst\u00e9mu. Jeho hlavn\u00edm \u00fa\u010delem je udr\u017eovat po\u017eadovan\u00e9 hodnoty, nastaven\u00ed nebo podm\u00ednky v souladu s ur\u010dit\u00fdmi po\u017eadavky nebo&amp;hellip;\">regul\u00e1tory<\/span> r\u016fstu hmyzu, kter\u00e9 spolehliv\u011b likviduj\u00ed v\u0161echna jeho v\u00fdvojov\u00e1 st\u00e1dia a dlouhodob\u011b chr\u00e1n\u00ed o\u0161et\u0159en\u00e9 d\u0159evo p\u0159ed dal\u0161\u00edm napaden\u00edm (testace na d\u0159evokazn\u00fd hmyz dle EN 46 prok\u00e1zala 100% \u00fa\u010dinek).<\/span><\/strong><\/span><\/div>\n<\/li>\n<li>\n<div><span style=\"font-size: 12pt;\"><strong><span style=\"font-family: inherit;\">Barva: \u010dir\u00e1<\/span><\/strong><\/span><\/div>\n<\/li>\n<\/ul>\n<h3 class=\"western\"><span style=\"font-size: 14pt;\"><strong><span style=\"font-family: inherit;\">Pou\u017eit\u00ed<\/span><\/strong><\/span><\/h3>\n<ul>\n<li>\n<p style=\"margin-bottom: 0cm;\"><span style=\"font-size: 12pt;\"><strong><span style=\"font-family: inherit;\">\u00da\u010dinn\u00e9 hloubkov\u00e9 o\u0161et\u0159en\u00ed d\u0159eva &#8211; krov\u016f, lat\u00ed, srub\u016f, pergol, d\u0159ev\u011bn\u00fdch obklad\u016f, stodol, <span class=\"show-tooltip\" title=\"Rouben\u00e1 stavba, zn\u00e1m\u00e1 t\u00e9\u017e jako roubenka, p\u0159edstavuje typ stavby, kde jsou st\u011bny postaveny pomoc\u00ed techniky rouben\u00ed. Tr\u00e1my, polo\u017een\u00e9 vodorovn\u011b na sebe, jsou spojov\u00e1ny r\u016fzn\u00fdmi druhy tesa\u0159sk\u00fdch vazeb, p\u0159i\u010dem\u017e p\u016fvodn\u011b byly pou\u017e\u00edv\u00e1ny neotesan\u00e9 nebo jen&amp;hellip;\">roubenek<\/span>, okenn\u00edch r\u00e1m\u016f a okenic ji\u017e napaden\u00fdch d\u0159evokazn\u00fdm hmyzem.<\/span><\/strong><\/span><\/p>\n<\/li>\n<li>\n<p style=\"margin-bottom: 0cm;\"><span style=\"font-size: 12pt;\"><strong><span style=\"font-family: inherit;\">Vhodn\u00fd jako insekticidn\u00ed hlubok\u00e1 penetrace pod lazurovac\u00ed n\u00e1t\u011bry, <span class=\"show-tooltip\" title=\"Email je odoln\u00fd povlak pou\u017e\u00edvan\u00fd pro ochranu a dekoraci povrch\u016f v interi\u00e9ru i exteri\u00e9ru.&amp;nbsp;\u058d Podklad, nap\u0159\u00edklad kovov\u00fd nebo z m\u011bkk\u00e9ho d\u0159eva, je obvykle pokryt vrstvou z\u00e1kladn\u00ed barvy, na kterou je n\u00e1sledn\u011b aplikov\u00e1na vrchn\u00ed lakovan\u00e1 vrstva -&amp;hellip;\">emaily<\/span>, <span class=\"show-tooltip\" title=\"Lak je povlak nebo n\u00e1t\u011br, kter\u00fd se nan\u00e1\u0161\u00ed na povrchy s c\u00edlem zv\u00fd\u0161it jejich odolnost, estetick\u00fd vzhled nebo ochranu. Existuje mnoho r\u016fzn\u00fdch typ\u016f lak\u016f, z nich\u017e ka\u017ed\u00fd je ur\u010den pro specifick\u00e9 pou\u017eit\u00ed a materi\u00e1ly:Vodou \u0159editeln\u00fd lak: Typ&amp;hellip;\">laky<\/span> apod.<\/span><\/strong><\/span><\/p>\n<\/li>\n<li>\n<p style=\"margin-bottom: 0cm;\"><span style=\"font-size: 12pt; font-family: inherit;\"><strong>Nesm\u00ed b\u00fdt pou\u017e\u00edv\u00e1n na d\u0159evo p\u0159ich\u00e1zej\u00edc\u00ed do p\u0159\u00edm\u00e9ho kontaktu s potravinami, n\u00e1poji a krmivy ani k o\u0161et\u0159en\u00ed d\u0159eva na v\u00fdrobu d\u011btsk\u00e9ho n\u00e1bytku a hra\u010dek.<\/strong><\/span><\/p>\n<\/li>\n<li>\n<p><span style=\"font-size: 12pt; font-family: inherit;\"><strong><span style=\"color: #000000;\"><span style=\"background: transparent;\">Biocidn\u00ed p\u0159\u00edpravek \u2013 pou\u017e\u00edvejte jej bezpe\u010dn\u011b! P\u0159ed pou\u017eit\u00edm si v\u017edy p\u0159e\u010dt\u011bte \u00fadaje uveden\u00e9 na obalu v\u00fdrobku<\/span><\/span><\/strong><\/span><\/p>\n<\/li>\n<\/ul>\n<h3 class=\"western\"><span style=\"font-size: 14pt;\"><strong><span style=\"font-family: inherit;\"><span class=\"show-tooltip\" title=\"\u0158ed\u011bn\u00ed je proces, p\u0159i kter\u00e9m se jedna l\u00e1tka (obvykle tekutina) o ur\u010dit\u00e9 hustot\u011b nebo koncentraci \u0159ed\u00ed sm\u00edch\u00e1n\u00edm s jinou l\u00e1tkou ni\u017e\u0161\u00ed hustoty v takov\u00e9m mno\u017estv\u00ed, aby bylo dosa\u017eeno po\u017eadovan\u00e9 v\u00fdsledn\u00e9 sm\u011bsi - roztoku o ni\u017e\u0161\u00ed hustot\u011b.Tento term\u00edn se&amp;hellip;\">\u0158ed\u011bn\u00ed<\/span><\/span><\/strong><\/span><\/h3>\n<ul>\n<li>\n<p><span style=\"font-family: inherit; font-size: 12pt;\">1:4 s vodou<\/span><\/p>\n<\/li>\n<\/ul>\n<h3 class=\"western\"><span style=\"font-size: 14pt;\"><strong><span style=\"font-family: inherit;\"><span class=\"show-tooltip\" title=\"Spot\u0159eba materi\u00e1lu je m\u011b\u0159en\u00ed mno\u017estv\u00ed surovin, komponent\u016f nebo materi\u00e1l\u016f, kter\u00e9 jsou pou\u017eity p\u0159i v\u00fdrob\u011b, konstrukci, instalaci, aplikaci nebo provozu n\u011bjak\u00e9ho v\u00fdrobku, za\u0159\u00edzen\u00ed nebo syst\u00e9mu.Spot\u0159eba materi\u00e1lu m\u016f\u017ee b\u00fdt vyj\u00e1d\u0159ena v r\u016fzn\u00fdch&amp;hellip;\">Spot\u0159eba<\/span><\/span><\/strong><\/span><\/h3>\n<ul>\n<li>\n<p style=\"margin-bottom: 0cm;\"><span style=\"font-size: 12pt; font-family: inherit;\"><strong>150 &#8211; 200 g\/m<\/strong><strong><sup>2<\/sup><\/strong><\/span><\/p>\n<\/li>\n<li>\n<p><span style=\"font-family: inherit; font-size: 12pt;\">Vydatnost: 30 m<sup>2<\/sup>\/kg <span class=\"show-tooltip\" title=\"Koncentrace se v obecn\u00e9m smyslu vztahuje k mno\u017estv\u00ed jedn\u00e9 l\u00e1tky obsa\u017een\u00e9 v dan\u00e9m objemu nebo hmotnosti jin\u00e9 l\u00e1tky nebo sm\u011bsi.Tento term\u00edn se pou\u017e\u00edv\u00e1 v r\u016fzn\u00fdch kontextech v\u010detn\u011b chemie, fyziky, biologie, l\u00e9ka\u0159stv\u00ed, pr\u016fmyslu a dal\u0161\u00edch&amp;hellip;\">koncentr\u00e1tu<\/span> (dle savosti d\u0159eva)<\/span><\/p>\n<\/li>\n<\/ul>\n<h3 class=\"western\"><span style=\"font-size: 14pt;\"><strong><span style=\"font-family: inherit;\">Velikosti balen\u00ed<\/span><\/strong><\/span><\/h3>\n<ul>\n<li>\n<p style=\"margin-bottom: 0cm;\"><span style=\"font-family: inherit; font-size: 12pt;\">0,4 kg s rozpra\u0161ova\u010dem, 0,8 kg, 4 kg<\/span><\/p>\n<\/li>\n<\/ul><\/div>\n","protected":false},"excerpt":{"rendered":"<p>Detailn\u00ed popis produktu Vlastnosti a v\u00fdhody Kapaln\u00fd p\u0159\u00edpravek k o\u0161et\u0159en\u00ed d\u0159eva napaden\u00e9ho d\u0159evokazn\u00fdm hmyzem (\u010dervoto\u010d, tesa\u0159\u00edk apod.) a k preventivn\u00edmu o\u0161et\u0159en\u00ed d\u0159eva proti d\u0159evokazn\u00e9mu hmyzu v interi\u00e9rech (st\u0159e\u0161n\u00ed konstrukce, oblo\u017een\u00ed, schody, podlahy atd.) a v exteri\u00e9rech bez p\u0159\u00edm\u00e9ho a trval\u00e9ho kontaktu se zem\u00ed a vodou (st\u0159e\u0161n\u00ed podbit\u00ed, d\u0159ev\u011bn\u00e9 stavby, ploty, krovy atd.). \u00da\u010dinn\u011b hub\u00ed d\u0159evokazn\u00fd [&hellip;]<\/p>\n","protected":false},"featured_media":40217,"comment_status":"open","ping_status":"open","template":"","meta":[],"product_brand":[],"product_cat":[133],"product_tag":[],"class_list":{"0":"post-40117","1":"product","2":"type-product","3":"status-publish","4":"has-post-thumbnail","6":"product_cat-barvy-amp-laky","8":"first","9":"instock","10":"sale","11":"shipping-taxable","12":"purchasable","13":"product-type-simple"},"yoast_head":"<!-- This site is optimized with the Yoast SEO plugin v26.8 - https:\/\/yoast.com\/product\/yoast-seo-wordpress\/ -->\n<title>Zna\u010dkov\u00fd LIGNOFIX\u00ae I-PROFI-OH aplika\u010dn\u00ed roztok k o\u0161et\u0159en\u00ed napaden\u00e9ho d\u0159eva -<\/title>\n<meta name=\"robots\" content=\"index, follow, max-snippet:-1, max-image-preview:large, max-video-preview:-1\" \/>\n<link rel=\"canonical\" href=\"https:\/\/www.domtechnikpro.com\/index.php\/produkt\/znackovy-lignofix-r-i-profi-oh-aplikacni-roztok-k-osetreni-napadeneho-dreva-40117\/\" \/>\n<meta property=\"og:locale\" content=\"cs_CZ\" \/>\n<meta property=\"og:type\" content=\"article\" \/>\n<meta property=\"og:title\" content=\"Zna\u010dkov\u00fd LIGNOFIX\u00ae I-PROFI-OH aplika\u010dn\u00ed roztok k o\u0161et\u0159en\u00ed napaden\u00e9ho d\u0159eva -\" \/>\n<meta property=\"og:description\" content=\"Detailn\u00ed popis produktu Vlastnosti a v\u00fdhody Kapaln\u00fd p\u0159\u00edpravek k o\u0161et\u0159en\u00ed d\u0159eva napaden\u00e9ho d\u0159evokazn\u00fdm hmyzem (\u010dervoto\u010d, tesa\u0159\u00edk apod.) a k preventivn\u00edmu o\u0161et\u0159en\u00ed d\u0159eva proti d\u0159evokazn\u00e9mu hmyzu v interi\u00e9rech (st\u0159e\u0161n\u00ed konstrukce, oblo\u017een\u00ed, schody, podlahy atd.) a v exteri\u00e9rech bez p\u0159\u00edm\u00e9ho a trval\u00e9ho kontaktu se zem\u00ed a vodou (st\u0159e\u0161n\u00ed podbit\u00ed, d\u0159ev\u011bn\u00e9 stavby, ploty, krovy atd.). \u00da\u010dinn\u011b hub\u00ed d\u0159evokazn\u00fd [&hellip;]\" \/>\n<meta property=\"og:url\" content=\"https:\/\/www.domtechnikpro.com\/index.php\/produkt\/znackovy-lignofix-r-i-profi-oh-aplikacni-roztok-k-osetreni-napadeneho-dreva-40117\/\" \/>\n<meta property=\"og:image\" content=\"https:\/\/www.domtechnikpro.com\/wp-content\/uploads\/2026\/SK0001536-CZ20260425-092522-0-1777080324-45206-4_lignofix-i-profi-oh-0-4kg.webp\" \/>\n\t<meta property=\"og:image:width\" content=\"1000\" \/>\n\t<meta property=\"og:image:height\" content=\"750\" \/>\n\t<meta property=\"og:image:type\" content=\"image\/webp\" \/>\n<meta name=\"twitter:card\" content=\"summary_large_image\" \/>\n<meta name=\"twitter:label1\" content=\"Odhadovan\u00e1 doba \u010dten\u00ed\" \/>\n\t<meta name=\"twitter:data1\" content=\"2 minuty\" \/>\n<script type=\"application\/ld+json\" class=\"yoast-schema-graph\">{\"@context\":\"https:\/\/schema.org\",\"@graph\":[{\"@type\":\"WebPage\",\"@id\":\"https:\/\/www.domtechnikpro.com\/index.php\/produkt\/znackovy-lignofix-r-i-profi-oh-aplikacni-roztok-k-osetreni-napadeneho-dreva-40117\/\",\"url\":\"https:\/\/www.domtechnikpro.com\/index.php\/produkt\/znackovy-lignofix-r-i-profi-oh-aplikacni-roztok-k-osetreni-napadeneho-dreva-40117\/\",\"name\":\"Zna\u010dkov\u00fd LIGNOFIX\u00ae I-PROFI-OH aplika\u010dn\u00ed roztok k o\u0161et\u0159en\u00ed napaden\u00e9ho d\u0159eva -\",\"isPartOf\":{\"@id\":\"https:\/\/www.domtechnikpro.com\/#website\"},\"primaryImageOfPage\":{\"@id\":\"https:\/\/www.domtechnikpro.com\/index.php\/produkt\/znackovy-lignofix-r-i-profi-oh-aplikacni-roztok-k-osetreni-napadeneho-dreva-40117\/#primaryimage\"},\"image\":{\"@id\":\"https:\/\/www.domtechnikpro.com\/index.php\/produkt\/znackovy-lignofix-r-i-profi-oh-aplikacni-roztok-k-osetreni-napadeneho-dreva-40117\/#primaryimage\"},\"thumbnailUrl\":\"https:\/\/www.domtechnikpro.com\/wp-content\/uploads\/2026\/SK0001536-CZ20260425-092522-0-1777080324-45206-4_lignofix-i-profi-oh-0-4kg.webp\",\"datePublished\":\"2026-04-26T08:58:44+00:00\",\"breadcrumb\":{\"@id\":\"https:\/\/www.domtechnikpro.com\/index.php\/produkt\/znackovy-lignofix-r-i-profi-oh-aplikacni-roztok-k-osetreni-napadeneho-dreva-40117\/#breadcrumb\"},\"inLanguage\":\"cs\",\"potentialAction\":[{\"@type\":\"ReadAction\",\"target\":[\"https:\/\/www.domtechnikpro.com\/index.php\/produkt\/znackovy-lignofix-r-i-profi-oh-aplikacni-roztok-k-osetreni-napadeneho-dreva-40117\/\"]}]},{\"@type\":\"ImageObject\",\"inLanguage\":\"cs\",\"@id\":\"https:\/\/www.domtechnikpro.com\/index.php\/produkt\/znackovy-lignofix-r-i-profi-oh-aplikacni-roztok-k-osetreni-napadeneho-dreva-40117\/#primaryimage\",\"url\":\"https:\/\/www.domtechnikpro.com\/wp-content\/uploads\/2026\/SK0001536-CZ20260425-092522-0-1777080324-45206-4_lignofix-i-profi-oh-0-4kg.webp\",\"contentUrl\":\"https:\/\/www.domtechnikpro.com\/wp-content\/uploads\/2026\/SK0001536-CZ20260425-092522-0-1777080324-45206-4_lignofix-i-profi-oh-0-4kg.webp\",\"width\":1000,\"height\":750},{\"@type\":\"BreadcrumbList\",\"@id\":\"https:\/\/www.domtechnikpro.com\/index.php\/produkt\/znackovy-lignofix-r-i-profi-oh-aplikacni-roztok-k-osetreni-napadeneho-dreva-40117\/#breadcrumb\",\"itemListElement\":[{\"@type\":\"ListItem\",\"position\":1,\"name\":\"Home\",\"item\":\"https:\/\/www.domtechnikpro.com\/\"},{\"@type\":\"ListItem\",\"position\":2,\"name\":\"Products\",\"item\":\"https:\/\/www.domtechnikpro.com\/index.php\/products\/\"},{\"@type\":\"ListItem\",\"position\":3,\"name\":\"Zna\u010dkov\u00fd LIGNOFIX\u00ae I-PROFI-OH aplika\u010dn\u00ed roztok k o\u0161et\u0159en\u00ed napaden\u00e9ho d\u0159eva\"}]},{\"@type\":\"WebSite\",\"@id\":\"https:\/\/www.domtechnikpro.com\/#website\",\"url\":\"https:\/\/www.domtechnikpro.com\/\",\"name\":\"\",\"description\":\"\",\"potentialAction\":[{\"@type\":\"SearchAction\",\"target\":{\"@type\":\"EntryPoint\",\"urlTemplate\":\"https:\/\/www.domtechnikpro.com\/?s={search_term_string}\"},\"query-input\":{\"@type\":\"PropertyValueSpecification\",\"valueRequired\":true,\"valueName\":\"search_term_string\"}}],\"inLanguage\":\"cs\"}]}<\/script>\n<!-- \/ Yoast SEO plugin. -->","yoast_head_json":{"title":"Zna\u010dkov\u00fd LIGNOFIX\u00ae I-PROFI-OH aplika\u010dn\u00ed roztok k o\u0161et\u0159en\u00ed napaden\u00e9ho d\u0159eva -","robots":{"index":"index","follow":"follow","max-snippet":"max-snippet:-1","max-image-preview":"max-image-preview:large","max-video-preview":"max-video-preview:-1"},"canonical":"https:\/\/www.domtechnikpro.com\/index.php\/produkt\/znackovy-lignofix-r-i-profi-oh-aplikacni-roztok-k-osetreni-napadeneho-dreva-40117\/","og_locale":"cs_CZ","og_type":"article","og_title":"Zna\u010dkov\u00fd LIGNOFIX\u00ae I-PROFI-OH aplika\u010dn\u00ed roztok k o\u0161et\u0159en\u00ed napaden\u00e9ho d\u0159eva -","og_description":"Detailn\u00ed popis produktu Vlastnosti a v\u00fdhody Kapaln\u00fd p\u0159\u00edpravek k o\u0161et\u0159en\u00ed d\u0159eva napaden\u00e9ho d\u0159evokazn\u00fdm hmyzem (\u010dervoto\u010d, tesa\u0159\u00edk apod.) a k preventivn\u00edmu o\u0161et\u0159en\u00ed d\u0159eva proti d\u0159evokazn\u00e9mu hmyzu v interi\u00e9rech (st\u0159e\u0161n\u00ed konstrukce, oblo\u017een\u00ed, schody, podlahy atd.) a v exteri\u00e9rech bez p\u0159\u00edm\u00e9ho a trval\u00e9ho kontaktu se zem\u00ed a vodou (st\u0159e\u0161n\u00ed podbit\u00ed, d\u0159ev\u011bn\u00e9 stavby, ploty, krovy atd.). \u00da\u010dinn\u011b hub\u00ed d\u0159evokazn\u00fd [&hellip;]","og_url":"https:\/\/www.domtechnikpro.com\/index.php\/produkt\/znackovy-lignofix-r-i-profi-oh-aplikacni-roztok-k-osetreni-napadeneho-dreva-40117\/","og_image":[{"width":1000,"height":750,"url":"https:\/\/www.domtechnikpro.com\/wp-content\/uploads\/2026\/SK0001536-CZ20260425-092522-0-1777080324-45206-4_lignofix-i-profi-oh-0-4kg.webp","type":"image\/webp"}],"twitter_card":"summary_large_image","twitter_misc":{"Odhadovan\u00e1 doba \u010dten\u00ed":"2 minuty"},"schema":{"@context":"https:\/\/schema.org","@graph":[{"@type":"WebPage","@id":"https:\/\/www.domtechnikpro.com\/index.php\/produkt\/znackovy-lignofix-r-i-profi-oh-aplikacni-roztok-k-osetreni-napadeneho-dreva-40117\/","url":"https:\/\/www.domtechnikpro.com\/index.php\/produkt\/znackovy-lignofix-r-i-profi-oh-aplikacni-roztok-k-osetreni-napadeneho-dreva-40117\/","name":"Zna\u010dkov\u00fd LIGNOFIX\u00ae I-PROFI-OH aplika\u010dn\u00ed roztok k o\u0161et\u0159en\u00ed napaden\u00e9ho d\u0159eva -","isPartOf":{"@id":"https:\/\/www.domtechnikpro.com\/#website"},"primaryImageOfPage":{"@id":"https:\/\/www.domtechnikpro.com\/index.php\/produkt\/znackovy-lignofix-r-i-profi-oh-aplikacni-roztok-k-osetreni-napadeneho-dreva-40117\/#primaryimage"},"image":{"@id":"https:\/\/www.domtechnikpro.com\/index.php\/produkt\/znackovy-lignofix-r-i-profi-oh-aplikacni-roztok-k-osetreni-napadeneho-dreva-40117\/#primaryimage"},"thumbnailUrl":"https:\/\/www.domtechnikpro.com\/wp-content\/uploads\/2026\/SK0001536-CZ20260425-092522-0-1777080324-45206-4_lignofix-i-profi-oh-0-4kg.webp","datePublished":"2026-04-26T08:58:44+00:00","breadcrumb":{"@id":"https:\/\/www.domtechnikpro.com\/index.php\/produkt\/znackovy-lignofix-r-i-profi-oh-aplikacni-roztok-k-osetreni-napadeneho-dreva-40117\/#breadcrumb"},"inLanguage":"cs","potentialAction":[{"@type":"ReadAction","target":["https:\/\/www.domtechnikpro.com\/index.php\/produkt\/znackovy-lignofix-r-i-profi-oh-aplikacni-roztok-k-osetreni-napadeneho-dreva-40117\/"]}]},{"@type":"ImageObject","inLanguage":"cs","@id":"https:\/\/www.domtechnikpro.com\/index.php\/produkt\/znackovy-lignofix-r-i-profi-oh-aplikacni-roztok-k-osetreni-napadeneho-dreva-40117\/#primaryimage","url":"https:\/\/www.domtechnikpro.com\/wp-content\/uploads\/2026\/SK0001536-CZ20260425-092522-0-1777080324-45206-4_lignofix-i-profi-oh-0-4kg.webp","contentUrl":"https:\/\/www.domtechnikpro.com\/wp-content\/uploads\/2026\/SK0001536-CZ20260425-092522-0-1777080324-45206-4_lignofix-i-profi-oh-0-4kg.webp","width":1000,"height":750},{"@type":"BreadcrumbList","@id":"https:\/\/www.domtechnikpro.com\/index.php\/produkt\/znackovy-lignofix-r-i-profi-oh-aplikacni-roztok-k-osetreni-napadeneho-dreva-40117\/#breadcrumb","itemListElement":[{"@type":"ListItem","position":1,"name":"Home","item":"https:\/\/www.domtechnikpro.com\/"},{"@type":"ListItem","position":2,"name":"Products","item":"https:\/\/www.domtechnikpro.com\/index.php\/products\/"},{"@type":"ListItem","position":3,"name":"Zna\u010dkov\u00fd LIGNOFIX\u00ae I-PROFI-OH aplika\u010dn\u00ed roztok k o\u0161et\u0159en\u00ed napaden\u00e9ho d\u0159eva"}]},{"@type":"WebSite","@id":"https:\/\/www.domtechnikpro.com\/#website","url":"https:\/\/www.domtechnikpro.com\/","name":"","description":"","potentialAction":[{"@type":"SearchAction","target":{"@type":"EntryPoint","urlTemplate":"https:\/\/www.domtechnikpro.com\/?s={search_term_string}"},"query-input":{"@type":"PropertyValueSpecification","valueRequired":true,"valueName":"search_term_string"}}],"inLanguage":"cs"}]}},"_links":{"self":[{"href":"https:\/\/www.domtechnikpro.com\/index.php\/wp-json\/wp\/v2\/product\/40117","targetHints":{"allow":["GET"]}}],"collection":[{"href":"https:\/\/www.domtechnikpro.com\/index.php\/wp-json\/wp\/v2\/product"}],"about":[{"href":"https:\/\/www.domtechnikpro.com\/index.php\/wp-json\/wp\/v2\/types\/product"}],"replies":[{"embeddable":true,"href":"https:\/\/www.domtechnikpro.com\/index.php\/wp-json\/wp\/v2\/comments?post=40117"}],"wp:featuredmedia":[{"embeddable":true,"href":"https:\/\/www.domtechnikpro.com\/index.php\/wp-json\/wp\/v2\/media\/40217"}],"wp:attachment":[{"href":"https:\/\/www.domtechnikpro.com\/index.php\/wp-json\/wp\/v2\/media?parent=40117"}],"wp:term":[{"taxonomy":"product_brand","embeddable":true,"href":"https:\/\/www.domtechnikpro.com\/index.php\/wp-json\/wp\/v2\/product_brand?post=40117"},{"taxonomy":"product_cat","embeddable":true,"href":"https:\/\/www.domtechnikpro.com\/index.php\/wp-json\/wp\/v2\/product_cat?post=40117"},{"taxonomy":"product_tag","embeddable":true,"href":"https:\/\/www.domtechnikpro.com\/index.php\/wp-json\/wp\/v2\/product_tag?post=40117"}],"curies":[{"name":"wp","href":"https:\/\/api.w.org\/{rel}","templated":true}]}}