{"id":39938,"date":"2026-04-26T08:58:41","date_gmt":"2026-04-26T08:58:41","guid":{"rendered":""},"modified":"2026-04-26T08:58:41","modified_gmt":"2026-04-26T08:58:41","slug":"spokar-r-vanicka-lakovaci-s-7-cm-finalni-vyprodej-39938","status":"publish","type":"product","link":"https:\/\/www.domtechnikpro.com\/index.php\/produkt\/spokar-r-vanicka-lakovaci-s-7-cm-finalni-vyprodej-39938\/","title":{"rendered":"SPOKAR\u00ae Vani\u010dka lakovac\u00ed, \u0161. 7 cm Fin\u00e1ln\u00ed V\u00fdprodej"},"content":{"rendered":"<div class=\"basic-description\">\n<h3>Detailn\u00ed popis produktu<\/h3>\n<ul>\n<li><span style=\"font-size: 12pt; font-family: inherit;\"><strong>Lakovac\u00ed vana pro mini v\u00e1le\u010dky, s vroubkov\u00e1n\u00edm k ot\u0159en\u00ed p\u0159ebyte\u010dn\u00e9 barvy. <\/strong><\/span><\/li>\n<\/ul>\n<div><span style=\"font-size: 12pt; font-family: inherit;\"><strong>Materi\u00e1l: <span class=\"show-tooltip\" title=\"Plastyn\u011bkdy tak\u00e9 naz\u00fdvan\u00e9 plastick\u00e9 \u010di um\u011bl\u00e9 hmoty, p\u0159edstavuj\u00ed \u0161irokou \u0161k\u00e1lu syntetick\u00fdch nebo \u010d\u00e1ste\u010dn\u011b syntetick\u00fdch organick\u00fdch slou\u010denin a polymern\u00edch materi\u00e1l\u016f. \u010casto obsahuj\u00ed p\u0159\u00edsady zlep\u0161uj\u00edc\u00ed jejich funk\u010dn\u00ed vlastnosti, nap\u0159\u00edklad&amp;hellip;\">plast<\/span> <\/strong><\/span><\/div>\n<div><span style=\"font-size: 12pt; font-family: inherit;\"><strong>\u0160\u00ed\u0159ka: 7 cm<\/strong><\/span><\/div>\n<\/p><\/div>\n","protected":false},"excerpt":{"rendered":"<p>Detailn\u00ed popis produktu Lakovac\u00ed vana pro mini v\u00e1le\u010dky, s vroubkov\u00e1n\u00edm k ot\u0159en\u00ed p\u0159ebyte\u010dn\u00e9 barvy. Materi\u00e1l: plast \u0160\u00ed\u0159ka: 7 cm<\/p>\n","protected":false},"featured_media":40038,"comment_status":"open","ping_status":"open","template":"","meta":[],"product_brand":[],"product_cat":[133],"product_tag":[],"class_list":{"0":"post-39938","1":"product","2":"type-product","3":"status-publish","4":"has-post-thumbnail","6":"product_cat-barvy-amp-laky","8":"first","9":"instock","10":"sale","11":"shipping-taxable","12":"purchasable","13":"product-type-simple"},"yoast_head":"<!-- This site is optimized with the Yoast SEO plugin v26.8 - https:\/\/yoast.com\/product\/yoast-seo-wordpress\/ -->\n<title>SPOKAR\u00ae Vani\u010dka lakovac\u00ed, \u0161. 7 cm Fin\u00e1ln\u00ed V\u00fdprodej -<\/title>\n<meta name=\"robots\" content=\"index, follow, max-snippet:-1, max-image-preview:large, max-video-preview:-1\" \/>\n<link rel=\"canonical\" href=\"https:\/\/www.domtechnikpro.com\/index.php\/produkt\/spokar-r-vanicka-lakovaci-s-7-cm-finalni-vyprodej-39938\/\" \/>\n<meta property=\"og:locale\" content=\"cs_CZ\" \/>\n<meta property=\"og:type\" content=\"article\" \/>\n<meta property=\"og:title\" content=\"SPOKAR\u00ae Vani\u010dka lakovac\u00ed, \u0161. 7 cm Fin\u00e1ln\u00ed V\u00fdprodej -\" \/>\n<meta property=\"og:description\" content=\"Detailn\u00ed popis produktu Lakovac\u00ed vana pro mini v\u00e1le\u010dky, s vroubkov\u00e1n\u00edm k ot\u0159en\u00ed p\u0159ebyte\u010dn\u00e9 barvy. Materi\u00e1l: plast \u0160\u00ed\u0159ka: 7 cm\" \/>\n<meta property=\"og:url\" content=\"https:\/\/www.domtechnikpro.com\/index.php\/produkt\/spokar-r-vanicka-lakovaci-s-7-cm-finalni-vyprodej-39938\/\" \/>\n<meta property=\"og:image\" content=\"https:\/\/www.domtechnikpro.com\/wp-content\/uploads\/2026\/SK0001457-CZ20260425-092522-0-1777080324-44705_lakovaci-vana-70mm-spokar.webp\" \/>\n\t<meta property=\"og:image:width\" content=\"1000\" \/>\n\t<meta property=\"og:image:height\" content=\"750\" \/>\n\t<meta property=\"og:image:type\" content=\"image\/webp\" \/>\n<meta name=\"twitter:card\" content=\"summary_large_image\" \/>\n<script type=\"application\/ld+json\" class=\"yoast-schema-graph\">{\"@context\":\"https:\/\/schema.org\",\"@graph\":[{\"@type\":\"WebPage\",\"@id\":\"https:\/\/www.domtechnikpro.com\/index.php\/produkt\/spokar-r-vanicka-lakovaci-s-7-cm-finalni-vyprodej-39938\/\",\"url\":\"https:\/\/www.domtechnikpro.com\/index.php\/produkt\/spokar-r-vanicka-lakovaci-s-7-cm-finalni-vyprodej-39938\/\",\"name\":\"SPOKAR\u00ae Vani\u010dka lakovac\u00ed, \u0161. 7 cm Fin\u00e1ln\u00ed V\u00fdprodej -\",\"isPartOf\":{\"@id\":\"https:\/\/www.domtechnikpro.com\/#website\"},\"primaryImageOfPage\":{\"@id\":\"https:\/\/www.domtechnikpro.com\/index.php\/produkt\/spokar-r-vanicka-lakovaci-s-7-cm-finalni-vyprodej-39938\/#primaryimage\"},\"image\":{\"@id\":\"https:\/\/www.domtechnikpro.com\/index.php\/produkt\/spokar-r-vanicka-lakovaci-s-7-cm-finalni-vyprodej-39938\/#primaryimage\"},\"thumbnailUrl\":\"https:\/\/www.domtechnikpro.com\/wp-content\/uploads\/2026\/SK0001457-CZ20260425-092522-0-1777080324-44705_lakovaci-vana-70mm-spokar.webp\",\"datePublished\":\"2026-04-26T08:58:41+00:00\",\"breadcrumb\":{\"@id\":\"https:\/\/www.domtechnikpro.com\/index.php\/produkt\/spokar-r-vanicka-lakovaci-s-7-cm-finalni-vyprodej-39938\/#breadcrumb\"},\"inLanguage\":\"cs\",\"potentialAction\":[{\"@type\":\"ReadAction\",\"target\":[\"https:\/\/www.domtechnikpro.com\/index.php\/produkt\/spokar-r-vanicka-lakovaci-s-7-cm-finalni-vyprodej-39938\/\"]}]},{\"@type\":\"ImageObject\",\"inLanguage\":\"cs\",\"@id\":\"https:\/\/www.domtechnikpro.com\/index.php\/produkt\/spokar-r-vanicka-lakovaci-s-7-cm-finalni-vyprodej-39938\/#primaryimage\",\"url\":\"https:\/\/www.domtechnikpro.com\/wp-content\/uploads\/2026\/SK0001457-CZ20260425-092522-0-1777080324-44705_lakovaci-vana-70mm-spokar.webp\",\"contentUrl\":\"https:\/\/www.domtechnikpro.com\/wp-content\/uploads\/2026\/SK0001457-CZ20260425-092522-0-1777080324-44705_lakovaci-vana-70mm-spokar.webp\",\"width\":1000,\"height\":750},{\"@type\":\"BreadcrumbList\",\"@id\":\"https:\/\/www.domtechnikpro.com\/index.php\/produkt\/spokar-r-vanicka-lakovaci-s-7-cm-finalni-vyprodej-39938\/#breadcrumb\",\"itemListElement\":[{\"@type\":\"ListItem\",\"position\":1,\"name\":\"Home\",\"item\":\"https:\/\/www.domtechnikpro.com\/\"},{\"@type\":\"ListItem\",\"position\":2,\"name\":\"Products\",\"item\":\"https:\/\/www.domtechnikpro.com\/index.php\/products\/\"},{\"@type\":\"ListItem\",\"position\":3,\"name\":\"SPOKAR\u00ae Vani\u010dka lakovac\u00ed, \u0161. 7 cm Fin\u00e1ln\u00ed V\u00fdprodej\"}]},{\"@type\":\"WebSite\",\"@id\":\"https:\/\/www.domtechnikpro.com\/#website\",\"url\":\"https:\/\/www.domtechnikpro.com\/\",\"name\":\"\",\"description\":\"\",\"potentialAction\":[{\"@type\":\"SearchAction\",\"target\":{\"@type\":\"EntryPoint\",\"urlTemplate\":\"https:\/\/www.domtechnikpro.com\/?s={search_term_string}\"},\"query-input\":{\"@type\":\"PropertyValueSpecification\",\"valueRequired\":true,\"valueName\":\"search_term_string\"}}],\"inLanguage\":\"cs\"}]}<\/script>\n<!-- \/ Yoast SEO plugin. -->","yoast_head_json":{"title":"SPOKAR\u00ae Vani\u010dka lakovac\u00ed, \u0161. 7 cm Fin\u00e1ln\u00ed V\u00fdprodej -","robots":{"index":"index","follow":"follow","max-snippet":"max-snippet:-1","max-image-preview":"max-image-preview:large","max-video-preview":"max-video-preview:-1"},"canonical":"https:\/\/www.domtechnikpro.com\/index.php\/produkt\/spokar-r-vanicka-lakovaci-s-7-cm-finalni-vyprodej-39938\/","og_locale":"cs_CZ","og_type":"article","og_title":"SPOKAR\u00ae Vani\u010dka lakovac\u00ed, \u0161. 7 cm Fin\u00e1ln\u00ed V\u00fdprodej -","og_description":"Detailn\u00ed popis produktu Lakovac\u00ed vana pro mini v\u00e1le\u010dky, s vroubkov\u00e1n\u00edm k ot\u0159en\u00ed p\u0159ebyte\u010dn\u00e9 barvy. Materi\u00e1l: plast \u0160\u00ed\u0159ka: 7 cm","og_url":"https:\/\/www.domtechnikpro.com\/index.php\/produkt\/spokar-r-vanicka-lakovaci-s-7-cm-finalni-vyprodej-39938\/","og_image":[{"width":1000,"height":750,"url":"https:\/\/www.domtechnikpro.com\/wp-content\/uploads\/2026\/SK0001457-CZ20260425-092522-0-1777080324-44705_lakovaci-vana-70mm-spokar.webp","type":"image\/webp"}],"twitter_card":"summary_large_image","schema":{"@context":"https:\/\/schema.org","@graph":[{"@type":"WebPage","@id":"https:\/\/www.domtechnikpro.com\/index.php\/produkt\/spokar-r-vanicka-lakovaci-s-7-cm-finalni-vyprodej-39938\/","url":"https:\/\/www.domtechnikpro.com\/index.php\/produkt\/spokar-r-vanicka-lakovaci-s-7-cm-finalni-vyprodej-39938\/","name":"SPOKAR\u00ae Vani\u010dka lakovac\u00ed, \u0161. 7 cm Fin\u00e1ln\u00ed V\u00fdprodej -","isPartOf":{"@id":"https:\/\/www.domtechnikpro.com\/#website"},"primaryImageOfPage":{"@id":"https:\/\/www.domtechnikpro.com\/index.php\/produkt\/spokar-r-vanicka-lakovaci-s-7-cm-finalni-vyprodej-39938\/#primaryimage"},"image":{"@id":"https:\/\/www.domtechnikpro.com\/index.php\/produkt\/spokar-r-vanicka-lakovaci-s-7-cm-finalni-vyprodej-39938\/#primaryimage"},"thumbnailUrl":"https:\/\/www.domtechnikpro.com\/wp-content\/uploads\/2026\/SK0001457-CZ20260425-092522-0-1777080324-44705_lakovaci-vana-70mm-spokar.webp","datePublished":"2026-04-26T08:58:41+00:00","breadcrumb":{"@id":"https:\/\/www.domtechnikpro.com\/index.php\/produkt\/spokar-r-vanicka-lakovaci-s-7-cm-finalni-vyprodej-39938\/#breadcrumb"},"inLanguage":"cs","potentialAction":[{"@type":"ReadAction","target":["https:\/\/www.domtechnikpro.com\/index.php\/produkt\/spokar-r-vanicka-lakovaci-s-7-cm-finalni-vyprodej-39938\/"]}]},{"@type":"ImageObject","inLanguage":"cs","@id":"https:\/\/www.domtechnikpro.com\/index.php\/produkt\/spokar-r-vanicka-lakovaci-s-7-cm-finalni-vyprodej-39938\/#primaryimage","url":"https:\/\/www.domtechnikpro.com\/wp-content\/uploads\/2026\/SK0001457-CZ20260425-092522-0-1777080324-44705_lakovaci-vana-70mm-spokar.webp","contentUrl":"https:\/\/www.domtechnikpro.com\/wp-content\/uploads\/2026\/SK0001457-CZ20260425-092522-0-1777080324-44705_lakovaci-vana-70mm-spokar.webp","width":1000,"height":750},{"@type":"BreadcrumbList","@id":"https:\/\/www.domtechnikpro.com\/index.php\/produkt\/spokar-r-vanicka-lakovaci-s-7-cm-finalni-vyprodej-39938\/#breadcrumb","itemListElement":[{"@type":"ListItem","position":1,"name":"Home","item":"https:\/\/www.domtechnikpro.com\/"},{"@type":"ListItem","position":2,"name":"Products","item":"https:\/\/www.domtechnikpro.com\/index.php\/products\/"},{"@type":"ListItem","position":3,"name":"SPOKAR\u00ae Vani\u010dka lakovac\u00ed, \u0161. 7 cm Fin\u00e1ln\u00ed V\u00fdprodej"}]},{"@type":"WebSite","@id":"https:\/\/www.domtechnikpro.com\/#website","url":"https:\/\/www.domtechnikpro.com\/","name":"","description":"","potentialAction":[{"@type":"SearchAction","target":{"@type":"EntryPoint","urlTemplate":"https:\/\/www.domtechnikpro.com\/?s={search_term_string}"},"query-input":{"@type":"PropertyValueSpecification","valueRequired":true,"valueName":"search_term_string"}}],"inLanguage":"cs"}]}},"_links":{"self":[{"href":"https:\/\/www.domtechnikpro.com\/index.php\/wp-json\/wp\/v2\/product\/39938","targetHints":{"allow":["GET"]}}],"collection":[{"href":"https:\/\/www.domtechnikpro.com\/index.php\/wp-json\/wp\/v2\/product"}],"about":[{"href":"https:\/\/www.domtechnikpro.com\/index.php\/wp-json\/wp\/v2\/types\/product"}],"replies":[{"embeddable":true,"href":"https:\/\/www.domtechnikpro.com\/index.php\/wp-json\/wp\/v2\/comments?post=39938"}],"wp:featuredmedia":[{"embeddable":true,"href":"https:\/\/www.domtechnikpro.com\/index.php\/wp-json\/wp\/v2\/media\/40038"}],"wp:attachment":[{"href":"https:\/\/www.domtechnikpro.com\/index.php\/wp-json\/wp\/v2\/media?parent=39938"}],"wp:term":[{"taxonomy":"product_brand","embeddable":true,"href":"https:\/\/www.domtechnikpro.com\/index.php\/wp-json\/wp\/v2\/product_brand?post=39938"},{"taxonomy":"product_cat","embeddable":true,"href":"https:\/\/www.domtechnikpro.com\/index.php\/wp-json\/wp\/v2\/product_cat?post=39938"},{"taxonomy":"product_tag","embeddable":true,"href":"https:\/\/www.domtechnikpro.com\/index.php\/wp-json\/wp\/v2\/product_tag?post=39938"}],"curies":[{"name":"wp","href":"https:\/\/api.w.org\/{rel}","templated":true}]}}

SPOKAR® Vanička lakovací, š. 7 cm Finální Výprodej

<div class="basic-description">
<h3>Detailní popis produktu</h3>
<ul>
<li><span style="font-size: 12pt; font-family: inherit;"><strong>Lakovací vana pro mini válečky, s vroubkováním k otření přebytečné barvy. </strong></span></li>
</ul>
<div><span style="font-size: 12pt; font-family: inherit;"><strong>Materiál: <span class="show-tooltip" title="Plastyněkdy také nazývané plastické či umělé hmoty, představují širokou škálu syntetických nebo částečně syntetických organických sloučenin a polymerních materiálů. Často obsahují přísady zlepšující jejich funkční vlastnosti, například&amp;hellip;">plast</span> </strong></span></div>
<div><span style="font-size: 12pt; font-family: inherit;"><strong>Šířka: 7 cm</strong></span></div>
</p></div>

<p>Detailní popis produktu Lakovací vana pro mini válečky, s vroubkováním k otření přebytečné barvy. Materiál: plast Šířka: 7 cm</p>

<!-- This site is optimized with the Yoast SEO plugin v26.8 - https://yoast.com/product/yoast-seo-wordpress/ -->
<title>SPOKAR® Vanička lakovací, š. 7 cm Finální Výprodej -</title>
<meta name="robots" content="index, follow, max-snippet:-1, max-image-preview:large, max-video-preview:-1" />
<link rel="canonical" href="https://www.domtechnikpro.com/index.php/produkt/spokar-r-vanicka-lakovaci-s-7-cm-finalni-vyprodej-39938/" />
<meta property="og:locale" content="cs_CZ" />
<meta property="og:type" content="article" />
<meta property="og:title" content="SPOKAR® Vanička lakovací, š. 7 cm Finální Výprodej -" />
<meta property="og:description" content="Detailní popis produktu Lakovací vana pro mini válečky, s vroubkováním k otření přebytečné barvy. Materiál: plast Šířka: 7 cm" />
<meta property="og:url" content="https://www.domtechnikpro.com/index.php/produkt/spokar-r-vanicka-lakovaci-s-7-cm-finalni-vyprodej-39938/" />
<meta property="og:image" content="https://www.domtechnikpro.com/wp-content/uploads/2026/SK0001457-CZ20260425-092522-0-1777080324-44705_lakovaci-vana-70mm-spokar.webp" />
	<meta property="og:image:width" content="1000" />
	<meta property="og:image:height" content="750" />
	<meta property="og:image:type" content="image/webp" />
<meta name="twitter:card" content="summary_large_image" />
<script type="application/ld+json" class="yoast-schema-graph">{"@context":"https://schema.org","@graph":[{"@type":"WebPage","@id":"https://www.domtechnikpro.com/index.php/produkt/spokar-r-vanicka-lakovaci-s-7-cm-finalni-vyprodej-39938/","url":"https://www.domtechnikpro.com/index.php/produkt/spokar-r-vanicka-lakovaci-s-7-cm-finalni-vyprodej-39938/","name":"SPOKAR® Vanička lakovací, š. 7 cm Finální Výprodej -","isPartOf":{"@id":"https://www.domtechnikpro.com/#website"},"primaryImageOfPage":{"@id":"https://www.domtechnikpro.com/index.php/produkt/spokar-r-vanicka-lakovaci-s-7-cm-finalni-vyprodej-39938/#primaryimage"},"image":{"@id":"https://www.domtechnikpro.com/index.php/produkt/spokar-r-vanicka-lakovaci-s-7-cm-finalni-vyprodej-39938/#primaryimage"},"thumbnailUrl":"https://www.domtechnikpro.com/wp-content/uploads/2026/SK0001457-CZ20260425-092522-0-1777080324-44705_lakovaci-vana-70mm-spokar.webp","datePublished":"2026-04-26T08:58:41+00:00","breadcrumb":{"@id":"https://www.domtechnikpro.com/index.php/produkt/spokar-r-vanicka-lakovaci-s-7-cm-finalni-vyprodej-39938/#breadcrumb"},"inLanguage":"cs","potentialAction":[{"@type":"ReadAction","target":["https://www.domtechnikpro.com/index.php/produkt/spokar-r-vanicka-lakovaci-s-7-cm-finalni-vyprodej-39938/"]}]},{"@type":"ImageObject","inLanguage":"cs","@id":"https://www.domtechnikpro.com/index.php/produkt/spokar-r-vanicka-lakovaci-s-7-cm-finalni-vyprodej-39938/#primaryimage","url":"https://www.domtechnikpro.com/wp-content/uploads/2026/SK0001457-CZ20260425-092522-0-1777080324-44705_lakovaci-vana-70mm-spokar.webp","contentUrl":"https://www.domtechnikpro.com/wp-content/uploads/2026/SK0001457-CZ20260425-092522-0-1777080324-44705_lakovaci-vana-70mm-spokar.webp","width":1000,"height":750},{"@type":"BreadcrumbList","@id":"https://www.domtechnikpro.com/index.php/produkt/spokar-r-vanicka-lakovaci-s-7-cm-finalni-vyprodej-39938/#breadcrumb","itemListElement":[{"@type":"ListItem","position":1,"name":"Home","item":"https://www.domtechnikpro.com/"},{"@type":"ListItem","position":2,"name":"Products","item":"https://www.domtechnikpro.com/index.php/products/"},{"@type":"ListItem","position":3,"name":"SPOKAR® Vanička lakovací, š. 7 cm Finální Výprodej"}]},{"@type":"WebSite","@id":"https://www.domtechnikpro.com/#website","url":"https://www.domtechnikpro.com/","name":"","description":"","potentialAction":[{"@type":"SearchAction","target":{"@type":"EntryPoint","urlTemplate":"https://www.domtechnikpro.com/?s={search_term_string}"},"query-input":{"@type":"PropertyValueSpecification","valueRequired":true,"valueName":"search_term_string"}}],"inLanguage":"cs"}]}</script>
<!-- / Yoast SEO plugin. -->

SPOKAR® Vanička lakovací, š. 7 cm Finální Výprodej -

Detailní popis produktu Lakovací vana pro mini válečky, s vroubkováním k otření přebytečné barvy. Materiál: plast Šířka: 7 cm
