{"id":39928,"date":"2026-04-26T08:58:41","date_gmt":"2026-04-26T08:58:41","guid":{"rendered":""},"modified":"2026-04-26T08:58:41","modified_gmt":"2026-04-26T08:58:41","slug":"autenticky-sada-lakyrnicka-valecek-moltopren-mini-10-cm-drzadlo-vana-39928","status":"publish","type":"product","link":"https:\/\/www.domtechnikpro.com\/index.php\/produkt\/autenticky-sada-lakyrnicka-valecek-moltopren-mini-10-cm-drzadlo-vana-39928\/","title":{"rendered":"Autentick\u00fd Sada lak\u00fdrnick\u00e1 v\u00e1le\u010dek MOLTOPREN MINI 10 cm, dr\u017eadlo, vana"},"content":{"rendered":"<div class=\"basic-description\">\n<h3>Detailn\u00ed popis produktu<\/h3>\n<p>&nbsp;<\/p>\n<table style=\"width: 850px;\">\n<tbody>\n<tr>\n<td style=\"width: 588.578px;\">\n<h2><span style=\"font-size: 20pt; color: #17353d;\"><strong>SPOKAR\u00ae&nbsp;6704500200<\/strong><\/span><\/h2>\n<h2><span style=\"color: #17353d;\"><strong>Sada lak\u00fdrnick\u00e1 \u00b7 <span class=\"show-tooltip\" title=\"V\u00e1lec je dal\u0161\u00edm geometrick\u00fdm \u00fatvarem ve t\u0159\u00edrozm\u011brn\u00e9m prostoru. Je to t\u011bleso, kter\u00e9 m\u00e1 dv\u011b kruhov\u00e9 podstavy, kter\u00e9 jsou rovnob\u011b\u017en\u00e9 a stejn\u011b velk\u00e9, a mezi nimi je pl\u00e1\u0161\u0165, kter\u00fd je tvo\u0159en rovinn\u00fdmi plochami (obvykle obd\u00e9ln\u00edky nebo \u010dtverce).&amp;hellip;\">v\u00e1le\u010dek<\/span> MOLTOPREN MINI 10 cm \u00b7 dr\u017eadlo \u00b7 vana<\/strong><\/span><\/h2>\n<\/td>\n<td style=\"width: 120.422px;\"><\/td>\n<td style=\"width: 139px;\"><\/td>\n<\/tr>\n<tr>\n<td colspan=\"3\" style=\"width: 848px;\">\n<hr \/>\n<div><span style=\"font-size: 12pt; font-family: Nunito, sans-serif;\"><strong>Pot\u0159ebujete zvl\u00e1dnout men\u0161\u00ed mal\u00ed\u0159sk\u00e9 \u00fakoly rychle a bez probl\u00e9m\u016f? Kompletn\u00ed sada Moltopren MINI v\u00e1m dod\u00e1 v\u0161e pot\u0159ebn\u00e9 na jednom m\u00edst\u011b &#8211; kvalitn\u00ed 10 cm v\u00e1le\u010dek, ergonomickou rukoje\u0165 i praktickou vani\u010dku. Skv\u011ble se hod\u00ed na <span class=\"show-tooltip\" title=\"Voda,&amp;nbsp;chemick\u00fdm vzorcem&amp;nbsp;H2O,&amp;nbsp;systematick\u00fd n\u00e1zev&amp;nbsp;oxidan, je&amp;nbsp;chemick\u00e1 slou\u010denina&amp;nbsp;vod\u00edku&amp;nbsp;a&amp;nbsp;kysl\u00edku. Spolu se&amp;nbsp;vzduchem, resp.&amp;nbsp;zemskou atmosf\u00e9rou, tvo\u0159\u00ed z\u00e1kladn\u00ed podm\u00ednky pro&amp;hellip;\">vodou<\/span> \u0159editeln\u00e9 barvy, <span class=\"show-tooltip\" title=\"Lak je povlak nebo n\u00e1t\u011br, kter\u00fd se nan\u00e1\u0161\u00ed na povrchy s c\u00edlem zv\u00fd\u0161it jejich odolnost, estetick\u00fd vzhled nebo ochranu. Existuje mnoho r\u016fzn\u00fdch typ\u016f lak\u016f, z nich\u017e ka\u017ed\u00fd je ur\u010den pro specifick\u00e9 pou\u017eit\u00ed a materi\u00e1ly:Vodou \u0159editeln\u00fd lak: Typ&amp;hellip;\">laky<\/span>, dokon\u010dovac\u00ed \u00fapravy a pr\u00e1ci v obt\u00ed\u017en\u011b dosa\u017eiteln\u00fdch koutech, kde z\u00e1le\u017e\u00ed na bezchybn\u00e9m v\u00fdsledku.<\/strong><\/span><\/div>\n<div>\n<hr \/>\n<\/div>\n<\/td>\n<\/tr>\n<\/tbody>\n<\/table>\n<table style=\"width: 850px;\">\n<tbody>\n<tr>\n<td>\n<h3 class=\"whitespace-normal break-words\"><span style=\"color: #17353d; font-family: Nunito, sans-serif;\"><strong>Hlavn\u00ed p\u0159ednosti<\/strong><\/span><\/h3>\n<div><span style=\"font-family: Nunito, sans-serif;\"><strong>Kompletn\u00ed set<\/strong> \u2013 v\u00e1le\u010dek, dr\u017e\u00e1k i vani\u010dka p\u0159ipraven\u00e9 ihned do akce<\/span><\/div>\n<div><span style=\"font-family: Nunito, sans-serif;\"><strong>Hedv\u00e1bn\u011b hladk\u00e1 struktura<\/strong> \u2013 moltopren vytvo\u0159\u00ed luxusn\u00ed fin\u00e1ln\u00ed povrch bez stop<\/span><\/div>\n<div><span style=\"font-family: Nunito, sans-serif;\"><strong>Kompaktn\u00ed a praktick\u00fd<\/strong> \u2013 vynikaj\u00edc\u00ed volba pro opravn\u00e9 z\u00e1sahy \u010di kreativn\u00ed projekty<\/span><\/div>\n<div><span style=\"font-family: Nunito, sans-serif;\"><strong>\u0160irok\u00e9 uplatn\u011bn\u00ed<\/strong> \u2013 funguje s akvarel\u00e1rsk\u00fdmi barvami, kr\u00e1tkodob\u011b i se syntetick\u00fdmi n\u00e1t\u011bry<\/span><\/div>\n<div><span style=\"font-family: Nunito, sans-serif;\"><strong>Snadn\u00e1 obsluha a \u00fadr\u017eba<\/strong> \u2013 efektivn\u00ed \u0159e\u0161en\u00ed pro nen\u00e1ro\u010dn\u00e9 aplikace<\/span><\/div>\n<div>\n<hr \/>\n<\/div>\n<h3 class=\"whitespace-normal break-words\"><span style=\"color: #17353d; font-family: Nunito, sans-serif;\"><strong>Praktick\u00e9 rady pro pou\u017eit\u00ed<\/strong><\/span><\/h3>\n<div><span style=\"font-family: Nunito, sans-serif;\">\u2022<strong> Nejefektivn\u011bj\u0161\u00ed je v\u00e1le\u010dek s<\/strong> <strong>vodou \u0159editeln\u00fdmi n\u00e1t\u011brov\u00fdmi syst\u00e9my<\/strong>, s omezenou \u017eivotnost\u00ed zvl\u00e1dne i syntetiku.<\/span><\/div>\n<div>&nbsp;<\/div>\n<div><span style=\"font-family: Nunito, sans-serif;\">\u2022 <strong>Na men\u0161\u00ed plochy nan\u00e1\u0161ejte materi\u00e1l v jemn\u00fdch tenk\u00fdch vrstv\u00e1ch<\/strong> &#8211; dos\u00e1hnete dokonale vyhlazen\u00e9 textury<\/span><\/div>\n<div>\n<hr \/>\n<p><span style=\"font-family: Nunito, sans-serif;\"><\/span><\/div>\n<h3 class=\"whitespace-normal break-words\"><span style=\"color: #17353d; font-family: Nunito, sans-serif;\"><b>Jak sadu udr\u017eovat a uskladnit<\/b><\/span><\/h3>\n<div>\n<div><span style=\"font-family: Nunito, sans-serif;\">\u2022 <strong>V\u00e1le\u010dek po dokon\u010den\u00ed pr\u00e1ce d\u016fkladn\u011b propl\u00e1chn\u011bte<\/strong> vla\u017enou vodou, <span class=\"show-tooltip\" title=\"&quot;Syntetick\u00fd&quot; je term\u00edn pou\u017e\u00edvan\u00fd k popisu n\u011b\u010deho, co bylo vyrobeno nebo vytvo\u0159eno \u010dlov\u011bkem, na rozd\u00edl od p\u0159\u00edrodn\u00edho p\u016fvodu. V kontextu materi\u00e1l\u016f, vl\u00e1ken, l\u00e1tek nebo chemick\u00fdch slou\u010denin, slovo &quot;syntetick\u00fd&quot; ozna\u010duje um\u011ble vytvo\u0159en\u00e9 nebo vyroben\u00e9 v\u011bci,&amp;hellip;\">syntetick\u00e9<\/span> barvy vhodn\u00fdm \u0159edidlem &#8211; prodlou\u017e\u00edte mu \u017eivotnost.<\/span><\/div>\n<div><span style=\"font-family: Nunito, sans-serif;\">\u2022 <strong>Vyhn\u011bte se agresivn\u00edm <span class=\"show-tooltip\" title=\"Rozpou\u0161t\u011bdlo je l\u00e1tka, obvykle kapalina, schopn\u00e1 rozpou\u0161t\u011bt nebo dispergovat jinou l\u00e1tku, kter\u00e1 se naz\u00fdv\u00e1 rozpou\u0161t\u011bn\u00e1 l\u00e1tka. Tento proces je zn\u00e1m\u00fd jako rozpou\u0161t\u011bn\u00ed. Rozpou\u0161t\u011bdla jsou \u010dasto pou\u017e\u00edv\u00e1na v chemii, pr\u016fmyslu, lakovn\u00e1ch, farmacii a dal\u0161\u00edch&amp;hellip;\">rozpou\u0161t\u011bdl\u016fm<\/span><\/strong>, kter\u00e9 by mohly po\u0161kodit p\u011bnovou strukturu moltoprenu (<span class=\"show-tooltip\" title=\"Aceton&amp;nbsp;(chemick\u00fd vzorec&amp;nbsp;C3H6O) je&amp;nbsp;trivi\u00e1ln\u00ed pojmenov\u00e1n\u00ed&amp;nbsp;pro&amp;nbsp;propan-2-on&amp;nbsp;nebo t\u00e9\u017e&amp;nbsp;dimethylketon. Charakteristickou&amp;nbsp;skupinou&amp;nbsp;je&amp;nbsp;karbonyl. Aceton je bezbarv\u00e1&amp;nbsp;kapalina&amp;nbsp;specifick\u00e9ho z\u00e1pachu,&amp;hellip;\">aceton<\/span>, \u0159edidla nitrocelul\u00f3zov\u00e1 a na polyuretany)<\/span><\/div>\n<div><span style=\"font-family: Nunito, sans-serif;\"><\/span><span style=\"font-family: Nunito, sans-serif;\">\u2022 <strong>Uchov\u00e1vejte na such\u00e9m m\u00edst\u011b, chr\u00e1n\u011bn\u00e9 p\u0159ed p\u0159\u00edm\u00fdm <span class=\"show-tooltip\" title=\"Slunce je centr\u00e1ln\u00ed hv\u011bzda slune\u010dn\u00ed soustavy, kter\u00e1 poskytuje energii prost\u0159ednictv\u00edm jadern\u00fdch reakc\u00ed termojadern\u00e9 f\u00faze. Jeho vlastnosti, velikost, st\u00e1\u0159\u00ed a v\u00fdznam jsou kl\u00ed\u010dov\u00e9 pro ch\u00e1p\u00e1n\u00ed \u017eivota na Zemi a v na\u0161\u00ed slune\u010dn\u00ed soustav\u011b.&amp;nbsp;Slunce je&amp;hellip;\">slune\u010dn\u00edm<\/span> z\u00e1\u0159en\u00edm.<\/strong><\/span><\/div>\n<\/div>\n<div>\n<hr \/>\n<\/div>\n<h4 class=\"whitespace-normal break-words\"><span style=\"font-family: Nunito, sans-serif; color: #17353d;\"><strong><span class=\"show-tooltip\" title=\"&amp;nbsp;Obsah je fyzik\u00e1ln\u00ed veli\u010dina, kter\u00e1 vyjad\u0159uje plochu n\u011bjak\u00e9ho geometrick\u00e9ho tvaru. Obsah se zpravidla m\u011b\u0159\u00ed v \u010dtvere\u010dn\u00fdch jednotk\u00e1ch, nap\u0159\u00edklad \u010dtvere\u010dn\u00fdch metrech (m\u00b2) nebo \u010dtvere\u010dn\u00fdch centimetrech (cm\u00b2).Zde jsou vzorce pro v\u00fdpo\u010det&amp;hellip;\">Obsah<\/span> balen\u00ed<\/strong><\/span><\/h4>\n<div><span style=\"font-family: Nunito, sans-serif;\">1\u00d7 moltoprenov\u00fd v\u00e1le\u010dek 10 cm<\/span><\/div>\n<div><span style=\"font-family: Nunito, sans-serif;\">1\u00d7 dr\u017eadlo 28 cm s <span class=\"show-tooltip\" title=\"Plastyn\u011bkdy tak\u00e9 naz\u00fdvan\u00e9 plastick\u00e9 \u010di um\u011bl\u00e9 hmoty, p\u0159edstavuj\u00ed \u0161irokou \u0161k\u00e1lu syntetick\u00fdch nebo \u010d\u00e1ste\u010dn\u011b syntetick\u00fdch organick\u00fdch slou\u010denin a polymern\u00edch materi\u00e1l\u016f. \u010casto obsahuj\u00ed p\u0159\u00edsady zlep\u0161uj\u00edc\u00ed jejich funk\u010dn\u00ed vlastnosti, nap\u0159\u00edklad&amp;hellip;\">plastovou<\/span> rukojet\u00ed<\/span><\/div>\n<div><span style=\"font-family: Nunito, sans-serif;\">1\u00d7 plastov\u00e1 vana o \u0161\u00ed\u0159ce 11 cm<\/span><span style=\"font-family: Nunito, sans-serif;\"><\/span><\/div>\n<\/td>\n<td style=\"width: 425px; padding-left: 30px;\"><\/td>\n<\/tr>\n<\/tbody>\n<\/table>\n<table style=\"width: 850px;\">\n<tbody>\n<tr>\n<td>\n<hr \/>\n<\/td>\n<\/tr>\n<\/tbody>\n<\/table>\n<p>&nbsp;<\/p>\n<div>&nbsp;<\/div>\n<p>&nbsp;<\/p>\n<p>&nbsp;<\/p>\n<\/p><\/div>\n","protected":false},"excerpt":{"rendered":"<p>Detailn\u00ed popis produktu &nbsp; SPOKAR\u00ae&nbsp;6704500200 Sada lak\u00fdrnick\u00e1 \u00b7 v\u00e1le\u010dek MOLTOPREN MINI 10 cm \u00b7 dr\u017eadlo \u00b7 vana Pot\u0159ebujete zvl\u00e1dnout men\u0161\u00ed mal\u00ed\u0159sk\u00e9 \u00fakoly rychle a bez probl\u00e9m\u016f? Kompletn\u00ed sada Moltopren MINI v\u00e1m dod\u00e1 v\u0161e pot\u0159ebn\u00e9 na jednom m\u00edst\u011b &#8211; kvalitn\u00ed 10 cm v\u00e1le\u010dek, ergonomickou rukoje\u0165 i praktickou vani\u010dku. Skv\u011ble se hod\u00ed na vodou \u0159editeln\u00e9 barvy, laky, [&hellip;]<\/p>\n","protected":false},"featured_media":40028,"comment_status":"open","ping_status":"open","template":"","meta":[],"product_brand":[],"product_cat":[133],"product_tag":[],"class_list":{"0":"post-39928","1":"product","2":"type-product","3":"status-publish","4":"has-post-thumbnail","6":"product_cat-barvy-amp-laky","8":"first","9":"instock","10":"sale","11":"shipping-taxable","12":"purchasable","13":"product-type-simple"},"yoast_head":"<!-- This site is optimized with the Yoast SEO plugin v26.8 - https:\/\/yoast.com\/product\/yoast-seo-wordpress\/ -->\n<title>Autentick\u00fd Sada lak\u00fdrnick\u00e1 v\u00e1le\u010dek MOLTOPREN MINI 10 cm, dr\u017eadlo, vana -<\/title>\n<meta name=\"robots\" content=\"index, follow, max-snippet:-1, max-image-preview:large, max-video-preview:-1\" \/>\n<link rel=\"canonical\" href=\"https:\/\/www.domtechnikpro.com\/index.php\/produkt\/autenticky-sada-lakyrnicka-valecek-moltopren-mini-10-cm-drzadlo-vana-39928\/\" \/>\n<meta property=\"og:locale\" content=\"cs_CZ\" \/>\n<meta property=\"og:type\" content=\"article\" \/>\n<meta property=\"og:title\" content=\"Autentick\u00fd Sada lak\u00fdrnick\u00e1 v\u00e1le\u010dek MOLTOPREN MINI 10 cm, dr\u017eadlo, vana -\" \/>\n<meta property=\"og:description\" content=\"Detailn\u00ed popis produktu &nbsp; SPOKAR\u00ae&nbsp;6704500200 Sada lak\u00fdrnick\u00e1 \u00b7 v\u00e1le\u010dek MOLTOPREN MINI 10 cm \u00b7 dr\u017eadlo \u00b7 vana Pot\u0159ebujete zvl\u00e1dnout men\u0161\u00ed mal\u00ed\u0159sk\u00e9 \u00fakoly rychle a bez probl\u00e9m\u016f? Kompletn\u00ed sada Moltopren MINI v\u00e1m dod\u00e1 v\u0161e pot\u0159ebn\u00e9 na jednom m\u00edst\u011b &#8211; kvalitn\u00ed 10 cm v\u00e1le\u010dek, ergonomickou rukoje\u0165 i praktickou vani\u010dku. Skv\u011ble se hod\u00ed na vodou \u0159editeln\u00e9 barvy, laky, [&hellip;]\" \/>\n<meta property=\"og:url\" content=\"https:\/\/www.domtechnikpro.com\/index.php\/produkt\/autenticky-sada-lakyrnicka-valecek-moltopren-mini-10-cm-drzadlo-vana-39928\/\" \/>\n<meta property=\"og:image\" content=\"https:\/\/www.domtechnikpro.com\/wp-content\/uploads\/2026\/SK0001447-CZ20260425-092522-0-1777080324-44651_sada-lakyrnicka--valecek-moltopren-mini-10-cm--drzadl.webp\" \/>\n\t<meta property=\"og:image:width\" content=\"1000\" \/>\n\t<meta property=\"og:image:height\" content=\"750\" \/>\n\t<meta property=\"og:image:type\" content=\"image\/webp\" \/>\n<meta name=\"twitter:card\" content=\"summary_large_image\" \/>\n<meta name=\"twitter:label1\" content=\"Odhadovan\u00e1 doba \u010dten\u00ed\" \/>\n\t<meta name=\"twitter:data1\" content=\"2 minuty\" \/>\n<script type=\"application\/ld+json\" class=\"yoast-schema-graph\">{\"@context\":\"https:\/\/schema.org\",\"@graph\":[{\"@type\":\"WebPage\",\"@id\":\"https:\/\/www.domtechnikpro.com\/index.php\/produkt\/autenticky-sada-lakyrnicka-valecek-moltopren-mini-10-cm-drzadlo-vana-39928\/\",\"url\":\"https:\/\/www.domtechnikpro.com\/index.php\/produkt\/autenticky-sada-lakyrnicka-valecek-moltopren-mini-10-cm-drzadlo-vana-39928\/\",\"name\":\"Autentick\u00fd Sada lak\u00fdrnick\u00e1 v\u00e1le\u010dek MOLTOPREN MINI 10 cm, dr\u017eadlo, vana -\",\"isPartOf\":{\"@id\":\"https:\/\/www.domtechnikpro.com\/#website\"},\"primaryImageOfPage\":{\"@id\":\"https:\/\/www.domtechnikpro.com\/index.php\/produkt\/autenticky-sada-lakyrnicka-valecek-moltopren-mini-10-cm-drzadlo-vana-39928\/#primaryimage\"},\"image\":{\"@id\":\"https:\/\/www.domtechnikpro.com\/index.php\/produkt\/autenticky-sada-lakyrnicka-valecek-moltopren-mini-10-cm-drzadlo-vana-39928\/#primaryimage\"},\"thumbnailUrl\":\"https:\/\/www.domtechnikpro.com\/wp-content\/uploads\/2026\/SK0001447-CZ20260425-092522-0-1777080324-44651_sada-lakyrnicka--valecek-moltopren-mini-10-cm--drzadl.webp\",\"datePublished\":\"2026-04-26T08:58:41+00:00\",\"breadcrumb\":{\"@id\":\"https:\/\/www.domtechnikpro.com\/index.php\/produkt\/autenticky-sada-lakyrnicka-valecek-moltopren-mini-10-cm-drzadlo-vana-39928\/#breadcrumb\"},\"inLanguage\":\"cs\",\"potentialAction\":[{\"@type\":\"ReadAction\",\"target\":[\"https:\/\/www.domtechnikpro.com\/index.php\/produkt\/autenticky-sada-lakyrnicka-valecek-moltopren-mini-10-cm-drzadlo-vana-39928\/\"]}]},{\"@type\":\"ImageObject\",\"inLanguage\":\"cs\",\"@id\":\"https:\/\/www.domtechnikpro.com\/index.php\/produkt\/autenticky-sada-lakyrnicka-valecek-moltopren-mini-10-cm-drzadlo-vana-39928\/#primaryimage\",\"url\":\"https:\/\/www.domtechnikpro.com\/wp-content\/uploads\/2026\/SK0001447-CZ20260425-092522-0-1777080324-44651_sada-lakyrnicka--valecek-moltopren-mini-10-cm--drzadl.webp\",\"contentUrl\":\"https:\/\/www.domtechnikpro.com\/wp-content\/uploads\/2026\/SK0001447-CZ20260425-092522-0-1777080324-44651_sada-lakyrnicka--valecek-moltopren-mini-10-cm--drzadl.webp\",\"width\":1000,\"height\":750},{\"@type\":\"BreadcrumbList\",\"@id\":\"https:\/\/www.domtechnikpro.com\/index.php\/produkt\/autenticky-sada-lakyrnicka-valecek-moltopren-mini-10-cm-drzadlo-vana-39928\/#breadcrumb\",\"itemListElement\":[{\"@type\":\"ListItem\",\"position\":1,\"name\":\"Home\",\"item\":\"https:\/\/www.domtechnikpro.com\/\"},{\"@type\":\"ListItem\",\"position\":2,\"name\":\"Products\",\"item\":\"https:\/\/www.domtechnikpro.com\/index.php\/products\/\"},{\"@type\":\"ListItem\",\"position\":3,\"name\":\"Autentick\u00fd Sada lak\u00fdrnick\u00e1 v\u00e1le\u010dek MOLTOPREN MINI 10 cm, dr\u017eadlo, vana\"}]},{\"@type\":\"WebSite\",\"@id\":\"https:\/\/www.domtechnikpro.com\/#website\",\"url\":\"https:\/\/www.domtechnikpro.com\/\",\"name\":\"\",\"description\":\"\",\"potentialAction\":[{\"@type\":\"SearchAction\",\"target\":{\"@type\":\"EntryPoint\",\"urlTemplate\":\"https:\/\/www.domtechnikpro.com\/?s={search_term_string}\"},\"query-input\":{\"@type\":\"PropertyValueSpecification\",\"valueRequired\":true,\"valueName\":\"search_term_string\"}}],\"inLanguage\":\"cs\"}]}<\/script>\n<!-- \/ Yoast SEO plugin. -->","yoast_head_json":{"title":"Autentick\u00fd Sada lak\u00fdrnick\u00e1 v\u00e1le\u010dek MOLTOPREN MINI 10 cm, dr\u017eadlo, vana -","robots":{"index":"index","follow":"follow","max-snippet":"max-snippet:-1","max-image-preview":"max-image-preview:large","max-video-preview":"max-video-preview:-1"},"canonical":"https:\/\/www.domtechnikpro.com\/index.php\/produkt\/autenticky-sada-lakyrnicka-valecek-moltopren-mini-10-cm-drzadlo-vana-39928\/","og_locale":"cs_CZ","og_type":"article","og_title":"Autentick\u00fd Sada lak\u00fdrnick\u00e1 v\u00e1le\u010dek MOLTOPREN MINI 10 cm, dr\u017eadlo, vana -","og_description":"Detailn\u00ed popis produktu &nbsp; SPOKAR\u00ae&nbsp;6704500200 Sada lak\u00fdrnick\u00e1 \u00b7 v\u00e1le\u010dek MOLTOPREN MINI 10 cm \u00b7 dr\u017eadlo \u00b7 vana Pot\u0159ebujete zvl\u00e1dnout men\u0161\u00ed mal\u00ed\u0159sk\u00e9 \u00fakoly rychle a bez probl\u00e9m\u016f? Kompletn\u00ed sada Moltopren MINI v\u00e1m dod\u00e1 v\u0161e pot\u0159ebn\u00e9 na jednom m\u00edst\u011b &#8211; kvalitn\u00ed 10 cm v\u00e1le\u010dek, ergonomickou rukoje\u0165 i praktickou vani\u010dku. Skv\u011ble se hod\u00ed na vodou \u0159editeln\u00e9 barvy, laky, [&hellip;]","og_url":"https:\/\/www.domtechnikpro.com\/index.php\/produkt\/autenticky-sada-lakyrnicka-valecek-moltopren-mini-10-cm-drzadlo-vana-39928\/","og_image":[{"width":1000,"height":750,"url":"https:\/\/www.domtechnikpro.com\/wp-content\/uploads\/2026\/SK0001447-CZ20260425-092522-0-1777080324-44651_sada-lakyrnicka--valecek-moltopren-mini-10-cm--drzadl.webp","type":"image\/webp"}],"twitter_card":"summary_large_image","twitter_misc":{"Odhadovan\u00e1 doba \u010dten\u00ed":"2 minuty"},"schema":{"@context":"https:\/\/schema.org","@graph":[{"@type":"WebPage","@id":"https:\/\/www.domtechnikpro.com\/index.php\/produkt\/autenticky-sada-lakyrnicka-valecek-moltopren-mini-10-cm-drzadlo-vana-39928\/","url":"https:\/\/www.domtechnikpro.com\/index.php\/produkt\/autenticky-sada-lakyrnicka-valecek-moltopren-mini-10-cm-drzadlo-vana-39928\/","name":"Autentick\u00fd Sada lak\u00fdrnick\u00e1 v\u00e1le\u010dek MOLTOPREN MINI 10 cm, dr\u017eadlo, vana -","isPartOf":{"@id":"https:\/\/www.domtechnikpro.com\/#website"},"primaryImageOfPage":{"@id":"https:\/\/www.domtechnikpro.com\/index.php\/produkt\/autenticky-sada-lakyrnicka-valecek-moltopren-mini-10-cm-drzadlo-vana-39928\/#primaryimage"},"image":{"@id":"https:\/\/www.domtechnikpro.com\/index.php\/produkt\/autenticky-sada-lakyrnicka-valecek-moltopren-mini-10-cm-drzadlo-vana-39928\/#primaryimage"},"thumbnailUrl":"https:\/\/www.domtechnikpro.com\/wp-content\/uploads\/2026\/SK0001447-CZ20260425-092522-0-1777080324-44651_sada-lakyrnicka--valecek-moltopren-mini-10-cm--drzadl.webp","datePublished":"2026-04-26T08:58:41+00:00","breadcrumb":{"@id":"https:\/\/www.domtechnikpro.com\/index.php\/produkt\/autenticky-sada-lakyrnicka-valecek-moltopren-mini-10-cm-drzadlo-vana-39928\/#breadcrumb"},"inLanguage":"cs","potentialAction":[{"@type":"ReadAction","target":["https:\/\/www.domtechnikpro.com\/index.php\/produkt\/autenticky-sada-lakyrnicka-valecek-moltopren-mini-10-cm-drzadlo-vana-39928\/"]}]},{"@type":"ImageObject","inLanguage":"cs","@id":"https:\/\/www.domtechnikpro.com\/index.php\/produkt\/autenticky-sada-lakyrnicka-valecek-moltopren-mini-10-cm-drzadlo-vana-39928\/#primaryimage","url":"https:\/\/www.domtechnikpro.com\/wp-content\/uploads\/2026\/SK0001447-CZ20260425-092522-0-1777080324-44651_sada-lakyrnicka--valecek-moltopren-mini-10-cm--drzadl.webp","contentUrl":"https:\/\/www.domtechnikpro.com\/wp-content\/uploads\/2026\/SK0001447-CZ20260425-092522-0-1777080324-44651_sada-lakyrnicka--valecek-moltopren-mini-10-cm--drzadl.webp","width":1000,"height":750},{"@type":"BreadcrumbList","@id":"https:\/\/www.domtechnikpro.com\/index.php\/produkt\/autenticky-sada-lakyrnicka-valecek-moltopren-mini-10-cm-drzadlo-vana-39928\/#breadcrumb","itemListElement":[{"@type":"ListItem","position":1,"name":"Home","item":"https:\/\/www.domtechnikpro.com\/"},{"@type":"ListItem","position":2,"name":"Products","item":"https:\/\/www.domtechnikpro.com\/index.php\/products\/"},{"@type":"ListItem","position":3,"name":"Autentick\u00fd Sada lak\u00fdrnick\u00e1 v\u00e1le\u010dek MOLTOPREN MINI 10 cm, dr\u017eadlo, vana"}]},{"@type":"WebSite","@id":"https:\/\/www.domtechnikpro.com\/#website","url":"https:\/\/www.domtechnikpro.com\/","name":"","description":"","potentialAction":[{"@type":"SearchAction","target":{"@type":"EntryPoint","urlTemplate":"https:\/\/www.domtechnikpro.com\/?s={search_term_string}"},"query-input":{"@type":"PropertyValueSpecification","valueRequired":true,"valueName":"search_term_string"}}],"inLanguage":"cs"}]}},"_links":{"self":[{"href":"https:\/\/www.domtechnikpro.com\/index.php\/wp-json\/wp\/v2\/product\/39928","targetHints":{"allow":["GET"]}}],"collection":[{"href":"https:\/\/www.domtechnikpro.com\/index.php\/wp-json\/wp\/v2\/product"}],"about":[{"href":"https:\/\/www.domtechnikpro.com\/index.php\/wp-json\/wp\/v2\/types\/product"}],"replies":[{"embeddable":true,"href":"https:\/\/www.domtechnikpro.com\/index.php\/wp-json\/wp\/v2\/comments?post=39928"}],"wp:featuredmedia":[{"embeddable":true,"href":"https:\/\/www.domtechnikpro.com\/index.php\/wp-json\/wp\/v2\/media\/40028"}],"wp:attachment":[{"href":"https:\/\/www.domtechnikpro.com\/index.php\/wp-json\/wp\/v2\/media?parent=39928"}],"wp:term":[{"taxonomy":"product_brand","embeddable":true,"href":"https:\/\/www.domtechnikpro.com\/index.php\/wp-json\/wp\/v2\/product_brand?post=39928"},{"taxonomy":"product_cat","embeddable":true,"href":"https:\/\/www.domtechnikpro.com\/index.php\/wp-json\/wp\/v2\/product_cat?post=39928"},{"taxonomy":"product_tag","embeddable":true,"href":"https:\/\/www.domtechnikpro.com\/index.php\/wp-json\/wp\/v2\/product_tag?post=39928"}],"curies":[{"name":"wp","href":"https:\/\/api.w.org\/{rel}","templated":true}]}}