{"id":39920,"date":"2026-04-26T08:58:41","date_gmt":"2026-04-26T08:58:41","guid":{"rendered":""},"modified":"2026-04-26T08:58:41","modified_gmt":"2026-04-26T08:58:41","slug":"spokar-r-valecek-malirsky-plys-zlutozeleny-18-maxi-polyakryl-18-cm-top-prodej-39920","status":"publish","type":"product","link":"https:\/\/www.domtechnikpro.com\/index.php\/produkt\/spokar-r-valecek-malirsky-plys-zlutozeleny-18-maxi-polyakryl-18-cm-top-prodej-39920\/","title":{"rendered":"SPOKAR\u00ae V\u00e1le\u010dek mal\u00ed\u0159sk\u00fd PLY\u0160 \u017dLUTOZELEN\u00dd 18 MAXI polyakryl, 18 cm Top Prodej"},"content":{"rendered":"<div class=\"basic-description\">\n<h3>Detailn\u00ed popis produktu<\/h3>\n<ul>\n<li><span style=\"font-size: 12pt;\"><strong><span style=\"font-family: inherit;\"><span class=\"show-tooltip\" title=\"V\u00e1lec je dal\u0161\u00edm geometrick\u00fdm \u00fatvarem ve t\u0159\u00edrozm\u011brn\u00e9m prostoru. Je to t\u011bleso, kter\u00e9 m\u00e1 dv\u011b kruhov\u00e9 podstavy, kter\u00e9 jsou rovnob\u011b\u017en\u00e9 a stejn\u011b velk\u00e9, a mezi nimi je pl\u00e1\u0161\u0165, kter\u00fd je tvo\u0159en rovinn\u00fdmi plochami (obvykle obd\u00e9ln\u00edky nebo \u010dtverce).&amp;hellip;\">V\u00e1le\u010dek<\/span> ply\u0161 \u017elutozelen\u00fd <\/span><\/strong><\/span><\/li>\n<li><span style=\"font-size: 12pt;\"><strong><span style=\"font-family: inherit;\">Polyakrylov\u00fd potah. <\/span><\/strong><\/span><\/li>\n<li><span style=\"font-size: 12pt;\"><strong><span style=\"font-family: inherit;\">Potah nepou\u0161t\u00ed chlup&nbsp;a tvo\u0159\u00ed jemnozrnnou strukturu. <\/span><\/strong><\/span><\/li>\n<li><span style=\"font-size: 12pt;\"><strong><span style=\"font-family: inherit;\">Univerz\u00e1ln\u00ed v\u00e1le\u010dek pro malov\u00e1n\u00ed hladk\u00fdch a st\u0159edn\u011b hrub\u00fdch ploch.<\/span><\/strong><\/span><\/li>\n<\/ul>\n<div><span style=\"font-size: 12pt;\"><strong><span style=\"font-family: inherit;\">\u0160\u00ed\u0159ka v\u00e1le\u010dku: 18 cm <\/span><\/strong><\/span><\/div>\n<div><span style=\"font-size: 12pt;\"><strong><span style=\"font-family: inherit;\"><span class=\"show-tooltip\" title=\"Pr\u016fm\u011br kruhu a kru\u017enice je d\u00e9lka \u00fase\u010dky, kter\u00e1 proch\u00e1z\u00ed st\u0159edem kruhu a spojuje dva body na jeho obvodu. Zkr\u00e1cen\u011b se pr\u016fm\u011br kruhu ozna\u010duje symbolem &quot;d&quot;.Vztah mezi pr\u016fm\u011brem kruhu a jeho polom\u011brem &quot;r&quot; je n\u00e1sleduj\u00edc\u00ed: d = 2 * rKde &quot;d&quot; je&amp;hellip;\">Pr\u016fm\u011br<\/span> j\u00e1dra v\u00e1le\u010dku: 44 mm <\/span><\/strong><\/span><\/div>\n<div><span style=\"font-size: 12pt;\"><strong><span style=\"font-family: inherit;\"><span class=\"show-tooltip\" title=\"D\u00e9lka&amp;nbsp;je jedna ze z\u00e1kladn\u00edch&amp;nbsp;fyzik\u00e1ln\u00edch veli\u010din. Pomoc\u00ed d\u00e9lky se vyjad\u0159uje vz\u00e1jemn\u00e1 poloha a rozprostran\u011bnost objekt\u016f v prostoru. D\u00e9lka jako fyzik\u00e1ln\u00ed veli\u010dina vych\u00e1z\u00ed z geometrick\u00e9ho pojmu&amp;nbsp;d\u00e9lky&amp;nbsp;jako&amp;nbsp;m\u00edry&amp;nbsp;ohrani\u010den\u00e9&amp;hellip;\">D\u00e9lka<\/span> chlupu: 18 mm <\/span><\/strong><\/span><\/div>\n<div><span style=\"font-size: 12pt;\"><strong><span style=\"font-family: inherit;\">Tlou\u0161\u0165ka polstrov\u00e1n\u00ed: 5 mm <\/span><\/strong><\/span><\/div>\n<div><span style=\"font-size: 12pt;\"><strong><span style=\"font-family: inherit;\">Pro pr\u016fm\u011br dr\u017eadla: 8 mm&nbsp;&nbsp;<\/span><\/strong><\/span><\/div>\n<\/p><\/div>\n","protected":false},"excerpt":{"rendered":"<p>Detailn\u00ed popis produktu V\u00e1le\u010dek ply\u0161 \u017elutozelen\u00fd Polyakrylov\u00fd potah. Potah nepou\u0161t\u00ed chlup&nbsp;a tvo\u0159\u00ed jemnozrnnou strukturu. Univerz\u00e1ln\u00ed v\u00e1le\u010dek pro malov\u00e1n\u00ed hladk\u00fdch a st\u0159edn\u011b hrub\u00fdch ploch. \u0160\u00ed\u0159ka v\u00e1le\u010dku: 18 cm Pr\u016fm\u011br j\u00e1dra v\u00e1le\u010dku: 44 mm D\u00e9lka chlupu: 18 mm Tlou\u0161\u0165ka polstrov\u00e1n\u00ed: 5 mm Pro pr\u016fm\u011br dr\u017eadla: 8 mm&nbsp;&nbsp;<\/p>\n","protected":false},"featured_media":40020,"comment_status":"open","ping_status":"open","template":"","meta":[],"product_brand":[],"product_cat":[133],"product_tag":[],"class_list":{"0":"post-39920","1":"product","2":"type-product","3":"status-publish","4":"has-post-thumbnail","6":"product_cat-barvy-amp-laky","8":"first","9":"instock","10":"sale","11":"shipping-taxable","12":"purchasable","13":"product-type-simple"},"yoast_head":"<!-- This site is optimized with the Yoast SEO plugin v26.8 - https:\/\/yoast.com\/product\/yoast-seo-wordpress\/ -->\n<title>SPOKAR\u00ae V\u00e1le\u010dek mal\u00ed\u0159sk\u00fd PLY\u0160 \u017dLUTOZELEN\u00dd 18 MAXI polyakryl, 18 cm Top Prodej -<\/title>\n<meta name=\"robots\" content=\"index, follow, max-snippet:-1, max-image-preview:large, max-video-preview:-1\" \/>\n<link rel=\"canonical\" href=\"https:\/\/www.domtechnikpro.com\/index.php\/produkt\/spokar-r-valecek-malirsky-plys-zlutozeleny-18-maxi-polyakryl-18-cm-top-prodej-39920\/\" \/>\n<meta property=\"og:locale\" content=\"cs_CZ\" \/>\n<meta property=\"og:type\" content=\"article\" \/>\n<meta property=\"og:title\" content=\"SPOKAR\u00ae V\u00e1le\u010dek mal\u00ed\u0159sk\u00fd PLY\u0160 \u017dLUTOZELEN\u00dd 18 MAXI polyakryl, 18 cm Top Prodej -\" \/>\n<meta property=\"og:description\" content=\"Detailn\u00ed popis produktu V\u00e1le\u010dek ply\u0161 \u017elutozelen\u00fd Polyakrylov\u00fd potah. Potah nepou\u0161t\u00ed chlup&nbsp;a tvo\u0159\u00ed jemnozrnnou strukturu. Univerz\u00e1ln\u00ed v\u00e1le\u010dek pro malov\u00e1n\u00ed hladk\u00fdch a st\u0159edn\u011b hrub\u00fdch ploch. \u0160\u00ed\u0159ka v\u00e1le\u010dku: 18 cm Pr\u016fm\u011br j\u00e1dra v\u00e1le\u010dku: 44 mm D\u00e9lka chlupu: 18 mm Tlou\u0161\u0165ka polstrov\u00e1n\u00ed: 5 mm Pro pr\u016fm\u011br dr\u017eadla: 8 mm&nbsp;&nbsp;\" \/>\n<meta property=\"og:url\" content=\"https:\/\/www.domtechnikpro.com\/index.php\/produkt\/spokar-r-valecek-malirsky-plys-zlutozeleny-18-maxi-polyakryl-18-cm-top-prodej-39920\/\" \/>\n<meta property=\"og:image\" content=\"https:\/\/www.domtechnikpro.com\/wp-content\/uploads\/2026\/SK0001439-CZ20260425-092522-0-1777080324-44612_valecek-plys-zlutozeleny-18-spokar.webp\" \/>\n\t<meta property=\"og:image:width\" content=\"1000\" \/>\n\t<meta property=\"og:image:height\" content=\"750\" \/>\n\t<meta property=\"og:image:type\" content=\"image\/webp\" \/>\n<meta name=\"twitter:card\" content=\"summary_large_image\" \/>\n<script type=\"application\/ld+json\" class=\"yoast-schema-graph\">{\"@context\":\"https:\/\/schema.org\",\"@graph\":[{\"@type\":\"WebPage\",\"@id\":\"https:\/\/www.domtechnikpro.com\/index.php\/produkt\/spokar-r-valecek-malirsky-plys-zlutozeleny-18-maxi-polyakryl-18-cm-top-prodej-39920\/\",\"url\":\"https:\/\/www.domtechnikpro.com\/index.php\/produkt\/spokar-r-valecek-malirsky-plys-zlutozeleny-18-maxi-polyakryl-18-cm-top-prodej-39920\/\",\"name\":\"SPOKAR\u00ae V\u00e1le\u010dek mal\u00ed\u0159sk\u00fd PLY\u0160 \u017dLUTOZELEN\u00dd 18 MAXI polyakryl, 18 cm Top Prodej -\",\"isPartOf\":{\"@id\":\"https:\/\/www.domtechnikpro.com\/#website\"},\"primaryImageOfPage\":{\"@id\":\"https:\/\/www.domtechnikpro.com\/index.php\/produkt\/spokar-r-valecek-malirsky-plys-zlutozeleny-18-maxi-polyakryl-18-cm-top-prodej-39920\/#primaryimage\"},\"image\":{\"@id\":\"https:\/\/www.domtechnikpro.com\/index.php\/produkt\/spokar-r-valecek-malirsky-plys-zlutozeleny-18-maxi-polyakryl-18-cm-top-prodej-39920\/#primaryimage\"},\"thumbnailUrl\":\"https:\/\/www.domtechnikpro.com\/wp-content\/uploads\/2026\/SK0001439-CZ20260425-092522-0-1777080324-44612_valecek-plys-zlutozeleny-18-spokar.webp\",\"datePublished\":\"2026-04-26T08:58:41+00:00\",\"breadcrumb\":{\"@id\":\"https:\/\/www.domtechnikpro.com\/index.php\/produkt\/spokar-r-valecek-malirsky-plys-zlutozeleny-18-maxi-polyakryl-18-cm-top-prodej-39920\/#breadcrumb\"},\"inLanguage\":\"cs\",\"potentialAction\":[{\"@type\":\"ReadAction\",\"target\":[\"https:\/\/www.domtechnikpro.com\/index.php\/produkt\/spokar-r-valecek-malirsky-plys-zlutozeleny-18-maxi-polyakryl-18-cm-top-prodej-39920\/\"]}]},{\"@type\":\"ImageObject\",\"inLanguage\":\"cs\",\"@id\":\"https:\/\/www.domtechnikpro.com\/index.php\/produkt\/spokar-r-valecek-malirsky-plys-zlutozeleny-18-maxi-polyakryl-18-cm-top-prodej-39920\/#primaryimage\",\"url\":\"https:\/\/www.domtechnikpro.com\/wp-content\/uploads\/2026\/SK0001439-CZ20260425-092522-0-1777080324-44612_valecek-plys-zlutozeleny-18-spokar.webp\",\"contentUrl\":\"https:\/\/www.domtechnikpro.com\/wp-content\/uploads\/2026\/SK0001439-CZ20260425-092522-0-1777080324-44612_valecek-plys-zlutozeleny-18-spokar.webp\",\"width\":1000,\"height\":750},{\"@type\":\"BreadcrumbList\",\"@id\":\"https:\/\/www.domtechnikpro.com\/index.php\/produkt\/spokar-r-valecek-malirsky-plys-zlutozeleny-18-maxi-polyakryl-18-cm-top-prodej-39920\/#breadcrumb\",\"itemListElement\":[{\"@type\":\"ListItem\",\"position\":1,\"name\":\"Home\",\"item\":\"https:\/\/www.domtechnikpro.com\/\"},{\"@type\":\"ListItem\",\"position\":2,\"name\":\"Products\",\"item\":\"https:\/\/www.domtechnikpro.com\/index.php\/products\/\"},{\"@type\":\"ListItem\",\"position\":3,\"name\":\"SPOKAR\u00ae V\u00e1le\u010dek mal\u00ed\u0159sk\u00fd PLY\u0160 \u017dLUTOZELEN\u00dd 18 MAXI polyakryl, 18 cm Top Prodej\"}]},{\"@type\":\"WebSite\",\"@id\":\"https:\/\/www.domtechnikpro.com\/#website\",\"url\":\"https:\/\/www.domtechnikpro.com\/\",\"name\":\"\",\"description\":\"\",\"potentialAction\":[{\"@type\":\"SearchAction\",\"target\":{\"@type\":\"EntryPoint\",\"urlTemplate\":\"https:\/\/www.domtechnikpro.com\/?s={search_term_string}\"},\"query-input\":{\"@type\":\"PropertyValueSpecification\",\"valueRequired\":true,\"valueName\":\"search_term_string\"}}],\"inLanguage\":\"cs\"}]}<\/script>\n<!-- \/ Yoast SEO plugin. -->","yoast_head_json":{"title":"SPOKAR\u00ae V\u00e1le\u010dek mal\u00ed\u0159sk\u00fd PLY\u0160 \u017dLUTOZELEN\u00dd 18 MAXI polyakryl, 18 cm Top Prodej -","robots":{"index":"index","follow":"follow","max-snippet":"max-snippet:-1","max-image-preview":"max-image-preview:large","max-video-preview":"max-video-preview:-1"},"canonical":"https:\/\/www.domtechnikpro.com\/index.php\/produkt\/spokar-r-valecek-malirsky-plys-zlutozeleny-18-maxi-polyakryl-18-cm-top-prodej-39920\/","og_locale":"cs_CZ","og_type":"article","og_title":"SPOKAR\u00ae V\u00e1le\u010dek mal\u00ed\u0159sk\u00fd PLY\u0160 \u017dLUTOZELEN\u00dd 18 MAXI polyakryl, 18 cm Top Prodej -","og_description":"Detailn\u00ed popis produktu V\u00e1le\u010dek ply\u0161 \u017elutozelen\u00fd Polyakrylov\u00fd potah. Potah nepou\u0161t\u00ed chlup&nbsp;a tvo\u0159\u00ed jemnozrnnou strukturu. Univerz\u00e1ln\u00ed v\u00e1le\u010dek pro malov\u00e1n\u00ed hladk\u00fdch a st\u0159edn\u011b hrub\u00fdch ploch. \u0160\u00ed\u0159ka v\u00e1le\u010dku: 18 cm Pr\u016fm\u011br j\u00e1dra v\u00e1le\u010dku: 44 mm D\u00e9lka chlupu: 18 mm Tlou\u0161\u0165ka polstrov\u00e1n\u00ed: 5 mm Pro pr\u016fm\u011br dr\u017eadla: 8 mm&nbsp;&nbsp;","og_url":"https:\/\/www.domtechnikpro.com\/index.php\/produkt\/spokar-r-valecek-malirsky-plys-zlutozeleny-18-maxi-polyakryl-18-cm-top-prodej-39920\/","og_image":[{"width":1000,"height":750,"url":"https:\/\/www.domtechnikpro.com\/wp-content\/uploads\/2026\/SK0001439-CZ20260425-092522-0-1777080324-44612_valecek-plys-zlutozeleny-18-spokar.webp","type":"image\/webp"}],"twitter_card":"summary_large_image","schema":{"@context":"https:\/\/schema.org","@graph":[{"@type":"WebPage","@id":"https:\/\/www.domtechnikpro.com\/index.php\/produkt\/spokar-r-valecek-malirsky-plys-zlutozeleny-18-maxi-polyakryl-18-cm-top-prodej-39920\/","url":"https:\/\/www.domtechnikpro.com\/index.php\/produkt\/spokar-r-valecek-malirsky-plys-zlutozeleny-18-maxi-polyakryl-18-cm-top-prodej-39920\/","name":"SPOKAR\u00ae V\u00e1le\u010dek mal\u00ed\u0159sk\u00fd PLY\u0160 \u017dLUTOZELEN\u00dd 18 MAXI polyakryl, 18 cm Top Prodej -","isPartOf":{"@id":"https:\/\/www.domtechnikpro.com\/#website"},"primaryImageOfPage":{"@id":"https:\/\/www.domtechnikpro.com\/index.php\/produkt\/spokar-r-valecek-malirsky-plys-zlutozeleny-18-maxi-polyakryl-18-cm-top-prodej-39920\/#primaryimage"},"image":{"@id":"https:\/\/www.domtechnikpro.com\/index.php\/produkt\/spokar-r-valecek-malirsky-plys-zlutozeleny-18-maxi-polyakryl-18-cm-top-prodej-39920\/#primaryimage"},"thumbnailUrl":"https:\/\/www.domtechnikpro.com\/wp-content\/uploads\/2026\/SK0001439-CZ20260425-092522-0-1777080324-44612_valecek-plys-zlutozeleny-18-spokar.webp","datePublished":"2026-04-26T08:58:41+00:00","breadcrumb":{"@id":"https:\/\/www.domtechnikpro.com\/index.php\/produkt\/spokar-r-valecek-malirsky-plys-zlutozeleny-18-maxi-polyakryl-18-cm-top-prodej-39920\/#breadcrumb"},"inLanguage":"cs","potentialAction":[{"@type":"ReadAction","target":["https:\/\/www.domtechnikpro.com\/index.php\/produkt\/spokar-r-valecek-malirsky-plys-zlutozeleny-18-maxi-polyakryl-18-cm-top-prodej-39920\/"]}]},{"@type":"ImageObject","inLanguage":"cs","@id":"https:\/\/www.domtechnikpro.com\/index.php\/produkt\/spokar-r-valecek-malirsky-plys-zlutozeleny-18-maxi-polyakryl-18-cm-top-prodej-39920\/#primaryimage","url":"https:\/\/www.domtechnikpro.com\/wp-content\/uploads\/2026\/SK0001439-CZ20260425-092522-0-1777080324-44612_valecek-plys-zlutozeleny-18-spokar.webp","contentUrl":"https:\/\/www.domtechnikpro.com\/wp-content\/uploads\/2026\/SK0001439-CZ20260425-092522-0-1777080324-44612_valecek-plys-zlutozeleny-18-spokar.webp","width":1000,"height":750},{"@type":"BreadcrumbList","@id":"https:\/\/www.domtechnikpro.com\/index.php\/produkt\/spokar-r-valecek-malirsky-plys-zlutozeleny-18-maxi-polyakryl-18-cm-top-prodej-39920\/#breadcrumb","itemListElement":[{"@type":"ListItem","position":1,"name":"Home","item":"https:\/\/www.domtechnikpro.com\/"},{"@type":"ListItem","position":2,"name":"Products","item":"https:\/\/www.domtechnikpro.com\/index.php\/products\/"},{"@type":"ListItem","position":3,"name":"SPOKAR\u00ae V\u00e1le\u010dek mal\u00ed\u0159sk\u00fd PLY\u0160 \u017dLUTOZELEN\u00dd 18 MAXI polyakryl, 18 cm Top Prodej"}]},{"@type":"WebSite","@id":"https:\/\/www.domtechnikpro.com\/#website","url":"https:\/\/www.domtechnikpro.com\/","name":"","description":"","potentialAction":[{"@type":"SearchAction","target":{"@type":"EntryPoint","urlTemplate":"https:\/\/www.domtechnikpro.com\/?s={search_term_string}"},"query-input":{"@type":"PropertyValueSpecification","valueRequired":true,"valueName":"search_term_string"}}],"inLanguage":"cs"}]}},"_links":{"self":[{"href":"https:\/\/www.domtechnikpro.com\/index.php\/wp-json\/wp\/v2\/product\/39920","targetHints":{"allow":["GET"]}}],"collection":[{"href":"https:\/\/www.domtechnikpro.com\/index.php\/wp-json\/wp\/v2\/product"}],"about":[{"href":"https:\/\/www.domtechnikpro.com\/index.php\/wp-json\/wp\/v2\/types\/product"}],"replies":[{"embeddable":true,"href":"https:\/\/www.domtechnikpro.com\/index.php\/wp-json\/wp\/v2\/comments?post=39920"}],"wp:featuredmedia":[{"embeddable":true,"href":"https:\/\/www.domtechnikpro.com\/index.php\/wp-json\/wp\/v2\/media\/40020"}],"wp:attachment":[{"href":"https:\/\/www.domtechnikpro.com\/index.php\/wp-json\/wp\/v2\/media?parent=39920"}],"wp:term":[{"taxonomy":"product_brand","embeddable":true,"href":"https:\/\/www.domtechnikpro.com\/index.php\/wp-json\/wp\/v2\/product_brand?post=39920"},{"taxonomy":"product_cat","embeddable":true,"href":"https:\/\/www.domtechnikpro.com\/index.php\/wp-json\/wp\/v2\/product_cat?post=39920"},{"taxonomy":"product_tag","embeddable":true,"href":"https:\/\/www.domtechnikpro.com\/index.php\/wp-json\/wp\/v2\/product_tag?post=39920"}],"curies":[{"name":"wp","href":"https:\/\/api.w.org\/{rel}","templated":true}]}}