{"id":37894,"date":"2026-04-26T08:58:17","date_gmt":"2026-04-26T08:58:17","guid":{"rendered":""},"modified":"2026-04-26T08:58:17","modified_gmt":"2026-04-26T08:58:17","slug":"en-1100-ubs-antikorozni-ochrana-podvozku-cerna-sprej-400-ml-akcni-cena-37894","status":"publish","type":"product","link":"https:\/\/www.domtechnikpro.com\/index.php\/produkt\/en-1100-ubs-antikorozni-ochrana-podvozku-cerna-sprej-400-ml-akcni-cena-37894\/","title":{"rendered":"EN 1100 UBS antikorozn\u00ed ochrana podvozk\u016f \u010dern\u00e1 sprej 400 ml Ak\u010dn\u00ed Cena"},"content":{"rendered":"<div class=\"filters-tab-box__left\">\n<h2>EN 1100 antichip<\/h2>\n<p><b>Konzerva\u010dn\u00ed p\u0159\u00edpravek pro ochranu a o\u0161et\u0159en\u00ed podvozku i viditeln\u00fdch \u010d\u00e1st\u00ed<\/b>. Poskytuje vynikaj\u00edc\u00ed <b>ochranu proti odrazu kam\u00ednk\u016f<\/b> a <b>korozi<\/b>. Nav\u00edc <b>absorbuje zvuk<\/b> a z\u016fst\u00e1v\u00e1 <b>pru\u017en\u00fd<\/b>. Je odoln\u00fd v\u016f\u010di <b>slab\u00fdm kyselin\u00e1m a z\u00e1sad\u00e1m<\/b> i pov\u011btrnostn\u00edm podm\u00ednk\u00e1m. Vhodn\u00fd na v\u0161echny n\u00e1t\u011brov\u00e9 syst\u00e9my.<\/p>\n<h3>Kl\u00ed\u010dov\u00e9 vlastnosti<\/h3>\n<ul class=\"vlastnosti\">\n<li><b>Konzerva\u010dn\u00ed p\u0159\u00edpravek pro ochranu a o\u0161et\u0159en\u00ed podvozku i viditeln\u00fdch \u010d\u00e1st\u00ed<\/b><\/li>\n<li><b>Ochrana proti odrazu kam\u00ednk\u016f<\/b> a <b>korozi<\/b><\/li>\n<li><b>Absorbuje zvuk<\/b> a z\u016fst\u00e1v\u00e1 <b>pru\u017en\u00fd<\/b><\/li>\n<li>Odoln\u00fd v\u016f\u010di <b>slab\u00fdm kyselin\u00e1m a z\u00e1sad\u00e1m<\/b> i pov\u011btrnostn\u00edm podm\u00ednk\u00e1m<\/li>\n<li>Vhodn\u00fd na v\u0161echny n\u00e1t\u011brov\u00e9 syst\u00e9my<\/li>\n<\/ul>\n<h3>Pou\u017eit\u00ed<\/h3>\n<ul class=\"pouziti\">\n<li>Odstra\u0148te korozi<\/li>\n<li>Povrch obruste, o\u010dist\u011bte a odmast\u011bte<\/li>\n<li>Doporu\u010dujeme aplikovat z\u00e1klad<\/li>\n<li>Plechovku d\u016fkladn\u011b prot\u0159epejte alespo\u0148 po dobu <b>2 &#8211; 3 minut<\/b><\/li>\n<li>Aplikujte ze vzd\u00e1lenosti cca. <b>25 cm 2 tenk\u00e9 vrstvy s odv\u011btr\u00e1n\u00edm 5 &#8211; 10 min.<\/b><\/li>\n<li>Ihned je\u0161t\u011b za mokra lze p\u0159est\u0159\u00edkat syntetick\u00fdmi emaily<\/li>\n<li>Ostatn\u00edmi lakovac\u00edmi syst\u00e9my lze p\u0159est\u0159\u00edkat po <b>2 hod.<\/b><\/li>\n<li>Aplika\u010dn\u00ed teplota 15 &#8211; 25 \u00b0C<\/li>\n<li><b><span style=\"color: #FF0000\">P\u0159ed samotn\u00fdm lakov\u00e1n\u00edm prove\u010fte kontrolu odst\u00ednu<\/span><\/b> <\/li>\n<\/ul><\/div>\n<div class=\"filters-tab-box__right\">\n<h2>Parametry<\/h2>\n<table>\n<tbody>\n<tr>\n<td>Barva (n&#225;zev)                                            :                                        <\/td>\n<td>                                            \u010dern&#225;                                        <\/td>\n<\/tr>\n<tr>\n<td>V&#253;robce                                            :                                        <\/td>\n<td>                                            EN                                        <\/td>\n<\/tr>\n<tr>\n<td>Balen&#237;                                            :                                        <\/td>\n<td>                                            400 ml                                        <\/td>\n<\/tr>\n<tr>\n<td>Objem                                            :                                        <\/td>\n<td>400 ml                                        <\/td>\n<\/tr>\n<\/tbody>\n<\/table><\/div>\n<\/p><\/div>\n","protected":false},"excerpt":{"rendered":"<p>EN 1100 antichip Konzerva\u010dn\u00ed p\u0159\u00edpravek pro ochranu a o\u0161et\u0159en\u00ed podvozku i viditeln\u00fdch \u010d\u00e1st\u00ed. Poskytuje vynikaj\u00edc\u00ed ochranu proti odrazu kam\u00ednk\u016f a korozi. Nav\u00edc absorbuje zvuk a z\u016fst\u00e1v\u00e1 pru\u017en\u00fd. Je odoln\u00fd v\u016f\u010di slab\u00fdm kyselin\u00e1m a z\u00e1sad\u00e1m i pov\u011btrnostn\u00edm podm\u00ednk\u00e1m. Vhodn\u00fd na v\u0161echny n\u00e1t\u011brov\u00e9 syst\u00e9my. Kl\u00ed\u010dov\u00e9 vlastnosti Konzerva\u010dn\u00ed p\u0159\u00edpravek pro ochranu a o\u0161et\u0159en\u00ed podvozku i viditeln\u00fdch \u010d\u00e1st\u00ed Ochrana [&hellip;]<\/p>\n","protected":false},"featured_media":37994,"comment_status":"open","ping_status":"open","template":"","meta":[],"product_brand":[],"product_cat":[33],"product_tag":[],"class_list":{"0":"post-37894","1":"product","2":"type-product","3":"status-publish","4":"has-post-thumbnail","6":"product_cat-nejlepsi-prodejci","8":"first","9":"instock","10":"sale","11":"shipping-taxable","12":"purchasable","13":"product-type-simple"},"yoast_head":"<!-- This site is optimized with the Yoast SEO plugin v26.8 - https:\/\/yoast.com\/product\/yoast-seo-wordpress\/ -->\n<title>EN 1100 UBS antikorozn\u00ed ochrana podvozk\u016f \u010dern\u00e1 sprej 400 ml Ak\u010dn\u00ed Cena -<\/title>\n<meta name=\"robots\" content=\"index, follow, max-snippet:-1, max-image-preview:large, max-video-preview:-1\" \/>\n<link rel=\"canonical\" href=\"https:\/\/www.domtechnikpro.com\/index.php\/produkt\/en-1100-ubs-antikorozni-ochrana-podvozku-cerna-sprej-400-ml-akcni-cena-37894\/\" \/>\n<meta property=\"og:locale\" content=\"cs_CZ\" \/>\n<meta property=\"og:type\" content=\"article\" \/>\n<meta property=\"og:title\" content=\"EN 1100 UBS antikorozn\u00ed ochrana podvozk\u016f \u010dern\u00e1 sprej 400 ml Ak\u010dn\u00ed Cena -\" \/>\n<meta property=\"og:description\" content=\"EN 1100 antichip Konzerva\u010dn\u00ed p\u0159\u00edpravek pro ochranu a o\u0161et\u0159en\u00ed podvozku i viditeln\u00fdch \u010d\u00e1st\u00ed. Poskytuje vynikaj\u00edc\u00ed ochranu proti odrazu kam\u00ednk\u016f a korozi. Nav\u00edc absorbuje zvuk a z\u016fst\u00e1v\u00e1 pru\u017en\u00fd. Je odoln\u00fd v\u016f\u010di slab\u00fdm kyselin\u00e1m a z\u00e1sad\u00e1m i pov\u011btrnostn\u00edm podm\u00ednk\u00e1m. Vhodn\u00fd na v\u0161echny n\u00e1t\u011brov\u00e9 syst\u00e9my. Kl\u00ed\u010dov\u00e9 vlastnosti Konzerva\u010dn\u00ed p\u0159\u00edpravek pro ochranu a o\u0161et\u0159en\u00ed podvozku i viditeln\u00fdch \u010d\u00e1st\u00ed Ochrana [&hellip;]\" \/>\n<meta property=\"og:url\" content=\"https:\/\/www.domtechnikpro.com\/index.php\/produkt\/en-1100-ubs-antikorozni-ochrana-podvozku-cerna-sprej-400-ml-akcni-cena-37894\/\" \/>\n<meta property=\"og:image\" content=\"https:\/\/www.domtechnikpro.com\/wp-content\/uploads\/2026\/SK0001726-CZ20260425-092455-0-1777080297-image_of_object.webp\" \/>\n\t<meta property=\"og:image:width\" content=\"400\" \/>\n\t<meta property=\"og:image:height\" content=\"300\" \/>\n\t<meta property=\"og:image:type\" content=\"image\/webp\" \/>\n<meta name=\"twitter:card\" content=\"summary_large_image\" \/>\n<meta name=\"twitter:label1\" content=\"Odhadovan\u00e1 doba \u010dten\u00ed\" \/>\n\t<meta name=\"twitter:data1\" content=\"1 minuta\" \/>\n<script type=\"application\/ld+json\" class=\"yoast-schema-graph\">{\"@context\":\"https:\/\/schema.org\",\"@graph\":[{\"@type\":\"WebPage\",\"@id\":\"https:\/\/www.domtechnikpro.com\/index.php\/produkt\/en-1100-ubs-antikorozni-ochrana-podvozku-cerna-sprej-400-ml-akcni-cena-37894\/\",\"url\":\"https:\/\/www.domtechnikpro.com\/index.php\/produkt\/en-1100-ubs-antikorozni-ochrana-podvozku-cerna-sprej-400-ml-akcni-cena-37894\/\",\"name\":\"EN 1100 UBS antikorozn\u00ed ochrana podvozk\u016f \u010dern\u00e1 sprej 400 ml Ak\u010dn\u00ed Cena -\",\"isPartOf\":{\"@id\":\"https:\/\/www.domtechnikpro.com\/#website\"},\"primaryImageOfPage\":{\"@id\":\"https:\/\/www.domtechnikpro.com\/index.php\/produkt\/en-1100-ubs-antikorozni-ochrana-podvozku-cerna-sprej-400-ml-akcni-cena-37894\/#primaryimage\"},\"image\":{\"@id\":\"https:\/\/www.domtechnikpro.com\/index.php\/produkt\/en-1100-ubs-antikorozni-ochrana-podvozku-cerna-sprej-400-ml-akcni-cena-37894\/#primaryimage\"},\"thumbnailUrl\":\"https:\/\/www.domtechnikpro.com\/wp-content\/uploads\/2026\/SK0001726-CZ20260425-092455-0-1777080297-image_of_object.webp\",\"datePublished\":\"2026-04-26T08:58:17+00:00\",\"breadcrumb\":{\"@id\":\"https:\/\/www.domtechnikpro.com\/index.php\/produkt\/en-1100-ubs-antikorozni-ochrana-podvozku-cerna-sprej-400-ml-akcni-cena-37894\/#breadcrumb\"},\"inLanguage\":\"cs\",\"potentialAction\":[{\"@type\":\"ReadAction\",\"target\":[\"https:\/\/www.domtechnikpro.com\/index.php\/produkt\/en-1100-ubs-antikorozni-ochrana-podvozku-cerna-sprej-400-ml-akcni-cena-37894\/\"]}]},{\"@type\":\"ImageObject\",\"inLanguage\":\"cs\",\"@id\":\"https:\/\/www.domtechnikpro.com\/index.php\/produkt\/en-1100-ubs-antikorozni-ochrana-podvozku-cerna-sprej-400-ml-akcni-cena-37894\/#primaryimage\",\"url\":\"https:\/\/www.domtechnikpro.com\/wp-content\/uploads\/2026\/SK0001726-CZ20260425-092455-0-1777080297-image_of_object.webp\",\"contentUrl\":\"https:\/\/www.domtechnikpro.com\/wp-content\/uploads\/2026\/SK0001726-CZ20260425-092455-0-1777080297-image_of_object.webp\",\"width\":400,\"height\":300},{\"@type\":\"BreadcrumbList\",\"@id\":\"https:\/\/www.domtechnikpro.com\/index.php\/produkt\/en-1100-ubs-antikorozni-ochrana-podvozku-cerna-sprej-400-ml-akcni-cena-37894\/#breadcrumb\",\"itemListElement\":[{\"@type\":\"ListItem\",\"position\":1,\"name\":\"Home\",\"item\":\"https:\/\/www.domtechnikpro.com\/\"},{\"@type\":\"ListItem\",\"position\":2,\"name\":\"Products\",\"item\":\"https:\/\/www.domtechnikpro.com\/index.php\/products\/\"},{\"@type\":\"ListItem\",\"position\":3,\"name\":\"EN 1100 UBS antikorozn\u00ed ochrana podvozk\u016f \u010dern\u00e1 sprej 400 ml Ak\u010dn\u00ed Cena\"}]},{\"@type\":\"WebSite\",\"@id\":\"https:\/\/www.domtechnikpro.com\/#website\",\"url\":\"https:\/\/www.domtechnikpro.com\/\",\"name\":\"\",\"description\":\"\",\"potentialAction\":[{\"@type\":\"SearchAction\",\"target\":{\"@type\":\"EntryPoint\",\"urlTemplate\":\"https:\/\/www.domtechnikpro.com\/?s={search_term_string}\"},\"query-input\":{\"@type\":\"PropertyValueSpecification\",\"valueRequired\":true,\"valueName\":\"search_term_string\"}}],\"inLanguage\":\"cs\"}]}<\/script>\n<!-- \/ Yoast SEO plugin. -->","yoast_head_json":{"title":"EN 1100 UBS antikorozn\u00ed ochrana podvozk\u016f \u010dern\u00e1 sprej 400 ml Ak\u010dn\u00ed Cena -","robots":{"index":"index","follow":"follow","max-snippet":"max-snippet:-1","max-image-preview":"max-image-preview:large","max-video-preview":"max-video-preview:-1"},"canonical":"https:\/\/www.domtechnikpro.com\/index.php\/produkt\/en-1100-ubs-antikorozni-ochrana-podvozku-cerna-sprej-400-ml-akcni-cena-37894\/","og_locale":"cs_CZ","og_type":"article","og_title":"EN 1100 UBS antikorozn\u00ed ochrana podvozk\u016f \u010dern\u00e1 sprej 400 ml Ak\u010dn\u00ed Cena -","og_description":"EN 1100 antichip Konzerva\u010dn\u00ed p\u0159\u00edpravek pro ochranu a o\u0161et\u0159en\u00ed podvozku i viditeln\u00fdch \u010d\u00e1st\u00ed. Poskytuje vynikaj\u00edc\u00ed ochranu proti odrazu kam\u00ednk\u016f a korozi. Nav\u00edc absorbuje zvuk a z\u016fst\u00e1v\u00e1 pru\u017en\u00fd. Je odoln\u00fd v\u016f\u010di slab\u00fdm kyselin\u00e1m a z\u00e1sad\u00e1m i pov\u011btrnostn\u00edm podm\u00ednk\u00e1m. Vhodn\u00fd na v\u0161echny n\u00e1t\u011brov\u00e9 syst\u00e9my. Kl\u00ed\u010dov\u00e9 vlastnosti Konzerva\u010dn\u00ed p\u0159\u00edpravek pro ochranu a o\u0161et\u0159en\u00ed podvozku i viditeln\u00fdch \u010d\u00e1st\u00ed Ochrana [&hellip;]","og_url":"https:\/\/www.domtechnikpro.com\/index.php\/produkt\/en-1100-ubs-antikorozni-ochrana-podvozku-cerna-sprej-400-ml-akcni-cena-37894\/","og_image":[{"width":400,"height":300,"url":"https:\/\/www.domtechnikpro.com\/wp-content\/uploads\/2026\/SK0001726-CZ20260425-092455-0-1777080297-image_of_object.webp","type":"image\/webp"}],"twitter_card":"summary_large_image","twitter_misc":{"Odhadovan\u00e1 doba \u010dten\u00ed":"1 minuta"},"schema":{"@context":"https:\/\/schema.org","@graph":[{"@type":"WebPage","@id":"https:\/\/www.domtechnikpro.com\/index.php\/produkt\/en-1100-ubs-antikorozni-ochrana-podvozku-cerna-sprej-400-ml-akcni-cena-37894\/","url":"https:\/\/www.domtechnikpro.com\/index.php\/produkt\/en-1100-ubs-antikorozni-ochrana-podvozku-cerna-sprej-400-ml-akcni-cena-37894\/","name":"EN 1100 UBS antikorozn\u00ed ochrana podvozk\u016f \u010dern\u00e1 sprej 400 ml Ak\u010dn\u00ed Cena -","isPartOf":{"@id":"https:\/\/www.domtechnikpro.com\/#website"},"primaryImageOfPage":{"@id":"https:\/\/www.domtechnikpro.com\/index.php\/produkt\/en-1100-ubs-antikorozni-ochrana-podvozku-cerna-sprej-400-ml-akcni-cena-37894\/#primaryimage"},"image":{"@id":"https:\/\/www.domtechnikpro.com\/index.php\/produkt\/en-1100-ubs-antikorozni-ochrana-podvozku-cerna-sprej-400-ml-akcni-cena-37894\/#primaryimage"},"thumbnailUrl":"https:\/\/www.domtechnikpro.com\/wp-content\/uploads\/2026\/SK0001726-CZ20260425-092455-0-1777080297-image_of_object.webp","datePublished":"2026-04-26T08:58:17+00:00","breadcrumb":{"@id":"https:\/\/www.domtechnikpro.com\/index.php\/produkt\/en-1100-ubs-antikorozni-ochrana-podvozku-cerna-sprej-400-ml-akcni-cena-37894\/#breadcrumb"},"inLanguage":"cs","potentialAction":[{"@type":"ReadAction","target":["https:\/\/www.domtechnikpro.com\/index.php\/produkt\/en-1100-ubs-antikorozni-ochrana-podvozku-cerna-sprej-400-ml-akcni-cena-37894\/"]}]},{"@type":"ImageObject","inLanguage":"cs","@id":"https:\/\/www.domtechnikpro.com\/index.php\/produkt\/en-1100-ubs-antikorozni-ochrana-podvozku-cerna-sprej-400-ml-akcni-cena-37894\/#primaryimage","url":"https:\/\/www.domtechnikpro.com\/wp-content\/uploads\/2026\/SK0001726-CZ20260425-092455-0-1777080297-image_of_object.webp","contentUrl":"https:\/\/www.domtechnikpro.com\/wp-content\/uploads\/2026\/SK0001726-CZ20260425-092455-0-1777080297-image_of_object.webp","width":400,"height":300},{"@type":"BreadcrumbList","@id":"https:\/\/www.domtechnikpro.com\/index.php\/produkt\/en-1100-ubs-antikorozni-ochrana-podvozku-cerna-sprej-400-ml-akcni-cena-37894\/#breadcrumb","itemListElement":[{"@type":"ListItem","position":1,"name":"Home","item":"https:\/\/www.domtechnikpro.com\/"},{"@type":"ListItem","position":2,"name":"Products","item":"https:\/\/www.domtechnikpro.com\/index.php\/products\/"},{"@type":"ListItem","position":3,"name":"EN 1100 UBS antikorozn\u00ed ochrana podvozk\u016f \u010dern\u00e1 sprej 400 ml Ak\u010dn\u00ed Cena"}]},{"@type":"WebSite","@id":"https:\/\/www.domtechnikpro.com\/#website","url":"https:\/\/www.domtechnikpro.com\/","name":"","description":"","potentialAction":[{"@type":"SearchAction","target":{"@type":"EntryPoint","urlTemplate":"https:\/\/www.domtechnikpro.com\/?s={search_term_string}"},"query-input":{"@type":"PropertyValueSpecification","valueRequired":true,"valueName":"search_term_string"}}],"inLanguage":"cs"}]}},"_links":{"self":[{"href":"https:\/\/www.domtechnikpro.com\/index.php\/wp-json\/wp\/v2\/product\/37894","targetHints":{"allow":["GET"]}}],"collection":[{"href":"https:\/\/www.domtechnikpro.com\/index.php\/wp-json\/wp\/v2\/product"}],"about":[{"href":"https:\/\/www.domtechnikpro.com\/index.php\/wp-json\/wp\/v2\/types\/product"}],"replies":[{"embeddable":true,"href":"https:\/\/www.domtechnikpro.com\/index.php\/wp-json\/wp\/v2\/comments?post=37894"}],"wp:featuredmedia":[{"embeddable":true,"href":"https:\/\/www.domtechnikpro.com\/index.php\/wp-json\/wp\/v2\/media\/37994"}],"wp:attachment":[{"href":"https:\/\/www.domtechnikpro.com\/index.php\/wp-json\/wp\/v2\/media?parent=37894"}],"wp:term":[{"taxonomy":"product_brand","embeddable":true,"href":"https:\/\/www.domtechnikpro.com\/index.php\/wp-json\/wp\/v2\/product_brand?post=37894"},{"taxonomy":"product_cat","embeddable":true,"href":"https:\/\/www.domtechnikpro.com\/index.php\/wp-json\/wp\/v2\/product_cat?post=37894"},{"taxonomy":"product_tag","embeddable":true,"href":"https:\/\/www.domtechnikpro.com\/index.php\/wp-json\/wp\/v2\/product_tag?post=37894"}],"curies":[{"name":"wp","href":"https:\/\/api.w.org\/{rel}","templated":true}]}}