{"id":37346,"date":"2026-04-26T08:58:11","date_gmt":"2026-04-26T08:58:11","guid":{"rendered":""},"modified":"2026-04-26T08:58:11","modified_gmt":"2026-04-26T08:58:11","slug":"dupli-color-aluminium-primer-zaklad-na-hlinik-400-ml-dokud-zasoby-vydrzi-37346","status":"publish","type":"product","link":"https:\/\/www.domtechnikpro.com\/produkt\/dupli-color-aluminium-primer-zaklad-na-hlinik-400-ml-dokud-zasoby-vydrzi-37346\/","title":{"rendered":"DUPLI-COLOR Aluminium Primer z\u00e1klad na hlin\u00edk 400 ml Dokud Z\u00e1soby Vydr\u017e\u00ed"},"content":{"rendered":"<div class=\"filters-tab-box__left\">\n<h2> DUPLI-COLOR Aluminium primer z\u00e1klad pro hlin\u00edk<\/h2>\n<p> DUPLI-COLOR Aluminium primer <b>je z\u00e1kladov\u00fd lak na hlin\u00edkov\u00e9 \u010d\u00e1sti. <\/b>Na lak lze nan\u00e1\u0161et v\u0161echny na vzduchu schnouc\u00edmi akrylov\u00fdmi, syntetick\u00fdmi \u010di nitro-kombina\u010dn\u00edmi laky. Produkt <b>podporuje p\u0159ilnavost mezi hlin\u00edkov\u00fdm povrchem a vrchn\u00edm n\u00e1t\u011brem.<\/b> Lak je vhodn\u00fd jak pro interi\u00e9r tak i exteri\u00e9r. <\/p>\n<p><h3>Kl\u00ed\u010dov\u00e9 vlastnosti<\/h3>\n<ul class=\"vlastnosti\">\n<li><b>Rychleschnouc\u00ed<\/b><\/li>\n<li><b>Jednoduch\u00e1 aplikace<\/b><\/li>\n<li>Velmi dobr\u00e1 \u00fa\u010dinnost<\/li>\n<li><b>Zna\u010dn\u00e1 p\u0159ilnavost<\/b><\/li>\n<li><b>Odolnost v\u016f\u010di pov\u011btrnostn\u00edm vliv\u016fm<\/b><\/li>\n<li>P\u0159\u00edpravek je vhodn\u00fd pro interi\u00e9r i exteri\u00e9r<\/li>\n<li>Vhodn\u00fd v omezen\u00e9 m\u00ed\u0159e i pro zinek a m\u011b\u010f<\/li>\n<\/ul>\n<h3>Pou\u017eit\u00ed<\/h3>\n<ul class=\"pouziti\">\n<li><b>Povrch za sucha zbruste<\/b><\/li>\n<li><b>D\u016fkladn\u011b odstra\u0148te brusn\u00fd prach<\/b><\/li>\n<li><b>Povrch zbavte ne\u010distot, mastnot a osu\u0161te jej <\/b><\/li>\n<li><b>P\u0159ed pou\u017eit\u00edm lak d\u016fkladn\u011b prot\u0159epejte po dobu 2 minut<\/b> <\/li>\n<li><b><span style=\"color: #FF0000\">P\u0159ed samotn\u00fdm pou\u017eit\u00edm laku prove\u010fte kontrolu odst\u00ednu<\/span><\/b><\/li>\n<li><b>Nan\u00e1\u0161ejte ze vzd\u00e1lenosti cca 25 cm<\/b><\/li>\n<li><b>Pro dosa\u017een\u00ed po\u017eadovan\u00e9ho v\u00fdsledku aplikujte 2 a\u017e 3 tenk\u00e9 vrstvy<\/b><\/li>\n<li><b>Mezi jednotliv\u00fdmi vrstvami po\u010dkejte 30 minut<\/b><\/li>\n<li><b>Zaschnut\u00ed na dotek p\u0159ibli\u017en\u011b za 30 minut<\/b><\/li>\n<li> Odoln\u00fd proti prachu cca po 15 minut\u00e1ch<\/li>\n<li> Vytvrzen\u00fd cca po 2 a\u017e 4 hodin\u00e1ch<\/li>\n<li> Doba schnut\u00ed z\u00e1vis\u00ed na okoln\u00ed teplot\u011b, vlhkosti vzduchu a tak\u00e9 na tlou\u0161\u0165ce aplikovan\u00e9 vrstvy<\/li>\n<li> <\/li>\n<\/ul>\n<h3>Doporu\u010den\u00e9 podklady<\/h3>\n<ul class=\"podklady\">\n<li>Hlin\u00edk<\/li>\n<li>Zinek<\/li>\n<li>M\u011b\u010f<\/li>\n<\/ul><\/div>\n<div class=\"filters-tab-box__right\">\n<h2>Parametry<\/h2>\n<table>\n<tbody>\n<tr>\n<td>Barva (n&#225;zev)                                            :                                        <\/td>\n<td>                                            \u0161ed&#225;                                        <\/td>\n<\/tr>\n<tr>\n<td>V&#253;robce                                            :                                        <\/td>\n<td>                                            Dupli-Color                                        <\/td>\n<\/tr>\n<tr>\n<td>Vydatnost                                            :                                        <\/td>\n<td>                                            0,8 m2                                        <\/td>\n<\/tr>\n<tr>\n<td>Balen&#237;                                            :                                        <\/td>\n<td>                                            400 ml                                        <\/td>\n<\/tr>\n<tr>\n<td>Objem                                            :                                        <\/td>\n<td>400 ml                                        <\/td>\n<\/tr>\n<tr>\n<td>Po\u010det p\u0159&#237;sp\u011bvk\u016f                                        <\/td>\n<td>                                                                                    <\/td>\n<\/tr>\n<\/tbody>\n<\/table><\/div>\n<\/p><\/div>\n","protected":false},"excerpt":{"rendered":"<p>DUPLI-COLOR Aluminium primer z\u00e1klad pro hlin\u00edk DUPLI-COLOR Aluminium primer je z\u00e1kladov\u00fd lak na hlin\u00edkov\u00e9 \u010d\u00e1sti. Na lak lze nan\u00e1\u0161et v\u0161echny na vzduchu schnouc\u00edmi akrylov\u00fdmi, syntetick\u00fdmi \u010di nitro-kombina\u010dn\u00edmi laky. Produkt podporuje p\u0159ilnavost mezi hlin\u00edkov\u00fdm povrchem a vrchn\u00edm n\u00e1t\u011brem. Lak je vhodn\u00fd jak pro interi\u00e9r tak i exteri\u00e9r. Kl\u00ed\u010dov\u00e9 vlastnosti Rychleschnouc\u00ed Jednoduch\u00e1 aplikace Velmi dobr\u00e1 \u00fa\u010dinnost Zna\u010dn\u00e1 [&hellip;]<\/p>\n","protected":false},"featured_media":37446,"comment_status":"open","ping_status":"open","template":"","meta":[],"product_brand":[],"product_cat":[132],"product_tag":[],"class_list":{"0":"post-37346","1":"product","2":"type-product","3":"status-publish","4":"has-post-thumbnail","6":"product_cat-autolaky","8":"first","9":"instock","10":"sale","11":"shipping-taxable","12":"purchasable","13":"product-type-simple"},"yoast_head":"<!-- This site is optimized with the Yoast SEO plugin v26.8 - https:\/\/yoast.com\/product\/yoast-seo-wordpress\/ -->\n<title>DUPLI-COLOR Aluminium Primer z\u00e1klad na hlin\u00edk 400 ml Dokud Z\u00e1soby Vydr\u017e\u00ed - Pr\u016fmyslov\u00e9 vybaven\u00ed a p\u0159\u00edslu\u0161enstv\u00ed<\/title>\n<meta name=\"robots\" content=\"index, follow, max-snippet:-1, max-image-preview:large, max-video-preview:-1\" \/>\n<link rel=\"canonical\" href=\"https:\/\/www.domtechnikpro.com\/index.php\/produkt\/dupli-color-aluminium-primer-zaklad-na-hlinik-400-ml-dokud-zasoby-vydrzi-37346\/\" \/>\n<meta property=\"og:locale\" content=\"cs_CZ\" \/>\n<meta property=\"og:type\" content=\"article\" \/>\n<meta property=\"og:title\" content=\"DUPLI-COLOR Aluminium Primer z\u00e1klad na hlin\u00edk 400 ml Dokud Z\u00e1soby Vydr\u017e\u00ed - Pr\u016fmyslov\u00e9 vybaven\u00ed a p\u0159\u00edslu\u0161enstv\u00ed\" \/>\n<meta property=\"og:description\" content=\"DUPLI-COLOR Aluminium primer z\u00e1klad pro hlin\u00edk DUPLI-COLOR Aluminium primer je z\u00e1kladov\u00fd lak na hlin\u00edkov\u00e9 \u010d\u00e1sti. Na lak lze nan\u00e1\u0161et v\u0161echny na vzduchu schnouc\u00edmi akrylov\u00fdmi, syntetick\u00fdmi \u010di nitro-kombina\u010dn\u00edmi laky. Produkt podporuje p\u0159ilnavost mezi hlin\u00edkov\u00fdm povrchem a vrchn\u00edm n\u00e1t\u011brem. Lak je vhodn\u00fd jak pro interi\u00e9r tak i exteri\u00e9r. Kl\u00ed\u010dov\u00e9 vlastnosti Rychleschnouc\u00ed Jednoduch\u00e1 aplikace Velmi dobr\u00e1 \u00fa\u010dinnost Zna\u010dn\u00e1 [&hellip;]\" \/>\n<meta property=\"og:url\" content=\"https:\/\/www.domtechnikpro.com\/index.php\/produkt\/dupli-color-aluminium-primer-zaklad-na-hlinik-400-ml-dokud-zasoby-vydrzi-37346\/\" \/>\n<meta property=\"og:site_name\" content=\"Pr\u016fmyslov\u00e9 vybaven\u00ed a p\u0159\u00edslu\u0161enstv\u00ed\" \/>\n<meta property=\"og:image\" content=\"https:\/\/www.domtechnikpro.com\/wp-content\/uploads\/2026\/SK0001478-CZ20260425-092455-0-1777080297-image_of_object.webp\" \/>\n\t<meta property=\"og:image:width\" content=\"400\" \/>\n\t<meta property=\"og:image:height\" content=\"300\" \/>\n\t<meta property=\"og:image:type\" content=\"image\/webp\" \/>\n<meta name=\"twitter:card\" content=\"summary_large_image\" \/>\n<meta name=\"twitter:label1\" content=\"Odhadovan\u00e1 doba \u010dten\u00ed\" \/>\n\t<meta name=\"twitter:data1\" content=\"1 minuta\" \/>\n<script type=\"application\/ld+json\" class=\"yoast-schema-graph\">{\"@context\":\"https:\/\/schema.org\",\"@graph\":[{\"@type\":\"WebPage\",\"@id\":\"https:\/\/www.domtechnikpro.com\/index.php\/produkt\/dupli-color-aluminium-primer-zaklad-na-hlinik-400-ml-dokud-zasoby-vydrzi-37346\/\",\"url\":\"https:\/\/www.domtechnikpro.com\/index.php\/produkt\/dupli-color-aluminium-primer-zaklad-na-hlinik-400-ml-dokud-zasoby-vydrzi-37346\/\",\"name\":\"DUPLI-COLOR Aluminium Primer z\u00e1klad na hlin\u00edk 400 ml Dokud Z\u00e1soby Vydr\u017e\u00ed - Pr\u016fmyslov\u00e9 vybaven\u00ed a p\u0159\u00edslu\u0161enstv\u00ed\",\"isPartOf\":{\"@id\":\"https:\/\/www.domtechnikpro.com\/#website\"},\"primaryImageOfPage\":{\"@id\":\"https:\/\/www.domtechnikpro.com\/index.php\/produkt\/dupli-color-aluminium-primer-zaklad-na-hlinik-400-ml-dokud-zasoby-vydrzi-37346\/#primaryimage\"},\"image\":{\"@id\":\"https:\/\/www.domtechnikpro.com\/index.php\/produkt\/dupli-color-aluminium-primer-zaklad-na-hlinik-400-ml-dokud-zasoby-vydrzi-37346\/#primaryimage\"},\"thumbnailUrl\":\"https:\/\/www.domtechnikpro.com\/wp-content\/uploads\/2026\/SK0001478-CZ20260425-092455-0-1777080297-image_of_object.webp\",\"datePublished\":\"2026-04-26T08:58:11+00:00\",\"breadcrumb\":{\"@id\":\"https:\/\/www.domtechnikpro.com\/index.php\/produkt\/dupli-color-aluminium-primer-zaklad-na-hlinik-400-ml-dokud-zasoby-vydrzi-37346\/#breadcrumb\"},\"inLanguage\":\"cs\",\"potentialAction\":[{\"@type\":\"ReadAction\",\"target\":[\"https:\/\/www.domtechnikpro.com\/index.php\/produkt\/dupli-color-aluminium-primer-zaklad-na-hlinik-400-ml-dokud-zasoby-vydrzi-37346\/\"]}]},{\"@type\":\"ImageObject\",\"inLanguage\":\"cs\",\"@id\":\"https:\/\/www.domtechnikpro.com\/index.php\/produkt\/dupli-color-aluminium-primer-zaklad-na-hlinik-400-ml-dokud-zasoby-vydrzi-37346\/#primaryimage\",\"url\":\"https:\/\/www.domtechnikpro.com\/wp-content\/uploads\/2026\/SK0001478-CZ20260425-092455-0-1777080297-image_of_object.webp\",\"contentUrl\":\"https:\/\/www.domtechnikpro.com\/wp-content\/uploads\/2026\/SK0001478-CZ20260425-092455-0-1777080297-image_of_object.webp\",\"width\":400,\"height\":300},{\"@type\":\"BreadcrumbList\",\"@id\":\"https:\/\/www.domtechnikpro.com\/index.php\/produkt\/dupli-color-aluminium-primer-zaklad-na-hlinik-400-ml-dokud-zasoby-vydrzi-37346\/#breadcrumb\",\"itemListElement\":[{\"@type\":\"ListItem\",\"position\":1,\"name\":\"Home\",\"item\":\"https:\/\/www.domtechnikpro.com\/\"},{\"@type\":\"ListItem\",\"position\":2,\"name\":\"Products\",\"item\":\"https:\/\/www.domtechnikpro.com\/products\/\"},{\"@type\":\"ListItem\",\"position\":3,\"name\":\"DUPLI-COLOR Aluminium Primer z\u00e1klad na hlin\u00edk 400 ml Dokud Z\u00e1soby Vydr\u017e\u00ed\"}]},{\"@type\":\"WebSite\",\"@id\":\"https:\/\/www.domtechnikpro.com\/#website\",\"url\":\"https:\/\/www.domtechnikpro.com\/\",\"name\":\"Pr\u016fmyslov\u00e9 vybaven\u00ed a p\u0159\u00edslu\u0161enstv\u00ed\",\"description\":\"Pr\u016fmyslov\u00e9 vybaven\u00ed a p\u0159\u00edslu\u0161enstv\u00ed\",\"publisher\":{\"@id\":\"https:\/\/www.domtechnikpro.com\/#organization\"},\"potentialAction\":[{\"@type\":\"SearchAction\",\"target\":{\"@type\":\"EntryPoint\",\"urlTemplate\":\"https:\/\/www.domtechnikpro.com\/?s={search_term_string}\"},\"query-input\":{\"@type\":\"PropertyValueSpecification\",\"valueRequired\":true,\"valueName\":\"search_term_string\"}}],\"inLanguage\":\"cs\"},{\"@type\":\"Organization\",\"@id\":\"https:\/\/www.domtechnikpro.com\/#organization\",\"name\":\"Pr\u016fmyslov\u00e9 vybaven\u00ed a p\u0159\u00edslu\u0161enstv\u00ed\",\"url\":\"https:\/\/www.domtechnikpro.com\/\",\"logo\":{\"@type\":\"ImageObject\",\"inLanguage\":\"cs\",\"@id\":\"https:\/\/www.domtechnikpro.com\/#\/schema\/logo\/image\/\",\"url\":\"https:\/\/www.domtechnikpro.com\/wp-content\/uploads\/2026\/04\/domtechnikpro_logo_full.svg\",\"contentUrl\":\"https:\/\/www.domtechnikpro.com\/wp-content\/uploads\/2026\/04\/domtechnikpro_logo_full.svg\",\"width\":920,\"height\":180,\"caption\":\"Pr\u016fmyslov\u00e9 vybaven\u00ed a p\u0159\u00edslu\u0161enstv\u00ed\"},\"image\":{\"@id\":\"https:\/\/www.domtechnikpro.com\/#\/schema\/logo\/image\/\"}}]}<\/script>\n<!-- \/ Yoast SEO plugin. -->","yoast_head_json":{"title":"DUPLI-COLOR Aluminium Primer z\u00e1klad na hlin\u00edk 400 ml Dokud Z\u00e1soby Vydr\u017e\u00ed - Pr\u016fmyslov\u00e9 vybaven\u00ed a p\u0159\u00edslu\u0161enstv\u00ed","robots":{"index":"index","follow":"follow","max-snippet":"max-snippet:-1","max-image-preview":"max-image-preview:large","max-video-preview":"max-video-preview:-1"},"canonical":"https:\/\/www.domtechnikpro.com\/index.php\/produkt\/dupli-color-aluminium-primer-zaklad-na-hlinik-400-ml-dokud-zasoby-vydrzi-37346\/","og_locale":"cs_CZ","og_type":"article","og_title":"DUPLI-COLOR Aluminium Primer z\u00e1klad na hlin\u00edk 400 ml Dokud Z\u00e1soby Vydr\u017e\u00ed - Pr\u016fmyslov\u00e9 vybaven\u00ed a p\u0159\u00edslu\u0161enstv\u00ed","og_description":"DUPLI-COLOR Aluminium primer z\u00e1klad pro hlin\u00edk DUPLI-COLOR Aluminium primer je z\u00e1kladov\u00fd lak na hlin\u00edkov\u00e9 \u010d\u00e1sti. Na lak lze nan\u00e1\u0161et v\u0161echny na vzduchu schnouc\u00edmi akrylov\u00fdmi, syntetick\u00fdmi \u010di nitro-kombina\u010dn\u00edmi laky. Produkt podporuje p\u0159ilnavost mezi hlin\u00edkov\u00fdm povrchem a vrchn\u00edm n\u00e1t\u011brem. Lak je vhodn\u00fd jak pro interi\u00e9r tak i exteri\u00e9r. Kl\u00ed\u010dov\u00e9 vlastnosti Rychleschnouc\u00ed Jednoduch\u00e1 aplikace Velmi dobr\u00e1 \u00fa\u010dinnost Zna\u010dn\u00e1 [&hellip;]","og_url":"https:\/\/www.domtechnikpro.com\/index.php\/produkt\/dupli-color-aluminium-primer-zaklad-na-hlinik-400-ml-dokud-zasoby-vydrzi-37346\/","og_site_name":"Pr\u016fmyslov\u00e9 vybaven\u00ed a p\u0159\u00edslu\u0161enstv\u00ed","og_image":[{"width":400,"height":300,"url":"https:\/\/www.domtechnikpro.com\/wp-content\/uploads\/2026\/SK0001478-CZ20260425-092455-0-1777080297-image_of_object.webp","type":"image\/webp"}],"twitter_card":"summary_large_image","twitter_misc":{"Odhadovan\u00e1 doba \u010dten\u00ed":"1 minuta"},"schema":{"@context":"https:\/\/schema.org","@graph":[{"@type":"WebPage","@id":"https:\/\/www.domtechnikpro.com\/index.php\/produkt\/dupli-color-aluminium-primer-zaklad-na-hlinik-400-ml-dokud-zasoby-vydrzi-37346\/","url":"https:\/\/www.domtechnikpro.com\/index.php\/produkt\/dupli-color-aluminium-primer-zaklad-na-hlinik-400-ml-dokud-zasoby-vydrzi-37346\/","name":"DUPLI-COLOR Aluminium Primer z\u00e1klad na hlin\u00edk 400 ml Dokud Z\u00e1soby Vydr\u017e\u00ed - Pr\u016fmyslov\u00e9 vybaven\u00ed a p\u0159\u00edslu\u0161enstv\u00ed","isPartOf":{"@id":"https:\/\/www.domtechnikpro.com\/#website"},"primaryImageOfPage":{"@id":"https:\/\/www.domtechnikpro.com\/index.php\/produkt\/dupli-color-aluminium-primer-zaklad-na-hlinik-400-ml-dokud-zasoby-vydrzi-37346\/#primaryimage"},"image":{"@id":"https:\/\/www.domtechnikpro.com\/index.php\/produkt\/dupli-color-aluminium-primer-zaklad-na-hlinik-400-ml-dokud-zasoby-vydrzi-37346\/#primaryimage"},"thumbnailUrl":"https:\/\/www.domtechnikpro.com\/wp-content\/uploads\/2026\/SK0001478-CZ20260425-092455-0-1777080297-image_of_object.webp","datePublished":"2026-04-26T08:58:11+00:00","breadcrumb":{"@id":"https:\/\/www.domtechnikpro.com\/index.php\/produkt\/dupli-color-aluminium-primer-zaklad-na-hlinik-400-ml-dokud-zasoby-vydrzi-37346\/#breadcrumb"},"inLanguage":"cs","potentialAction":[{"@type":"ReadAction","target":["https:\/\/www.domtechnikpro.com\/index.php\/produkt\/dupli-color-aluminium-primer-zaklad-na-hlinik-400-ml-dokud-zasoby-vydrzi-37346\/"]}]},{"@type":"ImageObject","inLanguage":"cs","@id":"https:\/\/www.domtechnikpro.com\/index.php\/produkt\/dupli-color-aluminium-primer-zaklad-na-hlinik-400-ml-dokud-zasoby-vydrzi-37346\/#primaryimage","url":"https:\/\/www.domtechnikpro.com\/wp-content\/uploads\/2026\/SK0001478-CZ20260425-092455-0-1777080297-image_of_object.webp","contentUrl":"https:\/\/www.domtechnikpro.com\/wp-content\/uploads\/2026\/SK0001478-CZ20260425-092455-0-1777080297-image_of_object.webp","width":400,"height":300},{"@type":"BreadcrumbList","@id":"https:\/\/www.domtechnikpro.com\/index.php\/produkt\/dupli-color-aluminium-primer-zaklad-na-hlinik-400-ml-dokud-zasoby-vydrzi-37346\/#breadcrumb","itemListElement":[{"@type":"ListItem","position":1,"name":"Home","item":"https:\/\/www.domtechnikpro.com\/"},{"@type":"ListItem","position":2,"name":"Products","item":"https:\/\/www.domtechnikpro.com\/products\/"},{"@type":"ListItem","position":3,"name":"DUPLI-COLOR Aluminium Primer z\u00e1klad na hlin\u00edk 400 ml Dokud Z\u00e1soby Vydr\u017e\u00ed"}]},{"@type":"WebSite","@id":"https:\/\/www.domtechnikpro.com\/#website","url":"https:\/\/www.domtechnikpro.com\/","name":"Pr\u016fmyslov\u00e9 vybaven\u00ed a p\u0159\u00edslu\u0161enstv\u00ed","description":"Pr\u016fmyslov\u00e9 vybaven\u00ed a p\u0159\u00edslu\u0161enstv\u00ed","publisher":{"@id":"https:\/\/www.domtechnikpro.com\/#organization"},"potentialAction":[{"@type":"SearchAction","target":{"@type":"EntryPoint","urlTemplate":"https:\/\/www.domtechnikpro.com\/?s={search_term_string}"},"query-input":{"@type":"PropertyValueSpecification","valueRequired":true,"valueName":"search_term_string"}}],"inLanguage":"cs"},{"@type":"Organization","@id":"https:\/\/www.domtechnikpro.com\/#organization","name":"Pr\u016fmyslov\u00e9 vybaven\u00ed a p\u0159\u00edslu\u0161enstv\u00ed","url":"https:\/\/www.domtechnikpro.com\/","logo":{"@type":"ImageObject","inLanguage":"cs","@id":"https:\/\/www.domtechnikpro.com\/#\/schema\/logo\/image\/","url":"https:\/\/www.domtechnikpro.com\/wp-content\/uploads\/2026\/04\/domtechnikpro_logo_full.svg","contentUrl":"https:\/\/www.domtechnikpro.com\/wp-content\/uploads\/2026\/04\/domtechnikpro_logo_full.svg","width":920,"height":180,"caption":"Pr\u016fmyslov\u00e9 vybaven\u00ed a p\u0159\u00edslu\u0161enstv\u00ed"},"image":{"@id":"https:\/\/www.domtechnikpro.com\/#\/schema\/logo\/image\/"}}]}},"_links":{"self":[{"href":"https:\/\/www.domtechnikpro.com\/wp-json\/wp\/v2\/product\/37346","targetHints":{"allow":["GET"]}}],"collection":[{"href":"https:\/\/www.domtechnikpro.com\/wp-json\/wp\/v2\/product"}],"about":[{"href":"https:\/\/www.domtechnikpro.com\/wp-json\/wp\/v2\/types\/product"}],"replies":[{"embeddable":true,"href":"https:\/\/www.domtechnikpro.com\/wp-json\/wp\/v2\/comments?post=37346"}],"wp:featuredmedia":[{"embeddable":true,"href":"https:\/\/www.domtechnikpro.com\/wp-json\/wp\/v2\/media\/37446"}],"wp:attachment":[{"href":"https:\/\/www.domtechnikpro.com\/wp-json\/wp\/v2\/media?parent=37346"}],"wp:term":[{"taxonomy":"product_brand","embeddable":true,"href":"https:\/\/www.domtechnikpro.com\/wp-json\/wp\/v2\/product_brand?post=37346"},{"taxonomy":"product_cat","embeddable":true,"href":"https:\/\/www.domtechnikpro.com\/wp-json\/wp\/v2\/product_cat?post=37346"},{"taxonomy":"product_tag","embeddable":true,"href":"https:\/\/www.domtechnikpro.com\/wp-json\/wp\/v2\/product_tag?post=37346"}],"curies":[{"name":"wp","href":"https:\/\/api.w.org\/{rel}","templated":true}]}}