{"id":3728,"date":"2026-04-26T08:52:00","date_gmt":"2026-04-26T08:52:00","guid":{"rendered":""},"modified":"2026-04-26T08:52:00","modified_gmt":"2026-04-26T08:52:00","slug":"akcni-nabidka-sykfy-10x2x0-5-sdelovaci-kabel-bila-izolace-3728","status":"publish","type":"product","link":"https:\/\/www.domtechnikpro.com\/index.php\/produkt\/akcni-nabidka-sykfy-10x2x0-5-sdelovaci-kabel-bila-izolace-3728\/","title":{"rendered":"Ak\u010dn\u00ed Nab\u00eddka SYKFY 10x2x0.5 sd\u011blovac\u00ed kabel b\u00edl\u00e1 izolace"},"content":{"rendered":"<div id=\"e8878306\" class=\"pages\">\n<div id=\"PDDescription\" class=\"UserContentView userContent v1a v1 bs-view dcon dc150 PDDescription\" >\n<p><span style=\"color: #008080; font-size: 25px;\"><strong>Sd\u011blovac\u00ed kabel SYKFY (ilustra\u010dn\u00ed foto)<\/strong><\/span><\/p>\n<p>Kabely SYKFY se pou\u017e\u00edvaj\u00ed pro vnit\u0159n\u00ed rozvody ve sd\u011blovac\u00ed technice.<\/p>\n<p><strong>Popis konstrukce:<\/strong><\/p>\n<p>1) CU j\u00e1dro<br \/> 2) Izolace PVC, \u017e\u00edly sto\u010den\u00e9 do p\u00e1r\u016f a p\u011btip\u00e1rov\u00fdch skupin<br \/> 3) Obal (plastov\u00e1 p\u00e1ska)<br \/> 4) St\u00edn\u011bn\u00ed<br \/> 5) Pl\u00e1\u0161\u0165 (PVC \u0161ed\u00fd nebo b\u00edl\u00fd)<\/p>\n<p>\u00a0<\/p>\n<table class=\"tabulka\" style=\"border: 1px solid black; border-collapse: collapse;\">\n<tbody>\n<tr>\n<td style=\"border: 1px solid black; background-color: #008080;\" colspan=\"3\"><span style=\"color: #ffffff; font-size: 14px;\"><strong>Elektrick\u00e9 parametry<\/strong><\/span><\/td>\n<\/tr>\n<tr>\n<td style=\"border: 1px solid black;\">\u00a0Pr\u016fm\u011br vodi\u010de\u00a0<\/td>\n<td style=\"border: 1px solid black;\">[mm]\u00a0<\/td>\n<td style=\"border: 1px solid black;\">0,5\u00a0<\/td>\n<\/tr>\n<tr>\n<td style=\"border: 1px solid black;\">\u00a0Odpor smy\u010dky, max.\u00a0<\/td>\n<td style=\"border: 1px solid black;\">\u00a0[\u03a9\/km]<\/td>\n<td style=\"border: 1px solid black;\">195,6<\/td>\n<\/tr>\n<tr>\n<td style=\"border: 1px solid black;\">\u00a0Provozn\u00ed kapacita, max\u00a0<\/td>\n<td style=\"border: 1px solid black;\">\u00a0[nF\/km]<\/td>\n<td style=\"border: 1px solid black;\">120<\/td>\n<\/tr>\n<tr>\n<td style=\"border: 1px solid black;\">\u00a0Kapacitn\u00ed nerovnov\u00e1ha k9, max.\u00a0\u00a0\u00a0\u00a0\u00a0\u00a0\u00a0\u00a0\u00a0\u00a0\u00a0\u00a0\u00a0\u00a0\u00a0\u00a0\u00a0\u00a0\u00a0\u00a0\u00a0\u00a0\u00a0\u00a0\u00a0\u00a0\u00a0\u00a0\u00a0\u00a0\u00a0\u00a0\u00a0\u00a0\u00a0\u00a0\u00a0<\/td>\n<td style=\"border: 1px solid black;\">\u00a0[pF\/500 m]\u00a0\u00a0\u00a0\u00a0\u00a0\u00a0\u00a0\u00a0\u00a0\u00a0\u00a0\u00a0\u00a0\u00a0\u00a0\u00a0\u00a0\u00a0\u00a0\u00a0\u00a0\u00a0\u00a0\u00a0\u00a0\u00a0\u00a0<\/td>\n<td style=\"border: 1px solid black;\">400<\/td>\n<\/tr>\n<tr>\n<td style=\"border: 1px solid black;\">\u00a0Izola\u010dn\u00ed odpor, min.\u00a0<\/td>\n<td style=\"border: 1px solid black;\">\u00a0[M\u03a9.km]<\/td>\n<td style=\"border: 1px solid black;\">500<\/td>\n<\/tr>\n<tr>\n<td style=\"border: 1px solid black;\">Provozn\u00ed nap\u011bt\u00ed<\/td>\n<td style=\"border: 1px solid black;\">\u00a0[V]<\/td>\n<td style=\"border: 1px solid black;\">100<\/td>\n<\/tr>\n<\/tbody>\n<\/table>\n<div id=\"PDTable3\" class=\"ProductDetailTableView v3a v3 bs-view dcon dc175 PDTable3\" >\n<table>\n<thead><\/thead>\n<tbody>\n<tr class=\"attribute attr_bsshop_maker\">\n<td class=\"caption\">V\u00fdrobce<\/td>\n<td class=\"value\">Kabely &#8211; necen\u011bn\u00e9<\/td>\n<\/tr>\n<\/tbody>\n<\/table><\/div>\n<\/div>\n<\/div>\n<div id=\"e8878307\" class=\"tabs\">\n","protected":false},"excerpt":{"rendered":"<p>Sd\u011blovac\u00ed kabel SYKFY (ilustra\u010dn\u00ed foto) Kabely SYKFY se pou\u017e\u00edvaj\u00ed pro vnit\u0159n\u00ed rozvody ve sd\u011blovac\u00ed technice. Popis konstrukce: 1) CU j\u00e1dro 2) Izolace PVC, \u017e\u00edly sto\u010den\u00e9 do p\u00e1r\u016f a p\u011btip\u00e1rov\u00fdch skupin 3) Obal (plastov\u00e1 p\u00e1ska) 4) St\u00edn\u011bn\u00ed 5) Pl\u00e1\u0161\u0165 (PVC \u0161ed\u00fd nebo b\u00edl\u00fd) \u00a0 Elektrick\u00e9 parametry \u00a0Pr\u016fm\u011br vodi\u010de\u00a0 [mm]\u00a0 0,5\u00a0 \u00a0Odpor smy\u010dky, max.\u00a0 \u00a0[\u03a9\/km] 195,6 \u00a0Provozn\u00ed [&hellip;]<\/p>\n","protected":false},"featured_media":3828,"comment_status":"open","ping_status":"open","template":"","meta":[],"product_brand":[],"product_cat":[39],"product_tag":[],"class_list":{"0":"post-3728","1":"product","2":"type-product","3":"status-publish","4":"has-post-thumbnail","6":"product_cat-elektromateri-225-l","8":"first","9":"instock","10":"sale","11":"shipping-taxable","12":"purchasable","13":"product-type-simple"},"yoast_head":"<!-- This site is optimized with the Yoast SEO plugin v26.8 - https:\/\/yoast.com\/product\/yoast-seo-wordpress\/ -->\n<title>Ak\u010dn\u00ed Nab\u00eddka SYKFY 10x2x0.5 sd\u011blovac\u00ed kabel b\u00edl\u00e1 izolace -<\/title>\n<meta name=\"robots\" content=\"index, follow, max-snippet:-1, max-image-preview:large, max-video-preview:-1\" \/>\n<link rel=\"canonical\" href=\"https:\/\/www.domtechnikpro.com\/index.php\/produkt\/akcni-nabidka-sykfy-10x2x0-5-sdelovaci-kabel-bila-izolace-3728\/\" \/>\n<meta property=\"og:locale\" content=\"cs_CZ\" \/>\n<meta property=\"og:type\" content=\"article\" \/>\n<meta property=\"og:title\" content=\"Ak\u010dn\u00ed Nab\u00eddka SYKFY 10x2x0.5 sd\u011blovac\u00ed kabel b\u00edl\u00e1 izolace -\" \/>\n<meta property=\"og:description\" content=\"Sd\u011blovac\u00ed kabel SYKFY (ilustra\u010dn\u00ed foto) Kabely SYKFY se pou\u017e\u00edvaj\u00ed pro vnit\u0159n\u00ed rozvody ve sd\u011blovac\u00ed technice. Popis konstrukce: 1) CU j\u00e1dro 2) Izolace PVC, \u017e\u00edly sto\u010den\u00e9 do p\u00e1r\u016f a p\u011btip\u00e1rov\u00fdch skupin 3) Obal (plastov\u00e1 p\u00e1ska) 4) St\u00edn\u011bn\u00ed 5) Pl\u00e1\u0161\u0165 (PVC \u0161ed\u00fd nebo b\u00edl\u00fd) \u00a0 Elektrick\u00e9 parametry \u00a0Pr\u016fm\u011br vodi\u010de\u00a0 [mm]\u00a0 0,5\u00a0 \u00a0Odpor smy\u010dky, max.\u00a0 \u00a0[\u03a9\/km] 195,6 \u00a0Provozn\u00ed [&hellip;]\" \/>\n<meta property=\"og:url\" content=\"https:\/\/www.domtechnikpro.com\/index.php\/produkt\/akcni-nabidka-sykfy-10x2x0-5-sdelovaci-kabel-bila-izolace-3728\/\" \/>\n<meta property=\"og:image\" content=\"https:\/\/www.domtechnikpro.com\/wp-content\/uploads\/2026\/SK0001349-CZ20260425-091623-0-1777079785-sykfy-10x2x0-5-sdelovaci-kabel-bila-izolace.webp\" \/>\n\t<meta property=\"og:image:width\" content=\"1000\" \/>\n\t<meta property=\"og:image:height\" content=\"525\" \/>\n\t<meta property=\"og:image:type\" content=\"image\/webp\" \/>\n<meta name=\"twitter:card\" content=\"summary_large_image\" \/>\n<script type=\"application\/ld+json\" class=\"yoast-schema-graph\">{\"@context\":\"https:\/\/schema.org\",\"@graph\":[{\"@type\":\"WebPage\",\"@id\":\"https:\/\/www.domtechnikpro.com\/index.php\/produkt\/akcni-nabidka-sykfy-10x2x0-5-sdelovaci-kabel-bila-izolace-3728\/\",\"url\":\"https:\/\/www.domtechnikpro.com\/index.php\/produkt\/akcni-nabidka-sykfy-10x2x0-5-sdelovaci-kabel-bila-izolace-3728\/\",\"name\":\"Ak\u010dn\u00ed Nab\u00eddka SYKFY 10x2x0.5 sd\u011blovac\u00ed kabel b\u00edl\u00e1 izolace -\",\"isPartOf\":{\"@id\":\"https:\/\/www.domtechnikpro.com\/#website\"},\"primaryImageOfPage\":{\"@id\":\"https:\/\/www.domtechnikpro.com\/index.php\/produkt\/akcni-nabidka-sykfy-10x2x0-5-sdelovaci-kabel-bila-izolace-3728\/#primaryimage\"},\"image\":{\"@id\":\"https:\/\/www.domtechnikpro.com\/index.php\/produkt\/akcni-nabidka-sykfy-10x2x0-5-sdelovaci-kabel-bila-izolace-3728\/#primaryimage\"},\"thumbnailUrl\":\"https:\/\/www.domtechnikpro.com\/wp-content\/uploads\/2026\/SK0001349-CZ20260425-091623-0-1777079785-sykfy-10x2x0-5-sdelovaci-kabel-bila-izolace.webp\",\"datePublished\":\"2026-04-26T08:52:00+00:00\",\"breadcrumb\":{\"@id\":\"https:\/\/www.domtechnikpro.com\/index.php\/produkt\/akcni-nabidka-sykfy-10x2x0-5-sdelovaci-kabel-bila-izolace-3728\/#breadcrumb\"},\"inLanguage\":\"cs\",\"potentialAction\":[{\"@type\":\"ReadAction\",\"target\":[\"https:\/\/www.domtechnikpro.com\/index.php\/produkt\/akcni-nabidka-sykfy-10x2x0-5-sdelovaci-kabel-bila-izolace-3728\/\"]}]},{\"@type\":\"ImageObject\",\"inLanguage\":\"cs\",\"@id\":\"https:\/\/www.domtechnikpro.com\/index.php\/produkt\/akcni-nabidka-sykfy-10x2x0-5-sdelovaci-kabel-bila-izolace-3728\/#primaryimage\",\"url\":\"https:\/\/www.domtechnikpro.com\/wp-content\/uploads\/2026\/SK0001349-CZ20260425-091623-0-1777079785-sykfy-10x2x0-5-sdelovaci-kabel-bila-izolace.webp\",\"contentUrl\":\"https:\/\/www.domtechnikpro.com\/wp-content\/uploads\/2026\/SK0001349-CZ20260425-091623-0-1777079785-sykfy-10x2x0-5-sdelovaci-kabel-bila-izolace.webp\",\"width\":1000,\"height\":525},{\"@type\":\"BreadcrumbList\",\"@id\":\"https:\/\/www.domtechnikpro.com\/index.php\/produkt\/akcni-nabidka-sykfy-10x2x0-5-sdelovaci-kabel-bila-izolace-3728\/#breadcrumb\",\"itemListElement\":[{\"@type\":\"ListItem\",\"position\":1,\"name\":\"Home\",\"item\":\"https:\/\/www.domtechnikpro.com\/\"},{\"@type\":\"ListItem\",\"position\":2,\"name\":\"Products\",\"item\":\"https:\/\/www.domtechnikpro.com\/index.php\/products\/\"},{\"@type\":\"ListItem\",\"position\":3,\"name\":\"Ak\u010dn\u00ed Nab\u00eddka SYKFY 10x2x0.5 sd\u011blovac\u00ed kabel b\u00edl\u00e1 izolace\"}]},{\"@type\":\"WebSite\",\"@id\":\"https:\/\/www.domtechnikpro.com\/#website\",\"url\":\"https:\/\/www.domtechnikpro.com\/\",\"name\":\"\",\"description\":\"\",\"potentialAction\":[{\"@type\":\"SearchAction\",\"target\":{\"@type\":\"EntryPoint\",\"urlTemplate\":\"https:\/\/www.domtechnikpro.com\/?s={search_term_string}\"},\"query-input\":{\"@type\":\"PropertyValueSpecification\",\"valueRequired\":true,\"valueName\":\"search_term_string\"}}],\"inLanguage\":\"cs\"}]}<\/script>\n<!-- \/ Yoast SEO plugin. -->","yoast_head_json":{"title":"Ak\u010dn\u00ed Nab\u00eddka SYKFY 10x2x0.5 sd\u011blovac\u00ed kabel b\u00edl\u00e1 izolace -","robots":{"index":"index","follow":"follow","max-snippet":"max-snippet:-1","max-image-preview":"max-image-preview:large","max-video-preview":"max-video-preview:-1"},"canonical":"https:\/\/www.domtechnikpro.com\/index.php\/produkt\/akcni-nabidka-sykfy-10x2x0-5-sdelovaci-kabel-bila-izolace-3728\/","og_locale":"cs_CZ","og_type":"article","og_title":"Ak\u010dn\u00ed Nab\u00eddka SYKFY 10x2x0.5 sd\u011blovac\u00ed kabel b\u00edl\u00e1 izolace -","og_description":"Sd\u011blovac\u00ed kabel SYKFY (ilustra\u010dn\u00ed foto) Kabely SYKFY se pou\u017e\u00edvaj\u00ed pro vnit\u0159n\u00ed rozvody ve sd\u011blovac\u00ed technice. Popis konstrukce: 1) CU j\u00e1dro 2) Izolace PVC, \u017e\u00edly sto\u010den\u00e9 do p\u00e1r\u016f a p\u011btip\u00e1rov\u00fdch skupin 3) Obal (plastov\u00e1 p\u00e1ska) 4) St\u00edn\u011bn\u00ed 5) Pl\u00e1\u0161\u0165 (PVC \u0161ed\u00fd nebo b\u00edl\u00fd) \u00a0 Elektrick\u00e9 parametry \u00a0Pr\u016fm\u011br vodi\u010de\u00a0 [mm]\u00a0 0,5\u00a0 \u00a0Odpor smy\u010dky, max.\u00a0 \u00a0[\u03a9\/km] 195,6 \u00a0Provozn\u00ed [&hellip;]","og_url":"https:\/\/www.domtechnikpro.com\/index.php\/produkt\/akcni-nabidka-sykfy-10x2x0-5-sdelovaci-kabel-bila-izolace-3728\/","og_image":[{"width":1000,"height":525,"url":"https:\/\/www.domtechnikpro.com\/wp-content\/uploads\/2026\/SK0001349-CZ20260425-091623-0-1777079785-sykfy-10x2x0-5-sdelovaci-kabel-bila-izolace.webp","type":"image\/webp"}],"twitter_card":"summary_large_image","schema":{"@context":"https:\/\/schema.org","@graph":[{"@type":"WebPage","@id":"https:\/\/www.domtechnikpro.com\/index.php\/produkt\/akcni-nabidka-sykfy-10x2x0-5-sdelovaci-kabel-bila-izolace-3728\/","url":"https:\/\/www.domtechnikpro.com\/index.php\/produkt\/akcni-nabidka-sykfy-10x2x0-5-sdelovaci-kabel-bila-izolace-3728\/","name":"Ak\u010dn\u00ed Nab\u00eddka SYKFY 10x2x0.5 sd\u011blovac\u00ed kabel b\u00edl\u00e1 izolace -","isPartOf":{"@id":"https:\/\/www.domtechnikpro.com\/#website"},"primaryImageOfPage":{"@id":"https:\/\/www.domtechnikpro.com\/index.php\/produkt\/akcni-nabidka-sykfy-10x2x0-5-sdelovaci-kabel-bila-izolace-3728\/#primaryimage"},"image":{"@id":"https:\/\/www.domtechnikpro.com\/index.php\/produkt\/akcni-nabidka-sykfy-10x2x0-5-sdelovaci-kabel-bila-izolace-3728\/#primaryimage"},"thumbnailUrl":"https:\/\/www.domtechnikpro.com\/wp-content\/uploads\/2026\/SK0001349-CZ20260425-091623-0-1777079785-sykfy-10x2x0-5-sdelovaci-kabel-bila-izolace.webp","datePublished":"2026-04-26T08:52:00+00:00","breadcrumb":{"@id":"https:\/\/www.domtechnikpro.com\/index.php\/produkt\/akcni-nabidka-sykfy-10x2x0-5-sdelovaci-kabel-bila-izolace-3728\/#breadcrumb"},"inLanguage":"cs","potentialAction":[{"@type":"ReadAction","target":["https:\/\/www.domtechnikpro.com\/index.php\/produkt\/akcni-nabidka-sykfy-10x2x0-5-sdelovaci-kabel-bila-izolace-3728\/"]}]},{"@type":"ImageObject","inLanguage":"cs","@id":"https:\/\/www.domtechnikpro.com\/index.php\/produkt\/akcni-nabidka-sykfy-10x2x0-5-sdelovaci-kabel-bila-izolace-3728\/#primaryimage","url":"https:\/\/www.domtechnikpro.com\/wp-content\/uploads\/2026\/SK0001349-CZ20260425-091623-0-1777079785-sykfy-10x2x0-5-sdelovaci-kabel-bila-izolace.webp","contentUrl":"https:\/\/www.domtechnikpro.com\/wp-content\/uploads\/2026\/SK0001349-CZ20260425-091623-0-1777079785-sykfy-10x2x0-5-sdelovaci-kabel-bila-izolace.webp","width":1000,"height":525},{"@type":"BreadcrumbList","@id":"https:\/\/www.domtechnikpro.com\/index.php\/produkt\/akcni-nabidka-sykfy-10x2x0-5-sdelovaci-kabel-bila-izolace-3728\/#breadcrumb","itemListElement":[{"@type":"ListItem","position":1,"name":"Home","item":"https:\/\/www.domtechnikpro.com\/"},{"@type":"ListItem","position":2,"name":"Products","item":"https:\/\/www.domtechnikpro.com\/index.php\/products\/"},{"@type":"ListItem","position":3,"name":"Ak\u010dn\u00ed Nab\u00eddka SYKFY 10x2x0.5 sd\u011blovac\u00ed kabel b\u00edl\u00e1 izolace"}]},{"@type":"WebSite","@id":"https:\/\/www.domtechnikpro.com\/#website","url":"https:\/\/www.domtechnikpro.com\/","name":"","description":"","potentialAction":[{"@type":"SearchAction","target":{"@type":"EntryPoint","urlTemplate":"https:\/\/www.domtechnikpro.com\/?s={search_term_string}"},"query-input":{"@type":"PropertyValueSpecification","valueRequired":true,"valueName":"search_term_string"}}],"inLanguage":"cs"}]}},"_links":{"self":[{"href":"https:\/\/www.domtechnikpro.com\/index.php\/wp-json\/wp\/v2\/product\/3728","targetHints":{"allow":["GET"]}}],"collection":[{"href":"https:\/\/www.domtechnikpro.com\/index.php\/wp-json\/wp\/v2\/product"}],"about":[{"href":"https:\/\/www.domtechnikpro.com\/index.php\/wp-json\/wp\/v2\/types\/product"}],"replies":[{"embeddable":true,"href":"https:\/\/www.domtechnikpro.com\/index.php\/wp-json\/wp\/v2\/comments?post=3728"}],"wp:featuredmedia":[{"embeddable":true,"href":"https:\/\/www.domtechnikpro.com\/index.php\/wp-json\/wp\/v2\/media\/3828"}],"wp:attachment":[{"href":"https:\/\/www.domtechnikpro.com\/index.php\/wp-json\/wp\/v2\/media?parent=3728"}],"wp:term":[{"taxonomy":"product_brand","embeddable":true,"href":"https:\/\/www.domtechnikpro.com\/index.php\/wp-json\/wp\/v2\/product_brand?post=3728"},{"taxonomy":"product_cat","embeddable":true,"href":"https:\/\/www.domtechnikpro.com\/index.php\/wp-json\/wp\/v2\/product_cat?post=3728"},{"taxonomy":"product_tag","embeddable":true,"href":"https:\/\/www.domtechnikpro.com\/index.php\/wp-json\/wp\/v2\/product_tag?post=3728"}],"curies":[{"name":"wp","href":"https:\/\/api.w.org\/{rel}","templated":true}]}}