{"id":36302,"date":"2026-04-26T08:57:59","date_gmt":"2026-04-26T08:57:59","guid":{"rendered":""},"modified":"2026-04-26T08:57:59","modified_gmt":"2026-04-26T08:57:59","slug":"sprej-prisma-color-ciry-matny-akrylovy-lak-400-ml-nova-kolekce-36302","status":"publish","type":"product","link":"https:\/\/www.domtechnikpro.com\/index.php\/produkt\/sprej-prisma-color-ciry-matny-akrylovy-lak-400-ml-nova-kolekce-36302\/","title":{"rendered":"Sprej PRISMA COLOR \u010cIR\u00dd matn\u00fd akrylov\u00fd lak, 400 ml Nov\u00e1 Kolekce"},"content":{"rendered":"<div class=\"basic-description\">\n<h3>Detailn\u00ed popis produktu<\/h3>\n<p><span style=\"font-size: 12pt;\">Rychleschnouc\u00ed akrylov\u00fd lak v r\u016fzn\u00fdch barv\u00e1ch a odst\u00ednech <span class=\"show-tooltip\" title=\"Vzorn\u00edk barev RAL je celosv\u011btov\u011b uzn\u00e1van\u00fd standard pro stupnici barevn\u00fdch odst\u00edn\u016f, kter\u00fd se pou\u017e\u00edv\u00e1 p\u0159edev\u0161\u00edm v pr\u016fmyslov\u00e9 v\u00fdrob\u011b interi\u00e9rov\u00fdch \u010di exteri\u00e9rov\u00fdch n\u00e1t\u011brov\u00fdch hmot a stavebnictv\u00ed obecn\u011b. Jeho smyslem je p\u0159edev\u0161\u00edm mo\u017enost z\u00edsk\u00e1n\u00ed v\u017edy&amp;hellip;\">RAL<\/span>. S vysokou kryc\u00ed schopnost\u00ed a leskem, pro kutily a profesion\u00e1ly, ur\u010den\u00fd k pou\u017eit\u00ed ve vnit\u0159n\u00edm a venkovn\u00edm prost\u0159ed\u00ed, na mnoho\u010detn\u00e9 zp\u016fsoby pou\u017eit\u00ed, s automatick\u00fdm samo\u010dist\u00edc\u00edm ventilem.<\/span><\/p>\n<p><span style=\"font-size: 12pt;\">V balen\u00ed: 6ks.<\/span><\/p>\n<\/p>\n<p><span style=\"font-size: 12pt;\"><strong>Bezpe\u010dnostn\u00ed list ke sta\u017een\u00ed ZDE<\/strong><\/span><\/p>\n<\/p><\/div>\n","protected":false},"excerpt":{"rendered":"<p>Detailn\u00ed popis produktu Rychleschnouc\u00ed akrylov\u00fd lak v r\u016fzn\u00fdch barv\u00e1ch a odst\u00ednech RAL. S vysokou kryc\u00ed schopnost\u00ed a leskem, pro kutily a profesion\u00e1ly, ur\u010den\u00fd k pou\u017eit\u00ed ve vnit\u0159n\u00edm a venkovn\u00edm prost\u0159ed\u00ed, na mnoho\u010detn\u00e9 zp\u016fsoby pou\u017eit\u00ed, s automatick\u00fdm samo\u010dist\u00edc\u00edm ventilem. V balen\u00ed: 6ks. Bezpe\u010dnostn\u00ed list ke sta\u017een\u00ed ZDE<\/p>\n","protected":false},"featured_media":36402,"comment_status":"open","ping_status":"open","template":"","meta":[],"product_brand":[],"product_cat":[33],"product_tag":[],"class_list":{"0":"post-36302","1":"product","2":"type-product","3":"status-publish","4":"has-post-thumbnail","6":"product_cat-nejlepsi-prodejci","8":"first","9":"instock","10":"sale","11":"shipping-taxable","12":"purchasable","13":"product-type-simple"},"yoast_head":"<!-- This site is optimized with the Yoast SEO plugin v26.8 - https:\/\/yoast.com\/product\/yoast-seo-wordpress\/ -->\n<title>Sprej PRISMA COLOR \u010cIR\u00dd matn\u00fd akrylov\u00fd lak, 400 ml Nov\u00e1 Kolekce -<\/title>\n<meta name=\"robots\" content=\"index, follow, max-snippet:-1, max-image-preview:large, max-video-preview:-1\" \/>\n<link rel=\"canonical\" href=\"https:\/\/www.domtechnikpro.com\/index.php\/produkt\/sprej-prisma-color-ciry-matny-akrylovy-lak-400-ml-nova-kolekce-36302\/\" \/>\n<meta property=\"og:locale\" content=\"cs_CZ\" \/>\n<meta property=\"og:type\" content=\"article\" \/>\n<meta property=\"og:title\" content=\"Sprej PRISMA COLOR \u010cIR\u00dd matn\u00fd akrylov\u00fd lak, 400 ml Nov\u00e1 Kolekce -\" \/>\n<meta property=\"og:description\" content=\"Detailn\u00ed popis produktu Rychleschnouc\u00ed akrylov\u00fd lak v r\u016fzn\u00fdch barv\u00e1ch a odst\u00ednech RAL. S vysokou kryc\u00ed schopnost\u00ed a leskem, pro kutily a profesion\u00e1ly, ur\u010den\u00fd k pou\u017eit\u00ed ve vnit\u0159n\u00edm a venkovn\u00edm prost\u0159ed\u00ed, na mnoho\u010detn\u00e9 zp\u016fsoby pou\u017eit\u00ed, s automatick\u00fdm samo\u010dist\u00edc\u00edm ventilem. V balen\u00ed: 6ks. Bezpe\u010dnostn\u00ed list ke sta\u017een\u00ed ZDE\" \/>\n<meta property=\"og:url\" content=\"https:\/\/www.domtechnikpro.com\/index.php\/produkt\/sprej-prisma-color-ciry-matny-akrylovy-lak-400-ml-nova-kolekce-36302\/\" \/>\n<meta property=\"og:image\" content=\"https:\/\/www.domtechnikpro.com\/wp-content\/uploads\/2026\/SK0002381-CZ20260425-092420-0-1777080261-3182592_sprej-prisma-color-ciry-matny-akrylovy-lak--400-ml..webp\" \/>\n\t<meta property=\"og:image:width\" content=\"1000\" \/>\n\t<meta property=\"og:image:height\" content=\"750\" \/>\n\t<meta property=\"og:image:type\" content=\"image\/webp\" \/>\n<meta name=\"twitter:card\" content=\"summary_large_image\" \/>\n<script type=\"application\/ld+json\" class=\"yoast-schema-graph\">{\"@context\":\"https:\/\/schema.org\",\"@graph\":[{\"@type\":\"WebPage\",\"@id\":\"https:\/\/www.domtechnikpro.com\/index.php\/produkt\/sprej-prisma-color-ciry-matny-akrylovy-lak-400-ml-nova-kolekce-36302\/\",\"url\":\"https:\/\/www.domtechnikpro.com\/index.php\/produkt\/sprej-prisma-color-ciry-matny-akrylovy-lak-400-ml-nova-kolekce-36302\/\",\"name\":\"Sprej PRISMA COLOR \u010cIR\u00dd matn\u00fd akrylov\u00fd lak, 400 ml Nov\u00e1 Kolekce -\",\"isPartOf\":{\"@id\":\"https:\/\/www.domtechnikpro.com\/#website\"},\"primaryImageOfPage\":{\"@id\":\"https:\/\/www.domtechnikpro.com\/index.php\/produkt\/sprej-prisma-color-ciry-matny-akrylovy-lak-400-ml-nova-kolekce-36302\/#primaryimage\"},\"image\":{\"@id\":\"https:\/\/www.domtechnikpro.com\/index.php\/produkt\/sprej-prisma-color-ciry-matny-akrylovy-lak-400-ml-nova-kolekce-36302\/#primaryimage\"},\"thumbnailUrl\":\"https:\/\/www.domtechnikpro.com\/wp-content\/uploads\/2026\/SK0002381-CZ20260425-092420-0-1777080261-3182592_sprej-prisma-color-ciry-matny-akrylovy-lak--400-ml..webp\",\"datePublished\":\"2026-04-26T08:57:59+00:00\",\"breadcrumb\":{\"@id\":\"https:\/\/www.domtechnikpro.com\/index.php\/produkt\/sprej-prisma-color-ciry-matny-akrylovy-lak-400-ml-nova-kolekce-36302\/#breadcrumb\"},\"inLanguage\":\"cs\",\"potentialAction\":[{\"@type\":\"ReadAction\",\"target\":[\"https:\/\/www.domtechnikpro.com\/index.php\/produkt\/sprej-prisma-color-ciry-matny-akrylovy-lak-400-ml-nova-kolekce-36302\/\"]}]},{\"@type\":\"ImageObject\",\"inLanguage\":\"cs\",\"@id\":\"https:\/\/www.domtechnikpro.com\/index.php\/produkt\/sprej-prisma-color-ciry-matny-akrylovy-lak-400-ml-nova-kolekce-36302\/#primaryimage\",\"url\":\"https:\/\/www.domtechnikpro.com\/wp-content\/uploads\/2026\/SK0002381-CZ20260425-092420-0-1777080261-3182592_sprej-prisma-color-ciry-matny-akrylovy-lak--400-ml..webp\",\"contentUrl\":\"https:\/\/www.domtechnikpro.com\/wp-content\/uploads\/2026\/SK0002381-CZ20260425-092420-0-1777080261-3182592_sprej-prisma-color-ciry-matny-akrylovy-lak--400-ml..webp\",\"width\":1000,\"height\":750},{\"@type\":\"BreadcrumbList\",\"@id\":\"https:\/\/www.domtechnikpro.com\/index.php\/produkt\/sprej-prisma-color-ciry-matny-akrylovy-lak-400-ml-nova-kolekce-36302\/#breadcrumb\",\"itemListElement\":[{\"@type\":\"ListItem\",\"position\":1,\"name\":\"Home\",\"item\":\"https:\/\/www.domtechnikpro.com\/\"},{\"@type\":\"ListItem\",\"position\":2,\"name\":\"Products\",\"item\":\"https:\/\/www.domtechnikpro.com\/index.php\/products\/\"},{\"@type\":\"ListItem\",\"position\":3,\"name\":\"Sprej PRISMA COLOR \u010cIR\u00dd matn\u00fd akrylov\u00fd lak, 400 ml Nov\u00e1 Kolekce\"}]},{\"@type\":\"WebSite\",\"@id\":\"https:\/\/www.domtechnikpro.com\/#website\",\"url\":\"https:\/\/www.domtechnikpro.com\/\",\"name\":\"\",\"description\":\"\",\"potentialAction\":[{\"@type\":\"SearchAction\",\"target\":{\"@type\":\"EntryPoint\",\"urlTemplate\":\"https:\/\/www.domtechnikpro.com\/?s={search_term_string}\"},\"query-input\":{\"@type\":\"PropertyValueSpecification\",\"valueRequired\":true,\"valueName\":\"search_term_string\"}}],\"inLanguage\":\"cs\"}]}<\/script>\n<!-- \/ Yoast SEO plugin. -->","yoast_head_json":{"title":"Sprej PRISMA COLOR \u010cIR\u00dd matn\u00fd akrylov\u00fd lak, 400 ml Nov\u00e1 Kolekce -","robots":{"index":"index","follow":"follow","max-snippet":"max-snippet:-1","max-image-preview":"max-image-preview:large","max-video-preview":"max-video-preview:-1"},"canonical":"https:\/\/www.domtechnikpro.com\/index.php\/produkt\/sprej-prisma-color-ciry-matny-akrylovy-lak-400-ml-nova-kolekce-36302\/","og_locale":"cs_CZ","og_type":"article","og_title":"Sprej PRISMA COLOR \u010cIR\u00dd matn\u00fd akrylov\u00fd lak, 400 ml Nov\u00e1 Kolekce -","og_description":"Detailn\u00ed popis produktu Rychleschnouc\u00ed akrylov\u00fd lak v r\u016fzn\u00fdch barv\u00e1ch a odst\u00ednech RAL. S vysokou kryc\u00ed schopnost\u00ed a leskem, pro kutily a profesion\u00e1ly, ur\u010den\u00fd k pou\u017eit\u00ed ve vnit\u0159n\u00edm a venkovn\u00edm prost\u0159ed\u00ed, na mnoho\u010detn\u00e9 zp\u016fsoby pou\u017eit\u00ed, s automatick\u00fdm samo\u010dist\u00edc\u00edm ventilem. V balen\u00ed: 6ks. Bezpe\u010dnostn\u00ed list ke sta\u017een\u00ed ZDE","og_url":"https:\/\/www.domtechnikpro.com\/index.php\/produkt\/sprej-prisma-color-ciry-matny-akrylovy-lak-400-ml-nova-kolekce-36302\/","og_image":[{"width":1000,"height":750,"url":"https:\/\/www.domtechnikpro.com\/wp-content\/uploads\/2026\/SK0002381-CZ20260425-092420-0-1777080261-3182592_sprej-prisma-color-ciry-matny-akrylovy-lak--400-ml..webp","type":"image\/webp"}],"twitter_card":"summary_large_image","schema":{"@context":"https:\/\/schema.org","@graph":[{"@type":"WebPage","@id":"https:\/\/www.domtechnikpro.com\/index.php\/produkt\/sprej-prisma-color-ciry-matny-akrylovy-lak-400-ml-nova-kolekce-36302\/","url":"https:\/\/www.domtechnikpro.com\/index.php\/produkt\/sprej-prisma-color-ciry-matny-akrylovy-lak-400-ml-nova-kolekce-36302\/","name":"Sprej PRISMA COLOR \u010cIR\u00dd matn\u00fd akrylov\u00fd lak, 400 ml Nov\u00e1 Kolekce -","isPartOf":{"@id":"https:\/\/www.domtechnikpro.com\/#website"},"primaryImageOfPage":{"@id":"https:\/\/www.domtechnikpro.com\/index.php\/produkt\/sprej-prisma-color-ciry-matny-akrylovy-lak-400-ml-nova-kolekce-36302\/#primaryimage"},"image":{"@id":"https:\/\/www.domtechnikpro.com\/index.php\/produkt\/sprej-prisma-color-ciry-matny-akrylovy-lak-400-ml-nova-kolekce-36302\/#primaryimage"},"thumbnailUrl":"https:\/\/www.domtechnikpro.com\/wp-content\/uploads\/2026\/SK0002381-CZ20260425-092420-0-1777080261-3182592_sprej-prisma-color-ciry-matny-akrylovy-lak--400-ml..webp","datePublished":"2026-04-26T08:57:59+00:00","breadcrumb":{"@id":"https:\/\/www.domtechnikpro.com\/index.php\/produkt\/sprej-prisma-color-ciry-matny-akrylovy-lak-400-ml-nova-kolekce-36302\/#breadcrumb"},"inLanguage":"cs","potentialAction":[{"@type":"ReadAction","target":["https:\/\/www.domtechnikpro.com\/index.php\/produkt\/sprej-prisma-color-ciry-matny-akrylovy-lak-400-ml-nova-kolekce-36302\/"]}]},{"@type":"ImageObject","inLanguage":"cs","@id":"https:\/\/www.domtechnikpro.com\/index.php\/produkt\/sprej-prisma-color-ciry-matny-akrylovy-lak-400-ml-nova-kolekce-36302\/#primaryimage","url":"https:\/\/www.domtechnikpro.com\/wp-content\/uploads\/2026\/SK0002381-CZ20260425-092420-0-1777080261-3182592_sprej-prisma-color-ciry-matny-akrylovy-lak--400-ml..webp","contentUrl":"https:\/\/www.domtechnikpro.com\/wp-content\/uploads\/2026\/SK0002381-CZ20260425-092420-0-1777080261-3182592_sprej-prisma-color-ciry-matny-akrylovy-lak--400-ml..webp","width":1000,"height":750},{"@type":"BreadcrumbList","@id":"https:\/\/www.domtechnikpro.com\/index.php\/produkt\/sprej-prisma-color-ciry-matny-akrylovy-lak-400-ml-nova-kolekce-36302\/#breadcrumb","itemListElement":[{"@type":"ListItem","position":1,"name":"Home","item":"https:\/\/www.domtechnikpro.com\/"},{"@type":"ListItem","position":2,"name":"Products","item":"https:\/\/www.domtechnikpro.com\/index.php\/products\/"},{"@type":"ListItem","position":3,"name":"Sprej PRISMA COLOR \u010cIR\u00dd matn\u00fd akrylov\u00fd lak, 400 ml Nov\u00e1 Kolekce"}]},{"@type":"WebSite","@id":"https:\/\/www.domtechnikpro.com\/#website","url":"https:\/\/www.domtechnikpro.com\/","name":"","description":"","potentialAction":[{"@type":"SearchAction","target":{"@type":"EntryPoint","urlTemplate":"https:\/\/www.domtechnikpro.com\/?s={search_term_string}"},"query-input":{"@type":"PropertyValueSpecification","valueRequired":true,"valueName":"search_term_string"}}],"inLanguage":"cs"}]}},"_links":{"self":[{"href":"https:\/\/www.domtechnikpro.com\/index.php\/wp-json\/wp\/v2\/product\/36302","targetHints":{"allow":["GET"]}}],"collection":[{"href":"https:\/\/www.domtechnikpro.com\/index.php\/wp-json\/wp\/v2\/product"}],"about":[{"href":"https:\/\/www.domtechnikpro.com\/index.php\/wp-json\/wp\/v2\/types\/product"}],"replies":[{"embeddable":true,"href":"https:\/\/www.domtechnikpro.com\/index.php\/wp-json\/wp\/v2\/comments?post=36302"}],"wp:featuredmedia":[{"embeddable":true,"href":"https:\/\/www.domtechnikpro.com\/index.php\/wp-json\/wp\/v2\/media\/36402"}],"wp:attachment":[{"href":"https:\/\/www.domtechnikpro.com\/index.php\/wp-json\/wp\/v2\/media?parent=36302"}],"wp:term":[{"taxonomy":"product_brand","embeddable":true,"href":"https:\/\/www.domtechnikpro.com\/index.php\/wp-json\/wp\/v2\/product_brand?post=36302"},{"taxonomy":"product_cat","embeddable":true,"href":"https:\/\/www.domtechnikpro.com\/index.php\/wp-json\/wp\/v2\/product_cat?post=36302"},{"taxonomy":"product_tag","embeddable":true,"href":"https:\/\/www.domtechnikpro.com\/index.php\/wp-json\/wp\/v2\/product_tag?post=36302"}],"curies":[{"name":"wp","href":"https:\/\/api.w.org\/{rel}","templated":true}]}}