{"id":33976,"date":"2026-04-26T08:57:30","date_gmt":"2026-04-26T08:57:30","guid":{"rendered":""},"modified":"2026-04-26T08:57:30","modified_gmt":"2026-04-26T08:57:30","slug":"den-braven-asfaltovy-izolacni-lak-denbit-dk-atn-nova-kolekce-33976","status":"publish","type":"product","link":"https:\/\/www.domtechnikpro.com\/produkt\/den-braven-asfaltovy-izolacni-lak-denbit-dk-atn-nova-kolekce-33976\/","title":{"rendered":"Den Braven Asfaltov\u00fd izola\u010dn\u00ed lak DenBit DK-ATN Nov\u00e1 Kolekce"},"content":{"rendered":"<div class=\"basic-description\">\n<h3>Detailn\u00ed popis produktu<\/h3>\n<p>                                    Hydroizolace teras s n\u00e1slednou nadbeton\u00e1vkou sp\u00e1dovou vrstvou. K ochran\u011b podzemn\u00edch \u010d\u00e1st\u00ed staveb, suter\u00e9nn\u00edho zdiva a j\u00edmek pr\u016fmyslov\u00fdch vod p\u0159ed vlhkost\u00ed a vodou.<BR><BR><STRONG>Druh podkladu:<BR><\/STRONG>asfaltov\u00e9 lepenkov\u00e9 p\u00e1sy, pozinkovan\u00e9 plechy, star\u00e9 bitumenov\u00e9 n\u00e1t\u011brov\u00e9 hmoty, beton a podobn\u00e9 miner\u00e1ln\u00ed podklady, cementov\u00e9, cemento-v\u00e1penn\u00e9 om\u00edtky a podklady o\u0161et\u0159en\u00e9 penetrac\u00ed DenBit BR-ALP nebo ALP 300.<BR><BR><STRONG>Zp\u016fsob aplikace:<\/STRONG><BR>Dehtov\u00fd kart\u00e1\u010d, pokr\u00fdva\u010dsk\u00fd \u0161t\u011btec, \u0161t\u011btka, n\u00edzkoot\u00e1\u010dkov\u00e9 m\u00edchadlo.<BR><BR><STRONG>Pracovn\u00ed postup:<\/STRONG><BR><EM>P\u0159\u00edprava produktu:<\/EM> DenBit DK-ATN je pot\u0159eba p\u0159ed pou\u017eit\u00edm p\u0159\u00edmo v obalu vym\u00edchat n\u00edzkoot\u00e1\u010dkov\u00fdm m\u00edchadlem pro z\u00edsk\u00e1n\u00ed sourod\u00e9 hmoty. Na povrchu skladovan\u00e9ho v\u00fdrobku se m\u016f\u017ee odd\u011blit rozpou\u0161t\u011bdlo, kter\u00e9 je pot\u0159eba vm\u00edchat do hmoty. Nen\u00ed to zn\u00e1mkou vady nebo \u0161patn\u00e9 kvality v\u00fdrobku.<BR><EM>Izolace z\u00e1kladov\u00fdch konstrukc\u00ed a spodn\u00edch \u010d\u00e1st\u00ed staveb:<\/EM> V z\u00e1vislosti na p\u0159edpokl\u00e1dan\u00e9m zat\u00ed\u017een\u00ed tlakovou vodou se nan\u00e1\u0161\u00ed 2 nebo 4 vrstvy hmoty pomoc\u00ed \u0161t\u011btky nebo pokr\u00fdva\u010dsk\u00e9ho kart\u00e1\u010de s t\u00edm, \u017ee ka\u017edou dal\u0161\u00ed vrstvu je mo\u017eno nan\u00e1\u0161et a\u017e po \u0159\u00e1dn\u00e9m zaschnut\u00ed vrstvy p\u0159edchoz\u00ed. P\u0159i prov\u00e1d\u011bn\u00ed izolace je nutno db\u00e1t na velmi dobr\u00e9 napojen\u00ed svisl\u00e9 izolace z\u00e1kladu s p\u0159esahuj\u00edc\u00ed vodorovnou izolac\u00ed na z\u00e1kladov\u00e9m p\u00e1su, zde se doporu\u010duje vyztu\u017eit souvrstv\u00ed technickou tkaninou. V p\u0159\u00edpad\u011b pou\u017eit\u00ed v\u00fdrobku v tzv. t\u011b\u017ek\u00e9m ter\u00e9nu (oblasti seismologicky aktivn\u00ed nebo na poddolovan\u00e9m \u00fazem\u00ed \u010di bl\u00edzko lom\u016f, kde je patrn\u00e9 chv\u011bn\u00ed zem\u011b apod.), kde se p\u0159edpokl\u00e1d\u00e1 velk\u00e9 zat\u00ed\u017een\u00ed vodou, doporu\u010dujeme proveden\u00ed 4 vrstev DenBitu DK-ATN, p\u0159i\u010dem\u017e druhou vrstvu je nutn\u00e9 vyztu\u017eit p\u00e1sy technick\u00e9 tkaniny s \u0159\u00e1dn\u00fdm vyta\u017een\u00edm a napojen\u00edm ve v\u0161ech koutech. Zahozen\u00ed v\u00fdkopu zeminou je nutno prov\u00e1d\u011bt velmi opatrn\u011b, aby nedo\u0161lo k po\u0161kozen\u00ed izola\u010dn\u00ed vrstvy.<BR><STRONG><BR>Spot\u0159eba:<\/STRONG><BR>0,5 \u2013 0,9 kg\/m2 v 1 n\u00e1t\u011bru<BR><BR><STRONG>Omezen\u00ed:<\/STRONG><BR> Nepou\u017e\u00edvejte v kontaktu s polystyr\u00e9nem. Nepou\u017e\u00edvat na st\u0159echy. Nen\u00ed vhodn\u00fd pro pou\u017eit\u00ed pod dla\u017ebu p\u0159\u00edmo pokl\u00e1danou do cementov\u00e9ho lepidla bez p\u0159ekryt\u00ed sp\u00e1dovou betonovou vrstvou. Nepou\u017e\u00edvejte na j\u00edmky pro vodu ur\u010denou k hospod\u00e1\u0159sk\u00fdm \u00fa\u010del\u016fm a pit\u00ed. V\u00fdrobek obsahuje rozpou\u0161t\u011bdla, proto p\u0159i pou\u017eit\u00ed v interi\u00e9ru mus\u00ed b\u00fdt zaji\u0161t\u011bno d\u016fkladn\u00e9 odv\u011btr\u00e1n\u00ed a pokl\u00e1dka n\u00e1sledn\u00e9 vrstvy mus\u00ed b\u00fdt provedena na \u0159\u00e1dn\u011b vyzr\u00e1lou hmotu. Pou\u017eit\u00ed v interi\u00e9ru se vyvarujte z d\u016fvodu obsahu rozpou\u0161t\u011bdel. P\u0159i p\u0159evozech hmoty za mrazu, a zvl\u00e1\u0161t\u011b p\u0159ed pou\u017eit\u00edm v n\u00edzk\u00fdch teplot\u00e1ch, hmotu den p\u0159ed pou\u017eit\u00edm uchov\u00e1vejte p\u0159i pokojov\u00e9 teplot\u011b. Neslou\u017e\u00ed jako antikorozn\u00ed ochrana, proto plechy a ocelov\u00e9 konstrukce je nutno nejprve opat\u0159it antikorozn\u00edm n\u00e1t\u011brem. Do hmoty nep\u0159id\u00e1vejte \u017e\u00e1dn\u00e9 l\u00e1tky.                            <\/div>\n<div class=\"extended-description\">\n<h3>Dopl\u0148kov\u00e9 parametry<\/h3>\n<table class=\"detail-parameters\">\n<tbody>\n<tr>\n<th>        <span class=\"row-header-label\">            Kategorie<span class=\"row-header-label-colon\">:<\/span>        <\/span>    <\/th>\n<td>        Hydroizola\u010dn\u00ed hmoty a n\u00e1t\u011bry    <\/td>\n<\/tr>\n<\/tbody>\n<\/table><\/div>\n<\/p><\/div>\n<\/p><\/div>\n","protected":false},"excerpt":{"rendered":"<p>Detailn\u00ed popis produktu Hydroizolace teras s n\u00e1slednou nadbeton\u00e1vkou sp\u00e1dovou vrstvou. K ochran\u011b podzemn\u00edch \u010d\u00e1st\u00ed staveb, suter\u00e9nn\u00edho zdiva a j\u00edmek pr\u016fmyslov\u00fdch vod p\u0159ed vlhkost\u00ed a vodou.Druh podkladu:asfaltov\u00e9 lepenkov\u00e9 p\u00e1sy, pozinkovan\u00e9 plechy, star\u00e9 bitumenov\u00e9 n\u00e1t\u011brov\u00e9 hmoty, beton a podobn\u00e9 miner\u00e1ln\u00ed podklady, cementov\u00e9, cemento-v\u00e1penn\u00e9 om\u00edtky a podklady o\u0161et\u0159en\u00e9 penetrac\u00ed DenBit BR-ALP nebo ALP 300.Zp\u016fsob aplikace:Dehtov\u00fd kart\u00e1\u010d, pokr\u00fdva\u010dsk\u00fd \u0161t\u011btec, [&hellip;]<\/p>\n","protected":false},"featured_media":34076,"comment_status":"open","ping_status":"open","template":"","meta":[],"product_brand":[],"product_cat":[125],"product_tag":[],"class_list":{"0":"post-33976","1":"product","2":"type-product","3":"status-publish","4":"has-post-thumbnail","6":"product_cat-hydroizolacni-hmoty-a-natery","8":"first","9":"instock","10":"sale","11":"shipping-taxable","12":"purchasable","13":"product-type-simple"},"yoast_head":"<!-- This site is optimized with the Yoast SEO plugin v26.8 - https:\/\/yoast.com\/product\/yoast-seo-wordpress\/ -->\n<title>Den Braven Asfaltov\u00fd izola\u010dn\u00ed lak DenBit DK-ATN Nov\u00e1 Kolekce - Pr\u016fmyslov\u00e9 vybaven\u00ed a p\u0159\u00edslu\u0161enstv\u00ed<\/title>\n<meta name=\"robots\" content=\"index, follow, max-snippet:-1, max-image-preview:large, max-video-preview:-1\" \/>\n<link rel=\"canonical\" href=\"https:\/\/www.domtechnikpro.com\/index.php\/produkt\/den-braven-asfaltovy-izolacni-lak-denbit-dk-atn-nova-kolekce-33976\/\" \/>\n<meta property=\"og:locale\" content=\"cs_CZ\" \/>\n<meta property=\"og:type\" content=\"article\" \/>\n<meta property=\"og:title\" content=\"Den Braven Asfaltov\u00fd izola\u010dn\u00ed lak DenBit DK-ATN Nov\u00e1 Kolekce - Pr\u016fmyslov\u00e9 vybaven\u00ed a p\u0159\u00edslu\u0161enstv\u00ed\" \/>\n<meta property=\"og:description\" content=\"Detailn\u00ed popis produktu Hydroizolace teras s n\u00e1slednou nadbeton\u00e1vkou sp\u00e1dovou vrstvou. K ochran\u011b podzemn\u00edch \u010d\u00e1st\u00ed staveb, suter\u00e9nn\u00edho zdiva a j\u00edmek pr\u016fmyslov\u00fdch vod p\u0159ed vlhkost\u00ed a vodou.Druh podkladu:asfaltov\u00e9 lepenkov\u00e9 p\u00e1sy, pozinkovan\u00e9 plechy, star\u00e9 bitumenov\u00e9 n\u00e1t\u011brov\u00e9 hmoty, beton a podobn\u00e9 miner\u00e1ln\u00ed podklady, cementov\u00e9, cemento-v\u00e1penn\u00e9 om\u00edtky a podklady o\u0161et\u0159en\u00e9 penetrac\u00ed DenBit BR-ALP nebo ALP 300.Zp\u016fsob aplikace:Dehtov\u00fd kart\u00e1\u010d, pokr\u00fdva\u010dsk\u00fd \u0161t\u011btec, [&hellip;]\" \/>\n<meta property=\"og:url\" content=\"https:\/\/www.domtechnikpro.com\/index.php\/produkt\/den-braven-asfaltovy-izolacni-lak-denbit-dk-atn-nova-kolekce-33976\/\" \/>\n<meta property=\"og:site_name\" content=\"Pr\u016fmyslov\u00e9 vybaven\u00ed a p\u0159\u00edslu\u0161enstv\u00ed\" \/>\n<meta property=\"og:image\" content=\"https:\/\/www.domtechnikpro.com\/wp-content\/uploads\/2026\/SK0002022-CZ20260425-092355-0-1777080235-29279_den-braven-asfaltovy-izolacni-lak-denbit-dk-atn.webp\" \/>\n\t<meta property=\"og:image:width\" content=\"1000\" \/>\n\t<meta property=\"og:image:height\" content=\"750\" \/>\n\t<meta property=\"og:image:type\" content=\"image\/webp\" \/>\n<meta name=\"twitter:card\" content=\"summary_large_image\" \/>\n<meta name=\"twitter:label1\" content=\"Odhadovan\u00e1 doba \u010dten\u00ed\" \/>\n\t<meta name=\"twitter:data1\" content=\"3 minuty\" \/>\n<script type=\"application\/ld+json\" class=\"yoast-schema-graph\">{\"@context\":\"https:\/\/schema.org\",\"@graph\":[{\"@type\":\"WebPage\",\"@id\":\"https:\/\/www.domtechnikpro.com\/index.php\/produkt\/den-braven-asfaltovy-izolacni-lak-denbit-dk-atn-nova-kolekce-33976\/\",\"url\":\"https:\/\/www.domtechnikpro.com\/index.php\/produkt\/den-braven-asfaltovy-izolacni-lak-denbit-dk-atn-nova-kolekce-33976\/\",\"name\":\"Den Braven Asfaltov\u00fd izola\u010dn\u00ed lak DenBit DK-ATN Nov\u00e1 Kolekce - Pr\u016fmyslov\u00e9 vybaven\u00ed a p\u0159\u00edslu\u0161enstv\u00ed\",\"isPartOf\":{\"@id\":\"https:\/\/www.domtechnikpro.com\/#website\"},\"primaryImageOfPage\":{\"@id\":\"https:\/\/www.domtechnikpro.com\/index.php\/produkt\/den-braven-asfaltovy-izolacni-lak-denbit-dk-atn-nova-kolekce-33976\/#primaryimage\"},\"image\":{\"@id\":\"https:\/\/www.domtechnikpro.com\/index.php\/produkt\/den-braven-asfaltovy-izolacni-lak-denbit-dk-atn-nova-kolekce-33976\/#primaryimage\"},\"thumbnailUrl\":\"https:\/\/www.domtechnikpro.com\/wp-content\/uploads\/2026\/SK0002022-CZ20260425-092355-0-1777080235-29279_den-braven-asfaltovy-izolacni-lak-denbit-dk-atn.webp\",\"datePublished\":\"2026-04-26T08:57:30+00:00\",\"breadcrumb\":{\"@id\":\"https:\/\/www.domtechnikpro.com\/index.php\/produkt\/den-braven-asfaltovy-izolacni-lak-denbit-dk-atn-nova-kolekce-33976\/#breadcrumb\"},\"inLanguage\":\"cs\",\"potentialAction\":[{\"@type\":\"ReadAction\",\"target\":[\"https:\/\/www.domtechnikpro.com\/index.php\/produkt\/den-braven-asfaltovy-izolacni-lak-denbit-dk-atn-nova-kolekce-33976\/\"]}]},{\"@type\":\"ImageObject\",\"inLanguage\":\"cs\",\"@id\":\"https:\/\/www.domtechnikpro.com\/index.php\/produkt\/den-braven-asfaltovy-izolacni-lak-denbit-dk-atn-nova-kolekce-33976\/#primaryimage\",\"url\":\"https:\/\/www.domtechnikpro.com\/wp-content\/uploads\/2026\/SK0002022-CZ20260425-092355-0-1777080235-29279_den-braven-asfaltovy-izolacni-lak-denbit-dk-atn.webp\",\"contentUrl\":\"https:\/\/www.domtechnikpro.com\/wp-content\/uploads\/2026\/SK0002022-CZ20260425-092355-0-1777080235-29279_den-braven-asfaltovy-izolacni-lak-denbit-dk-atn.webp\",\"width\":1000,\"height\":750},{\"@type\":\"BreadcrumbList\",\"@id\":\"https:\/\/www.domtechnikpro.com\/index.php\/produkt\/den-braven-asfaltovy-izolacni-lak-denbit-dk-atn-nova-kolekce-33976\/#breadcrumb\",\"itemListElement\":[{\"@type\":\"ListItem\",\"position\":1,\"name\":\"Home\",\"item\":\"https:\/\/www.domtechnikpro.com\/\"},{\"@type\":\"ListItem\",\"position\":2,\"name\":\"Products\",\"item\":\"https:\/\/www.domtechnikpro.com\/products\/\"},{\"@type\":\"ListItem\",\"position\":3,\"name\":\"Den Braven Asfaltov\u00fd izola\u010dn\u00ed lak DenBit DK-ATN Nov\u00e1 Kolekce\"}]},{\"@type\":\"WebSite\",\"@id\":\"https:\/\/www.domtechnikpro.com\/#website\",\"url\":\"https:\/\/www.domtechnikpro.com\/\",\"name\":\"Pr\u016fmyslov\u00e9 vybaven\u00ed a p\u0159\u00edslu\u0161enstv\u00ed\",\"description\":\"Pr\u016fmyslov\u00e9 vybaven\u00ed a p\u0159\u00edslu\u0161enstv\u00ed\",\"publisher\":{\"@id\":\"https:\/\/www.domtechnikpro.com\/#organization\"},\"potentialAction\":[{\"@type\":\"SearchAction\",\"target\":{\"@type\":\"EntryPoint\",\"urlTemplate\":\"https:\/\/www.domtechnikpro.com\/?s={search_term_string}\"},\"query-input\":{\"@type\":\"PropertyValueSpecification\",\"valueRequired\":true,\"valueName\":\"search_term_string\"}}],\"inLanguage\":\"cs\"},{\"@type\":\"Organization\",\"@id\":\"https:\/\/www.domtechnikpro.com\/#organization\",\"name\":\"Pr\u016fmyslov\u00e9 vybaven\u00ed a p\u0159\u00edslu\u0161enstv\u00ed\",\"url\":\"https:\/\/www.domtechnikpro.com\/\",\"logo\":{\"@type\":\"ImageObject\",\"inLanguage\":\"cs\",\"@id\":\"https:\/\/www.domtechnikpro.com\/#\/schema\/logo\/image\/\",\"url\":\"https:\/\/www.domtechnikpro.com\/wp-content\/uploads\/2026\/04\/domtechnikpro_logo_full.svg\",\"contentUrl\":\"https:\/\/www.domtechnikpro.com\/wp-content\/uploads\/2026\/04\/domtechnikpro_logo_full.svg\",\"width\":920,\"height\":180,\"caption\":\"Pr\u016fmyslov\u00e9 vybaven\u00ed a p\u0159\u00edslu\u0161enstv\u00ed\"},\"image\":{\"@id\":\"https:\/\/www.domtechnikpro.com\/#\/schema\/logo\/image\/\"}}]}<\/script>\n<!-- \/ Yoast SEO plugin. -->","yoast_head_json":{"title":"Den Braven Asfaltov\u00fd izola\u010dn\u00ed lak DenBit DK-ATN Nov\u00e1 Kolekce - Pr\u016fmyslov\u00e9 vybaven\u00ed a p\u0159\u00edslu\u0161enstv\u00ed","robots":{"index":"index","follow":"follow","max-snippet":"max-snippet:-1","max-image-preview":"max-image-preview:large","max-video-preview":"max-video-preview:-1"},"canonical":"https:\/\/www.domtechnikpro.com\/index.php\/produkt\/den-braven-asfaltovy-izolacni-lak-denbit-dk-atn-nova-kolekce-33976\/","og_locale":"cs_CZ","og_type":"article","og_title":"Den Braven Asfaltov\u00fd izola\u010dn\u00ed lak DenBit DK-ATN Nov\u00e1 Kolekce - Pr\u016fmyslov\u00e9 vybaven\u00ed a p\u0159\u00edslu\u0161enstv\u00ed","og_description":"Detailn\u00ed popis produktu Hydroizolace teras s n\u00e1slednou nadbeton\u00e1vkou sp\u00e1dovou vrstvou. K ochran\u011b podzemn\u00edch \u010d\u00e1st\u00ed staveb, suter\u00e9nn\u00edho zdiva a j\u00edmek pr\u016fmyslov\u00fdch vod p\u0159ed vlhkost\u00ed a vodou.Druh podkladu:asfaltov\u00e9 lepenkov\u00e9 p\u00e1sy, pozinkovan\u00e9 plechy, star\u00e9 bitumenov\u00e9 n\u00e1t\u011brov\u00e9 hmoty, beton a podobn\u00e9 miner\u00e1ln\u00ed podklady, cementov\u00e9, cemento-v\u00e1penn\u00e9 om\u00edtky a podklady o\u0161et\u0159en\u00e9 penetrac\u00ed DenBit BR-ALP nebo ALP 300.Zp\u016fsob aplikace:Dehtov\u00fd kart\u00e1\u010d, pokr\u00fdva\u010dsk\u00fd \u0161t\u011btec, [&hellip;]","og_url":"https:\/\/www.domtechnikpro.com\/index.php\/produkt\/den-braven-asfaltovy-izolacni-lak-denbit-dk-atn-nova-kolekce-33976\/","og_site_name":"Pr\u016fmyslov\u00e9 vybaven\u00ed a p\u0159\u00edslu\u0161enstv\u00ed","og_image":[{"width":1000,"height":750,"url":"https:\/\/www.domtechnikpro.com\/wp-content\/uploads\/2026\/SK0002022-CZ20260425-092355-0-1777080235-29279_den-braven-asfaltovy-izolacni-lak-denbit-dk-atn.webp","type":"image\/webp"}],"twitter_card":"summary_large_image","twitter_misc":{"Odhadovan\u00e1 doba \u010dten\u00ed":"3 minuty"},"schema":{"@context":"https:\/\/schema.org","@graph":[{"@type":"WebPage","@id":"https:\/\/www.domtechnikpro.com\/index.php\/produkt\/den-braven-asfaltovy-izolacni-lak-denbit-dk-atn-nova-kolekce-33976\/","url":"https:\/\/www.domtechnikpro.com\/index.php\/produkt\/den-braven-asfaltovy-izolacni-lak-denbit-dk-atn-nova-kolekce-33976\/","name":"Den Braven Asfaltov\u00fd izola\u010dn\u00ed lak DenBit DK-ATN Nov\u00e1 Kolekce - Pr\u016fmyslov\u00e9 vybaven\u00ed a p\u0159\u00edslu\u0161enstv\u00ed","isPartOf":{"@id":"https:\/\/www.domtechnikpro.com\/#website"},"primaryImageOfPage":{"@id":"https:\/\/www.domtechnikpro.com\/index.php\/produkt\/den-braven-asfaltovy-izolacni-lak-denbit-dk-atn-nova-kolekce-33976\/#primaryimage"},"image":{"@id":"https:\/\/www.domtechnikpro.com\/index.php\/produkt\/den-braven-asfaltovy-izolacni-lak-denbit-dk-atn-nova-kolekce-33976\/#primaryimage"},"thumbnailUrl":"https:\/\/www.domtechnikpro.com\/wp-content\/uploads\/2026\/SK0002022-CZ20260425-092355-0-1777080235-29279_den-braven-asfaltovy-izolacni-lak-denbit-dk-atn.webp","datePublished":"2026-04-26T08:57:30+00:00","breadcrumb":{"@id":"https:\/\/www.domtechnikpro.com\/index.php\/produkt\/den-braven-asfaltovy-izolacni-lak-denbit-dk-atn-nova-kolekce-33976\/#breadcrumb"},"inLanguage":"cs","potentialAction":[{"@type":"ReadAction","target":["https:\/\/www.domtechnikpro.com\/index.php\/produkt\/den-braven-asfaltovy-izolacni-lak-denbit-dk-atn-nova-kolekce-33976\/"]}]},{"@type":"ImageObject","inLanguage":"cs","@id":"https:\/\/www.domtechnikpro.com\/index.php\/produkt\/den-braven-asfaltovy-izolacni-lak-denbit-dk-atn-nova-kolekce-33976\/#primaryimage","url":"https:\/\/www.domtechnikpro.com\/wp-content\/uploads\/2026\/SK0002022-CZ20260425-092355-0-1777080235-29279_den-braven-asfaltovy-izolacni-lak-denbit-dk-atn.webp","contentUrl":"https:\/\/www.domtechnikpro.com\/wp-content\/uploads\/2026\/SK0002022-CZ20260425-092355-0-1777080235-29279_den-braven-asfaltovy-izolacni-lak-denbit-dk-atn.webp","width":1000,"height":750},{"@type":"BreadcrumbList","@id":"https:\/\/www.domtechnikpro.com\/index.php\/produkt\/den-braven-asfaltovy-izolacni-lak-denbit-dk-atn-nova-kolekce-33976\/#breadcrumb","itemListElement":[{"@type":"ListItem","position":1,"name":"Home","item":"https:\/\/www.domtechnikpro.com\/"},{"@type":"ListItem","position":2,"name":"Products","item":"https:\/\/www.domtechnikpro.com\/products\/"},{"@type":"ListItem","position":3,"name":"Den Braven Asfaltov\u00fd izola\u010dn\u00ed lak DenBit DK-ATN Nov\u00e1 Kolekce"}]},{"@type":"WebSite","@id":"https:\/\/www.domtechnikpro.com\/#website","url":"https:\/\/www.domtechnikpro.com\/","name":"Pr\u016fmyslov\u00e9 vybaven\u00ed a p\u0159\u00edslu\u0161enstv\u00ed","description":"Pr\u016fmyslov\u00e9 vybaven\u00ed a p\u0159\u00edslu\u0161enstv\u00ed","publisher":{"@id":"https:\/\/www.domtechnikpro.com\/#organization"},"potentialAction":[{"@type":"SearchAction","target":{"@type":"EntryPoint","urlTemplate":"https:\/\/www.domtechnikpro.com\/?s={search_term_string}"},"query-input":{"@type":"PropertyValueSpecification","valueRequired":true,"valueName":"search_term_string"}}],"inLanguage":"cs"},{"@type":"Organization","@id":"https:\/\/www.domtechnikpro.com\/#organization","name":"Pr\u016fmyslov\u00e9 vybaven\u00ed a p\u0159\u00edslu\u0161enstv\u00ed","url":"https:\/\/www.domtechnikpro.com\/","logo":{"@type":"ImageObject","inLanguage":"cs","@id":"https:\/\/www.domtechnikpro.com\/#\/schema\/logo\/image\/","url":"https:\/\/www.domtechnikpro.com\/wp-content\/uploads\/2026\/04\/domtechnikpro_logo_full.svg","contentUrl":"https:\/\/www.domtechnikpro.com\/wp-content\/uploads\/2026\/04\/domtechnikpro_logo_full.svg","width":920,"height":180,"caption":"Pr\u016fmyslov\u00e9 vybaven\u00ed a p\u0159\u00edslu\u0161enstv\u00ed"},"image":{"@id":"https:\/\/www.domtechnikpro.com\/#\/schema\/logo\/image\/"}}]}},"_links":{"self":[{"href":"https:\/\/www.domtechnikpro.com\/wp-json\/wp\/v2\/product\/33976","targetHints":{"allow":["GET"]}}],"collection":[{"href":"https:\/\/www.domtechnikpro.com\/wp-json\/wp\/v2\/product"}],"about":[{"href":"https:\/\/www.domtechnikpro.com\/wp-json\/wp\/v2\/types\/product"}],"replies":[{"embeddable":true,"href":"https:\/\/www.domtechnikpro.com\/wp-json\/wp\/v2\/comments?post=33976"}],"wp:featuredmedia":[{"embeddable":true,"href":"https:\/\/www.domtechnikpro.com\/wp-json\/wp\/v2\/media\/34076"}],"wp:attachment":[{"href":"https:\/\/www.domtechnikpro.com\/wp-json\/wp\/v2\/media?parent=33976"}],"wp:term":[{"taxonomy":"product_brand","embeddable":true,"href":"https:\/\/www.domtechnikpro.com\/wp-json\/wp\/v2\/product_brand?post=33976"},{"taxonomy":"product_cat","embeddable":true,"href":"https:\/\/www.domtechnikpro.com\/wp-json\/wp\/v2\/product_cat?post=33976"},{"taxonomy":"product_tag","embeddable":true,"href":"https:\/\/www.domtechnikpro.com\/wp-json\/wp\/v2\/product_tag?post=33976"}],"curies":[{"name":"wp","href":"https:\/\/api.w.org\/{rel}","templated":true}]}}