{"id":33972,"date":"2026-04-26T08:57:30","date_gmt":"2026-04-26T08:57:30","guid":{"rendered":""},"modified":"2026-04-26T08:57:30","modified_gmt":"2026-04-26T08:57:30","slug":"den-braven-gumoasfaltova-hydroizolace-denbit-disper-dn-casove-omezene-33972","status":"publish","type":"product","link":"https:\/\/www.domtechnikpro.com\/produkt\/den-braven-gumoasfaltova-hydroizolace-denbit-disper-dn-casove-omezene-33972\/","title":{"rendered":"Den Braven Gumoasfaltov\u00e1 hydroizolace DenBit DISPER DN \u010casov\u011b Omezen\u00e9"},"content":{"rendered":"<div class=\"basic-description\">\n<h3>Detailn\u00ed popis produktu<\/h3>\n<p>                                    <P><STRONG>Pou\u017eit\u00ed:<BR><\/STRONG>Renovov\u00e1n\u00ed a konzervov\u00e1n\u00ed st\u0159e\u0161n\u00edch krytin.<BR>Prov\u00e1d\u011bn\u00ed bezesp\u00e1r\u00fdch st\u0159e\u0161n\u00edch krytin vyztu\u017een\u00fdch technick\u00fdmi tkaninami.<BR>Prov\u00e1d\u011bn\u00ed protivlhkostn\u00edch izolac\u00ed hrub\u00fdch podlah sklep\u016f, gar\u00e1\u017e\u00ed, teras, balk\u00f3n\u016f a k ochran\u011b podzemn\u00edch \u010d\u00e1st\u00ed budov p\u0159ed vlhkost\u00ed.<BR><BR><STRONG>Druh podkladu:<\/STRONG><BR>beton, cementov\u00e9, cemento-v\u00e1penn\u00e9 om\u00edtky, eternit, lepenka a podobn\u00e9 materi\u00e1ly na bitumenov\u00e9 b\u00e1zi a podklady o\u0161et\u0159en\u00e9 penetrac\u00ed DenBit DISPER AS nebo DenBit DISPER A.<BR><BR><STRONG>Spot\u0159eba:<\/STRONG><BR>0,5-1 kg\/m2 v 1 n\u00e1t\u011bru<BR><BR><STRONG>Barva:<BR><\/STRONG>Tmav\u011b hn\u011bd\u00e1 (po vytvrzen\u00ed \u010dern\u00e1)<\/P>                            <\/div>\n<div class=\"extended-description\">\n<h3>Dopl\u0148kov\u00e9 parametry<\/h3>\n<table class=\"detail-parameters\">\n<tbody>\n<tr>\n<th>        <span class=\"row-header-label\">            Kategorie<span class=\"row-header-label-colon\">:<\/span>        <\/span>    <\/th>\n<td>        Hydroizola\u010dn\u00ed hmoty a n\u00e1t\u011bry    <\/td>\n<\/tr>\n<\/tbody>\n<\/table><\/div>\n<\/p><\/div>\n<\/p><\/div>\n","protected":false},"excerpt":{"rendered":"<p>Detailn\u00ed popis produktu Pou\u017eit\u00ed:Renovov\u00e1n\u00ed a konzervov\u00e1n\u00ed st\u0159e\u0161n\u00edch krytin.Prov\u00e1d\u011bn\u00ed bezesp\u00e1r\u00fdch st\u0159e\u0161n\u00edch krytin vyztu\u017een\u00fdch technick\u00fdmi tkaninami.Prov\u00e1d\u011bn\u00ed protivlhkostn\u00edch izolac\u00ed hrub\u00fdch podlah sklep\u016f, gar\u00e1\u017e\u00ed, teras, balk\u00f3n\u016f a k ochran\u011b podzemn\u00edch \u010d\u00e1st\u00ed budov p\u0159ed vlhkost\u00ed.Druh podkladu:beton, cementov\u00e9, cemento-v\u00e1penn\u00e9 om\u00edtky, eternit, lepenka a podobn\u00e9 materi\u00e1ly na bitumenov\u00e9 b\u00e1zi a podklady o\u0161et\u0159en\u00e9 penetrac\u00ed DenBit DISPER AS nebo DenBit DISPER A.Spot\u0159eba:0,5-1 kg\/m2 v [&hellip;]<\/p>\n","protected":false},"featured_media":34072,"comment_status":"open","ping_status":"open","template":"","meta":[],"product_brand":[],"product_cat":[125],"product_tag":[],"class_list":{"0":"post-33972","1":"product","2":"type-product","3":"status-publish","4":"has-post-thumbnail","6":"product_cat-hydroizolacni-hmoty-a-natery","8":"first","9":"instock","10":"sale","11":"shipping-taxable","12":"purchasable","13":"product-type-simple"},"yoast_head":"<!-- This site is optimized with the Yoast SEO plugin v26.8 - https:\/\/yoast.com\/product\/yoast-seo-wordpress\/ -->\n<title>Den Braven Gumoasfaltov\u00e1 hydroizolace DenBit DISPER DN \u010casov\u011b Omezen\u00e9 - Pr\u016fmyslov\u00e9 vybaven\u00ed a p\u0159\u00edslu\u0161enstv\u00ed<\/title>\n<meta name=\"robots\" content=\"index, follow, max-snippet:-1, max-image-preview:large, max-video-preview:-1\" \/>\n<link rel=\"canonical\" href=\"https:\/\/www.domtechnikpro.com\/index.php\/produkt\/den-braven-gumoasfaltova-hydroizolace-denbit-disper-dn-casove-omezene-33972\/\" \/>\n<meta property=\"og:locale\" content=\"cs_CZ\" \/>\n<meta property=\"og:type\" content=\"article\" \/>\n<meta property=\"og:title\" content=\"Den Braven Gumoasfaltov\u00e1 hydroizolace DenBit DISPER DN \u010casov\u011b Omezen\u00e9 - Pr\u016fmyslov\u00e9 vybaven\u00ed a p\u0159\u00edslu\u0161enstv\u00ed\" \/>\n<meta property=\"og:description\" content=\"Detailn\u00ed popis produktu Pou\u017eit\u00ed:Renovov\u00e1n\u00ed a konzervov\u00e1n\u00ed st\u0159e\u0161n\u00edch krytin.Prov\u00e1d\u011bn\u00ed bezesp\u00e1r\u00fdch st\u0159e\u0161n\u00edch krytin vyztu\u017een\u00fdch technick\u00fdmi tkaninami.Prov\u00e1d\u011bn\u00ed protivlhkostn\u00edch izolac\u00ed hrub\u00fdch podlah sklep\u016f, gar\u00e1\u017e\u00ed, teras, balk\u00f3n\u016f a k ochran\u011b podzemn\u00edch \u010d\u00e1st\u00ed budov p\u0159ed vlhkost\u00ed.Druh podkladu:beton, cementov\u00e9, cemento-v\u00e1penn\u00e9 om\u00edtky, eternit, lepenka a podobn\u00e9 materi\u00e1ly na bitumenov\u00e9 b\u00e1zi a podklady o\u0161et\u0159en\u00e9 penetrac\u00ed DenBit DISPER AS nebo DenBit DISPER A.Spot\u0159eba:0,5-1 kg\/m2 v [&hellip;]\" \/>\n<meta property=\"og:url\" content=\"https:\/\/www.domtechnikpro.com\/index.php\/produkt\/den-braven-gumoasfaltova-hydroizolace-denbit-disper-dn-casove-omezene-33972\/\" \/>\n<meta property=\"og:site_name\" content=\"Pr\u016fmyslov\u00e9 vybaven\u00ed a p\u0159\u00edslu\u0161enstv\u00ed\" \/>\n<meta property=\"og:image\" content=\"https:\/\/www.domtechnikpro.com\/wp-content\/uploads\/2026\/SK0002018-CZ20260425-092355-0-1777080235-29267_den-braven-gumoasfaltova-hydroizolace-denbit-disper-d.webp\" \/>\n\t<meta property=\"og:image:width\" content=\"1000\" \/>\n\t<meta property=\"og:image:height\" content=\"750\" \/>\n\t<meta property=\"og:image:type\" content=\"image\/webp\" \/>\n<meta name=\"twitter:card\" content=\"summary_large_image\" \/>\n<meta name=\"twitter:label1\" content=\"Odhadovan\u00e1 doba \u010dten\u00ed\" \/>\n\t<meta name=\"twitter:data1\" content=\"1 minuta\" \/>\n<script type=\"application\/ld+json\" class=\"yoast-schema-graph\">{\"@context\":\"https:\/\/schema.org\",\"@graph\":[{\"@type\":\"WebPage\",\"@id\":\"https:\/\/www.domtechnikpro.com\/index.php\/produkt\/den-braven-gumoasfaltova-hydroizolace-denbit-disper-dn-casove-omezene-33972\/\",\"url\":\"https:\/\/www.domtechnikpro.com\/index.php\/produkt\/den-braven-gumoasfaltova-hydroizolace-denbit-disper-dn-casove-omezene-33972\/\",\"name\":\"Den Braven Gumoasfaltov\u00e1 hydroizolace DenBit DISPER DN \u010casov\u011b Omezen\u00e9 - Pr\u016fmyslov\u00e9 vybaven\u00ed a p\u0159\u00edslu\u0161enstv\u00ed\",\"isPartOf\":{\"@id\":\"https:\/\/www.domtechnikpro.com\/#website\"},\"primaryImageOfPage\":{\"@id\":\"https:\/\/www.domtechnikpro.com\/index.php\/produkt\/den-braven-gumoasfaltova-hydroizolace-denbit-disper-dn-casove-omezene-33972\/#primaryimage\"},\"image\":{\"@id\":\"https:\/\/www.domtechnikpro.com\/index.php\/produkt\/den-braven-gumoasfaltova-hydroizolace-denbit-disper-dn-casove-omezene-33972\/#primaryimage\"},\"thumbnailUrl\":\"https:\/\/www.domtechnikpro.com\/wp-content\/uploads\/2026\/SK0002018-CZ20260425-092355-0-1777080235-29267_den-braven-gumoasfaltova-hydroizolace-denbit-disper-d.webp\",\"datePublished\":\"2026-04-26T08:57:30+00:00\",\"breadcrumb\":{\"@id\":\"https:\/\/www.domtechnikpro.com\/index.php\/produkt\/den-braven-gumoasfaltova-hydroizolace-denbit-disper-dn-casove-omezene-33972\/#breadcrumb\"},\"inLanguage\":\"cs\",\"potentialAction\":[{\"@type\":\"ReadAction\",\"target\":[\"https:\/\/www.domtechnikpro.com\/index.php\/produkt\/den-braven-gumoasfaltova-hydroizolace-denbit-disper-dn-casove-omezene-33972\/\"]}]},{\"@type\":\"ImageObject\",\"inLanguage\":\"cs\",\"@id\":\"https:\/\/www.domtechnikpro.com\/index.php\/produkt\/den-braven-gumoasfaltova-hydroizolace-denbit-disper-dn-casove-omezene-33972\/#primaryimage\",\"url\":\"https:\/\/www.domtechnikpro.com\/wp-content\/uploads\/2026\/SK0002018-CZ20260425-092355-0-1777080235-29267_den-braven-gumoasfaltova-hydroizolace-denbit-disper-d.webp\",\"contentUrl\":\"https:\/\/www.domtechnikpro.com\/wp-content\/uploads\/2026\/SK0002018-CZ20260425-092355-0-1777080235-29267_den-braven-gumoasfaltova-hydroizolace-denbit-disper-d.webp\",\"width\":1000,\"height\":750},{\"@type\":\"BreadcrumbList\",\"@id\":\"https:\/\/www.domtechnikpro.com\/index.php\/produkt\/den-braven-gumoasfaltova-hydroizolace-denbit-disper-dn-casove-omezene-33972\/#breadcrumb\",\"itemListElement\":[{\"@type\":\"ListItem\",\"position\":1,\"name\":\"Home\",\"item\":\"https:\/\/www.domtechnikpro.com\/\"},{\"@type\":\"ListItem\",\"position\":2,\"name\":\"Products\",\"item\":\"https:\/\/www.domtechnikpro.com\/products\/\"},{\"@type\":\"ListItem\",\"position\":3,\"name\":\"Den Braven Gumoasfaltov\u00e1 hydroizolace DenBit DISPER DN \u010casov\u011b Omezen\u00e9\"}]},{\"@type\":\"WebSite\",\"@id\":\"https:\/\/www.domtechnikpro.com\/#website\",\"url\":\"https:\/\/www.domtechnikpro.com\/\",\"name\":\"Pr\u016fmyslov\u00e9 vybaven\u00ed a p\u0159\u00edslu\u0161enstv\u00ed\",\"description\":\"Pr\u016fmyslov\u00e9 vybaven\u00ed a p\u0159\u00edslu\u0161enstv\u00ed\",\"publisher\":{\"@id\":\"https:\/\/www.domtechnikpro.com\/#organization\"},\"potentialAction\":[{\"@type\":\"SearchAction\",\"target\":{\"@type\":\"EntryPoint\",\"urlTemplate\":\"https:\/\/www.domtechnikpro.com\/?s={search_term_string}\"},\"query-input\":{\"@type\":\"PropertyValueSpecification\",\"valueRequired\":true,\"valueName\":\"search_term_string\"}}],\"inLanguage\":\"cs\"},{\"@type\":\"Organization\",\"@id\":\"https:\/\/www.domtechnikpro.com\/#organization\",\"name\":\"Pr\u016fmyslov\u00e9 vybaven\u00ed a p\u0159\u00edslu\u0161enstv\u00ed\",\"url\":\"https:\/\/www.domtechnikpro.com\/\",\"logo\":{\"@type\":\"ImageObject\",\"inLanguage\":\"cs\",\"@id\":\"https:\/\/www.domtechnikpro.com\/#\/schema\/logo\/image\/\",\"url\":\"https:\/\/www.domtechnikpro.com\/wp-content\/uploads\/2026\/04\/domtechnikpro_logo_full.svg\",\"contentUrl\":\"https:\/\/www.domtechnikpro.com\/wp-content\/uploads\/2026\/04\/domtechnikpro_logo_full.svg\",\"width\":920,\"height\":180,\"caption\":\"Pr\u016fmyslov\u00e9 vybaven\u00ed a p\u0159\u00edslu\u0161enstv\u00ed\"},\"image\":{\"@id\":\"https:\/\/www.domtechnikpro.com\/#\/schema\/logo\/image\/\"}}]}<\/script>\n<!-- \/ Yoast SEO plugin. -->","yoast_head_json":{"title":"Den Braven Gumoasfaltov\u00e1 hydroizolace DenBit DISPER DN \u010casov\u011b Omezen\u00e9 - Pr\u016fmyslov\u00e9 vybaven\u00ed a p\u0159\u00edslu\u0161enstv\u00ed","robots":{"index":"index","follow":"follow","max-snippet":"max-snippet:-1","max-image-preview":"max-image-preview:large","max-video-preview":"max-video-preview:-1"},"canonical":"https:\/\/www.domtechnikpro.com\/index.php\/produkt\/den-braven-gumoasfaltova-hydroizolace-denbit-disper-dn-casove-omezene-33972\/","og_locale":"cs_CZ","og_type":"article","og_title":"Den Braven Gumoasfaltov\u00e1 hydroizolace DenBit DISPER DN \u010casov\u011b Omezen\u00e9 - Pr\u016fmyslov\u00e9 vybaven\u00ed a p\u0159\u00edslu\u0161enstv\u00ed","og_description":"Detailn\u00ed popis produktu Pou\u017eit\u00ed:Renovov\u00e1n\u00ed a konzervov\u00e1n\u00ed st\u0159e\u0161n\u00edch krytin.Prov\u00e1d\u011bn\u00ed bezesp\u00e1r\u00fdch st\u0159e\u0161n\u00edch krytin vyztu\u017een\u00fdch technick\u00fdmi tkaninami.Prov\u00e1d\u011bn\u00ed protivlhkostn\u00edch izolac\u00ed hrub\u00fdch podlah sklep\u016f, gar\u00e1\u017e\u00ed, teras, balk\u00f3n\u016f a k ochran\u011b podzemn\u00edch \u010d\u00e1st\u00ed budov p\u0159ed vlhkost\u00ed.Druh podkladu:beton, cementov\u00e9, cemento-v\u00e1penn\u00e9 om\u00edtky, eternit, lepenka a podobn\u00e9 materi\u00e1ly na bitumenov\u00e9 b\u00e1zi a podklady o\u0161et\u0159en\u00e9 penetrac\u00ed DenBit DISPER AS nebo DenBit DISPER A.Spot\u0159eba:0,5-1 kg\/m2 v [&hellip;]","og_url":"https:\/\/www.domtechnikpro.com\/index.php\/produkt\/den-braven-gumoasfaltova-hydroizolace-denbit-disper-dn-casove-omezene-33972\/","og_site_name":"Pr\u016fmyslov\u00e9 vybaven\u00ed a p\u0159\u00edslu\u0161enstv\u00ed","og_image":[{"width":1000,"height":750,"url":"https:\/\/www.domtechnikpro.com\/wp-content\/uploads\/2026\/SK0002018-CZ20260425-092355-0-1777080235-29267_den-braven-gumoasfaltova-hydroizolace-denbit-disper-d.webp","type":"image\/webp"}],"twitter_card":"summary_large_image","twitter_misc":{"Odhadovan\u00e1 doba \u010dten\u00ed":"1 minuta"},"schema":{"@context":"https:\/\/schema.org","@graph":[{"@type":"WebPage","@id":"https:\/\/www.domtechnikpro.com\/index.php\/produkt\/den-braven-gumoasfaltova-hydroizolace-denbit-disper-dn-casove-omezene-33972\/","url":"https:\/\/www.domtechnikpro.com\/index.php\/produkt\/den-braven-gumoasfaltova-hydroizolace-denbit-disper-dn-casove-omezene-33972\/","name":"Den Braven Gumoasfaltov\u00e1 hydroizolace DenBit DISPER DN \u010casov\u011b Omezen\u00e9 - Pr\u016fmyslov\u00e9 vybaven\u00ed a p\u0159\u00edslu\u0161enstv\u00ed","isPartOf":{"@id":"https:\/\/www.domtechnikpro.com\/#website"},"primaryImageOfPage":{"@id":"https:\/\/www.domtechnikpro.com\/index.php\/produkt\/den-braven-gumoasfaltova-hydroizolace-denbit-disper-dn-casove-omezene-33972\/#primaryimage"},"image":{"@id":"https:\/\/www.domtechnikpro.com\/index.php\/produkt\/den-braven-gumoasfaltova-hydroizolace-denbit-disper-dn-casove-omezene-33972\/#primaryimage"},"thumbnailUrl":"https:\/\/www.domtechnikpro.com\/wp-content\/uploads\/2026\/SK0002018-CZ20260425-092355-0-1777080235-29267_den-braven-gumoasfaltova-hydroizolace-denbit-disper-d.webp","datePublished":"2026-04-26T08:57:30+00:00","breadcrumb":{"@id":"https:\/\/www.domtechnikpro.com\/index.php\/produkt\/den-braven-gumoasfaltova-hydroizolace-denbit-disper-dn-casove-omezene-33972\/#breadcrumb"},"inLanguage":"cs","potentialAction":[{"@type":"ReadAction","target":["https:\/\/www.domtechnikpro.com\/index.php\/produkt\/den-braven-gumoasfaltova-hydroizolace-denbit-disper-dn-casove-omezene-33972\/"]}]},{"@type":"ImageObject","inLanguage":"cs","@id":"https:\/\/www.domtechnikpro.com\/index.php\/produkt\/den-braven-gumoasfaltova-hydroizolace-denbit-disper-dn-casove-omezene-33972\/#primaryimage","url":"https:\/\/www.domtechnikpro.com\/wp-content\/uploads\/2026\/SK0002018-CZ20260425-092355-0-1777080235-29267_den-braven-gumoasfaltova-hydroizolace-denbit-disper-d.webp","contentUrl":"https:\/\/www.domtechnikpro.com\/wp-content\/uploads\/2026\/SK0002018-CZ20260425-092355-0-1777080235-29267_den-braven-gumoasfaltova-hydroizolace-denbit-disper-d.webp","width":1000,"height":750},{"@type":"BreadcrumbList","@id":"https:\/\/www.domtechnikpro.com\/index.php\/produkt\/den-braven-gumoasfaltova-hydroizolace-denbit-disper-dn-casove-omezene-33972\/#breadcrumb","itemListElement":[{"@type":"ListItem","position":1,"name":"Home","item":"https:\/\/www.domtechnikpro.com\/"},{"@type":"ListItem","position":2,"name":"Products","item":"https:\/\/www.domtechnikpro.com\/products\/"},{"@type":"ListItem","position":3,"name":"Den Braven Gumoasfaltov\u00e1 hydroizolace DenBit DISPER DN \u010casov\u011b Omezen\u00e9"}]},{"@type":"WebSite","@id":"https:\/\/www.domtechnikpro.com\/#website","url":"https:\/\/www.domtechnikpro.com\/","name":"Pr\u016fmyslov\u00e9 vybaven\u00ed a p\u0159\u00edslu\u0161enstv\u00ed","description":"Pr\u016fmyslov\u00e9 vybaven\u00ed a p\u0159\u00edslu\u0161enstv\u00ed","publisher":{"@id":"https:\/\/www.domtechnikpro.com\/#organization"},"potentialAction":[{"@type":"SearchAction","target":{"@type":"EntryPoint","urlTemplate":"https:\/\/www.domtechnikpro.com\/?s={search_term_string}"},"query-input":{"@type":"PropertyValueSpecification","valueRequired":true,"valueName":"search_term_string"}}],"inLanguage":"cs"},{"@type":"Organization","@id":"https:\/\/www.domtechnikpro.com\/#organization","name":"Pr\u016fmyslov\u00e9 vybaven\u00ed a p\u0159\u00edslu\u0161enstv\u00ed","url":"https:\/\/www.domtechnikpro.com\/","logo":{"@type":"ImageObject","inLanguage":"cs","@id":"https:\/\/www.domtechnikpro.com\/#\/schema\/logo\/image\/","url":"https:\/\/www.domtechnikpro.com\/wp-content\/uploads\/2026\/04\/domtechnikpro_logo_full.svg","contentUrl":"https:\/\/www.domtechnikpro.com\/wp-content\/uploads\/2026\/04\/domtechnikpro_logo_full.svg","width":920,"height":180,"caption":"Pr\u016fmyslov\u00e9 vybaven\u00ed a p\u0159\u00edslu\u0161enstv\u00ed"},"image":{"@id":"https:\/\/www.domtechnikpro.com\/#\/schema\/logo\/image\/"}}]}},"_links":{"self":[{"href":"https:\/\/www.domtechnikpro.com\/wp-json\/wp\/v2\/product\/33972","targetHints":{"allow":["GET"]}}],"collection":[{"href":"https:\/\/www.domtechnikpro.com\/wp-json\/wp\/v2\/product"}],"about":[{"href":"https:\/\/www.domtechnikpro.com\/wp-json\/wp\/v2\/types\/product"}],"replies":[{"embeddable":true,"href":"https:\/\/www.domtechnikpro.com\/wp-json\/wp\/v2\/comments?post=33972"}],"wp:featuredmedia":[{"embeddable":true,"href":"https:\/\/www.domtechnikpro.com\/wp-json\/wp\/v2\/media\/34072"}],"wp:attachment":[{"href":"https:\/\/www.domtechnikpro.com\/wp-json\/wp\/v2\/media?parent=33972"}],"wp:term":[{"taxonomy":"product_brand","embeddable":true,"href":"https:\/\/www.domtechnikpro.com\/wp-json\/wp\/v2\/product_brand?post=33972"},{"taxonomy":"product_cat","embeddable":true,"href":"https:\/\/www.domtechnikpro.com\/wp-json\/wp\/v2\/product_cat?post=33972"},{"taxonomy":"product_tag","embeddable":true,"href":"https:\/\/www.domtechnikpro.com\/wp-json\/wp\/v2\/product_tag?post=33972"}],"curies":[{"name":"wp","href":"https:\/\/api.w.org\/{rel}","templated":true}]}}