{"id":33754,"date":"2026-04-26T08:57:28","date_gmt":"2026-04-26T08:57:28","guid":{"rendered":""},"modified":"2026-04-26T08:57:28","modified_gmt":"2026-04-26T08:57:28","slug":"bison-rubber-seal-znackovy-33754","status":"publish","type":"product","link":"https:\/\/www.domtechnikpro.com\/index.php\/produkt\/bison-rubber-seal-znackovy-33754\/","title":{"rendered":"Bison Rubber Seal Zna\u010dkov\u00fd"},"content":{"rendered":"<div class=\"basic-description\">\n<h3>Detailn\u00ed popis produktu<\/h3>\n<p>                                    <P>Bison Rubber Seal t\u011bsn\u00ed, chr\u00e1n\u00ed, opravuje. Ve\u0161ker\u00e9 povrchy 100% vodot\u011bsn\u00e9. 750% elasticita. Teplotn\u00ed odolnost -40 \u00b0C a\u017e +160 \u00b0C.<BR><STRONG>P\u0159edejd\u011bte probl\u00e9m\u016fm s vlhkost\u00ed<\/STRONG>.<BR> Ka\u017ed\u00fd z n\u00e1s se n\u011bkdy setk\u00e1 se zat\u00e9k\u00e1n\u00edm a vlhkost\u00ed v dom\u011b nebo kolem n\u011bj. Bison Rubber Seal\u00ae na\u0161t\u011bst\u00ed v\u0161echny takov\u00e9 probl\u00e9my \u0159e\u0161\u00ed. S t\u00edmto polymerem modifikovan\u00fdm bitumenov\u00fdm n\u00e1t\u011brem m\u016f\u017eete snadno ut\u011bsnit, ochr\u00e1nit a opravit t\u00e9m\u011b\u0159 ka\u017ed\u00fd povrch. <BR>\u0160pi\u010dkov\u00e1 kvalita produktu Bison Rubber Seal\u00ae nab\u00edz\u00ed 100% vodot\u011bsn\u00e9 \u0159e\u0161en\u00ed. P\u0159ilne prakticky ke ka\u017ed\u00e9mu povrchu. Tento n\u00e1t\u011br je na vodn\u00ed b\u00e1zi, odol\u00e1v\u00e1 UV z\u00e1\u0159en\u00ed, pov\u011btrnostn\u00edm vliv\u016fm, sol\u00edm a chemik\u00e1li\u00edm. Chr\u00e1n\u00ed p\u0159ed koroz\u00ed a eroz\u00ed. Lze jej pou\u017e\u00edt v interi\u00e9rech i venku. Je p\u0159et\u00edrateln\u00fd. Bison Rubber Seal\u00ae nab\u00edz\u00ed kombinaci vynikaj\u00edc\u00edch vlastnost\u00ed jako \u017e\u00e1dn\u00fd jin\u00fd v\u00fdrobek v tomto segmentu. Je ohledupln\u00fd k na\u0161emu \u017eivotn\u00edmu prost\u0159ed\u00ed. <\/P><P>Objevte r\u016fzn\u00e9 zp\u016fsoby pou\u017eit\u00ed:<BR>Pomoc\u00ed Bison Rubber Seal\u00ae ochr\u00e1n\u00edte i oprav\u00edte sv\u016fj domov zevnit\u0159 i zven\u010d\u00ed.<BR>Sprchov\u00e9 vany.<BR>Odtoky.<BR>Podlahov\u00e9 sp\u00e1ry .<BR>P\u0159edm\u011bty v suter\u00e9nu atd.&nbsp;<BR>Potrub\u00ed.<BR>Okenn\u00ed r\u00e1my.<BR>Sp\u00e1ry sv\u011btl\u00edk\u016f Bison Rubber Seal\u00ae m\u016f\u017eete pou\u017e\u00edt i jako ochrann\u00fd n\u00e1t\u011br na kovy a d\u0159evo (prevence proti korozi a hnilob\u011b d\u0159eva). <BR><BR>P\u0159ilne prakticky ke ka\u017ed\u00e9mu povrchu. Bison Rubber Seal\u00ae je produkt, kter\u00fd lze aplikovat na v\u011bt\u0161inu interi\u00e9rov\u00fdch i venkovn\u00edch povrchu, nap\u0159\u00edklad:&nbsp;<BR>K\u00e1men, d\u0159evo, bitumen, beton,&nbsp;PVC, zinek.<\/P>                            <\/div>\n<div class=\"extended-description\">\n<h3>Dopl\u0148kov\u00e9 parametry<\/h3>\n<table class=\"detail-parameters\">\n<tbody>\n<tr>\n<th>        <span class=\"row-header-label\">            Kategorie<span class=\"row-header-label-colon\">:<\/span>        <\/span>    <\/th>\n<td>        Hydroizola\u010dn\u00ed hmoty a n\u00e1t\u011bry    <\/td>\n<\/tr>\n<\/tbody>\n<\/table><\/div>\n<\/p><\/div>\n<\/p><\/div>\n","protected":false},"excerpt":{"rendered":"<p>Detailn\u00ed popis produktu Bison Rubber Seal t\u011bsn\u00ed, chr\u00e1n\u00ed, opravuje. Ve\u0161ker\u00e9 povrchy 100% vodot\u011bsn\u00e9. 750% elasticita. Teplotn\u00ed odolnost -40 \u00b0C a\u017e +160 \u00b0C.P\u0159edejd\u011bte probl\u00e9m\u016fm s vlhkost\u00ed. Ka\u017ed\u00fd z n\u00e1s se n\u011bkdy setk\u00e1 se zat\u00e9k\u00e1n\u00edm a vlhkost\u00ed v dom\u011b nebo kolem n\u011bj. Bison Rubber Seal\u00ae na\u0161t\u011bst\u00ed v\u0161echny takov\u00e9 probl\u00e9my \u0159e\u0161\u00ed. S t\u00edmto polymerem modifikovan\u00fdm bitumenov\u00fdm n\u00e1t\u011brem m\u016f\u017eete [&hellip;]<\/p>\n","protected":false},"featured_media":33854,"comment_status":"open","ping_status":"open","template":"","meta":[],"product_brand":[],"product_cat":[125],"product_tag":[],"class_list":{"0":"post-33754","1":"product","2":"type-product","3":"status-publish","4":"has-post-thumbnail","6":"product_cat-hydroizolacni-hmoty-a-natery","8":"first","9":"instock","10":"sale","11":"shipping-taxable","12":"purchasable","13":"product-type-simple"},"yoast_head":"<!-- This site is optimized with the Yoast SEO plugin v26.8 - https:\/\/yoast.com\/product\/yoast-seo-wordpress\/ -->\n<title>Bison Rubber Seal Zna\u010dkov\u00fd -<\/title>\n<meta name=\"robots\" content=\"index, follow, max-snippet:-1, max-image-preview:large, max-video-preview:-1\" \/>\n<link rel=\"canonical\" href=\"https:\/\/www.domtechnikpro.com\/index.php\/produkt\/bison-rubber-seal-znackovy-33754\/\" \/>\n<meta property=\"og:locale\" content=\"cs_CZ\" \/>\n<meta property=\"og:type\" content=\"article\" \/>\n<meta property=\"og:title\" content=\"Bison Rubber Seal Zna\u010dkov\u00fd -\" \/>\n<meta property=\"og:description\" content=\"Detailn\u00ed popis produktu Bison Rubber Seal t\u011bsn\u00ed, chr\u00e1n\u00ed, opravuje. Ve\u0161ker\u00e9 povrchy 100% vodot\u011bsn\u00e9. 750% elasticita. Teplotn\u00ed odolnost -40 \u00b0C a\u017e +160 \u00b0C.P\u0159edejd\u011bte probl\u00e9m\u016fm s vlhkost\u00ed. Ka\u017ed\u00fd z n\u00e1s se n\u011bkdy setk\u00e1 se zat\u00e9k\u00e1n\u00edm a vlhkost\u00ed v dom\u011b nebo kolem n\u011bj. Bison Rubber Seal\u00ae na\u0161t\u011bst\u00ed v\u0161echny takov\u00e9 probl\u00e9my \u0159e\u0161\u00ed. S t\u00edmto polymerem modifikovan\u00fdm bitumenov\u00fdm n\u00e1t\u011brem m\u016f\u017eete [&hellip;]\" \/>\n<meta property=\"og:url\" content=\"https:\/\/www.domtechnikpro.com\/index.php\/produkt\/bison-rubber-seal-znackovy-33754\/\" \/>\n<meta property=\"og:image\" content=\"https:\/\/www.domtechnikpro.com\/wp-content\/uploads\/2026\/SK0001900-CZ20260425-092355-0-1777080235-28616_bison-rubber-seal.webp\" \/>\n\t<meta property=\"og:image:width\" content=\"1000\" \/>\n\t<meta property=\"og:image:height\" content=\"750\" \/>\n\t<meta property=\"og:image:type\" content=\"image\/webp\" \/>\n<meta name=\"twitter:card\" content=\"summary_large_image\" \/>\n<meta name=\"twitter:label1\" content=\"Odhadovan\u00e1 doba \u010dten\u00ed\" \/>\n\t<meta name=\"twitter:data1\" content=\"2 minuty\" \/>\n<script type=\"application\/ld+json\" class=\"yoast-schema-graph\">{\"@context\":\"https:\/\/schema.org\",\"@graph\":[{\"@type\":\"WebPage\",\"@id\":\"https:\/\/www.domtechnikpro.com\/index.php\/produkt\/bison-rubber-seal-znackovy-33754\/\",\"url\":\"https:\/\/www.domtechnikpro.com\/index.php\/produkt\/bison-rubber-seal-znackovy-33754\/\",\"name\":\"Bison Rubber Seal Zna\u010dkov\u00fd -\",\"isPartOf\":{\"@id\":\"https:\/\/www.domtechnikpro.com\/#website\"},\"primaryImageOfPage\":{\"@id\":\"https:\/\/www.domtechnikpro.com\/index.php\/produkt\/bison-rubber-seal-znackovy-33754\/#primaryimage\"},\"image\":{\"@id\":\"https:\/\/www.domtechnikpro.com\/index.php\/produkt\/bison-rubber-seal-znackovy-33754\/#primaryimage\"},\"thumbnailUrl\":\"https:\/\/www.domtechnikpro.com\/wp-content\/uploads\/2026\/SK0001900-CZ20260425-092355-0-1777080235-28616_bison-rubber-seal.webp\",\"datePublished\":\"2026-04-26T08:57:28+00:00\",\"breadcrumb\":{\"@id\":\"https:\/\/www.domtechnikpro.com\/index.php\/produkt\/bison-rubber-seal-znackovy-33754\/#breadcrumb\"},\"inLanguage\":\"cs\",\"potentialAction\":[{\"@type\":\"ReadAction\",\"target\":[\"https:\/\/www.domtechnikpro.com\/index.php\/produkt\/bison-rubber-seal-znackovy-33754\/\"]}]},{\"@type\":\"ImageObject\",\"inLanguage\":\"cs\",\"@id\":\"https:\/\/www.domtechnikpro.com\/index.php\/produkt\/bison-rubber-seal-znackovy-33754\/#primaryimage\",\"url\":\"https:\/\/www.domtechnikpro.com\/wp-content\/uploads\/2026\/SK0001900-CZ20260425-092355-0-1777080235-28616_bison-rubber-seal.webp\",\"contentUrl\":\"https:\/\/www.domtechnikpro.com\/wp-content\/uploads\/2026\/SK0001900-CZ20260425-092355-0-1777080235-28616_bison-rubber-seal.webp\",\"width\":1000,\"height\":750},{\"@type\":\"BreadcrumbList\",\"@id\":\"https:\/\/www.domtechnikpro.com\/index.php\/produkt\/bison-rubber-seal-znackovy-33754\/#breadcrumb\",\"itemListElement\":[{\"@type\":\"ListItem\",\"position\":1,\"name\":\"Home\",\"item\":\"https:\/\/www.domtechnikpro.com\/\"},{\"@type\":\"ListItem\",\"position\":2,\"name\":\"Products\",\"item\":\"https:\/\/www.domtechnikpro.com\/index.php\/products\/\"},{\"@type\":\"ListItem\",\"position\":3,\"name\":\"Bison Rubber Seal Zna\u010dkov\u00fd\"}]},{\"@type\":\"WebSite\",\"@id\":\"https:\/\/www.domtechnikpro.com\/#website\",\"url\":\"https:\/\/www.domtechnikpro.com\/\",\"name\":\"\",\"description\":\"\",\"potentialAction\":[{\"@type\":\"SearchAction\",\"target\":{\"@type\":\"EntryPoint\",\"urlTemplate\":\"https:\/\/www.domtechnikpro.com\/?s={search_term_string}\"},\"query-input\":{\"@type\":\"PropertyValueSpecification\",\"valueRequired\":true,\"valueName\":\"search_term_string\"}}],\"inLanguage\":\"cs\"}]}<\/script>\n<!-- \/ Yoast SEO plugin. -->","yoast_head_json":{"title":"Bison Rubber Seal Zna\u010dkov\u00fd -","robots":{"index":"index","follow":"follow","max-snippet":"max-snippet:-1","max-image-preview":"max-image-preview:large","max-video-preview":"max-video-preview:-1"},"canonical":"https:\/\/www.domtechnikpro.com\/index.php\/produkt\/bison-rubber-seal-znackovy-33754\/","og_locale":"cs_CZ","og_type":"article","og_title":"Bison Rubber Seal Zna\u010dkov\u00fd -","og_description":"Detailn\u00ed popis produktu Bison Rubber Seal t\u011bsn\u00ed, chr\u00e1n\u00ed, opravuje. Ve\u0161ker\u00e9 povrchy 100% vodot\u011bsn\u00e9. 750% elasticita. Teplotn\u00ed odolnost -40 \u00b0C a\u017e +160 \u00b0C.P\u0159edejd\u011bte probl\u00e9m\u016fm s vlhkost\u00ed. Ka\u017ed\u00fd z n\u00e1s se n\u011bkdy setk\u00e1 se zat\u00e9k\u00e1n\u00edm a vlhkost\u00ed v dom\u011b nebo kolem n\u011bj. Bison Rubber Seal\u00ae na\u0161t\u011bst\u00ed v\u0161echny takov\u00e9 probl\u00e9my \u0159e\u0161\u00ed. S t\u00edmto polymerem modifikovan\u00fdm bitumenov\u00fdm n\u00e1t\u011brem m\u016f\u017eete [&hellip;]","og_url":"https:\/\/www.domtechnikpro.com\/index.php\/produkt\/bison-rubber-seal-znackovy-33754\/","og_image":[{"width":1000,"height":750,"url":"https:\/\/www.domtechnikpro.com\/wp-content\/uploads\/2026\/SK0001900-CZ20260425-092355-0-1777080235-28616_bison-rubber-seal.webp","type":"image\/webp"}],"twitter_card":"summary_large_image","twitter_misc":{"Odhadovan\u00e1 doba \u010dten\u00ed":"2 minuty"},"schema":{"@context":"https:\/\/schema.org","@graph":[{"@type":"WebPage","@id":"https:\/\/www.domtechnikpro.com\/index.php\/produkt\/bison-rubber-seal-znackovy-33754\/","url":"https:\/\/www.domtechnikpro.com\/index.php\/produkt\/bison-rubber-seal-znackovy-33754\/","name":"Bison Rubber Seal Zna\u010dkov\u00fd -","isPartOf":{"@id":"https:\/\/www.domtechnikpro.com\/#website"},"primaryImageOfPage":{"@id":"https:\/\/www.domtechnikpro.com\/index.php\/produkt\/bison-rubber-seal-znackovy-33754\/#primaryimage"},"image":{"@id":"https:\/\/www.domtechnikpro.com\/index.php\/produkt\/bison-rubber-seal-znackovy-33754\/#primaryimage"},"thumbnailUrl":"https:\/\/www.domtechnikpro.com\/wp-content\/uploads\/2026\/SK0001900-CZ20260425-092355-0-1777080235-28616_bison-rubber-seal.webp","datePublished":"2026-04-26T08:57:28+00:00","breadcrumb":{"@id":"https:\/\/www.domtechnikpro.com\/index.php\/produkt\/bison-rubber-seal-znackovy-33754\/#breadcrumb"},"inLanguage":"cs","potentialAction":[{"@type":"ReadAction","target":["https:\/\/www.domtechnikpro.com\/index.php\/produkt\/bison-rubber-seal-znackovy-33754\/"]}]},{"@type":"ImageObject","inLanguage":"cs","@id":"https:\/\/www.domtechnikpro.com\/index.php\/produkt\/bison-rubber-seal-znackovy-33754\/#primaryimage","url":"https:\/\/www.domtechnikpro.com\/wp-content\/uploads\/2026\/SK0001900-CZ20260425-092355-0-1777080235-28616_bison-rubber-seal.webp","contentUrl":"https:\/\/www.domtechnikpro.com\/wp-content\/uploads\/2026\/SK0001900-CZ20260425-092355-0-1777080235-28616_bison-rubber-seal.webp","width":1000,"height":750},{"@type":"BreadcrumbList","@id":"https:\/\/www.domtechnikpro.com\/index.php\/produkt\/bison-rubber-seal-znackovy-33754\/#breadcrumb","itemListElement":[{"@type":"ListItem","position":1,"name":"Home","item":"https:\/\/www.domtechnikpro.com\/"},{"@type":"ListItem","position":2,"name":"Products","item":"https:\/\/www.domtechnikpro.com\/index.php\/products\/"},{"@type":"ListItem","position":3,"name":"Bison Rubber Seal Zna\u010dkov\u00fd"}]},{"@type":"WebSite","@id":"https:\/\/www.domtechnikpro.com\/#website","url":"https:\/\/www.domtechnikpro.com\/","name":"","description":"","potentialAction":[{"@type":"SearchAction","target":{"@type":"EntryPoint","urlTemplate":"https:\/\/www.domtechnikpro.com\/?s={search_term_string}"},"query-input":{"@type":"PropertyValueSpecification","valueRequired":true,"valueName":"search_term_string"}}],"inLanguage":"cs"}]}},"_links":{"self":[{"href":"https:\/\/www.domtechnikpro.com\/index.php\/wp-json\/wp\/v2\/product\/33754","targetHints":{"allow":["GET"]}}],"collection":[{"href":"https:\/\/www.domtechnikpro.com\/index.php\/wp-json\/wp\/v2\/product"}],"about":[{"href":"https:\/\/www.domtechnikpro.com\/index.php\/wp-json\/wp\/v2\/types\/product"}],"replies":[{"embeddable":true,"href":"https:\/\/www.domtechnikpro.com\/index.php\/wp-json\/wp\/v2\/comments?post=33754"}],"wp:featuredmedia":[{"embeddable":true,"href":"https:\/\/www.domtechnikpro.com\/index.php\/wp-json\/wp\/v2\/media\/33854"}],"wp:attachment":[{"href":"https:\/\/www.domtechnikpro.com\/index.php\/wp-json\/wp\/v2\/media?parent=33754"}],"wp:term":[{"taxonomy":"product_brand","embeddable":true,"href":"https:\/\/www.domtechnikpro.com\/index.php\/wp-json\/wp\/v2\/product_brand?post=33754"},{"taxonomy":"product_cat","embeddable":true,"href":"https:\/\/www.domtechnikpro.com\/index.php\/wp-json\/wp\/v2\/product_cat?post=33754"},{"taxonomy":"product_tag","embeddable":true,"href":"https:\/\/www.domtechnikpro.com\/index.php\/wp-json\/wp\/v2\/product_tag?post=33754"}],"curies":[{"name":"wp","href":"https:\/\/api.w.org\/{rel}","templated":true}]}}