{"id":33375,"date":"2026-04-26T08:57:23","date_gmt":"2026-04-26T08:57:23","guid":{"rendered":""},"modified":"2026-04-26T08:57:23","modified_gmt":"2026-04-26T08:57:23","slug":"objednat-nyni-soudal-tekuta-lepenka-2k-33375","status":"publish","type":"product","link":"https:\/\/www.domtechnikpro.com\/produkt\/objednat-nyni-soudal-tekuta-lepenka-2k-33375\/","title":{"rendered":"Objednat Nyn\u00ed Soudal Tekut\u00e1 lepenka 2K"},"content":{"rendered":"<div class=\"basic-description\">\n<h3>Detailn\u00ed popis produktu<\/h3>\n<p>                                    Soudal Tekut\u00e1 lepenka 2K<br \/>trvale pru\u017en\u00e1 membr\u00e1na, vytv\u00e1\u0159\u00ed souvislou nepropustnou vrstvu beze spoj\u016f, vytv\u00e1\u0159\u00ed protiradonovou bari\u00e9ru. M\u00e1 velmi dobrou p\u0159ilnavost ke stavebn\u00edm podklad\u016fm, odol\u00e1v\u00e1 kyselin\u00e1m, z\u00e1sad\u00e1m, olej\u016fm i ropn\u00fdm produkt\u016fm, chr\u00e1n\u00ed kovov\u00e9 podklady p\u0159ed koroz\u00ed.<br \/>Speci\u00e1ln\u00ed zabarven\u00ed hmoty pro snadnou identifikaci o\u0161et\u0159en\u00fdch \u010d\u00e1st\u00ed.<\/p>\n<p>Soudal Tekut\u00e1 lepenka 2K<br \/>se pou\u017e\u00edva k izolac\u00edm vodorovn\u00fdch i svisl\u00fdch stavebn\u00edch konstrukc\u00ed, je vhodn\u00e1 pro exteri\u00e9r i interi\u00e9r, pro nadzemn\u00ed i podzemn\u00ed stavitelstv\u00ed, chr\u00e1n\u00ed proti zemn\u00ed vlhkosti a beztlak\u00e9 st\u00e9kaj\u00edc\u00ed vod\u011b na novostavb\u00e1ch i star\u0161\u00edch objektech.<br \/>Izoluje vn\u011bj\u0161\u00ed povrch sklepn\u00edch st\u011bn, vlhk\u00fdch prostor a op\u011brn\u00fdch zd\u00ed, lepenka je vhodn\u00e1 pro hydroizolace pod obklady a dla\u017eby v koupeln\u00e1ch, na balkonech, teras\u00e1ch, izolace suter\u00e9n\u016f apod., vnit\u0159n\u00ed hydroizolace baz\u00e9n\u016f a n\u00e1dr\u017e\u00ed na u\u017eitkovou vodu do hloubky 5 m proti pozitivn\u00edmu tlaku vody.<\/p>\n<p>Aplikace.<br \/>v\u00e1le\u010dkem, \u0161t\u011btcem nebo ocelov\u00fdm hlad\u00edtkem<\/p>\n<p>Balen\u00ed: <br \/>7 kg, 14 kg, 21 kg<\/p>\n<p>Barva: <br \/>\u010derveno-hn\u011bd\u00e1                            <\/div>\n<div class=\"extended-description\">\n<h3>Dopl\u0148kov\u00e9 parametry<\/h3>\n<table class=\"detail-parameters\">\n<tbody>\n<tr>\n<th>        <span class=\"row-header-label\">            Kategorie<span class=\"row-header-label-colon\">:<\/span>        <\/span>    <\/th>\n<td>        Hydroizola\u010dn\u00ed hmoty a n\u00e1t\u011bry    <\/td>\n<\/tr>\n<\/tbody>\n<\/table><\/div>\n<\/p><\/div>\n<\/p><\/div>\n","protected":false},"excerpt":{"rendered":"<p>Detailn\u00ed popis produktu Soudal Tekut\u00e1 lepenka 2Ktrvale pru\u017en\u00e1 membr\u00e1na, vytv\u00e1\u0159\u00ed souvislou nepropustnou vrstvu beze spoj\u016f, vytv\u00e1\u0159\u00ed protiradonovou bari\u00e9ru. M\u00e1 velmi dobrou p\u0159ilnavost ke stavebn\u00edm podklad\u016fm, odol\u00e1v\u00e1 kyselin\u00e1m, z\u00e1sad\u00e1m, olej\u016fm i ropn\u00fdm produkt\u016fm, chr\u00e1n\u00ed kovov\u00e9 podklady p\u0159ed koroz\u00ed.Speci\u00e1ln\u00ed zabarven\u00ed hmoty pro snadnou identifikaci o\u0161et\u0159en\u00fdch \u010d\u00e1st\u00ed. Soudal Tekut\u00e1 lepenka 2Kse pou\u017e\u00edva k izolac\u00edm vodorovn\u00fdch i svisl\u00fdch stavebn\u00edch [&hellip;]<\/p>\n","protected":false},"featured_media":33475,"comment_status":"open","ping_status":"open","template":"","meta":[],"product_brand":[],"product_cat":[125],"product_tag":[],"class_list":{"0":"post-33375","1":"product","2":"type-product","3":"status-publish","4":"has-post-thumbnail","6":"product_cat-hydroizolacni-hmoty-a-natery","8":"first","9":"instock","10":"sale","11":"shipping-taxable","12":"purchasable","13":"product-type-simple"},"yoast_head":"<!-- This site is optimized with the Yoast SEO plugin v26.8 - https:\/\/yoast.com\/product\/yoast-seo-wordpress\/ -->\n<title>Objednat Nyn\u00ed Soudal Tekut\u00e1 lepenka 2K - Pr\u016fmyslov\u00e9 vybaven\u00ed a p\u0159\u00edslu\u0161enstv\u00ed<\/title>\n<meta name=\"robots\" content=\"index, follow, max-snippet:-1, max-image-preview:large, max-video-preview:-1\" \/>\n<link rel=\"canonical\" href=\"https:\/\/www.domtechnikpro.com\/index.php\/produkt\/objednat-nyni-soudal-tekuta-lepenka-2k-33375\/\" \/>\n<meta property=\"og:locale\" content=\"cs_CZ\" \/>\n<meta property=\"og:type\" content=\"article\" \/>\n<meta property=\"og:title\" content=\"Objednat Nyn\u00ed Soudal Tekut\u00e1 lepenka 2K - Pr\u016fmyslov\u00e9 vybaven\u00ed a p\u0159\u00edslu\u0161enstv\u00ed\" \/>\n<meta property=\"og:description\" content=\"Detailn\u00ed popis produktu Soudal Tekut\u00e1 lepenka 2Ktrvale pru\u017en\u00e1 membr\u00e1na, vytv\u00e1\u0159\u00ed souvislou nepropustnou vrstvu beze spoj\u016f, vytv\u00e1\u0159\u00ed protiradonovou bari\u00e9ru. M\u00e1 velmi dobrou p\u0159ilnavost ke stavebn\u00edm podklad\u016fm, odol\u00e1v\u00e1 kyselin\u00e1m, z\u00e1sad\u00e1m, olej\u016fm i ropn\u00fdm produkt\u016fm, chr\u00e1n\u00ed kovov\u00e9 podklady p\u0159ed koroz\u00ed.Speci\u00e1ln\u00ed zabarven\u00ed hmoty pro snadnou identifikaci o\u0161et\u0159en\u00fdch \u010d\u00e1st\u00ed. Soudal Tekut\u00e1 lepenka 2Kse pou\u017e\u00edva k izolac\u00edm vodorovn\u00fdch i svisl\u00fdch stavebn\u00edch [&hellip;]\" \/>\n<meta property=\"og:url\" content=\"https:\/\/www.domtechnikpro.com\/index.php\/produkt\/objednat-nyni-soudal-tekuta-lepenka-2k-33375\/\" \/>\n<meta property=\"og:site_name\" content=\"Pr\u016fmyslov\u00e9 vybaven\u00ed a p\u0159\u00edslu\u0161enstv\u00ed\" \/>\n<meta property=\"og:image\" content=\"https:\/\/www.domtechnikpro.com\/wp-content\/uploads\/2026\/SK0001721-CZ20260425-092355-0-1777080235-27992_soudal-tekuta-lepenka-2k.webp\" \/>\n\t<meta property=\"og:image:width\" content=\"1000\" \/>\n\t<meta property=\"og:image:height\" content=\"750\" \/>\n\t<meta property=\"og:image:type\" content=\"image\/webp\" \/>\n<meta name=\"twitter:card\" content=\"summary_large_image\" \/>\n<meta name=\"twitter:label1\" content=\"Odhadovan\u00e1 doba \u010dten\u00ed\" \/>\n\t<meta name=\"twitter:data1\" content=\"1 minuta\" \/>\n<script type=\"application\/ld+json\" class=\"yoast-schema-graph\">{\"@context\":\"https:\/\/schema.org\",\"@graph\":[{\"@type\":\"WebPage\",\"@id\":\"https:\/\/www.domtechnikpro.com\/index.php\/produkt\/objednat-nyni-soudal-tekuta-lepenka-2k-33375\/\",\"url\":\"https:\/\/www.domtechnikpro.com\/index.php\/produkt\/objednat-nyni-soudal-tekuta-lepenka-2k-33375\/\",\"name\":\"Objednat Nyn\u00ed Soudal Tekut\u00e1 lepenka 2K - Pr\u016fmyslov\u00e9 vybaven\u00ed a p\u0159\u00edslu\u0161enstv\u00ed\",\"isPartOf\":{\"@id\":\"https:\/\/www.domtechnikpro.com\/#website\"},\"primaryImageOfPage\":{\"@id\":\"https:\/\/www.domtechnikpro.com\/index.php\/produkt\/objednat-nyni-soudal-tekuta-lepenka-2k-33375\/#primaryimage\"},\"image\":{\"@id\":\"https:\/\/www.domtechnikpro.com\/index.php\/produkt\/objednat-nyni-soudal-tekuta-lepenka-2k-33375\/#primaryimage\"},\"thumbnailUrl\":\"https:\/\/www.domtechnikpro.com\/wp-content\/uploads\/2026\/SK0001721-CZ20260425-092355-0-1777080235-27992_soudal-tekuta-lepenka-2k.webp\",\"datePublished\":\"2026-04-26T08:57:23+00:00\",\"breadcrumb\":{\"@id\":\"https:\/\/www.domtechnikpro.com\/index.php\/produkt\/objednat-nyni-soudal-tekuta-lepenka-2k-33375\/#breadcrumb\"},\"inLanguage\":\"cs\",\"potentialAction\":[{\"@type\":\"ReadAction\",\"target\":[\"https:\/\/www.domtechnikpro.com\/index.php\/produkt\/objednat-nyni-soudal-tekuta-lepenka-2k-33375\/\"]}]},{\"@type\":\"ImageObject\",\"inLanguage\":\"cs\",\"@id\":\"https:\/\/www.domtechnikpro.com\/index.php\/produkt\/objednat-nyni-soudal-tekuta-lepenka-2k-33375\/#primaryimage\",\"url\":\"https:\/\/www.domtechnikpro.com\/wp-content\/uploads\/2026\/SK0001721-CZ20260425-092355-0-1777080235-27992_soudal-tekuta-lepenka-2k.webp\",\"contentUrl\":\"https:\/\/www.domtechnikpro.com\/wp-content\/uploads\/2026\/SK0001721-CZ20260425-092355-0-1777080235-27992_soudal-tekuta-lepenka-2k.webp\",\"width\":1000,\"height\":750},{\"@type\":\"BreadcrumbList\",\"@id\":\"https:\/\/www.domtechnikpro.com\/index.php\/produkt\/objednat-nyni-soudal-tekuta-lepenka-2k-33375\/#breadcrumb\",\"itemListElement\":[{\"@type\":\"ListItem\",\"position\":1,\"name\":\"Home\",\"item\":\"https:\/\/www.domtechnikpro.com\/\"},{\"@type\":\"ListItem\",\"position\":2,\"name\":\"Products\",\"item\":\"https:\/\/www.domtechnikpro.com\/products\/\"},{\"@type\":\"ListItem\",\"position\":3,\"name\":\"Objednat Nyn\u00ed Soudal Tekut\u00e1 lepenka 2K\"}]},{\"@type\":\"WebSite\",\"@id\":\"https:\/\/www.domtechnikpro.com\/#website\",\"url\":\"https:\/\/www.domtechnikpro.com\/\",\"name\":\"Pr\u016fmyslov\u00e9 vybaven\u00ed a p\u0159\u00edslu\u0161enstv\u00ed\",\"description\":\"Pr\u016fmyslov\u00e9 vybaven\u00ed a p\u0159\u00edslu\u0161enstv\u00ed\",\"publisher\":{\"@id\":\"https:\/\/www.domtechnikpro.com\/#organization\"},\"potentialAction\":[{\"@type\":\"SearchAction\",\"target\":{\"@type\":\"EntryPoint\",\"urlTemplate\":\"https:\/\/www.domtechnikpro.com\/?s={search_term_string}\"},\"query-input\":{\"@type\":\"PropertyValueSpecification\",\"valueRequired\":true,\"valueName\":\"search_term_string\"}}],\"inLanguage\":\"cs\"},{\"@type\":\"Organization\",\"@id\":\"https:\/\/www.domtechnikpro.com\/#organization\",\"name\":\"Pr\u016fmyslov\u00e9 vybaven\u00ed a p\u0159\u00edslu\u0161enstv\u00ed\",\"url\":\"https:\/\/www.domtechnikpro.com\/\",\"logo\":{\"@type\":\"ImageObject\",\"inLanguage\":\"cs\",\"@id\":\"https:\/\/www.domtechnikpro.com\/#\/schema\/logo\/image\/\",\"url\":\"https:\/\/www.domtechnikpro.com\/wp-content\/uploads\/2026\/04\/domtechnikpro_logo_full.svg\",\"contentUrl\":\"https:\/\/www.domtechnikpro.com\/wp-content\/uploads\/2026\/04\/domtechnikpro_logo_full.svg\",\"width\":920,\"height\":180,\"caption\":\"Pr\u016fmyslov\u00e9 vybaven\u00ed a p\u0159\u00edslu\u0161enstv\u00ed\"},\"image\":{\"@id\":\"https:\/\/www.domtechnikpro.com\/#\/schema\/logo\/image\/\"}}]}<\/script>\n<!-- \/ Yoast SEO plugin. -->","yoast_head_json":{"title":"Objednat Nyn\u00ed Soudal Tekut\u00e1 lepenka 2K - Pr\u016fmyslov\u00e9 vybaven\u00ed a p\u0159\u00edslu\u0161enstv\u00ed","robots":{"index":"index","follow":"follow","max-snippet":"max-snippet:-1","max-image-preview":"max-image-preview:large","max-video-preview":"max-video-preview:-1"},"canonical":"https:\/\/www.domtechnikpro.com\/index.php\/produkt\/objednat-nyni-soudal-tekuta-lepenka-2k-33375\/","og_locale":"cs_CZ","og_type":"article","og_title":"Objednat Nyn\u00ed Soudal Tekut\u00e1 lepenka 2K - Pr\u016fmyslov\u00e9 vybaven\u00ed a p\u0159\u00edslu\u0161enstv\u00ed","og_description":"Detailn\u00ed popis produktu Soudal Tekut\u00e1 lepenka 2Ktrvale pru\u017en\u00e1 membr\u00e1na, vytv\u00e1\u0159\u00ed souvislou nepropustnou vrstvu beze spoj\u016f, vytv\u00e1\u0159\u00ed protiradonovou bari\u00e9ru. M\u00e1 velmi dobrou p\u0159ilnavost ke stavebn\u00edm podklad\u016fm, odol\u00e1v\u00e1 kyselin\u00e1m, z\u00e1sad\u00e1m, olej\u016fm i ropn\u00fdm produkt\u016fm, chr\u00e1n\u00ed kovov\u00e9 podklady p\u0159ed koroz\u00ed.Speci\u00e1ln\u00ed zabarven\u00ed hmoty pro snadnou identifikaci o\u0161et\u0159en\u00fdch \u010d\u00e1st\u00ed. Soudal Tekut\u00e1 lepenka 2Kse pou\u017e\u00edva k izolac\u00edm vodorovn\u00fdch i svisl\u00fdch stavebn\u00edch [&hellip;]","og_url":"https:\/\/www.domtechnikpro.com\/index.php\/produkt\/objednat-nyni-soudal-tekuta-lepenka-2k-33375\/","og_site_name":"Pr\u016fmyslov\u00e9 vybaven\u00ed a p\u0159\u00edslu\u0161enstv\u00ed","og_image":[{"width":1000,"height":750,"url":"https:\/\/www.domtechnikpro.com\/wp-content\/uploads\/2026\/SK0001721-CZ20260425-092355-0-1777080235-27992_soudal-tekuta-lepenka-2k.webp","type":"image\/webp"}],"twitter_card":"summary_large_image","twitter_misc":{"Odhadovan\u00e1 doba \u010dten\u00ed":"1 minuta"},"schema":{"@context":"https:\/\/schema.org","@graph":[{"@type":"WebPage","@id":"https:\/\/www.domtechnikpro.com\/index.php\/produkt\/objednat-nyni-soudal-tekuta-lepenka-2k-33375\/","url":"https:\/\/www.domtechnikpro.com\/index.php\/produkt\/objednat-nyni-soudal-tekuta-lepenka-2k-33375\/","name":"Objednat Nyn\u00ed Soudal Tekut\u00e1 lepenka 2K - Pr\u016fmyslov\u00e9 vybaven\u00ed a p\u0159\u00edslu\u0161enstv\u00ed","isPartOf":{"@id":"https:\/\/www.domtechnikpro.com\/#website"},"primaryImageOfPage":{"@id":"https:\/\/www.domtechnikpro.com\/index.php\/produkt\/objednat-nyni-soudal-tekuta-lepenka-2k-33375\/#primaryimage"},"image":{"@id":"https:\/\/www.domtechnikpro.com\/index.php\/produkt\/objednat-nyni-soudal-tekuta-lepenka-2k-33375\/#primaryimage"},"thumbnailUrl":"https:\/\/www.domtechnikpro.com\/wp-content\/uploads\/2026\/SK0001721-CZ20260425-092355-0-1777080235-27992_soudal-tekuta-lepenka-2k.webp","datePublished":"2026-04-26T08:57:23+00:00","breadcrumb":{"@id":"https:\/\/www.domtechnikpro.com\/index.php\/produkt\/objednat-nyni-soudal-tekuta-lepenka-2k-33375\/#breadcrumb"},"inLanguage":"cs","potentialAction":[{"@type":"ReadAction","target":["https:\/\/www.domtechnikpro.com\/index.php\/produkt\/objednat-nyni-soudal-tekuta-lepenka-2k-33375\/"]}]},{"@type":"ImageObject","inLanguage":"cs","@id":"https:\/\/www.domtechnikpro.com\/index.php\/produkt\/objednat-nyni-soudal-tekuta-lepenka-2k-33375\/#primaryimage","url":"https:\/\/www.domtechnikpro.com\/wp-content\/uploads\/2026\/SK0001721-CZ20260425-092355-0-1777080235-27992_soudal-tekuta-lepenka-2k.webp","contentUrl":"https:\/\/www.domtechnikpro.com\/wp-content\/uploads\/2026\/SK0001721-CZ20260425-092355-0-1777080235-27992_soudal-tekuta-lepenka-2k.webp","width":1000,"height":750},{"@type":"BreadcrumbList","@id":"https:\/\/www.domtechnikpro.com\/index.php\/produkt\/objednat-nyni-soudal-tekuta-lepenka-2k-33375\/#breadcrumb","itemListElement":[{"@type":"ListItem","position":1,"name":"Home","item":"https:\/\/www.domtechnikpro.com\/"},{"@type":"ListItem","position":2,"name":"Products","item":"https:\/\/www.domtechnikpro.com\/products\/"},{"@type":"ListItem","position":3,"name":"Objednat Nyn\u00ed Soudal Tekut\u00e1 lepenka 2K"}]},{"@type":"WebSite","@id":"https:\/\/www.domtechnikpro.com\/#website","url":"https:\/\/www.domtechnikpro.com\/","name":"Pr\u016fmyslov\u00e9 vybaven\u00ed a p\u0159\u00edslu\u0161enstv\u00ed","description":"Pr\u016fmyslov\u00e9 vybaven\u00ed a p\u0159\u00edslu\u0161enstv\u00ed","publisher":{"@id":"https:\/\/www.domtechnikpro.com\/#organization"},"potentialAction":[{"@type":"SearchAction","target":{"@type":"EntryPoint","urlTemplate":"https:\/\/www.domtechnikpro.com\/?s={search_term_string}"},"query-input":{"@type":"PropertyValueSpecification","valueRequired":true,"valueName":"search_term_string"}}],"inLanguage":"cs"},{"@type":"Organization","@id":"https:\/\/www.domtechnikpro.com\/#organization","name":"Pr\u016fmyslov\u00e9 vybaven\u00ed a p\u0159\u00edslu\u0161enstv\u00ed","url":"https:\/\/www.domtechnikpro.com\/","logo":{"@type":"ImageObject","inLanguage":"cs","@id":"https:\/\/www.domtechnikpro.com\/#\/schema\/logo\/image\/","url":"https:\/\/www.domtechnikpro.com\/wp-content\/uploads\/2026\/04\/domtechnikpro_logo_full.svg","contentUrl":"https:\/\/www.domtechnikpro.com\/wp-content\/uploads\/2026\/04\/domtechnikpro_logo_full.svg","width":920,"height":180,"caption":"Pr\u016fmyslov\u00e9 vybaven\u00ed a p\u0159\u00edslu\u0161enstv\u00ed"},"image":{"@id":"https:\/\/www.domtechnikpro.com\/#\/schema\/logo\/image\/"}}]}},"_links":{"self":[{"href":"https:\/\/www.domtechnikpro.com\/wp-json\/wp\/v2\/product\/33375","targetHints":{"allow":["GET"]}}],"collection":[{"href":"https:\/\/www.domtechnikpro.com\/wp-json\/wp\/v2\/product"}],"about":[{"href":"https:\/\/www.domtechnikpro.com\/wp-json\/wp\/v2\/types\/product"}],"replies":[{"embeddable":true,"href":"https:\/\/www.domtechnikpro.com\/wp-json\/wp\/v2\/comments?post=33375"}],"wp:featuredmedia":[{"embeddable":true,"href":"https:\/\/www.domtechnikpro.com\/wp-json\/wp\/v2\/media\/33475"}],"wp:attachment":[{"href":"https:\/\/www.domtechnikpro.com\/wp-json\/wp\/v2\/media?parent=33375"}],"wp:term":[{"taxonomy":"product_brand","embeddable":true,"href":"https:\/\/www.domtechnikpro.com\/wp-json\/wp\/v2\/product_brand?post=33375"},{"taxonomy":"product_cat","embeddable":true,"href":"https:\/\/www.domtechnikpro.com\/wp-json\/wp\/v2\/product_cat?post=33375"},{"taxonomy":"product_tag","embeddable":true,"href":"https:\/\/www.domtechnikpro.com\/wp-json\/wp\/v2\/product_tag?post=33375"}],"curies":[{"name":"wp","href":"https:\/\/api.w.org\/{rel}","templated":true}]}}