{"id":33349,"date":"2026-04-26T08:57:23","date_gmt":"2026-04-26T08:57:23","guid":{"rendered":""},"modified":"2026-04-26T08:57:23","modified_gmt":"2026-04-26T08:57:23","slug":"expresni-doruceni-soudal-instalacni-pena-33349","status":"publish","type":"product","link":"https:\/\/www.domtechnikpro.com\/index.php\/produkt\/expresni-doruceni-soudal-instalacni-pena-33349\/","title":{"rendered":"Expresn\u00ed Doru\u010den\u00ed Soudal Instala\u010dn\u00ed p\u011bna"},"content":{"rendered":"<div class=\"basic-description\">\n<h3>Detailn\u00ed popis produktu<\/h3>\n<p>                                    Soudal instala\u010dn\u00ed p\u011bna<br \/>vyzna\u010duje se zv\u00fd\u0161enou efektivn\u00ed vydatnost\u00ed a\u017e +75% proti standardn\u00edm PU p\u011bn\u00e1m, vysokou rychlost\u00ed tuhnut\u00ed, n\u00edzkou rozp\u00ednavost\u00ed v pr\u016fb\u011bhu vytvrzov\u00e1n\u00ed, umo\u017e\u0148uje pou\u017eit\u00ed ve v\u0161ech poloh\u00e1ch. SOUDAL Instala\u010dn\u00ed p\u011bna je obzvl\u00e1\u0161t\u011b vhodn\u00e1 pro n\u00e1ro\u010dn\u00e9 aplikace jako instalace koupac\u00edch van, vani\u010dek sprchov\u00fdch kout\u016f, mont\u00e1\u017e r\u00e1m\u016f oken a dve\u0159\u00ed v\u010detn\u011b oblo\u017ekov\u00fdch z\u00e1rubn\u00ed. Umo\u017e\u0148uje vysoce ekonomick\u00e9 vypl\u0148ov\u00e1n\u00ed ve\u0161ker\u00fdch dutin, sp\u00e1r a prostup\u016f s n\u00e1roky na n\u00edzkou rozp\u00ednavost a vysokou rychlost tuhnut\u00ed PU p\u011bny. Po vytvrzen\u00ed si zachov\u00e1v\u00e1 sv\u016fj objem, nesmr\u0161\u0165uje se ani nehroz\u00ed postexpanze.<\/p>\n<p>Charakteristika produktu:<br \/>&#8211; pou\u017eiteln\u00e1 ve v\u0161ech poloh\u00e1ch<br \/>&#8211; zv\u00fd\u0161en\u00e1 vydatnost a\u017e o 75% proti b\u011b\u017en\u00fdm p\u011bn\u00e1m<br \/>&#8211; n\u00edzkoexpanzn\u00ed<br \/>&#8211; rychletuhnouc\u00ed<\/p>\n<p>P\u0159\u00edklady pou\u017eit\u00ed:<br \/>&#8211; instalace okenn\u00edch a dve\u0159n\u00edch r\u00e1m\u016f<br \/>&#8211; vypl\u0148ov\u00e1n\u00ed dutin<br \/>&#8211; instalace koupac\u00edch van, vani\u010dek a sprchov\u00e1c\u00edch kout\u016f<br \/>&#8211; mont\u00e1\u017e r\u00e1m\u016f dve\u0159\u00ed v\u010detn\u011b oblo\u017ekov\u00fdch z\u00e1rubn\u00ed<\/p>\n<p>Pracovn\u00ed postup:<br \/>Plechovku s p\u011bnou prot\u0159epejte nejm\u00e9n\u011b 20 sekund. Nasa\u010fte adapt\u00e9r na ventil. Podklad navlh\u010dete rozpra\u0161ova\u010dem. P\u011bnu m\u016f\u017eete aplikovat ve v\u0161ech poloh\u00e1ch. Sp\u00e1ry a mezery vyp\u011b\u0148te z 80% s ohledem na expanzi p\u011bny. B\u011bhem aplikace p\u011bnu ob\u010das prot\u0159epejte. Pokud vypl\u0148ujete v\u011bt\u0161\u00ed prostor, v\u017edy vlh\u010dete jednotliv\u00e9 vrstvy p\u011bny.<\/p>\n<p>\u010ci\u0161t\u011bn\u00ed:<br \/>P\u0159ed vytvrzen\u00edm lze p\u011bnu odstranit \u010cisti\u010dem PU p\u011bny Soudal nebo acetonem. Po vytvrzen\u00ed pouze mechanicky a Soudal odstra\u0148ova\u010dem p\u011bny.<\/p>\n<p>Pracovn\u00ed teplota:<br \/>+5\u00b0C a\u017e +35\u00b0C (doporu\u010den\u00ed: +20\u00b0C a\u017e +25\u00b0C)<\/p>\n<p>Bezpe\u010dnost a hygiena:<br \/>&#8211; dodr\u017eujte b\u011b\u017en\u00e9 z\u00e1sady bezpe\u010dnosti a hygieny pr\u00e1ce<br \/>&#8211; pou\u017eijte ochrann\u00e9 rukavice a br\u00fdle<br \/>&#8211; vytvrzenou p\u011bnu neodstra\u0148ujte opalov\u00e1n\u00edm<br \/>Dal\u0161\u00ed informace viz Bezpe\u010dnostn\u00ed list v\u00fdrobku a \u00fadaje uveden\u00e9 na etiket\u011b.<\/p>\n<p>Pozn\u00e1mka:<br \/>Vytvrzenou p\u011bnu chra\u0148te p\u0159ed p\u016fsoben\u00edm UV z\u00e1\u0159en\u00edm n\u00e1t\u011brem nebo p\u0159etmelen\u00edm (silikon, MS polymer, akrylov\u00fd nebo PU tmel) <\/p>\n<p>Vydatnost:<br \/>1000 ml = cca 55-60 litr\u016f p\u011bny                            <\/div>\n<div class=\"extended-description\">\n<h3>Dopl\u0148kov\u00e9 parametry<\/h3>\n<table class=\"detail-parameters\">\n<tbody>\n<tr>\n<th>        <span class=\"row-header-label\">            Kategorie<span class=\"row-header-label-colon\">:<\/span>        <\/span>    <\/th>\n<td>        Mont\u00e1\u017en\u00ed PUR p\u011bny    <\/td>\n<\/tr>\n<\/tbody>\n<\/table><\/div>\n<\/p><\/div>\n<\/p><\/div>\n","protected":false},"excerpt":{"rendered":"<p>Detailn\u00ed popis produktu Soudal instala\u010dn\u00ed p\u011bnavyzna\u010duje se zv\u00fd\u0161enou efektivn\u00ed vydatnost\u00ed a\u017e +75% proti standardn\u00edm PU p\u011bn\u00e1m, vysokou rychlost\u00ed tuhnut\u00ed, n\u00edzkou rozp\u00ednavost\u00ed v pr\u016fb\u011bhu vytvrzov\u00e1n\u00ed, umo\u017e\u0148uje pou\u017eit\u00ed ve v\u0161ech poloh\u00e1ch. SOUDAL Instala\u010dn\u00ed p\u011bna je obzvl\u00e1\u0161t\u011b vhodn\u00e1 pro n\u00e1ro\u010dn\u00e9 aplikace jako instalace koupac\u00edch van, vani\u010dek sprchov\u00fdch kout\u016f, mont\u00e1\u017e r\u00e1m\u016f oken a dve\u0159\u00ed v\u010detn\u011b oblo\u017ekov\u00fdch z\u00e1rubn\u00ed. Umo\u017e\u0148uje vysoce [&hellip;]<\/p>\n","protected":false},"featured_media":33449,"comment_status":"open","ping_status":"open","template":"","meta":[],"product_brand":[],"product_cat":[124],"product_tag":[],"class_list":{"0":"post-33349","1":"product","2":"type-product","3":"status-publish","4":"has-post-thumbnail","6":"product_cat-lepidla-silikony-tmely-a-peny","8":"first","9":"instock","10":"sale","11":"shipping-taxable","12":"purchasable","13":"product-type-simple"},"yoast_head":"<!-- This site is optimized with the Yoast SEO plugin v26.8 - https:\/\/yoast.com\/product\/yoast-seo-wordpress\/ -->\n<title>Expresn\u00ed Doru\u010den\u00ed Soudal Instala\u010dn\u00ed p\u011bna -<\/title>\n<meta name=\"robots\" content=\"index, follow, max-snippet:-1, max-image-preview:large, max-video-preview:-1\" \/>\n<link rel=\"canonical\" href=\"https:\/\/www.domtechnikpro.com\/index.php\/produkt\/expresni-doruceni-soudal-instalacni-pena-33349\/\" \/>\n<meta property=\"og:locale\" content=\"cs_CZ\" \/>\n<meta property=\"og:type\" content=\"article\" \/>\n<meta property=\"og:title\" content=\"Expresn\u00ed Doru\u010den\u00ed Soudal Instala\u010dn\u00ed p\u011bna -\" \/>\n<meta property=\"og:description\" content=\"Detailn\u00ed popis produktu Soudal instala\u010dn\u00ed p\u011bnavyzna\u010duje se zv\u00fd\u0161enou efektivn\u00ed vydatnost\u00ed a\u017e +75% proti standardn\u00edm PU p\u011bn\u00e1m, vysokou rychlost\u00ed tuhnut\u00ed, n\u00edzkou rozp\u00ednavost\u00ed v pr\u016fb\u011bhu vytvrzov\u00e1n\u00ed, umo\u017e\u0148uje pou\u017eit\u00ed ve v\u0161ech poloh\u00e1ch. SOUDAL Instala\u010dn\u00ed p\u011bna je obzvl\u00e1\u0161t\u011b vhodn\u00e1 pro n\u00e1ro\u010dn\u00e9 aplikace jako instalace koupac\u00edch van, vani\u010dek sprchov\u00fdch kout\u016f, mont\u00e1\u017e r\u00e1m\u016f oken a dve\u0159\u00ed v\u010detn\u011b oblo\u017ekov\u00fdch z\u00e1rubn\u00ed. Umo\u017e\u0148uje vysoce [&hellip;]\" \/>\n<meta property=\"og:url\" content=\"https:\/\/www.domtechnikpro.com\/index.php\/produkt\/expresni-doruceni-soudal-instalacni-pena-33349\/\" \/>\n<meta property=\"og:image\" content=\"https:\/\/www.domtechnikpro.com\/wp-content\/uploads\/2026\/SK0001695-CZ20260425-092355-0-1777080235-27914_soudal-instalacni-pena.webp\" \/>\n\t<meta property=\"og:image:width\" content=\"1000\" \/>\n\t<meta property=\"og:image:height\" content=\"750\" \/>\n\t<meta property=\"og:image:type\" content=\"image\/webp\" \/>\n<meta name=\"twitter:card\" content=\"summary_large_image\" \/>\n<meta name=\"twitter:label1\" content=\"Odhadovan\u00e1 doba \u010dten\u00ed\" \/>\n\t<meta name=\"twitter:data1\" content=\"2 minuty\" \/>\n<script type=\"application\/ld+json\" class=\"yoast-schema-graph\">{\"@context\":\"https:\/\/schema.org\",\"@graph\":[{\"@type\":\"WebPage\",\"@id\":\"https:\/\/www.domtechnikpro.com\/index.php\/produkt\/expresni-doruceni-soudal-instalacni-pena-33349\/\",\"url\":\"https:\/\/www.domtechnikpro.com\/index.php\/produkt\/expresni-doruceni-soudal-instalacni-pena-33349\/\",\"name\":\"Expresn\u00ed Doru\u010den\u00ed Soudal Instala\u010dn\u00ed p\u011bna -\",\"isPartOf\":{\"@id\":\"https:\/\/www.domtechnikpro.com\/#website\"},\"primaryImageOfPage\":{\"@id\":\"https:\/\/www.domtechnikpro.com\/index.php\/produkt\/expresni-doruceni-soudal-instalacni-pena-33349\/#primaryimage\"},\"image\":{\"@id\":\"https:\/\/www.domtechnikpro.com\/index.php\/produkt\/expresni-doruceni-soudal-instalacni-pena-33349\/#primaryimage\"},\"thumbnailUrl\":\"https:\/\/www.domtechnikpro.com\/wp-content\/uploads\/2026\/SK0001695-CZ20260425-092355-0-1777080235-27914_soudal-instalacni-pena.webp\",\"datePublished\":\"2026-04-26T08:57:23+00:00\",\"breadcrumb\":{\"@id\":\"https:\/\/www.domtechnikpro.com\/index.php\/produkt\/expresni-doruceni-soudal-instalacni-pena-33349\/#breadcrumb\"},\"inLanguage\":\"cs\",\"potentialAction\":[{\"@type\":\"ReadAction\",\"target\":[\"https:\/\/www.domtechnikpro.com\/index.php\/produkt\/expresni-doruceni-soudal-instalacni-pena-33349\/\"]}]},{\"@type\":\"ImageObject\",\"inLanguage\":\"cs\",\"@id\":\"https:\/\/www.domtechnikpro.com\/index.php\/produkt\/expresni-doruceni-soudal-instalacni-pena-33349\/#primaryimage\",\"url\":\"https:\/\/www.domtechnikpro.com\/wp-content\/uploads\/2026\/SK0001695-CZ20260425-092355-0-1777080235-27914_soudal-instalacni-pena.webp\",\"contentUrl\":\"https:\/\/www.domtechnikpro.com\/wp-content\/uploads\/2026\/SK0001695-CZ20260425-092355-0-1777080235-27914_soudal-instalacni-pena.webp\",\"width\":1000,\"height\":750},{\"@type\":\"BreadcrumbList\",\"@id\":\"https:\/\/www.domtechnikpro.com\/index.php\/produkt\/expresni-doruceni-soudal-instalacni-pena-33349\/#breadcrumb\",\"itemListElement\":[{\"@type\":\"ListItem\",\"position\":1,\"name\":\"Home\",\"item\":\"https:\/\/www.domtechnikpro.com\/\"},{\"@type\":\"ListItem\",\"position\":2,\"name\":\"Products\",\"item\":\"https:\/\/www.domtechnikpro.com\/index.php\/products\/\"},{\"@type\":\"ListItem\",\"position\":3,\"name\":\"Expresn\u00ed Doru\u010den\u00ed Soudal Instala\u010dn\u00ed p\u011bna\"}]},{\"@type\":\"WebSite\",\"@id\":\"https:\/\/www.domtechnikpro.com\/#website\",\"url\":\"https:\/\/www.domtechnikpro.com\/\",\"name\":\"\",\"description\":\"\",\"potentialAction\":[{\"@type\":\"SearchAction\",\"target\":{\"@type\":\"EntryPoint\",\"urlTemplate\":\"https:\/\/www.domtechnikpro.com\/?s={search_term_string}\"},\"query-input\":{\"@type\":\"PropertyValueSpecification\",\"valueRequired\":true,\"valueName\":\"search_term_string\"}}],\"inLanguage\":\"cs\"}]}<\/script>\n<!-- \/ Yoast SEO plugin. -->","yoast_head_json":{"title":"Expresn\u00ed Doru\u010den\u00ed Soudal Instala\u010dn\u00ed p\u011bna -","robots":{"index":"index","follow":"follow","max-snippet":"max-snippet:-1","max-image-preview":"max-image-preview:large","max-video-preview":"max-video-preview:-1"},"canonical":"https:\/\/www.domtechnikpro.com\/index.php\/produkt\/expresni-doruceni-soudal-instalacni-pena-33349\/","og_locale":"cs_CZ","og_type":"article","og_title":"Expresn\u00ed Doru\u010den\u00ed Soudal Instala\u010dn\u00ed p\u011bna -","og_description":"Detailn\u00ed popis produktu Soudal instala\u010dn\u00ed p\u011bnavyzna\u010duje se zv\u00fd\u0161enou efektivn\u00ed vydatnost\u00ed a\u017e +75% proti standardn\u00edm PU p\u011bn\u00e1m, vysokou rychlost\u00ed tuhnut\u00ed, n\u00edzkou rozp\u00ednavost\u00ed v pr\u016fb\u011bhu vytvrzov\u00e1n\u00ed, umo\u017e\u0148uje pou\u017eit\u00ed ve v\u0161ech poloh\u00e1ch. SOUDAL Instala\u010dn\u00ed p\u011bna je obzvl\u00e1\u0161t\u011b vhodn\u00e1 pro n\u00e1ro\u010dn\u00e9 aplikace jako instalace koupac\u00edch van, vani\u010dek sprchov\u00fdch kout\u016f, mont\u00e1\u017e r\u00e1m\u016f oken a dve\u0159\u00ed v\u010detn\u011b oblo\u017ekov\u00fdch z\u00e1rubn\u00ed. Umo\u017e\u0148uje vysoce [&hellip;]","og_url":"https:\/\/www.domtechnikpro.com\/index.php\/produkt\/expresni-doruceni-soudal-instalacni-pena-33349\/","og_image":[{"width":1000,"height":750,"url":"https:\/\/www.domtechnikpro.com\/wp-content\/uploads\/2026\/SK0001695-CZ20260425-092355-0-1777080235-27914_soudal-instalacni-pena.webp","type":"image\/webp"}],"twitter_card":"summary_large_image","twitter_misc":{"Odhadovan\u00e1 doba \u010dten\u00ed":"2 minuty"},"schema":{"@context":"https:\/\/schema.org","@graph":[{"@type":"WebPage","@id":"https:\/\/www.domtechnikpro.com\/index.php\/produkt\/expresni-doruceni-soudal-instalacni-pena-33349\/","url":"https:\/\/www.domtechnikpro.com\/index.php\/produkt\/expresni-doruceni-soudal-instalacni-pena-33349\/","name":"Expresn\u00ed Doru\u010den\u00ed Soudal Instala\u010dn\u00ed p\u011bna -","isPartOf":{"@id":"https:\/\/www.domtechnikpro.com\/#website"},"primaryImageOfPage":{"@id":"https:\/\/www.domtechnikpro.com\/index.php\/produkt\/expresni-doruceni-soudal-instalacni-pena-33349\/#primaryimage"},"image":{"@id":"https:\/\/www.domtechnikpro.com\/index.php\/produkt\/expresni-doruceni-soudal-instalacni-pena-33349\/#primaryimage"},"thumbnailUrl":"https:\/\/www.domtechnikpro.com\/wp-content\/uploads\/2026\/SK0001695-CZ20260425-092355-0-1777080235-27914_soudal-instalacni-pena.webp","datePublished":"2026-04-26T08:57:23+00:00","breadcrumb":{"@id":"https:\/\/www.domtechnikpro.com\/index.php\/produkt\/expresni-doruceni-soudal-instalacni-pena-33349\/#breadcrumb"},"inLanguage":"cs","potentialAction":[{"@type":"ReadAction","target":["https:\/\/www.domtechnikpro.com\/index.php\/produkt\/expresni-doruceni-soudal-instalacni-pena-33349\/"]}]},{"@type":"ImageObject","inLanguage":"cs","@id":"https:\/\/www.domtechnikpro.com\/index.php\/produkt\/expresni-doruceni-soudal-instalacni-pena-33349\/#primaryimage","url":"https:\/\/www.domtechnikpro.com\/wp-content\/uploads\/2026\/SK0001695-CZ20260425-092355-0-1777080235-27914_soudal-instalacni-pena.webp","contentUrl":"https:\/\/www.domtechnikpro.com\/wp-content\/uploads\/2026\/SK0001695-CZ20260425-092355-0-1777080235-27914_soudal-instalacni-pena.webp","width":1000,"height":750},{"@type":"BreadcrumbList","@id":"https:\/\/www.domtechnikpro.com\/index.php\/produkt\/expresni-doruceni-soudal-instalacni-pena-33349\/#breadcrumb","itemListElement":[{"@type":"ListItem","position":1,"name":"Home","item":"https:\/\/www.domtechnikpro.com\/"},{"@type":"ListItem","position":2,"name":"Products","item":"https:\/\/www.domtechnikpro.com\/index.php\/products\/"},{"@type":"ListItem","position":3,"name":"Expresn\u00ed Doru\u010den\u00ed Soudal Instala\u010dn\u00ed p\u011bna"}]},{"@type":"WebSite","@id":"https:\/\/www.domtechnikpro.com\/#website","url":"https:\/\/www.domtechnikpro.com\/","name":"","description":"","potentialAction":[{"@type":"SearchAction","target":{"@type":"EntryPoint","urlTemplate":"https:\/\/www.domtechnikpro.com\/?s={search_term_string}"},"query-input":{"@type":"PropertyValueSpecification","valueRequired":true,"valueName":"search_term_string"}}],"inLanguage":"cs"}]}},"_links":{"self":[{"href":"https:\/\/www.domtechnikpro.com\/index.php\/wp-json\/wp\/v2\/product\/33349","targetHints":{"allow":["GET"]}}],"collection":[{"href":"https:\/\/www.domtechnikpro.com\/index.php\/wp-json\/wp\/v2\/product"}],"about":[{"href":"https:\/\/www.domtechnikpro.com\/index.php\/wp-json\/wp\/v2\/types\/product"}],"replies":[{"embeddable":true,"href":"https:\/\/www.domtechnikpro.com\/index.php\/wp-json\/wp\/v2\/comments?post=33349"}],"wp:featuredmedia":[{"embeddable":true,"href":"https:\/\/www.domtechnikpro.com\/index.php\/wp-json\/wp\/v2\/media\/33449"}],"wp:attachment":[{"href":"https:\/\/www.domtechnikpro.com\/index.php\/wp-json\/wp\/v2\/media?parent=33349"}],"wp:term":[{"taxonomy":"product_brand","embeddable":true,"href":"https:\/\/www.domtechnikpro.com\/index.php\/wp-json\/wp\/v2\/product_brand?post=33349"},{"taxonomy":"product_cat","embeddable":true,"href":"https:\/\/www.domtechnikpro.com\/index.php\/wp-json\/wp\/v2\/product_cat?post=33349"},{"taxonomy":"product_tag","embeddable":true,"href":"https:\/\/www.domtechnikpro.com\/index.php\/wp-json\/wp\/v2\/product_tag?post=33349"}],"curies":[{"name":"wp","href":"https:\/\/api.w.org\/{rel}","templated":true}]}}