{"id":3293,"date":"2026-04-26T08:52:00","date_gmt":"2026-04-26T08:52:00","guid":{"rendered":""},"modified":"2026-04-26T08:52:00","modified_gmt":"2026-04-26T08:52:00","slug":"cenovy-hit-svitidlo-prisazene-klimt-fix-11w-cerne-3000k-bpm-3293","status":"publish","type":"product","link":"https:\/\/www.domtechnikpro.com\/index.php\/produkt\/cenovy-hit-svitidlo-prisazene-klimt-fix-11w-cerne-3000k-bpm-3293\/","title":{"rendered":"Cenov\u00fd Hit Sv\u00edtidlo p\u0159isazen\u00e9 KLIMT FIX 11W \u010dern\u00e9 3000K &#8211; BPM"},"content":{"rendered":"<h3 class=\"product-h3\">Popis produktu<\/h3>\n<p>Obr\u00e1zek je ilustrativn\u00ed &#8211; uvnit\u0159 je krou\u017eek tak\u00e9 \u010dern\u00fd.<\/p>\n<\/p><\/div>\n<div class=\"product-left-popis-vyrobce\">\n<div class='col-xs-12'>\n<h1>BPM lighting &ndash; v\u00edc ne\u017e sv\u011btlo<\/h1>\n<p>Nic neozdob&iacute; v&aacute;&scaron; interi&eacute;r tak dokonale, jako pr\u016fzra\u010dn&eacute; \u010dist&eacute; sv\u011btlo. Pro\u010d ho schov&aacute;vat za slo\u017eit&aacute; st&iacute;nidla? <strong>&Scaron;pan\u011blsk&aacute; firma BPM<\/strong> raz&iacute; teorii jednoduch&yacute;ch, av&scaron;ak velmi efektn&iacute;ch p\u0159isazen&yacute;ch a z&aacute;pustn&yacute;ch sv&iacute;tidel. Vestavn&eacute; bodovky vyr&aacute;b&iacute; v mnoha r\u016fzn&yacute;ch velikostech, tvarech a povrchov&yacute;ch &uacute;prav&aacute;ch, tak\u017ee si ka\u017ed&yacute; vybere ty, kter&eacute; se mu do interi&eacute;ru hod&iacute; nejl&eacute;pe.<\/p>\n<p>Novinku tvo\u0159&iacute; modern&iacute; \u0159ada sv&iacute;tidel, kter&aacute; jsou vyrobena z materi&aacute;lu <strong>CRISMOSIL&reg; &#8211; BPM<\/strong>. Jde o&nbsp;inovativn&iacute; materi&aacute;l, kter&yacute; kombinuje speci&aacute;ln&iacute; s&aacute;dru, sklolamin&aacute;t s akrylovou prysky\u0159ic&iacute; a n\u011bkolika dal&scaron;&iacute;mi slo\u017ekami, kter&eacute; dod&aacute;vaj&iacute; v&yacute;robk\u016fm tvrdost a pevnost srovnatelnou s&nbsp;charakterov&yacute;mi vlastnostmi hlin&iacute;kov&yacute;ch v&yacute;robk\u016f. Sv&iacute;tidla z CRISMOSILu&reg; &#8211; BPM jsou ekologick&aacute; a recyklovateln&aacute;. Materi&aacute;l je obl&iacute;ben&yacute; zejm&eacute;na pro svou nen&aacute;padnost, sv&iacute;tidla lze nat&iacute;rat barvami na vodn&iacute; b&aacute;zi i akrylov&yacute;mi barvami. D&iacute;ky tomu si p\u0159izp\u016fsob&iacute;te sv&iacute;tidlo p\u0159esn\u011b va&scaron;im p\u0159edstav&aacute;m a pot\u0159eb&aacute;m.<\/p>\n<p>V&yacute;robce sv&iacute;tidel BPM se specializuje tak&eacute; na v&yacute;robu r&aacute;me\u010dkov&yacute;ch a bezr&aacute;me\u010dkov&yacute;ch LED profil\u016f s LED p&aacute;sky. D&aacute;le vyr&aacute;b&iacute; p\u0159isazen&aacute; LED sv&iacute;tidla stropn&iacute; i n&aacute;st\u011bnn&aacute;, z&aacute;pustn&aacute; LED sv&iacute;tidla a tak&eacute; z&aacute;v\u011bsn&aacute; sv&iacute;tidla s&nbsp;jednoduch&yacute;m hladk&yacute;m designem, kter&aacute; lze kombinovat se stropn&iacute;mi a n&aacute;st\u011bnn&yacute;mi sv&iacute;tidly.<\/p>\n<p><strong>AULIX &#8211; v\u00fdhradn\u00ed z\u00e1stupce a p\u0159\u00edm\u00fd dovozce sv\u00edtidel BPM do \u010cR<\/strong><\/p>\n<\/p><\/div>\n<\/p><\/div>\n<\/p><\/div>\n<p><\/p>\n<div class=\"top-params\">\n<h3 class=\"product-h3 collapse-header \" data-toggle=\"collapse\" data-target=\"#collapseOne\" aria-expanded=\"true\" aria-controls=\"collapseOne\">Parametry<\/h3>\n<div id=\"collapseOne\" class=\"collapse show\" aria-labelledby=\"headingOne\" data-parent=\"#product-info-accordion1\">\n<table class=\"table-striped\">\n<tr>\n<td>                Barva            <\/td>\n<td>                \u010dern\u00e1            <\/td>\n<\/tr>\n<tr>\n<td>                Po\u010det sv\u011bteln\u00fdch zdroj\u016f            <\/td>\n<td>                1            <\/td>\n<\/tr>\n<tr>\n<td>                V\u00fd\u0161ka v mm            <\/td>\n<td>                98            <\/td>\n<\/tr>\n<tr>\n<td>                Nap\u00e1jec\u00ed nap\u011bt\u00ed            <\/td>\n<td>                230V            <\/td>\n<\/tr>\n<tr>\n<td>                V\u010detn\u011b sv\u011bteln\u00e9ho zdroje            <\/td>\n<td>                ano            <\/td>\n<\/tr>\n<tr>\n<td>                Kolekce            <\/td>\n<td>                KLIMT FIX            <\/td>\n<\/tr>\n<tr>\n<td>                Materi\u00e1l            <\/td>\n<td>                kov            <\/td>\n<\/tr>\n<tr>\n<td>                Patice            <\/td>\n<td>                LED            <\/td>\n<\/tr>\n<tr>\n<td>                Max. p\u0159\u00edkon sv\u011bteln\u00e9ho zdroje            <\/td>\n<td>                11W            <\/td>\n<\/tr>\n<tr>\n<td>                Stm\u00edvateln\u00e9            <\/td>\n<td>                ne            <\/td>\n<\/tr>\n<tr>\n<td>                Teplota barvy sv\u011btla            <\/td>\n<td>                3000K            <\/td>\n<\/tr>\n<tr>\n<td>                \u017divotnost            <\/td>\n<td>                50000h            <\/td>\n<\/tr>\n<tr>\n<td>                Pr\u016fm\u011br v mm            <\/td>\n<td>                100            <\/td>\n<\/tr>\n<tr>\n<td>                V\u00fdrobce            <\/td>\n<td>                BPM            <\/td>\n<\/tr>\n<tr>\n<td>                Sv\u011bteln\u00fd tok            <\/td>\n<td>                983lm            <\/td>\n<\/tr>\n<tr>\n<td>                Vystaveno na studiu            <\/td>\n<td>                ano            <\/td>\n<\/tr>\n<tr>\n<td>                \u00dahel z\u00e1\u0159en\u00ed            <\/td>\n<td>                38\u00b0            <\/td>\n<\/tr>\n<tr>\n<td>                Z\u00e1ru\u010dn\u00ed doba            <\/td>\n<td>                5 let            <\/td>\n<\/tr>\n<tr>\n<td>                V\u00fdroba na zak\u00e1zku            <\/td>\n<td>                ano            <\/td>\n<\/tr>\n<tr>\n<td>                Index pod\u00e1n\u00ed barev            <\/td>\n<td>                90            <\/td>\n<\/tr>\n<\/table>\n<\/div><\/div>\n<\/div>\n<div class=\"accordion\" id=\"product-info-accordion2\">\n","protected":false},"excerpt":{"rendered":"<p>Popis produktu Obr\u00e1zek je ilustrativn\u00ed &#8211; uvnit\u0159 je krou\u017eek tak\u00e9 \u010dern\u00fd. BPM lighting &ndash; v\u00edc ne\u017e sv\u011btlo Nic neozdob&iacute; v&aacute;&scaron; interi&eacute;r tak dokonale, jako pr\u016fzra\u010dn&eacute; \u010dist&eacute; sv\u011btlo. Pro\u010d ho schov&aacute;vat za slo\u017eit&aacute; st&iacute;nidla? &Scaron;pan\u011blsk&aacute; firma BPM raz&iacute; teorii jednoduch&yacute;ch, av&scaron;ak velmi efektn&iacute;ch p\u0159isazen&yacute;ch a z&aacute;pustn&yacute;ch sv&iacute;tidel. Vestavn&eacute; bodovky vyr&aacute;b&iacute; v mnoha r\u016fzn&yacute;ch velikostech, tvarech a [&hellip;]<\/p>\n","protected":false},"featured_media":3393,"comment_status":"open","ping_status":"open","template":"","meta":[],"product_brand":[],"product_cat":[33],"product_tag":[],"class_list":{"0":"post-3293","1":"product","2":"type-product","3":"status-publish","4":"has-post-thumbnail","6":"product_cat-nejlepsi-prodejci","8":"first","9":"instock","10":"sale","11":"shipping-taxable","12":"purchasable","13":"product-type-simple"},"yoast_head":"<!-- This site is optimized with the Yoast SEO plugin v26.8 - https:\/\/yoast.com\/product\/yoast-seo-wordpress\/ -->\n<title>Cenov\u00fd Hit Sv\u00edtidlo p\u0159isazen\u00e9 KLIMT FIX 11W \u010dern\u00e9 3000K - BPM -<\/title>\n<meta name=\"robots\" content=\"index, follow, max-snippet:-1, max-image-preview:large, max-video-preview:-1\" \/>\n<link rel=\"canonical\" href=\"https:\/\/www.domtechnikpro.com\/index.php\/produkt\/cenovy-hit-svitidlo-prisazene-klimt-fix-11w-cerne-3000k-bpm-3293\/\" \/>\n<meta property=\"og:locale\" content=\"cs_CZ\" \/>\n<meta property=\"og:type\" content=\"article\" \/>\n<meta property=\"og:title\" content=\"Cenov\u00fd Hit Sv\u00edtidlo p\u0159isazen\u00e9 KLIMT FIX 11W \u010dern\u00e9 3000K - BPM -\" \/>\n<meta property=\"og:description\" content=\"Popis produktu Obr\u00e1zek je ilustrativn\u00ed &#8211; uvnit\u0159 je krou\u017eek tak\u00e9 \u010dern\u00fd. BPM lighting &ndash; v\u00edc ne\u017e sv\u011btlo Nic neozdob&iacute; v&aacute;&scaron; interi&eacute;r tak dokonale, jako pr\u016fzra\u010dn&eacute; \u010dist&eacute; sv\u011btlo. Pro\u010d ho schov&aacute;vat za slo\u017eit&aacute; st&iacute;nidla? &Scaron;pan\u011blsk&aacute; firma BPM raz&iacute; teorii jednoduch&yacute;ch, av&scaron;ak velmi efektn&iacute;ch p\u0159isazen&yacute;ch a z&aacute;pustn&yacute;ch sv&iacute;tidel. Vestavn&eacute; bodovky vyr&aacute;b&iacute; v mnoha r\u016fzn&yacute;ch velikostech, tvarech a [&hellip;]\" \/>\n<meta property=\"og:url\" content=\"https:\/\/www.domtechnikpro.com\/index.php\/produkt\/cenovy-hit-svitidlo-prisazene-klimt-fix-11w-cerne-3000k-bpm-3293\/\" \/>\n<meta property=\"og:image\" content=\"https:\/\/www.domtechnikpro.com\/wp-content\/uploads\/2026\/SK0003302-CZ20260425-091535-0-1777079743-BPM-20135-02-SR-BK-BK-38-ST-9-30.webp\" \/>\n\t<meta property=\"og:image:width\" content=\"383\" \/>\n\t<meta property=\"og:image:height\" content=\"348\" \/>\n\t<meta property=\"og:image:type\" content=\"image\/webp\" \/>\n<meta name=\"twitter:card\" content=\"summary_large_image\" \/>\n<meta name=\"twitter:label1\" content=\"Odhadovan\u00e1 doba \u010dten\u00ed\" \/>\n\t<meta name=\"twitter:data1\" content=\"2 minuty\" \/>\n<script type=\"application\/ld+json\" class=\"yoast-schema-graph\">{\"@context\":\"https:\/\/schema.org\",\"@graph\":[{\"@type\":\"WebPage\",\"@id\":\"https:\/\/www.domtechnikpro.com\/index.php\/produkt\/cenovy-hit-svitidlo-prisazene-klimt-fix-11w-cerne-3000k-bpm-3293\/\",\"url\":\"https:\/\/www.domtechnikpro.com\/index.php\/produkt\/cenovy-hit-svitidlo-prisazene-klimt-fix-11w-cerne-3000k-bpm-3293\/\",\"name\":\"Cenov\u00fd Hit Sv\u00edtidlo p\u0159isazen\u00e9 KLIMT FIX 11W \u010dern\u00e9 3000K - BPM -\",\"isPartOf\":{\"@id\":\"https:\/\/www.domtechnikpro.com\/#website\"},\"primaryImageOfPage\":{\"@id\":\"https:\/\/www.domtechnikpro.com\/index.php\/produkt\/cenovy-hit-svitidlo-prisazene-klimt-fix-11w-cerne-3000k-bpm-3293\/#primaryimage\"},\"image\":{\"@id\":\"https:\/\/www.domtechnikpro.com\/index.php\/produkt\/cenovy-hit-svitidlo-prisazene-klimt-fix-11w-cerne-3000k-bpm-3293\/#primaryimage\"},\"thumbnailUrl\":\"https:\/\/www.domtechnikpro.com\/wp-content\/uploads\/2026\/SK0003302-CZ20260425-091535-0-1777079743-BPM-20135-02-SR-BK-BK-38-ST-9-30.webp\",\"datePublished\":\"2026-04-26T08:52:00+00:00\",\"breadcrumb\":{\"@id\":\"https:\/\/www.domtechnikpro.com\/index.php\/produkt\/cenovy-hit-svitidlo-prisazene-klimt-fix-11w-cerne-3000k-bpm-3293\/#breadcrumb\"},\"inLanguage\":\"cs\",\"potentialAction\":[{\"@type\":\"ReadAction\",\"target\":[\"https:\/\/www.domtechnikpro.com\/index.php\/produkt\/cenovy-hit-svitidlo-prisazene-klimt-fix-11w-cerne-3000k-bpm-3293\/\"]}]},{\"@type\":\"ImageObject\",\"inLanguage\":\"cs\",\"@id\":\"https:\/\/www.domtechnikpro.com\/index.php\/produkt\/cenovy-hit-svitidlo-prisazene-klimt-fix-11w-cerne-3000k-bpm-3293\/#primaryimage\",\"url\":\"https:\/\/www.domtechnikpro.com\/wp-content\/uploads\/2026\/SK0003302-CZ20260425-091535-0-1777079743-BPM-20135-02-SR-BK-BK-38-ST-9-30.webp\",\"contentUrl\":\"https:\/\/www.domtechnikpro.com\/wp-content\/uploads\/2026\/SK0003302-CZ20260425-091535-0-1777079743-BPM-20135-02-SR-BK-BK-38-ST-9-30.webp\",\"width\":383,\"height\":348},{\"@type\":\"BreadcrumbList\",\"@id\":\"https:\/\/www.domtechnikpro.com\/index.php\/produkt\/cenovy-hit-svitidlo-prisazene-klimt-fix-11w-cerne-3000k-bpm-3293\/#breadcrumb\",\"itemListElement\":[{\"@type\":\"ListItem\",\"position\":1,\"name\":\"Home\",\"item\":\"https:\/\/www.domtechnikpro.com\/\"},{\"@type\":\"ListItem\",\"position\":2,\"name\":\"Products\",\"item\":\"https:\/\/www.domtechnikpro.com\/index.php\/products\/\"},{\"@type\":\"ListItem\",\"position\":3,\"name\":\"Cenov\u00fd Hit Sv\u00edtidlo p\u0159isazen\u00e9 KLIMT FIX 11W \u010dern\u00e9 3000K &#8211; BPM\"}]},{\"@type\":\"WebSite\",\"@id\":\"https:\/\/www.domtechnikpro.com\/#website\",\"url\":\"https:\/\/www.domtechnikpro.com\/\",\"name\":\"\",\"description\":\"\",\"potentialAction\":[{\"@type\":\"SearchAction\",\"target\":{\"@type\":\"EntryPoint\",\"urlTemplate\":\"https:\/\/www.domtechnikpro.com\/?s={search_term_string}\"},\"query-input\":{\"@type\":\"PropertyValueSpecification\",\"valueRequired\":true,\"valueName\":\"search_term_string\"}}],\"inLanguage\":\"cs\"}]}<\/script>\n<!-- \/ Yoast SEO plugin. -->","yoast_head_json":{"title":"Cenov\u00fd Hit Sv\u00edtidlo p\u0159isazen\u00e9 KLIMT FIX 11W \u010dern\u00e9 3000K - BPM -","robots":{"index":"index","follow":"follow","max-snippet":"max-snippet:-1","max-image-preview":"max-image-preview:large","max-video-preview":"max-video-preview:-1"},"canonical":"https:\/\/www.domtechnikpro.com\/index.php\/produkt\/cenovy-hit-svitidlo-prisazene-klimt-fix-11w-cerne-3000k-bpm-3293\/","og_locale":"cs_CZ","og_type":"article","og_title":"Cenov\u00fd Hit Sv\u00edtidlo p\u0159isazen\u00e9 KLIMT FIX 11W \u010dern\u00e9 3000K - BPM -","og_description":"Popis produktu Obr\u00e1zek je ilustrativn\u00ed &#8211; uvnit\u0159 je krou\u017eek tak\u00e9 \u010dern\u00fd. BPM lighting &ndash; v\u00edc ne\u017e sv\u011btlo Nic neozdob&iacute; v&aacute;&scaron; interi&eacute;r tak dokonale, jako pr\u016fzra\u010dn&eacute; \u010dist&eacute; sv\u011btlo. Pro\u010d ho schov&aacute;vat za slo\u017eit&aacute; st&iacute;nidla? &Scaron;pan\u011blsk&aacute; firma BPM raz&iacute; teorii jednoduch&yacute;ch, av&scaron;ak velmi efektn&iacute;ch p\u0159isazen&yacute;ch a z&aacute;pustn&yacute;ch sv&iacute;tidel. Vestavn&eacute; bodovky vyr&aacute;b&iacute; v mnoha r\u016fzn&yacute;ch velikostech, tvarech a [&hellip;]","og_url":"https:\/\/www.domtechnikpro.com\/index.php\/produkt\/cenovy-hit-svitidlo-prisazene-klimt-fix-11w-cerne-3000k-bpm-3293\/","og_image":[{"width":383,"height":348,"url":"https:\/\/www.domtechnikpro.com\/wp-content\/uploads\/2026\/SK0003302-CZ20260425-091535-0-1777079743-BPM-20135-02-SR-BK-BK-38-ST-9-30.webp","type":"image\/webp"}],"twitter_card":"summary_large_image","twitter_misc":{"Odhadovan\u00e1 doba \u010dten\u00ed":"2 minuty"},"schema":{"@context":"https:\/\/schema.org","@graph":[{"@type":"WebPage","@id":"https:\/\/www.domtechnikpro.com\/index.php\/produkt\/cenovy-hit-svitidlo-prisazene-klimt-fix-11w-cerne-3000k-bpm-3293\/","url":"https:\/\/www.domtechnikpro.com\/index.php\/produkt\/cenovy-hit-svitidlo-prisazene-klimt-fix-11w-cerne-3000k-bpm-3293\/","name":"Cenov\u00fd Hit Sv\u00edtidlo p\u0159isazen\u00e9 KLIMT FIX 11W \u010dern\u00e9 3000K - BPM -","isPartOf":{"@id":"https:\/\/www.domtechnikpro.com\/#website"},"primaryImageOfPage":{"@id":"https:\/\/www.domtechnikpro.com\/index.php\/produkt\/cenovy-hit-svitidlo-prisazene-klimt-fix-11w-cerne-3000k-bpm-3293\/#primaryimage"},"image":{"@id":"https:\/\/www.domtechnikpro.com\/index.php\/produkt\/cenovy-hit-svitidlo-prisazene-klimt-fix-11w-cerne-3000k-bpm-3293\/#primaryimage"},"thumbnailUrl":"https:\/\/www.domtechnikpro.com\/wp-content\/uploads\/2026\/SK0003302-CZ20260425-091535-0-1777079743-BPM-20135-02-SR-BK-BK-38-ST-9-30.webp","datePublished":"2026-04-26T08:52:00+00:00","breadcrumb":{"@id":"https:\/\/www.domtechnikpro.com\/index.php\/produkt\/cenovy-hit-svitidlo-prisazene-klimt-fix-11w-cerne-3000k-bpm-3293\/#breadcrumb"},"inLanguage":"cs","potentialAction":[{"@type":"ReadAction","target":["https:\/\/www.domtechnikpro.com\/index.php\/produkt\/cenovy-hit-svitidlo-prisazene-klimt-fix-11w-cerne-3000k-bpm-3293\/"]}]},{"@type":"ImageObject","inLanguage":"cs","@id":"https:\/\/www.domtechnikpro.com\/index.php\/produkt\/cenovy-hit-svitidlo-prisazene-klimt-fix-11w-cerne-3000k-bpm-3293\/#primaryimage","url":"https:\/\/www.domtechnikpro.com\/wp-content\/uploads\/2026\/SK0003302-CZ20260425-091535-0-1777079743-BPM-20135-02-SR-BK-BK-38-ST-9-30.webp","contentUrl":"https:\/\/www.domtechnikpro.com\/wp-content\/uploads\/2026\/SK0003302-CZ20260425-091535-0-1777079743-BPM-20135-02-SR-BK-BK-38-ST-9-30.webp","width":383,"height":348},{"@type":"BreadcrumbList","@id":"https:\/\/www.domtechnikpro.com\/index.php\/produkt\/cenovy-hit-svitidlo-prisazene-klimt-fix-11w-cerne-3000k-bpm-3293\/#breadcrumb","itemListElement":[{"@type":"ListItem","position":1,"name":"Home","item":"https:\/\/www.domtechnikpro.com\/"},{"@type":"ListItem","position":2,"name":"Products","item":"https:\/\/www.domtechnikpro.com\/index.php\/products\/"},{"@type":"ListItem","position":3,"name":"Cenov\u00fd Hit Sv\u00edtidlo p\u0159isazen\u00e9 KLIMT FIX 11W \u010dern\u00e9 3000K &#8211; BPM"}]},{"@type":"WebSite","@id":"https:\/\/www.domtechnikpro.com\/#website","url":"https:\/\/www.domtechnikpro.com\/","name":"","description":"","potentialAction":[{"@type":"SearchAction","target":{"@type":"EntryPoint","urlTemplate":"https:\/\/www.domtechnikpro.com\/?s={search_term_string}"},"query-input":{"@type":"PropertyValueSpecification","valueRequired":true,"valueName":"search_term_string"}}],"inLanguage":"cs"}]}},"_links":{"self":[{"href":"https:\/\/www.domtechnikpro.com\/index.php\/wp-json\/wp\/v2\/product\/3293","targetHints":{"allow":["GET"]}}],"collection":[{"href":"https:\/\/www.domtechnikpro.com\/index.php\/wp-json\/wp\/v2\/product"}],"about":[{"href":"https:\/\/www.domtechnikpro.com\/index.php\/wp-json\/wp\/v2\/types\/product"}],"replies":[{"embeddable":true,"href":"https:\/\/www.domtechnikpro.com\/index.php\/wp-json\/wp\/v2\/comments?post=3293"}],"wp:featuredmedia":[{"embeddable":true,"href":"https:\/\/www.domtechnikpro.com\/index.php\/wp-json\/wp\/v2\/media\/3393"}],"wp:attachment":[{"href":"https:\/\/www.domtechnikpro.com\/index.php\/wp-json\/wp\/v2\/media?parent=3293"}],"wp:term":[{"taxonomy":"product_brand","embeddable":true,"href":"https:\/\/www.domtechnikpro.com\/index.php\/wp-json\/wp\/v2\/product_brand?post=3293"},{"taxonomy":"product_cat","embeddable":true,"href":"https:\/\/www.domtechnikpro.com\/index.php\/wp-json\/wp\/v2\/product_cat?post=3293"},{"taxonomy":"product_tag","embeddable":true,"href":"https:\/\/www.domtechnikpro.com\/index.php\/wp-json\/wp\/v2\/product_tag?post=3293"}],"curies":[{"name":"wp","href":"https:\/\/api.w.org\/{rel}","templated":true}]}}