{"id":32771,"date":"2026-04-26T08:57:15","date_gmt":"2026-04-26T08:57:15","guid":{"rendered":""},"modified":"2026-04-26T08:57:15","modified_gmt":"2026-04-26T08:57:15","slug":"pragoprimer-plus-s-2070-ihned-k-objednani-32771","status":"publish","type":"product","link":"https:\/\/www.domtechnikpro.com\/index.php\/produkt\/pragoprimer-plus-s-2070-ihned-k-objednani-32771\/","title":{"rendered":"Pragoprimer Plus S 2070 Ihned K Objedn\u00e1n\u00ed"},"content":{"rendered":"<div class=\"basic-description\">\n<h3>Detailn\u00ed popis produktu<\/h3>\n<p>                                    Z\u00e1kladn\u00ed barva na d\u0159evo syntetick\u00e1 je ur\u010dena k z\u00e1kladn\u00edm a podkladov\u00fdm n\u00e1t\u011br\u016fm pro syst\u00e9my povrchov\u00fdch \u00faprav d\u0159ev\u011bn\u00fdch v\u00fdrobk\u016f, vystaven\u00fdch p\u0159\u00edm\u00e9mu vlivu pov\u011btrnosti. Barva nen\u00ed ur\u010dena k n\u00e1t\u011br\u016fm, kter\u00e9 p\u0159\u00edch\u00e1zej\u00ed do p\u0159\u00edm\u00e9ho styku s potravinami, krmivy a pitnou vodou a k n\u00e1t\u011br\u016fm d\u011btsk\u00e9ho n\u00e1bytku a hra\u010dek.<\/p>\n<p>Aplikace: \u0160t\u011btcem<\/p>\n<p>Vydatnost: 15 a\u017e 17 m2 \/ 1 l na jednu vrstvu<\/p>\n<p>\u0158edidlo: S 6006                            <\/p><\/div>\n<div class=\"extended-description\">\n<h3>Dopl\u0148kov\u00e9 parametry<\/h3>\n<table class=\"detail-parameters\">\n<tbody>\n<tr>\n<th>        <span class=\"row-header-label\">            Kategorie<span class=\"row-header-label-colon\">:<\/span>        <\/span>    <\/th>\n<td>        Z\u00e1kladn\u00ed barva na kov    <\/td>\n<\/tr>\n<\/tbody>\n<\/table><\/div>\n<\/p><\/div>\n<\/p><\/div>\n","protected":false},"excerpt":{"rendered":"<p>Detailn\u00ed popis produktu Z\u00e1kladn\u00ed barva na d\u0159evo syntetick\u00e1 je ur\u010dena k z\u00e1kladn\u00edm a podkladov\u00fdm n\u00e1t\u011br\u016fm pro syst\u00e9my povrchov\u00fdch \u00faprav d\u0159ev\u011bn\u00fdch v\u00fdrobk\u016f, vystaven\u00fdch p\u0159\u00edm\u00e9mu vlivu pov\u011btrnosti. Barva nen\u00ed ur\u010dena k n\u00e1t\u011br\u016fm, kter\u00e9 p\u0159\u00edch\u00e1zej\u00ed do p\u0159\u00edm\u00e9ho styku s potravinami, krmivy a pitnou vodou a k n\u00e1t\u011br\u016fm d\u011btsk\u00e9ho n\u00e1bytku a hra\u010dek. Aplikace: \u0160t\u011btcem Vydatnost: 15 a\u017e 17 m2 [&hellip;]<\/p>\n","protected":false},"featured_media":32871,"comment_status":"open","ping_status":"open","template":"","meta":[],"product_brand":[],"product_cat":[122],"product_tag":[],"class_list":{"0":"post-32771","1":"product","2":"type-product","3":"status-publish","4":"has-post-thumbnail","6":"product_cat-barvy-laky-lazury","8":"first","9":"instock","10":"sale","11":"shipping-taxable","12":"purchasable","13":"product-type-simple"},"yoast_head":"<!-- This site is optimized with the Yoast SEO plugin v26.8 - https:\/\/yoast.com\/product\/yoast-seo-wordpress\/ -->\n<title>Pragoprimer Plus S 2070 Ihned K Objedn\u00e1n\u00ed -<\/title>\n<meta name=\"robots\" content=\"index, follow, max-snippet:-1, max-image-preview:large, max-video-preview:-1\" \/>\n<link rel=\"canonical\" href=\"https:\/\/www.domtechnikpro.com\/index.php\/produkt\/pragoprimer-plus-s-2070-ihned-k-objednani-32771\/\" \/>\n<meta property=\"og:locale\" content=\"cs_CZ\" \/>\n<meta property=\"og:type\" content=\"article\" \/>\n<meta property=\"og:title\" content=\"Pragoprimer Plus S 2070 Ihned K Objedn\u00e1n\u00ed -\" \/>\n<meta property=\"og:description\" content=\"Detailn\u00ed popis produktu Z\u00e1kladn\u00ed barva na d\u0159evo syntetick\u00e1 je ur\u010dena k z\u00e1kladn\u00edm a podkladov\u00fdm n\u00e1t\u011br\u016fm pro syst\u00e9my povrchov\u00fdch \u00faprav d\u0159ev\u011bn\u00fdch v\u00fdrobk\u016f, vystaven\u00fdch p\u0159\u00edm\u00e9mu vlivu pov\u011btrnosti. Barva nen\u00ed ur\u010dena k n\u00e1t\u011br\u016fm, kter\u00e9 p\u0159\u00edch\u00e1zej\u00ed do p\u0159\u00edm\u00e9ho styku s potravinami, krmivy a pitnou vodou a k n\u00e1t\u011br\u016fm d\u011btsk\u00e9ho n\u00e1bytku a hra\u010dek. Aplikace: \u0160t\u011btcem Vydatnost: 15 a\u017e 17 m2 [&hellip;]\" \/>\n<meta property=\"og:url\" content=\"https:\/\/www.domtechnikpro.com\/index.php\/produkt\/pragoprimer-plus-s-2070-ihned-k-objednani-32771\/\" \/>\n<meta property=\"og:image\" content=\"https:\/\/www.domtechnikpro.com\/wp-content\/uploads\/2026\/SK0001417-CZ20260425-092355-0-1777080235-26969_pragoprimer-plus-s-2070.webp\" \/>\n\t<meta property=\"og:image:width\" content=\"1000\" \/>\n\t<meta property=\"og:image:height\" content=\"750\" \/>\n\t<meta property=\"og:image:type\" content=\"image\/webp\" \/>\n<meta name=\"twitter:card\" content=\"summary_large_image\" \/>\n<meta name=\"twitter:label1\" content=\"Odhadovan\u00e1 doba \u010dten\u00ed\" \/>\n\t<meta name=\"twitter:data1\" content=\"1 minuta\" \/>\n<script type=\"application\/ld+json\" class=\"yoast-schema-graph\">{\"@context\":\"https:\/\/schema.org\",\"@graph\":[{\"@type\":\"WebPage\",\"@id\":\"https:\/\/www.domtechnikpro.com\/index.php\/produkt\/pragoprimer-plus-s-2070-ihned-k-objednani-32771\/\",\"url\":\"https:\/\/www.domtechnikpro.com\/index.php\/produkt\/pragoprimer-plus-s-2070-ihned-k-objednani-32771\/\",\"name\":\"Pragoprimer Plus S 2070 Ihned K Objedn\u00e1n\u00ed -\",\"isPartOf\":{\"@id\":\"https:\/\/www.domtechnikpro.com\/#website\"},\"primaryImageOfPage\":{\"@id\":\"https:\/\/www.domtechnikpro.com\/index.php\/produkt\/pragoprimer-plus-s-2070-ihned-k-objednani-32771\/#primaryimage\"},\"image\":{\"@id\":\"https:\/\/www.domtechnikpro.com\/index.php\/produkt\/pragoprimer-plus-s-2070-ihned-k-objednani-32771\/#primaryimage\"},\"thumbnailUrl\":\"https:\/\/www.domtechnikpro.com\/wp-content\/uploads\/2026\/SK0001417-CZ20260425-092355-0-1777080235-26969_pragoprimer-plus-s-2070.webp\",\"datePublished\":\"2026-04-26T08:57:15+00:00\",\"breadcrumb\":{\"@id\":\"https:\/\/www.domtechnikpro.com\/index.php\/produkt\/pragoprimer-plus-s-2070-ihned-k-objednani-32771\/#breadcrumb\"},\"inLanguage\":\"cs\",\"potentialAction\":[{\"@type\":\"ReadAction\",\"target\":[\"https:\/\/www.domtechnikpro.com\/index.php\/produkt\/pragoprimer-plus-s-2070-ihned-k-objednani-32771\/\"]}]},{\"@type\":\"ImageObject\",\"inLanguage\":\"cs\",\"@id\":\"https:\/\/www.domtechnikpro.com\/index.php\/produkt\/pragoprimer-plus-s-2070-ihned-k-objednani-32771\/#primaryimage\",\"url\":\"https:\/\/www.domtechnikpro.com\/wp-content\/uploads\/2026\/SK0001417-CZ20260425-092355-0-1777080235-26969_pragoprimer-plus-s-2070.webp\",\"contentUrl\":\"https:\/\/www.domtechnikpro.com\/wp-content\/uploads\/2026\/SK0001417-CZ20260425-092355-0-1777080235-26969_pragoprimer-plus-s-2070.webp\",\"width\":1000,\"height\":750},{\"@type\":\"BreadcrumbList\",\"@id\":\"https:\/\/www.domtechnikpro.com\/index.php\/produkt\/pragoprimer-plus-s-2070-ihned-k-objednani-32771\/#breadcrumb\",\"itemListElement\":[{\"@type\":\"ListItem\",\"position\":1,\"name\":\"Home\",\"item\":\"https:\/\/www.domtechnikpro.com\/\"},{\"@type\":\"ListItem\",\"position\":2,\"name\":\"Products\",\"item\":\"https:\/\/www.domtechnikpro.com\/index.php\/products\/\"},{\"@type\":\"ListItem\",\"position\":3,\"name\":\"Pragoprimer Plus S 2070 Ihned K Objedn\u00e1n\u00ed\"}]},{\"@type\":\"WebSite\",\"@id\":\"https:\/\/www.domtechnikpro.com\/#website\",\"url\":\"https:\/\/www.domtechnikpro.com\/\",\"name\":\"\",\"description\":\"\",\"potentialAction\":[{\"@type\":\"SearchAction\",\"target\":{\"@type\":\"EntryPoint\",\"urlTemplate\":\"https:\/\/www.domtechnikpro.com\/?s={search_term_string}\"},\"query-input\":{\"@type\":\"PropertyValueSpecification\",\"valueRequired\":true,\"valueName\":\"search_term_string\"}}],\"inLanguage\":\"cs\"}]}<\/script>\n<!-- \/ Yoast SEO plugin. -->","yoast_head_json":{"title":"Pragoprimer Plus S 2070 Ihned K Objedn\u00e1n\u00ed -","robots":{"index":"index","follow":"follow","max-snippet":"max-snippet:-1","max-image-preview":"max-image-preview:large","max-video-preview":"max-video-preview:-1"},"canonical":"https:\/\/www.domtechnikpro.com\/index.php\/produkt\/pragoprimer-plus-s-2070-ihned-k-objednani-32771\/","og_locale":"cs_CZ","og_type":"article","og_title":"Pragoprimer Plus S 2070 Ihned K Objedn\u00e1n\u00ed -","og_description":"Detailn\u00ed popis produktu Z\u00e1kladn\u00ed barva na d\u0159evo syntetick\u00e1 je ur\u010dena k z\u00e1kladn\u00edm a podkladov\u00fdm n\u00e1t\u011br\u016fm pro syst\u00e9my povrchov\u00fdch \u00faprav d\u0159ev\u011bn\u00fdch v\u00fdrobk\u016f, vystaven\u00fdch p\u0159\u00edm\u00e9mu vlivu pov\u011btrnosti. Barva nen\u00ed ur\u010dena k n\u00e1t\u011br\u016fm, kter\u00e9 p\u0159\u00edch\u00e1zej\u00ed do p\u0159\u00edm\u00e9ho styku s potravinami, krmivy a pitnou vodou a k n\u00e1t\u011br\u016fm d\u011btsk\u00e9ho n\u00e1bytku a hra\u010dek. Aplikace: \u0160t\u011btcem Vydatnost: 15 a\u017e 17 m2 [&hellip;]","og_url":"https:\/\/www.domtechnikpro.com\/index.php\/produkt\/pragoprimer-plus-s-2070-ihned-k-objednani-32771\/","og_image":[{"width":1000,"height":750,"url":"https:\/\/www.domtechnikpro.com\/wp-content\/uploads\/2026\/SK0001417-CZ20260425-092355-0-1777080235-26969_pragoprimer-plus-s-2070.webp","type":"image\/webp"}],"twitter_card":"summary_large_image","twitter_misc":{"Odhadovan\u00e1 doba \u010dten\u00ed":"1 minuta"},"schema":{"@context":"https:\/\/schema.org","@graph":[{"@type":"WebPage","@id":"https:\/\/www.domtechnikpro.com\/index.php\/produkt\/pragoprimer-plus-s-2070-ihned-k-objednani-32771\/","url":"https:\/\/www.domtechnikpro.com\/index.php\/produkt\/pragoprimer-plus-s-2070-ihned-k-objednani-32771\/","name":"Pragoprimer Plus S 2070 Ihned K Objedn\u00e1n\u00ed -","isPartOf":{"@id":"https:\/\/www.domtechnikpro.com\/#website"},"primaryImageOfPage":{"@id":"https:\/\/www.domtechnikpro.com\/index.php\/produkt\/pragoprimer-plus-s-2070-ihned-k-objednani-32771\/#primaryimage"},"image":{"@id":"https:\/\/www.domtechnikpro.com\/index.php\/produkt\/pragoprimer-plus-s-2070-ihned-k-objednani-32771\/#primaryimage"},"thumbnailUrl":"https:\/\/www.domtechnikpro.com\/wp-content\/uploads\/2026\/SK0001417-CZ20260425-092355-0-1777080235-26969_pragoprimer-plus-s-2070.webp","datePublished":"2026-04-26T08:57:15+00:00","breadcrumb":{"@id":"https:\/\/www.domtechnikpro.com\/index.php\/produkt\/pragoprimer-plus-s-2070-ihned-k-objednani-32771\/#breadcrumb"},"inLanguage":"cs","potentialAction":[{"@type":"ReadAction","target":["https:\/\/www.domtechnikpro.com\/index.php\/produkt\/pragoprimer-plus-s-2070-ihned-k-objednani-32771\/"]}]},{"@type":"ImageObject","inLanguage":"cs","@id":"https:\/\/www.domtechnikpro.com\/index.php\/produkt\/pragoprimer-plus-s-2070-ihned-k-objednani-32771\/#primaryimage","url":"https:\/\/www.domtechnikpro.com\/wp-content\/uploads\/2026\/SK0001417-CZ20260425-092355-0-1777080235-26969_pragoprimer-plus-s-2070.webp","contentUrl":"https:\/\/www.domtechnikpro.com\/wp-content\/uploads\/2026\/SK0001417-CZ20260425-092355-0-1777080235-26969_pragoprimer-plus-s-2070.webp","width":1000,"height":750},{"@type":"BreadcrumbList","@id":"https:\/\/www.domtechnikpro.com\/index.php\/produkt\/pragoprimer-plus-s-2070-ihned-k-objednani-32771\/#breadcrumb","itemListElement":[{"@type":"ListItem","position":1,"name":"Home","item":"https:\/\/www.domtechnikpro.com\/"},{"@type":"ListItem","position":2,"name":"Products","item":"https:\/\/www.domtechnikpro.com\/index.php\/products\/"},{"@type":"ListItem","position":3,"name":"Pragoprimer Plus S 2070 Ihned K Objedn\u00e1n\u00ed"}]},{"@type":"WebSite","@id":"https:\/\/www.domtechnikpro.com\/#website","url":"https:\/\/www.domtechnikpro.com\/","name":"","description":"","potentialAction":[{"@type":"SearchAction","target":{"@type":"EntryPoint","urlTemplate":"https:\/\/www.domtechnikpro.com\/?s={search_term_string}"},"query-input":{"@type":"PropertyValueSpecification","valueRequired":true,"valueName":"search_term_string"}}],"inLanguage":"cs"}]}},"_links":{"self":[{"href":"https:\/\/www.domtechnikpro.com\/index.php\/wp-json\/wp\/v2\/product\/32771","targetHints":{"allow":["GET"]}}],"collection":[{"href":"https:\/\/www.domtechnikpro.com\/index.php\/wp-json\/wp\/v2\/product"}],"about":[{"href":"https:\/\/www.domtechnikpro.com\/index.php\/wp-json\/wp\/v2\/types\/product"}],"replies":[{"embeddable":true,"href":"https:\/\/www.domtechnikpro.com\/index.php\/wp-json\/wp\/v2\/comments?post=32771"}],"wp:featuredmedia":[{"embeddable":true,"href":"https:\/\/www.domtechnikpro.com\/index.php\/wp-json\/wp\/v2\/media\/32871"}],"wp:attachment":[{"href":"https:\/\/www.domtechnikpro.com\/index.php\/wp-json\/wp\/v2\/media?parent=32771"}],"wp:term":[{"taxonomy":"product_brand","embeddable":true,"href":"https:\/\/www.domtechnikpro.com\/index.php\/wp-json\/wp\/v2\/product_brand?post=32771"},{"taxonomy":"product_cat","embeddable":true,"href":"https:\/\/www.domtechnikpro.com\/index.php\/wp-json\/wp\/v2\/product_cat?post=32771"},{"taxonomy":"product_tag","embeddable":true,"href":"https:\/\/www.domtechnikpro.com\/index.php\/wp-json\/wp\/v2\/product_tag?post=32771"}],"curies":[{"name":"wp","href":"https:\/\/api.w.org\/{rel}","templated":true}]}}

Pragoprimer Plus S 2070 Ihned K Objednání

<div class="basic-description">
<h3>Detailní popis produktu</h3>
<p>                                    Základní barva na dřevo syntetická je určena k základním a podkladovým nátěrům pro systémy povrchových úprav dřevěných výrobků, vystavených přímému vlivu povětrnosti. Barva není určena k nátěrům, které přícházejí do přímého styku s potravinami, krmivy a pitnou vodou a k nátěrům dětského nábytku a hraček.</p>
<p>Aplikace: Štětcem</p>
<p>Vydatnost: 15 až 17 m2 / 1 l na jednu vrstvu</p>
<p>Ředidlo: S 6006                            </p></div>
<div class="extended-description">
<h3>Doplňkové parametry</h3>
<table class="detail-parameters">
<tbody>
<tr>
<th>        <span class="row-header-label">            Kategorie<span class="row-header-label-colon">:</span>        </span>    </th>
<td>        Základní barva na kov    </td>
</tr>
</tbody>
</table></div>
</p></div>
</p></div>

<p>Detailní popis produktu Základní barva na dřevo syntetická je určena k základním a podkladovým nátěrům pro systémy povrchových úprav dřevěných výrobků, vystavených přímému vlivu povětrnosti. Barva není určena k nátěrům, které přícházejí do přímého styku s potravinami, krmivy a pitnou vodou a k nátěrům dětského nábytku a hraček. Aplikace: Štětcem Vydatnost: 15 až 17 m2 [&hellip;]</p>

<!-- This site is optimized with the Yoast SEO plugin v26.8 - https://yoast.com/product/yoast-seo-wordpress/ -->
<title>Pragoprimer Plus S 2070 Ihned K Objednání -</title>
<meta name="robots" content="index, follow, max-snippet:-1, max-image-preview:large, max-video-preview:-1" />
<link rel="canonical" href="https://www.domtechnikpro.com/index.php/produkt/pragoprimer-plus-s-2070-ihned-k-objednani-32771/" />
<meta property="og:locale" content="cs_CZ" />
<meta property="og:type" content="article" />
<meta property="og:title" content="Pragoprimer Plus S 2070 Ihned K Objednání -" />
<meta property="og:description" content="Detailní popis produktu Základní barva na dřevo syntetická je určena k základním a podkladovým nátěrům pro systémy povrchových úprav dřevěných výrobků, vystavených přímému vlivu povětrnosti. Barva není určena k nátěrům, které přícházejí do přímého styku s potravinami, krmivy a pitnou vodou a k nátěrům dětského nábytku a hraček. Aplikace: Štětcem Vydatnost: 15 až 17 m2 [&hellip;]" />
<meta property="og:url" content="https://www.domtechnikpro.com/index.php/produkt/pragoprimer-plus-s-2070-ihned-k-objednani-32771/" />
<meta property="og:image" content="https://www.domtechnikpro.com/wp-content/uploads/2026/SK0001417-CZ20260425-092355-0-1777080235-26969_pragoprimer-plus-s-2070.webp" />
	<meta property="og:image:width" content="1000" />
	<meta property="og:image:height" content="750" />
	<meta property="og:image:type" content="image/webp" />
<meta name="twitter:card" content="summary_large_image" />
<meta name="twitter:label1" content="Odhadovaná doba čtení" />
	<meta name="twitter:data1" content="1 minuta" />
<script type="application/ld+json" class="yoast-schema-graph">{"@context":"https://schema.org","@graph":[{"@type":"WebPage","@id":"https://www.domtechnikpro.com/index.php/produkt/pragoprimer-plus-s-2070-ihned-k-objednani-32771/","url":"https://www.domtechnikpro.com/index.php/produkt/pragoprimer-plus-s-2070-ihned-k-objednani-32771/","name":"Pragoprimer Plus S 2070 Ihned K Objednání -","isPartOf":{"@id":"https://www.domtechnikpro.com/#website"},"primaryImageOfPage":{"@id":"https://www.domtechnikpro.com/index.php/produkt/pragoprimer-plus-s-2070-ihned-k-objednani-32771/#primaryimage"},"image":{"@id":"https://www.domtechnikpro.com/index.php/produkt/pragoprimer-plus-s-2070-ihned-k-objednani-32771/#primaryimage"},"thumbnailUrl":"https://www.domtechnikpro.com/wp-content/uploads/2026/SK0001417-CZ20260425-092355-0-1777080235-26969_pragoprimer-plus-s-2070.webp","datePublished":"2026-04-26T08:57:15+00:00","breadcrumb":{"@id":"https://www.domtechnikpro.com/index.php/produkt/pragoprimer-plus-s-2070-ihned-k-objednani-32771/#breadcrumb"},"inLanguage":"cs","potentialAction":[{"@type":"ReadAction","target":["https://www.domtechnikpro.com/index.php/produkt/pragoprimer-plus-s-2070-ihned-k-objednani-32771/"]}]},{"@type":"ImageObject","inLanguage":"cs","@id":"https://www.domtechnikpro.com/index.php/produkt/pragoprimer-plus-s-2070-ihned-k-objednani-32771/#primaryimage","url":"https://www.domtechnikpro.com/wp-content/uploads/2026/SK0001417-CZ20260425-092355-0-1777080235-26969_pragoprimer-plus-s-2070.webp","contentUrl":"https://www.domtechnikpro.com/wp-content/uploads/2026/SK0001417-CZ20260425-092355-0-1777080235-26969_pragoprimer-plus-s-2070.webp","width":1000,"height":750},{"@type":"BreadcrumbList","@id":"https://www.domtechnikpro.com/index.php/produkt/pragoprimer-plus-s-2070-ihned-k-objednani-32771/#breadcrumb","itemListElement":[{"@type":"ListItem","position":1,"name":"Home","item":"https://www.domtechnikpro.com/"},{"@type":"ListItem","position":2,"name":"Products","item":"https://www.domtechnikpro.com/index.php/products/"},{"@type":"ListItem","position":3,"name":"Pragoprimer Plus S 2070 Ihned K Objednání"}]},{"@type":"WebSite","@id":"https://www.domtechnikpro.com/#website","url":"https://www.domtechnikpro.com/","name":"","description":"","potentialAction":[{"@type":"SearchAction","target":{"@type":"EntryPoint","urlTemplate":"https://www.domtechnikpro.com/?s={search_term_string}"},"query-input":{"@type":"PropertyValueSpecification","valueRequired":true,"valueName":"search_term_string"}}],"inLanguage":"cs"}]}</script>
<!-- / Yoast SEO plugin. -->

Pragoprimer Plus S 2070 Ihned K Objednání -

Detailní popis produktu Základní barva na dřevo syntetická je určena k základním a podkladovým nátěrům pro systémy povrchových úprav dřevěných výrobků, vystavených přímému vlivu povětrnosti. Barva není určena k nátěrům, které přícházejí do přímého styku s potravinami, krmivy a pitnou vodou a k nátěrům dětského nábytku a hraček. Aplikace: Štětcem Vydatnost: 15 až 17 m2 [&hellip;]
