{"id":32760,"date":"2026-04-26T08:57:15","date_gmt":"2026-04-26T08:57:15","guid":{"rendered":""},"modified":"2026-04-26T08:57:15","modified_gmt":"2026-04-26T08:57:15","slug":"polykar-novy-rapid-pouze-dnes-32760","status":"publish","type":"product","link":"https:\/\/www.domtechnikpro.com\/index.php\/produkt\/polykar-novy-rapid-pouze-dnes-32760\/","title":{"rendered":"PolyKar Nov\u00fd Rapid Pouze Dnes"},"content":{"rendered":"<div class=\"basic-description\">\n<h3>Detailn\u00ed popis produktu<\/h3>\n<p>                                    PolyKarl Nov\u00fd Rapid je univerz\u00e1ln\u00ed pln\u00edc\u00ed tmel s prodlou\u017eenou dobou zpracovatelnosti. Pro tmelen\u00ed st\u0159edn\u00edch a v\u011bt\u0161\u00edch nerovnost\u00ed. Ur\u010den\u00fd pro b\u011b\u017en\u00fd podklad v\u010detn\u011b litiny, hlin\u00edku, zinku a sklolamin\u00e1tu. Dob\u0159e aplikovateln\u00fd a lehce brousiteln\u00fd, bez p\u00f3r\u016f, pou\u017eiteln\u00fd i na vyrovn\u00e1v\u00e1n\u00ed nerovnost\u00ed d\u0159eva (tvrd\u0161\u00ed druhy), lamin\u00e1tu, betonu apod.<\/p>\n<p>Balen\u00ed: 0,2 kg; 0,5 kg; 1 kg; 2 kg; 5 kg; 15 kg; 3 kg pro d\u00e1vkovac\u00ed za\u0159\u00edzen\u00ed<\/p>\n<p>Barva: sv\u011btle \u0161ed\u00e1<\/p>\n<p>APLIKACE: St\u011brkou.                            <\/div>\n<div class=\"extended-description\">\n<h3>Dopl\u0148kov\u00e9 parametry<\/h3>\n<table class=\"detail-parameters\">\n<tbody>\n<tr>\n<th>        <span class=\"row-header-label\">            Kategorie<span class=\"row-header-label-colon\">:<\/span>        <\/span>    <\/th>\n<td>        Tmely na kov    <\/td>\n<\/tr>\n<\/tbody>\n<\/table><\/div>\n<\/p><\/div>\n<\/p><\/div>\n","protected":false},"excerpt":{"rendered":"<p>Detailn\u00ed popis produktu PolyKarl Nov\u00fd Rapid je univerz\u00e1ln\u00ed pln\u00edc\u00ed tmel s prodlou\u017eenou dobou zpracovatelnosti. Pro tmelen\u00ed st\u0159edn\u00edch a v\u011bt\u0161\u00edch nerovnost\u00ed. Ur\u010den\u00fd pro b\u011b\u017en\u00fd podklad v\u010detn\u011b litiny, hlin\u00edku, zinku a sklolamin\u00e1tu. Dob\u0159e aplikovateln\u00fd a lehce brousiteln\u00fd, bez p\u00f3r\u016f, pou\u017eiteln\u00fd i na vyrovn\u00e1v\u00e1n\u00ed nerovnost\u00ed d\u0159eva (tvrd\u0161\u00ed druhy), lamin\u00e1tu, betonu apod. Balen\u00ed: 0,2 kg; 0,5 kg; 1 kg; [&hellip;]<\/p>\n","protected":false},"featured_media":32860,"comment_status":"open","ping_status":"open","template":"","meta":[],"product_brand":[],"product_cat":[124],"product_tag":[],"class_list":{"0":"post-32760","1":"product","2":"type-product","3":"status-publish","4":"has-post-thumbnail","6":"product_cat-lepidla-silikony-tmely-a-peny","8":"first","9":"instock","10":"sale","11":"shipping-taxable","12":"purchasable","13":"product-type-simple"},"yoast_head":"<!-- This site is optimized with the Yoast SEO plugin v26.8 - https:\/\/yoast.com\/product\/yoast-seo-wordpress\/ -->\n<title>PolyKar Nov\u00fd Rapid Pouze Dnes -<\/title>\n<meta name=\"robots\" content=\"index, follow, max-snippet:-1, max-image-preview:large, max-video-preview:-1\" \/>\n<link rel=\"canonical\" href=\"https:\/\/www.domtechnikpro.com\/index.php\/produkt\/polykar-novy-rapid-pouze-dnes-32760\/\" \/>\n<meta property=\"og:locale\" content=\"cs_CZ\" \/>\n<meta property=\"og:type\" content=\"article\" \/>\n<meta property=\"og:title\" content=\"PolyKar Nov\u00fd Rapid Pouze Dnes -\" \/>\n<meta property=\"og:description\" content=\"Detailn\u00ed popis produktu PolyKarl Nov\u00fd Rapid je univerz\u00e1ln\u00ed pln\u00edc\u00ed tmel s prodlou\u017eenou dobou zpracovatelnosti. Pro tmelen\u00ed st\u0159edn\u00edch a v\u011bt\u0161\u00edch nerovnost\u00ed. Ur\u010den\u00fd pro b\u011b\u017en\u00fd podklad v\u010detn\u011b litiny, hlin\u00edku, zinku a sklolamin\u00e1tu. Dob\u0159e aplikovateln\u00fd a lehce brousiteln\u00fd, bez p\u00f3r\u016f, pou\u017eiteln\u00fd i na vyrovn\u00e1v\u00e1n\u00ed nerovnost\u00ed d\u0159eva (tvrd\u0161\u00ed druhy), lamin\u00e1tu, betonu apod. Balen\u00ed: 0,2 kg; 0,5 kg; 1 kg; [&hellip;]\" \/>\n<meta property=\"og:url\" content=\"https:\/\/www.domtechnikpro.com\/index.php\/produkt\/polykar-novy-rapid-pouze-dnes-32760\/\" \/>\n<meta property=\"og:image\" content=\"https:\/\/www.domtechnikpro.com\/wp-content\/uploads\/2026\/SK0001406-CZ20260425-092355-0-1777080235-26930_polykar-polytmel-novy-rapid.webp\" \/>\n\t<meta property=\"og:image:width\" content=\"1000\" \/>\n\t<meta property=\"og:image:height\" content=\"750\" \/>\n\t<meta property=\"og:image:type\" content=\"image\/webp\" \/>\n<meta name=\"twitter:card\" content=\"summary_large_image\" \/>\n<script type=\"application\/ld+json\" class=\"yoast-schema-graph\">{\"@context\":\"https:\/\/schema.org\",\"@graph\":[{\"@type\":\"WebPage\",\"@id\":\"https:\/\/www.domtechnikpro.com\/index.php\/produkt\/polykar-novy-rapid-pouze-dnes-32760\/\",\"url\":\"https:\/\/www.domtechnikpro.com\/index.php\/produkt\/polykar-novy-rapid-pouze-dnes-32760\/\",\"name\":\"PolyKar Nov\u00fd Rapid Pouze Dnes -\",\"isPartOf\":{\"@id\":\"https:\/\/www.domtechnikpro.com\/#website\"},\"primaryImageOfPage\":{\"@id\":\"https:\/\/www.domtechnikpro.com\/index.php\/produkt\/polykar-novy-rapid-pouze-dnes-32760\/#primaryimage\"},\"image\":{\"@id\":\"https:\/\/www.domtechnikpro.com\/index.php\/produkt\/polykar-novy-rapid-pouze-dnes-32760\/#primaryimage\"},\"thumbnailUrl\":\"https:\/\/www.domtechnikpro.com\/wp-content\/uploads\/2026\/SK0001406-CZ20260425-092355-0-1777080235-26930_polykar-polytmel-novy-rapid.webp\",\"datePublished\":\"2026-04-26T08:57:15+00:00\",\"breadcrumb\":{\"@id\":\"https:\/\/www.domtechnikpro.com\/index.php\/produkt\/polykar-novy-rapid-pouze-dnes-32760\/#breadcrumb\"},\"inLanguage\":\"cs\",\"potentialAction\":[{\"@type\":\"ReadAction\",\"target\":[\"https:\/\/www.domtechnikpro.com\/index.php\/produkt\/polykar-novy-rapid-pouze-dnes-32760\/\"]}]},{\"@type\":\"ImageObject\",\"inLanguage\":\"cs\",\"@id\":\"https:\/\/www.domtechnikpro.com\/index.php\/produkt\/polykar-novy-rapid-pouze-dnes-32760\/#primaryimage\",\"url\":\"https:\/\/www.domtechnikpro.com\/wp-content\/uploads\/2026\/SK0001406-CZ20260425-092355-0-1777080235-26930_polykar-polytmel-novy-rapid.webp\",\"contentUrl\":\"https:\/\/www.domtechnikpro.com\/wp-content\/uploads\/2026\/SK0001406-CZ20260425-092355-0-1777080235-26930_polykar-polytmel-novy-rapid.webp\",\"width\":1000,\"height\":750},{\"@type\":\"BreadcrumbList\",\"@id\":\"https:\/\/www.domtechnikpro.com\/index.php\/produkt\/polykar-novy-rapid-pouze-dnes-32760\/#breadcrumb\",\"itemListElement\":[{\"@type\":\"ListItem\",\"position\":1,\"name\":\"Home\",\"item\":\"https:\/\/www.domtechnikpro.com\/\"},{\"@type\":\"ListItem\",\"position\":2,\"name\":\"Products\",\"item\":\"https:\/\/www.domtechnikpro.com\/index.php\/products\/\"},{\"@type\":\"ListItem\",\"position\":3,\"name\":\"PolyKar Nov\u00fd Rapid Pouze Dnes\"}]},{\"@type\":\"WebSite\",\"@id\":\"https:\/\/www.domtechnikpro.com\/#website\",\"url\":\"https:\/\/www.domtechnikpro.com\/\",\"name\":\"\",\"description\":\"\",\"potentialAction\":[{\"@type\":\"SearchAction\",\"target\":{\"@type\":\"EntryPoint\",\"urlTemplate\":\"https:\/\/www.domtechnikpro.com\/?s={search_term_string}\"},\"query-input\":{\"@type\":\"PropertyValueSpecification\",\"valueRequired\":true,\"valueName\":\"search_term_string\"}}],\"inLanguage\":\"cs\"}]}<\/script>\n<!-- \/ Yoast SEO plugin. -->","yoast_head_json":{"title":"PolyKar Nov\u00fd Rapid Pouze Dnes -","robots":{"index":"index","follow":"follow","max-snippet":"max-snippet:-1","max-image-preview":"max-image-preview:large","max-video-preview":"max-video-preview:-1"},"canonical":"https:\/\/www.domtechnikpro.com\/index.php\/produkt\/polykar-novy-rapid-pouze-dnes-32760\/","og_locale":"cs_CZ","og_type":"article","og_title":"PolyKar Nov\u00fd Rapid Pouze Dnes -","og_description":"Detailn\u00ed popis produktu PolyKarl Nov\u00fd Rapid je univerz\u00e1ln\u00ed pln\u00edc\u00ed tmel s prodlou\u017eenou dobou zpracovatelnosti. Pro tmelen\u00ed st\u0159edn\u00edch a v\u011bt\u0161\u00edch nerovnost\u00ed. Ur\u010den\u00fd pro b\u011b\u017en\u00fd podklad v\u010detn\u011b litiny, hlin\u00edku, zinku a sklolamin\u00e1tu. Dob\u0159e aplikovateln\u00fd a lehce brousiteln\u00fd, bez p\u00f3r\u016f, pou\u017eiteln\u00fd i na vyrovn\u00e1v\u00e1n\u00ed nerovnost\u00ed d\u0159eva (tvrd\u0161\u00ed druhy), lamin\u00e1tu, betonu apod. Balen\u00ed: 0,2 kg; 0,5 kg; 1 kg; [&hellip;]","og_url":"https:\/\/www.domtechnikpro.com\/index.php\/produkt\/polykar-novy-rapid-pouze-dnes-32760\/","og_image":[{"width":1000,"height":750,"url":"https:\/\/www.domtechnikpro.com\/wp-content\/uploads\/2026\/SK0001406-CZ20260425-092355-0-1777080235-26930_polykar-polytmel-novy-rapid.webp","type":"image\/webp"}],"twitter_card":"summary_large_image","schema":{"@context":"https:\/\/schema.org","@graph":[{"@type":"WebPage","@id":"https:\/\/www.domtechnikpro.com\/index.php\/produkt\/polykar-novy-rapid-pouze-dnes-32760\/","url":"https:\/\/www.domtechnikpro.com\/index.php\/produkt\/polykar-novy-rapid-pouze-dnes-32760\/","name":"PolyKar Nov\u00fd Rapid Pouze Dnes -","isPartOf":{"@id":"https:\/\/www.domtechnikpro.com\/#website"},"primaryImageOfPage":{"@id":"https:\/\/www.domtechnikpro.com\/index.php\/produkt\/polykar-novy-rapid-pouze-dnes-32760\/#primaryimage"},"image":{"@id":"https:\/\/www.domtechnikpro.com\/index.php\/produkt\/polykar-novy-rapid-pouze-dnes-32760\/#primaryimage"},"thumbnailUrl":"https:\/\/www.domtechnikpro.com\/wp-content\/uploads\/2026\/SK0001406-CZ20260425-092355-0-1777080235-26930_polykar-polytmel-novy-rapid.webp","datePublished":"2026-04-26T08:57:15+00:00","breadcrumb":{"@id":"https:\/\/www.domtechnikpro.com\/index.php\/produkt\/polykar-novy-rapid-pouze-dnes-32760\/#breadcrumb"},"inLanguage":"cs","potentialAction":[{"@type":"ReadAction","target":["https:\/\/www.domtechnikpro.com\/index.php\/produkt\/polykar-novy-rapid-pouze-dnes-32760\/"]}]},{"@type":"ImageObject","inLanguage":"cs","@id":"https:\/\/www.domtechnikpro.com\/index.php\/produkt\/polykar-novy-rapid-pouze-dnes-32760\/#primaryimage","url":"https:\/\/www.domtechnikpro.com\/wp-content\/uploads\/2026\/SK0001406-CZ20260425-092355-0-1777080235-26930_polykar-polytmel-novy-rapid.webp","contentUrl":"https:\/\/www.domtechnikpro.com\/wp-content\/uploads\/2026\/SK0001406-CZ20260425-092355-0-1777080235-26930_polykar-polytmel-novy-rapid.webp","width":1000,"height":750},{"@type":"BreadcrumbList","@id":"https:\/\/www.domtechnikpro.com\/index.php\/produkt\/polykar-novy-rapid-pouze-dnes-32760\/#breadcrumb","itemListElement":[{"@type":"ListItem","position":1,"name":"Home","item":"https:\/\/www.domtechnikpro.com\/"},{"@type":"ListItem","position":2,"name":"Products","item":"https:\/\/www.domtechnikpro.com\/index.php\/products\/"},{"@type":"ListItem","position":3,"name":"PolyKar Nov\u00fd Rapid Pouze Dnes"}]},{"@type":"WebSite","@id":"https:\/\/www.domtechnikpro.com\/#website","url":"https:\/\/www.domtechnikpro.com\/","name":"","description":"","potentialAction":[{"@type":"SearchAction","target":{"@type":"EntryPoint","urlTemplate":"https:\/\/www.domtechnikpro.com\/?s={search_term_string}"},"query-input":{"@type":"PropertyValueSpecification","valueRequired":true,"valueName":"search_term_string"}}],"inLanguage":"cs"}]}},"_links":{"self":[{"href":"https:\/\/www.domtechnikpro.com\/index.php\/wp-json\/wp\/v2\/product\/32760","targetHints":{"allow":["GET"]}}],"collection":[{"href":"https:\/\/www.domtechnikpro.com\/index.php\/wp-json\/wp\/v2\/product"}],"about":[{"href":"https:\/\/www.domtechnikpro.com\/index.php\/wp-json\/wp\/v2\/types\/product"}],"replies":[{"embeddable":true,"href":"https:\/\/www.domtechnikpro.com\/index.php\/wp-json\/wp\/v2\/comments?post=32760"}],"wp:featuredmedia":[{"embeddable":true,"href":"https:\/\/www.domtechnikpro.com\/index.php\/wp-json\/wp\/v2\/media\/32860"}],"wp:attachment":[{"href":"https:\/\/www.domtechnikpro.com\/index.php\/wp-json\/wp\/v2\/media?parent=32760"}],"wp:term":[{"taxonomy":"product_brand","embeddable":true,"href":"https:\/\/www.domtechnikpro.com\/index.php\/wp-json\/wp\/v2\/product_brand?post=32760"},{"taxonomy":"product_cat","embeddable":true,"href":"https:\/\/www.domtechnikpro.com\/index.php\/wp-json\/wp\/v2\/product_cat?post=32760"},{"taxonomy":"product_tag","embeddable":true,"href":"https:\/\/www.domtechnikpro.com\/index.php\/wp-json\/wp\/v2\/product_tag?post=32760"}],"curies":[{"name":"wp","href":"https:\/\/api.w.org\/{rel}","templated":true}]}}