{"id":32696,"date":"2026-04-26T08:57:15","date_gmt":"2026-04-26T08:57:15","guid":{"rendered":""},"modified":"2026-04-26T08:57:15","modified_gmt":"2026-04-26T08:57:15","slug":"doprava-zdarma-motip-prelakovatelny-nastrik-na-podvozek-32696","status":"publish","type":"product","link":"https:\/\/www.domtechnikpro.com\/index.php\/produkt\/doprava-zdarma-motip-prelakovatelny-nastrik-na-podvozek-32696\/","title":{"rendered":"Doprava Zdarma Motip P\u0159elakovateln\u00fd n\u00e1st\u0159ik na podvozek"},"content":{"rendered":"<div class=\"basic-description\">\n<h3>Detailn\u00ed popis produktu<\/h3>\n<p>                                    Motip Stone Oversprayable<\/p>\n<p>Vlastnosti spreje:<br \/>V\u00fdborn\u00e1 antikorozn\u00ed ochrana.<br \/>Dlouhotrvaj\u00edc\u00ed pru\u017enost. <br \/>Zvukov\u00e1 izolace.<br \/>Vynikaj\u00edc\u00ed p\u0159ilnavost. <br \/>M\u016f\u017ee b\u00fdt nat\u0159eno v\u0161emi lakovac\u00edmi syst\u00e9my. <br \/>Odoln\u00fd v\u016f\u010di pov\u011btrnostn\u00edm vliv\u016fm.<br \/>Odoln\u00fd v\u016f\u010di slab\u00fdm kyselin\u00e1m a z\u00e1sad\u00e1m.<\/p>\n<p>\u010ci\u0161t\u011bn\u00ed: <br \/>\u010derstv\u00fd materi\u00e1l rozpou\u0161t\u011bdlem, such\u00fd materi\u00e1l mechanicky.<\/p>\n<p>Barva: <br \/>\u010dern\u00e1, \u0161ed\u00e1, b\u00edl\u00e1-b\u00e9\u017eov\u00e1<\/p>\n<p>Doba schnut\u00ed (p\u0159i 20\u00b0C, 50% relativn\u00ed vlhkosti vzduchu):<br \/>Odoln\u00fd proti prachu: p\u0159ibli\u017en\u011b po 30 minut\u00e1ch<br \/>Nelepiv\u00fd: p\u0159ibli\u017en\u011b po 60 minut\u00e1ch<br \/>Vytvrzen\u00fd\/Dal\u0161\u00ed n\u00e1t\u011br: p\u0159ibli\u017en\u011b po 2 hodin\u00e1ch<br \/>Doba schnut\u00ed z\u00e1vis\u00ed na okoln\u00ed teplot\u011b, vlhkosti vzduchu a tlou\u0161\u0165ce aplikovan\u00e9ho n\u00e1t\u011bru. <br \/>&nbsp;&nbsp;&nbsp;&nbsp;&nbsp;&nbsp;                            <\/div>\n<div class=\"extended-description\">\n<h3>Dopl\u0148kov\u00e9 parametry<\/h3>\n<table class=\"detail-parameters\">\n<tbody>\n<tr>\n<th>        <span class=\"row-header-label\">            Kategorie<span class=\"row-header-label-colon\">:<\/span>        <\/span>    <\/th>\n<td>        Z\u00e1kladn\u00ed barvy ve spreji    <\/td>\n<\/tr>\n<\/tbody>\n<\/table><\/div>\n<\/p><\/div>\n<\/p><\/div>\n","protected":false},"excerpt":{"rendered":"<p>Detailn\u00ed popis produktu Motip Stone Oversprayable Vlastnosti spreje:V\u00fdborn\u00e1 antikorozn\u00ed ochrana.Dlouhotrvaj\u00edc\u00ed pru\u017enost. Zvukov\u00e1 izolace.Vynikaj\u00edc\u00ed p\u0159ilnavost. M\u016f\u017ee b\u00fdt nat\u0159eno v\u0161emi lakovac\u00edmi syst\u00e9my. Odoln\u00fd v\u016f\u010di pov\u011btrnostn\u00edm vliv\u016fm.Odoln\u00fd v\u016f\u010di slab\u00fdm kyselin\u00e1m a z\u00e1sad\u00e1m. \u010ci\u0161t\u011bn\u00ed: \u010derstv\u00fd materi\u00e1l rozpou\u0161t\u011bdlem, such\u00fd materi\u00e1l mechanicky. Barva: \u010dern\u00e1, \u0161ed\u00e1, b\u00edl\u00e1-b\u00e9\u017eov\u00e1 Doba schnut\u00ed (p\u0159i 20\u00b0C, 50% relativn\u00ed vlhkosti vzduchu):Odoln\u00fd proti prachu: p\u0159ibli\u017en\u011b po 30 minut\u00e1chNelepiv\u00fd: p\u0159ibli\u017en\u011b [&hellip;]<\/p>\n","protected":false},"featured_media":32796,"comment_status":"open","ping_status":"open","template":"","meta":[],"product_brand":[],"product_cat":[122],"product_tag":[],"class_list":{"0":"post-32696","1":"product","2":"type-product","3":"status-publish","4":"has-post-thumbnail","6":"product_cat-barvy-laky-lazury","8":"first","9":"instock","10":"sale","11":"shipping-taxable","12":"purchasable","13":"product-type-simple"},"yoast_head":"<!-- This site is optimized with the Yoast SEO plugin v26.8 - https:\/\/yoast.com\/product\/yoast-seo-wordpress\/ -->\n<title>Doprava Zdarma Motip P\u0159elakovateln\u00fd n\u00e1st\u0159ik na podvozek -<\/title>\n<meta name=\"robots\" content=\"index, follow, max-snippet:-1, max-image-preview:large, max-video-preview:-1\" \/>\n<link rel=\"canonical\" href=\"https:\/\/www.domtechnikpro.com\/index.php\/produkt\/doprava-zdarma-motip-prelakovatelny-nastrik-na-podvozek-32696\/\" \/>\n<meta property=\"og:locale\" content=\"cs_CZ\" \/>\n<meta property=\"og:type\" content=\"article\" \/>\n<meta property=\"og:title\" content=\"Doprava Zdarma Motip P\u0159elakovateln\u00fd n\u00e1st\u0159ik na podvozek -\" \/>\n<meta property=\"og:description\" content=\"Detailn\u00ed popis produktu Motip Stone Oversprayable Vlastnosti spreje:V\u00fdborn\u00e1 antikorozn\u00ed ochrana.Dlouhotrvaj\u00edc\u00ed pru\u017enost. Zvukov\u00e1 izolace.Vynikaj\u00edc\u00ed p\u0159ilnavost. M\u016f\u017ee b\u00fdt nat\u0159eno v\u0161emi lakovac\u00edmi syst\u00e9my. Odoln\u00fd v\u016f\u010di pov\u011btrnostn\u00edm vliv\u016fm.Odoln\u00fd v\u016f\u010di slab\u00fdm kyselin\u00e1m a z\u00e1sad\u00e1m. \u010ci\u0161t\u011bn\u00ed: \u010derstv\u00fd materi\u00e1l rozpou\u0161t\u011bdlem, such\u00fd materi\u00e1l mechanicky. Barva: \u010dern\u00e1, \u0161ed\u00e1, b\u00edl\u00e1-b\u00e9\u017eov\u00e1 Doba schnut\u00ed (p\u0159i 20\u00b0C, 50% relativn\u00ed vlhkosti vzduchu):Odoln\u00fd proti prachu: p\u0159ibli\u017en\u011b po 30 minut\u00e1chNelepiv\u00fd: p\u0159ibli\u017en\u011b [&hellip;]\" \/>\n<meta property=\"og:url\" content=\"https:\/\/www.domtechnikpro.com\/index.php\/produkt\/doprava-zdarma-motip-prelakovatelny-nastrik-na-podvozek-32696\/\" \/>\n<meta property=\"og:image\" content=\"https:\/\/www.domtechnikpro.com\/wp-content\/uploads\/2026\/SK0001342-CZ20260425-092355-0-1777080235-26705_motip-prelakovatelny-nastrik.webp\" \/>\n\t<meta property=\"og:image:width\" content=\"1000\" \/>\n\t<meta property=\"og:image:height\" content=\"750\" \/>\n\t<meta property=\"og:image:type\" content=\"image\/webp\" \/>\n<meta name=\"twitter:card\" content=\"summary_large_image\" \/>\n<meta name=\"twitter:label1\" content=\"Odhadovan\u00e1 doba \u010dten\u00ed\" \/>\n\t<meta name=\"twitter:data1\" content=\"1 minuta\" \/>\n<script type=\"application\/ld+json\" class=\"yoast-schema-graph\">{\"@context\":\"https:\/\/schema.org\",\"@graph\":[{\"@type\":\"WebPage\",\"@id\":\"https:\/\/www.domtechnikpro.com\/index.php\/produkt\/doprava-zdarma-motip-prelakovatelny-nastrik-na-podvozek-32696\/\",\"url\":\"https:\/\/www.domtechnikpro.com\/index.php\/produkt\/doprava-zdarma-motip-prelakovatelny-nastrik-na-podvozek-32696\/\",\"name\":\"Doprava Zdarma Motip P\u0159elakovateln\u00fd n\u00e1st\u0159ik na podvozek -\",\"isPartOf\":{\"@id\":\"https:\/\/www.domtechnikpro.com\/#website\"},\"primaryImageOfPage\":{\"@id\":\"https:\/\/www.domtechnikpro.com\/index.php\/produkt\/doprava-zdarma-motip-prelakovatelny-nastrik-na-podvozek-32696\/#primaryimage\"},\"image\":{\"@id\":\"https:\/\/www.domtechnikpro.com\/index.php\/produkt\/doprava-zdarma-motip-prelakovatelny-nastrik-na-podvozek-32696\/#primaryimage\"},\"thumbnailUrl\":\"https:\/\/www.domtechnikpro.com\/wp-content\/uploads\/2026\/SK0001342-CZ20260425-092355-0-1777080235-26705_motip-prelakovatelny-nastrik.webp\",\"datePublished\":\"2026-04-26T08:57:15+00:00\",\"breadcrumb\":{\"@id\":\"https:\/\/www.domtechnikpro.com\/index.php\/produkt\/doprava-zdarma-motip-prelakovatelny-nastrik-na-podvozek-32696\/#breadcrumb\"},\"inLanguage\":\"cs\",\"potentialAction\":[{\"@type\":\"ReadAction\",\"target\":[\"https:\/\/www.domtechnikpro.com\/index.php\/produkt\/doprava-zdarma-motip-prelakovatelny-nastrik-na-podvozek-32696\/\"]}]},{\"@type\":\"ImageObject\",\"inLanguage\":\"cs\",\"@id\":\"https:\/\/www.domtechnikpro.com\/index.php\/produkt\/doprava-zdarma-motip-prelakovatelny-nastrik-na-podvozek-32696\/#primaryimage\",\"url\":\"https:\/\/www.domtechnikpro.com\/wp-content\/uploads\/2026\/SK0001342-CZ20260425-092355-0-1777080235-26705_motip-prelakovatelny-nastrik.webp\",\"contentUrl\":\"https:\/\/www.domtechnikpro.com\/wp-content\/uploads\/2026\/SK0001342-CZ20260425-092355-0-1777080235-26705_motip-prelakovatelny-nastrik.webp\",\"width\":1000,\"height\":750},{\"@type\":\"BreadcrumbList\",\"@id\":\"https:\/\/www.domtechnikpro.com\/index.php\/produkt\/doprava-zdarma-motip-prelakovatelny-nastrik-na-podvozek-32696\/#breadcrumb\",\"itemListElement\":[{\"@type\":\"ListItem\",\"position\":1,\"name\":\"Home\",\"item\":\"https:\/\/www.domtechnikpro.com\/\"},{\"@type\":\"ListItem\",\"position\":2,\"name\":\"Products\",\"item\":\"https:\/\/www.domtechnikpro.com\/index.php\/products\/\"},{\"@type\":\"ListItem\",\"position\":3,\"name\":\"Doprava Zdarma Motip P\u0159elakovateln\u00fd n\u00e1st\u0159ik na podvozek\"}]},{\"@type\":\"WebSite\",\"@id\":\"https:\/\/www.domtechnikpro.com\/#website\",\"url\":\"https:\/\/www.domtechnikpro.com\/\",\"name\":\"\",\"description\":\"\",\"potentialAction\":[{\"@type\":\"SearchAction\",\"target\":{\"@type\":\"EntryPoint\",\"urlTemplate\":\"https:\/\/www.domtechnikpro.com\/?s={search_term_string}\"},\"query-input\":{\"@type\":\"PropertyValueSpecification\",\"valueRequired\":true,\"valueName\":\"search_term_string\"}}],\"inLanguage\":\"cs\"}]}<\/script>\n<!-- \/ Yoast SEO plugin. -->","yoast_head_json":{"title":"Doprava Zdarma Motip P\u0159elakovateln\u00fd n\u00e1st\u0159ik na podvozek -","robots":{"index":"index","follow":"follow","max-snippet":"max-snippet:-1","max-image-preview":"max-image-preview:large","max-video-preview":"max-video-preview:-1"},"canonical":"https:\/\/www.domtechnikpro.com\/index.php\/produkt\/doprava-zdarma-motip-prelakovatelny-nastrik-na-podvozek-32696\/","og_locale":"cs_CZ","og_type":"article","og_title":"Doprava Zdarma Motip P\u0159elakovateln\u00fd n\u00e1st\u0159ik na podvozek -","og_description":"Detailn\u00ed popis produktu Motip Stone Oversprayable Vlastnosti spreje:V\u00fdborn\u00e1 antikorozn\u00ed ochrana.Dlouhotrvaj\u00edc\u00ed pru\u017enost. Zvukov\u00e1 izolace.Vynikaj\u00edc\u00ed p\u0159ilnavost. M\u016f\u017ee b\u00fdt nat\u0159eno v\u0161emi lakovac\u00edmi syst\u00e9my. Odoln\u00fd v\u016f\u010di pov\u011btrnostn\u00edm vliv\u016fm.Odoln\u00fd v\u016f\u010di slab\u00fdm kyselin\u00e1m a z\u00e1sad\u00e1m. \u010ci\u0161t\u011bn\u00ed: \u010derstv\u00fd materi\u00e1l rozpou\u0161t\u011bdlem, such\u00fd materi\u00e1l mechanicky. Barva: \u010dern\u00e1, \u0161ed\u00e1, b\u00edl\u00e1-b\u00e9\u017eov\u00e1 Doba schnut\u00ed (p\u0159i 20\u00b0C, 50% relativn\u00ed vlhkosti vzduchu):Odoln\u00fd proti prachu: p\u0159ibli\u017en\u011b po 30 minut\u00e1chNelepiv\u00fd: p\u0159ibli\u017en\u011b [&hellip;]","og_url":"https:\/\/www.domtechnikpro.com\/index.php\/produkt\/doprava-zdarma-motip-prelakovatelny-nastrik-na-podvozek-32696\/","og_image":[{"width":1000,"height":750,"url":"https:\/\/www.domtechnikpro.com\/wp-content\/uploads\/2026\/SK0001342-CZ20260425-092355-0-1777080235-26705_motip-prelakovatelny-nastrik.webp","type":"image\/webp"}],"twitter_card":"summary_large_image","twitter_misc":{"Odhadovan\u00e1 doba \u010dten\u00ed":"1 minuta"},"schema":{"@context":"https:\/\/schema.org","@graph":[{"@type":"WebPage","@id":"https:\/\/www.domtechnikpro.com\/index.php\/produkt\/doprava-zdarma-motip-prelakovatelny-nastrik-na-podvozek-32696\/","url":"https:\/\/www.domtechnikpro.com\/index.php\/produkt\/doprava-zdarma-motip-prelakovatelny-nastrik-na-podvozek-32696\/","name":"Doprava Zdarma Motip P\u0159elakovateln\u00fd n\u00e1st\u0159ik na podvozek -","isPartOf":{"@id":"https:\/\/www.domtechnikpro.com\/#website"},"primaryImageOfPage":{"@id":"https:\/\/www.domtechnikpro.com\/index.php\/produkt\/doprava-zdarma-motip-prelakovatelny-nastrik-na-podvozek-32696\/#primaryimage"},"image":{"@id":"https:\/\/www.domtechnikpro.com\/index.php\/produkt\/doprava-zdarma-motip-prelakovatelny-nastrik-na-podvozek-32696\/#primaryimage"},"thumbnailUrl":"https:\/\/www.domtechnikpro.com\/wp-content\/uploads\/2026\/SK0001342-CZ20260425-092355-0-1777080235-26705_motip-prelakovatelny-nastrik.webp","datePublished":"2026-04-26T08:57:15+00:00","breadcrumb":{"@id":"https:\/\/www.domtechnikpro.com\/index.php\/produkt\/doprava-zdarma-motip-prelakovatelny-nastrik-na-podvozek-32696\/#breadcrumb"},"inLanguage":"cs","potentialAction":[{"@type":"ReadAction","target":["https:\/\/www.domtechnikpro.com\/index.php\/produkt\/doprava-zdarma-motip-prelakovatelny-nastrik-na-podvozek-32696\/"]}]},{"@type":"ImageObject","inLanguage":"cs","@id":"https:\/\/www.domtechnikpro.com\/index.php\/produkt\/doprava-zdarma-motip-prelakovatelny-nastrik-na-podvozek-32696\/#primaryimage","url":"https:\/\/www.domtechnikpro.com\/wp-content\/uploads\/2026\/SK0001342-CZ20260425-092355-0-1777080235-26705_motip-prelakovatelny-nastrik.webp","contentUrl":"https:\/\/www.domtechnikpro.com\/wp-content\/uploads\/2026\/SK0001342-CZ20260425-092355-0-1777080235-26705_motip-prelakovatelny-nastrik.webp","width":1000,"height":750},{"@type":"BreadcrumbList","@id":"https:\/\/www.domtechnikpro.com\/index.php\/produkt\/doprava-zdarma-motip-prelakovatelny-nastrik-na-podvozek-32696\/#breadcrumb","itemListElement":[{"@type":"ListItem","position":1,"name":"Home","item":"https:\/\/www.domtechnikpro.com\/"},{"@type":"ListItem","position":2,"name":"Products","item":"https:\/\/www.domtechnikpro.com\/index.php\/products\/"},{"@type":"ListItem","position":3,"name":"Doprava Zdarma Motip P\u0159elakovateln\u00fd n\u00e1st\u0159ik na podvozek"}]},{"@type":"WebSite","@id":"https:\/\/www.domtechnikpro.com\/#website","url":"https:\/\/www.domtechnikpro.com\/","name":"","description":"","potentialAction":[{"@type":"SearchAction","target":{"@type":"EntryPoint","urlTemplate":"https:\/\/www.domtechnikpro.com\/?s={search_term_string}"},"query-input":{"@type":"PropertyValueSpecification","valueRequired":true,"valueName":"search_term_string"}}],"inLanguage":"cs"}]}},"_links":{"self":[{"href":"https:\/\/www.domtechnikpro.com\/index.php\/wp-json\/wp\/v2\/product\/32696","targetHints":{"allow":["GET"]}}],"collection":[{"href":"https:\/\/www.domtechnikpro.com\/index.php\/wp-json\/wp\/v2\/product"}],"about":[{"href":"https:\/\/www.domtechnikpro.com\/index.php\/wp-json\/wp\/v2\/types\/product"}],"replies":[{"embeddable":true,"href":"https:\/\/www.domtechnikpro.com\/index.php\/wp-json\/wp\/v2\/comments?post=32696"}],"wp:featuredmedia":[{"embeddable":true,"href":"https:\/\/www.domtechnikpro.com\/index.php\/wp-json\/wp\/v2\/media\/32796"}],"wp:attachment":[{"href":"https:\/\/www.domtechnikpro.com\/index.php\/wp-json\/wp\/v2\/media?parent=32696"}],"wp:term":[{"taxonomy":"product_brand","embeddable":true,"href":"https:\/\/www.domtechnikpro.com\/index.php\/wp-json\/wp\/v2\/product_brand?post=32696"},{"taxonomy":"product_cat","embeddable":true,"href":"https:\/\/www.domtechnikpro.com\/index.php\/wp-json\/wp\/v2\/product_cat?post=32696"},{"taxonomy":"product_tag","embeddable":true,"href":"https:\/\/www.domtechnikpro.com\/index.php\/wp-json\/wp\/v2\/product_tag?post=32696"}],"curies":[{"name":"wp","href":"https:\/\/api.w.org\/{rel}","templated":true}]}}