{"id":32346,"date":"2026-04-26T08:57:10","date_gmt":"2026-04-26T08:57:10","guid":{"rendered":""},"modified":"2026-04-26T08:57:10","modified_gmt":"2026-04-26T08:57:10","slug":"doprava-zdarma-redukcni-pouzdro-morse-2x2-mt-kennedy-prodluzovaci-32346","status":"publish","type":"product","link":"https:\/\/www.domtechnikpro.com\/index.php\/produkt\/doprava-zdarma-redukcni-pouzdro-morse-2x2-mt-kennedy-prodluzovaci-32346\/","title":{"rendered":"Doprava Zdarma Reduk\u010dn\u00ed pouzdro Morse 2&#215;2 MT KENNEDY prodlu\u017eovac\u00ed"},"content":{"rendered":"<table>\n<div class=\"tab-pane active product-description\" id=\"popis\" role=\"tabpanel\">\n<div class=\"short-description\" itemprop=\"description\"><\/div>\n<div class=\"description\">Jedn\u00e1 se o tradi\u010dn\u00ed up\u00ednac\u00ed p\u0159\u00edpravky vysok\u00e9 kvality. <br \/>Jsou vyrobeny z kvalitn\u00ed oceli a jsou po cel\u00e9 d\u00e9lce povrchov\u011b zakaleny.<br \/>ISO 238 BS 1660 : 2.<\/div>\n<div class=\"parameters\">\n<tr>\n<td>D\u00e9lka<\/td>\n<td>175 mm<\/td>\n<\/tr>\n<tr>\n<td>Hmotnost<\/td>\n<td>390 g<\/td>\n<\/tr>\n<tr>\n<td>Ku\u017eel vnit\u0159n\u00ed x vn\u011bj\u0161\u00ed<\/td>\n<td>2 x 2 MT<\/td>\n<\/tr><\/div>\n<\/table>\n","protected":false},"excerpt":{"rendered":"<p>Jedn\u00e1 se o tradi\u010dn\u00ed up\u00ednac\u00ed p\u0159\u00edpravky vysok\u00e9 kvality. Jsou vyrobeny z kvalitn\u00ed oceli a jsou po cel\u00e9 d\u00e9lce povrchov\u011b zakaleny.ISO 238 BS 1660 : 2. D\u00e9lka 175 mm Hmotnost 390 g Ku\u017eel vnit\u0159n\u00ed x vn\u011bj\u0161\u00ed 2 x 2 MT<\/p>\n","protected":false},"featured_media":32446,"comment_status":"open","ping_status":"open","template":"","meta":[],"product_brand":[],"product_cat":[113],"product_tag":[],"class_list":{"0":"post-32346","1":"product","2":"type-product","3":"status-publish","4":"has-post-thumbnail","6":"product_cat-dilna","8":"first","9":"instock","10":"sale","11":"shipping-taxable","12":"purchasable","13":"product-type-simple"},"yoast_head":"<!-- This site is optimized with the Yoast SEO plugin v26.8 - https:\/\/yoast.com\/product\/yoast-seo-wordpress\/ -->\n<title>Doprava Zdarma Reduk\u010dn\u00ed pouzdro Morse 2x2 MT KENNEDY prodlu\u017eovac\u00ed -<\/title>\n<meta name=\"robots\" content=\"index, follow, max-snippet:-1, max-image-preview:large, max-video-preview:-1\" \/>\n<link rel=\"canonical\" href=\"https:\/\/www.domtechnikpro.com\/index.php\/produkt\/doprava-zdarma-redukcni-pouzdro-morse-2x2-mt-kennedy-prodluzovaci-32346\/\" \/>\n<meta property=\"og:locale\" content=\"cs_CZ\" \/>\n<meta property=\"og:type\" content=\"article\" \/>\n<meta property=\"og:title\" content=\"Doprava Zdarma Reduk\u010dn\u00ed pouzdro Morse 2x2 MT KENNEDY prodlu\u017eovac\u00ed -\" \/>\n<meta property=\"og:description\" content=\"Jedn\u00e1 se o tradi\u010dn\u00ed up\u00ednac\u00ed p\u0159\u00edpravky vysok\u00e9 kvality. Jsou vyrobeny z kvalitn\u00ed oceli a jsou po cel\u00e9 d\u00e9lce povrchov\u011b zakaleny.ISO 238 BS 1660 : 2. D\u00e9lka 175 mm Hmotnost 390 g Ku\u017eel vnit\u0159n\u00ed x vn\u011bj\u0161\u00ed 2 x 2 MT\" \/>\n<meta property=\"og:url\" content=\"https:\/\/www.domtechnikpro.com\/index.php\/produkt\/doprava-zdarma-redukcni-pouzdro-morse-2x2-mt-kennedy-prodluzovaci-32346\/\" \/>\n<meta property=\"og:image\" content=\"https:\/\/www.domtechnikpro.com\/wp-content\/uploads\/2026\/SK0002569-CZ20260425-092328-0-1777080210-ken4824110k_1_1_1.webp\" \/>\n\t<meta property=\"og:image:width\" content=\"661\" \/>\n\t<meta property=\"og:image:height\" content=\"87\" \/>\n\t<meta property=\"og:image:type\" content=\"image\/webp\" \/>\n<meta name=\"twitter:card\" content=\"summary_large_image\" \/>\n<script type=\"application\/ld+json\" class=\"yoast-schema-graph\">{\"@context\":\"https:\/\/schema.org\",\"@graph\":[{\"@type\":\"WebPage\",\"@id\":\"https:\/\/www.domtechnikpro.com\/index.php\/produkt\/doprava-zdarma-redukcni-pouzdro-morse-2x2-mt-kennedy-prodluzovaci-32346\/\",\"url\":\"https:\/\/www.domtechnikpro.com\/index.php\/produkt\/doprava-zdarma-redukcni-pouzdro-morse-2x2-mt-kennedy-prodluzovaci-32346\/\",\"name\":\"Doprava Zdarma Reduk\u010dn\u00ed pouzdro Morse 2x2 MT KENNEDY prodlu\u017eovac\u00ed -\",\"isPartOf\":{\"@id\":\"https:\/\/www.domtechnikpro.com\/#website\"},\"primaryImageOfPage\":{\"@id\":\"https:\/\/www.domtechnikpro.com\/index.php\/produkt\/doprava-zdarma-redukcni-pouzdro-morse-2x2-mt-kennedy-prodluzovaci-32346\/#primaryimage\"},\"image\":{\"@id\":\"https:\/\/www.domtechnikpro.com\/index.php\/produkt\/doprava-zdarma-redukcni-pouzdro-morse-2x2-mt-kennedy-prodluzovaci-32346\/#primaryimage\"},\"thumbnailUrl\":\"https:\/\/www.domtechnikpro.com\/wp-content\/uploads\/2026\/SK0002569-CZ20260425-092328-0-1777080210-ken4824110k_1_1_1.webp\",\"datePublished\":\"2026-04-26T08:57:10+00:00\",\"breadcrumb\":{\"@id\":\"https:\/\/www.domtechnikpro.com\/index.php\/produkt\/doprava-zdarma-redukcni-pouzdro-morse-2x2-mt-kennedy-prodluzovaci-32346\/#breadcrumb\"},\"inLanguage\":\"cs\",\"potentialAction\":[{\"@type\":\"ReadAction\",\"target\":[\"https:\/\/www.domtechnikpro.com\/index.php\/produkt\/doprava-zdarma-redukcni-pouzdro-morse-2x2-mt-kennedy-prodluzovaci-32346\/\"]}]},{\"@type\":\"ImageObject\",\"inLanguage\":\"cs\",\"@id\":\"https:\/\/www.domtechnikpro.com\/index.php\/produkt\/doprava-zdarma-redukcni-pouzdro-morse-2x2-mt-kennedy-prodluzovaci-32346\/#primaryimage\",\"url\":\"https:\/\/www.domtechnikpro.com\/wp-content\/uploads\/2026\/SK0002569-CZ20260425-092328-0-1777080210-ken4824110k_1_1_1.webp\",\"contentUrl\":\"https:\/\/www.domtechnikpro.com\/wp-content\/uploads\/2026\/SK0002569-CZ20260425-092328-0-1777080210-ken4824110k_1_1_1.webp\",\"width\":661,\"height\":87},{\"@type\":\"BreadcrumbList\",\"@id\":\"https:\/\/www.domtechnikpro.com\/index.php\/produkt\/doprava-zdarma-redukcni-pouzdro-morse-2x2-mt-kennedy-prodluzovaci-32346\/#breadcrumb\",\"itemListElement\":[{\"@type\":\"ListItem\",\"position\":1,\"name\":\"Home\",\"item\":\"https:\/\/www.domtechnikpro.com\/\"},{\"@type\":\"ListItem\",\"position\":2,\"name\":\"Products\",\"item\":\"https:\/\/www.domtechnikpro.com\/index.php\/products\/\"},{\"@type\":\"ListItem\",\"position\":3,\"name\":\"Doprava Zdarma Reduk\u010dn\u00ed pouzdro Morse 2&#215;2 MT KENNEDY prodlu\u017eovac\u00ed\"}]},{\"@type\":\"WebSite\",\"@id\":\"https:\/\/www.domtechnikpro.com\/#website\",\"url\":\"https:\/\/www.domtechnikpro.com\/\",\"name\":\"\",\"description\":\"\",\"potentialAction\":[{\"@type\":\"SearchAction\",\"target\":{\"@type\":\"EntryPoint\",\"urlTemplate\":\"https:\/\/www.domtechnikpro.com\/?s={search_term_string}\"},\"query-input\":{\"@type\":\"PropertyValueSpecification\",\"valueRequired\":true,\"valueName\":\"search_term_string\"}}],\"inLanguage\":\"cs\"}]}<\/script>\n<!-- \/ Yoast SEO plugin. -->","yoast_head_json":{"title":"Doprava Zdarma Reduk\u010dn\u00ed pouzdro Morse 2x2 MT KENNEDY prodlu\u017eovac\u00ed -","robots":{"index":"index","follow":"follow","max-snippet":"max-snippet:-1","max-image-preview":"max-image-preview:large","max-video-preview":"max-video-preview:-1"},"canonical":"https:\/\/www.domtechnikpro.com\/index.php\/produkt\/doprava-zdarma-redukcni-pouzdro-morse-2x2-mt-kennedy-prodluzovaci-32346\/","og_locale":"cs_CZ","og_type":"article","og_title":"Doprava Zdarma Reduk\u010dn\u00ed pouzdro Morse 2x2 MT KENNEDY prodlu\u017eovac\u00ed -","og_description":"Jedn\u00e1 se o tradi\u010dn\u00ed up\u00ednac\u00ed p\u0159\u00edpravky vysok\u00e9 kvality. Jsou vyrobeny z kvalitn\u00ed oceli a jsou po cel\u00e9 d\u00e9lce povrchov\u011b zakaleny.ISO 238 BS 1660 : 2. D\u00e9lka 175 mm Hmotnost 390 g Ku\u017eel vnit\u0159n\u00ed x vn\u011bj\u0161\u00ed 2 x 2 MT","og_url":"https:\/\/www.domtechnikpro.com\/index.php\/produkt\/doprava-zdarma-redukcni-pouzdro-morse-2x2-mt-kennedy-prodluzovaci-32346\/","og_image":[{"width":661,"height":87,"url":"https:\/\/www.domtechnikpro.com\/wp-content\/uploads\/2026\/SK0002569-CZ20260425-092328-0-1777080210-ken4824110k_1_1_1.webp","type":"image\/webp"}],"twitter_card":"summary_large_image","schema":{"@context":"https:\/\/schema.org","@graph":[{"@type":"WebPage","@id":"https:\/\/www.domtechnikpro.com\/index.php\/produkt\/doprava-zdarma-redukcni-pouzdro-morse-2x2-mt-kennedy-prodluzovaci-32346\/","url":"https:\/\/www.domtechnikpro.com\/index.php\/produkt\/doprava-zdarma-redukcni-pouzdro-morse-2x2-mt-kennedy-prodluzovaci-32346\/","name":"Doprava Zdarma Reduk\u010dn\u00ed pouzdro Morse 2x2 MT KENNEDY prodlu\u017eovac\u00ed -","isPartOf":{"@id":"https:\/\/www.domtechnikpro.com\/#website"},"primaryImageOfPage":{"@id":"https:\/\/www.domtechnikpro.com\/index.php\/produkt\/doprava-zdarma-redukcni-pouzdro-morse-2x2-mt-kennedy-prodluzovaci-32346\/#primaryimage"},"image":{"@id":"https:\/\/www.domtechnikpro.com\/index.php\/produkt\/doprava-zdarma-redukcni-pouzdro-morse-2x2-mt-kennedy-prodluzovaci-32346\/#primaryimage"},"thumbnailUrl":"https:\/\/www.domtechnikpro.com\/wp-content\/uploads\/2026\/SK0002569-CZ20260425-092328-0-1777080210-ken4824110k_1_1_1.webp","datePublished":"2026-04-26T08:57:10+00:00","breadcrumb":{"@id":"https:\/\/www.domtechnikpro.com\/index.php\/produkt\/doprava-zdarma-redukcni-pouzdro-morse-2x2-mt-kennedy-prodluzovaci-32346\/#breadcrumb"},"inLanguage":"cs","potentialAction":[{"@type":"ReadAction","target":["https:\/\/www.domtechnikpro.com\/index.php\/produkt\/doprava-zdarma-redukcni-pouzdro-morse-2x2-mt-kennedy-prodluzovaci-32346\/"]}]},{"@type":"ImageObject","inLanguage":"cs","@id":"https:\/\/www.domtechnikpro.com\/index.php\/produkt\/doprava-zdarma-redukcni-pouzdro-morse-2x2-mt-kennedy-prodluzovaci-32346\/#primaryimage","url":"https:\/\/www.domtechnikpro.com\/wp-content\/uploads\/2026\/SK0002569-CZ20260425-092328-0-1777080210-ken4824110k_1_1_1.webp","contentUrl":"https:\/\/www.domtechnikpro.com\/wp-content\/uploads\/2026\/SK0002569-CZ20260425-092328-0-1777080210-ken4824110k_1_1_1.webp","width":661,"height":87},{"@type":"BreadcrumbList","@id":"https:\/\/www.domtechnikpro.com\/index.php\/produkt\/doprava-zdarma-redukcni-pouzdro-morse-2x2-mt-kennedy-prodluzovaci-32346\/#breadcrumb","itemListElement":[{"@type":"ListItem","position":1,"name":"Home","item":"https:\/\/www.domtechnikpro.com\/"},{"@type":"ListItem","position":2,"name":"Products","item":"https:\/\/www.domtechnikpro.com\/index.php\/products\/"},{"@type":"ListItem","position":3,"name":"Doprava Zdarma Reduk\u010dn\u00ed pouzdro Morse 2&#215;2 MT KENNEDY prodlu\u017eovac\u00ed"}]},{"@type":"WebSite","@id":"https:\/\/www.domtechnikpro.com\/#website","url":"https:\/\/www.domtechnikpro.com\/","name":"","description":"","potentialAction":[{"@type":"SearchAction","target":{"@type":"EntryPoint","urlTemplate":"https:\/\/www.domtechnikpro.com\/?s={search_term_string}"},"query-input":{"@type":"PropertyValueSpecification","valueRequired":true,"valueName":"search_term_string"}}],"inLanguage":"cs"}]}},"_links":{"self":[{"href":"https:\/\/www.domtechnikpro.com\/index.php\/wp-json\/wp\/v2\/product\/32346","targetHints":{"allow":["GET"]}}],"collection":[{"href":"https:\/\/www.domtechnikpro.com\/index.php\/wp-json\/wp\/v2\/product"}],"about":[{"href":"https:\/\/www.domtechnikpro.com\/index.php\/wp-json\/wp\/v2\/types\/product"}],"replies":[{"embeddable":true,"href":"https:\/\/www.domtechnikpro.com\/index.php\/wp-json\/wp\/v2\/comments?post=32346"}],"wp:featuredmedia":[{"embeddable":true,"href":"https:\/\/www.domtechnikpro.com\/index.php\/wp-json\/wp\/v2\/media\/32446"}],"wp:attachment":[{"href":"https:\/\/www.domtechnikpro.com\/index.php\/wp-json\/wp\/v2\/media?parent=32346"}],"wp:term":[{"taxonomy":"product_brand","embeddable":true,"href":"https:\/\/www.domtechnikpro.com\/index.php\/wp-json\/wp\/v2\/product_brand?post=32346"},{"taxonomy":"product_cat","embeddable":true,"href":"https:\/\/www.domtechnikpro.com\/index.php\/wp-json\/wp\/v2\/product_cat?post=32346"},{"taxonomy":"product_tag","embeddable":true,"href":"https:\/\/www.domtechnikpro.com\/index.php\/wp-json\/wp\/v2\/product_tag?post=32346"}],"curies":[{"name":"wp","href":"https:\/\/api.w.org\/{rel}","templated":true}]}}