{"id":32182,"date":"2026-04-26T08:57:07","date_gmt":"2026-04-26T08:57:07","guid":{"rendered":""},"modified":"2026-04-26T08:57:07","modified_gmt":"2026-04-26T08:57:07","slug":"znackovy-meridlo-posuvne-heavy-duty-450-mm-32182","status":"publish","type":"product","link":"https:\/\/www.domtechnikpro.com\/produkt\/znackovy-meridlo-posuvne-heavy-duty-450-mm-32182\/","title":{"rendered":"Zna\u010dkov\u00fd M\u011b\u0159idlo posuvn\u00e9 Heavy Duty 450 mm"},"content":{"rendered":"<table>\n<div class=\"tab-pane active product-description\" id=\"popis\" role=\"tabpanel\">\n<div class=\"short-description\" itemprop=\"description\"><\/div>\n<div class=\"description\">Umo\u017e\u0148uj\u00ed m\u011b\u0159en\u00ed vnit\u0159n\u00edch a vn\u011bj\u0161\u00edch rozm\u011br\u016f. Dv\u011b stupnice (metrick\u00e1 a palcov\u00e1) se stupnic\u00ed<br \/>noniusu sklon\u011bnou o 14\u00b0 pro sn\u00ed\u017een\u00ed chyby paralaxy, mechanizmus jemn\u00e9ho nastaven\u00ed<br \/>a vroubkovan\u00e1 areta\u010dn\u00ed matice. Vnit\u0159n\u00ed \u010delisti maj\u00ed zaoblen\u00e9 m\u011b\u0159ic\u00ed plochy pro p\u0159esn\u00e9 vnit\u0159n\u00ed<br \/>m\u011b\u0159en\u00ed otvor\u016f. Posuvn\u00e1 m\u011b\u0159idla jsou vyrobena z kalen\u00e9 nerezov\u00e9 oceli.<\/div>\n<div class=\"parameters\">\n<tr>\n<td>D\u011blen\u00ed stupnice<\/td>\n<td>0,02\/,001<\/td>\n<\/tr>\n<tr>\n<td>P\u0159esnost cel\u00e9 stupnice<\/td>\n<td>+\/- 0,01 mm<\/td>\n<\/tr>\n<tr>\n<td>Rozsah<\/td>\n<td>450\/18 mm\/palce<\/td>\n<\/tr><\/div>\n<\/table>\n","protected":false},"excerpt":{"rendered":"<p>Umo\u017e\u0148uj\u00ed m\u011b\u0159en\u00ed vnit\u0159n\u00edch a vn\u011bj\u0161\u00edch rozm\u011br\u016f. Dv\u011b stupnice (metrick\u00e1 a palcov\u00e1) se stupnic\u00ednoniusu sklon\u011bnou o 14\u00b0 pro sn\u00ed\u017een\u00ed chyby paralaxy, mechanizmus jemn\u00e9ho nastaven\u00eda vroubkovan\u00e1 areta\u010dn\u00ed matice. Vnit\u0159n\u00ed \u010delisti maj\u00ed zaoblen\u00e9 m\u011b\u0159ic\u00ed plochy pro p\u0159esn\u00e9 vnit\u0159n\u00edm\u011b\u0159en\u00ed otvor\u016f. Posuvn\u00e1 m\u011b\u0159idla jsou vyrobena z kalen\u00e9 nerezov\u00e9 oceli. D\u011blen\u00ed stupnice 0,02\/,001 P\u0159esnost cel\u00e9 stupnice +\/- 0,01 mm Rozsah 450\/18 [&hellip;]<\/p>\n","protected":false},"featured_media":32282,"comment_status":"open","ping_status":"open","template":"","meta":[],"product_brand":[],"product_cat":[63],"product_tag":[],"class_list":{"0":"post-32182","1":"product","2":"type-product","3":"status-publish","4":"has-post-thumbnail","6":"product_cat-naradi","8":"first","9":"instock","10":"sale","11":"shipping-taxable","12":"purchasable","13":"product-type-simple"},"yoast_head":"<!-- This site is optimized with the Yoast SEO plugin v26.8 - https:\/\/yoast.com\/product\/yoast-seo-wordpress\/ -->\n<title>Zna\u010dkov\u00fd M\u011b\u0159idlo posuvn\u00e9 Heavy Duty 450 mm - Pr\u016fmyslov\u00e9 vybaven\u00ed a p\u0159\u00edslu\u0161enstv\u00ed<\/title>\n<meta name=\"robots\" content=\"index, follow, max-snippet:-1, max-image-preview:large, max-video-preview:-1\" \/>\n<link rel=\"canonical\" href=\"https:\/\/www.domtechnikpro.com\/index.php\/produkt\/znackovy-meridlo-posuvne-heavy-duty-450-mm-32182\/\" \/>\n<meta property=\"og:locale\" content=\"cs_CZ\" \/>\n<meta property=\"og:type\" content=\"article\" \/>\n<meta property=\"og:title\" content=\"Zna\u010dkov\u00fd M\u011b\u0159idlo posuvn\u00e9 Heavy Duty 450 mm - Pr\u016fmyslov\u00e9 vybaven\u00ed a p\u0159\u00edslu\u0161enstv\u00ed\" \/>\n<meta property=\"og:description\" content=\"Umo\u017e\u0148uj\u00ed m\u011b\u0159en\u00ed vnit\u0159n\u00edch a vn\u011bj\u0161\u00edch rozm\u011br\u016f. Dv\u011b stupnice (metrick\u00e1 a palcov\u00e1) se stupnic\u00ednoniusu sklon\u011bnou o 14\u00b0 pro sn\u00ed\u017een\u00ed chyby paralaxy, mechanizmus jemn\u00e9ho nastaven\u00eda vroubkovan\u00e1 areta\u010dn\u00ed matice. Vnit\u0159n\u00ed \u010delisti maj\u00ed zaoblen\u00e9 m\u011b\u0159ic\u00ed plochy pro p\u0159esn\u00e9 vnit\u0159n\u00edm\u011b\u0159en\u00ed otvor\u016f. Posuvn\u00e1 m\u011b\u0159idla jsou vyrobena z kalen\u00e9 nerezov\u00e9 oceli. D\u011blen\u00ed stupnice 0,02\/,001 P\u0159esnost cel\u00e9 stupnice +\/- 0,01 mm Rozsah 450\/18 [&hellip;]\" \/>\n<meta property=\"og:url\" content=\"https:\/\/www.domtechnikpro.com\/index.php\/produkt\/znackovy-meridlo-posuvne-heavy-duty-450-mm-32182\/\" \/>\n<meta property=\"og:site_name\" content=\"Pr\u016fmyslov\u00e9 vybaven\u00ed a p\u0159\u00edslu\u0161enstv\u00ed\" \/>\n<meta property=\"og:image\" content=\"https:\/\/www.domtechnikpro.com\/wp-content\/uploads\/2026\/SK0002505-CZ20260425-092328-0-1777080210-oxd3307180k.webp\" \/>\n\t<meta property=\"og:image:width\" content=\"699\" \/>\n\t<meta property=\"og:image:height\" content=\"699\" \/>\n\t<meta property=\"og:image:type\" content=\"image\/webp\" \/>\n<meta name=\"twitter:card\" content=\"summary_large_image\" \/>\n<script type=\"application\/ld+json\" class=\"yoast-schema-graph\">{\"@context\":\"https:\/\/schema.org\",\"@graph\":[{\"@type\":\"WebPage\",\"@id\":\"https:\/\/www.domtechnikpro.com\/index.php\/produkt\/znackovy-meridlo-posuvne-heavy-duty-450-mm-32182\/\",\"url\":\"https:\/\/www.domtechnikpro.com\/index.php\/produkt\/znackovy-meridlo-posuvne-heavy-duty-450-mm-32182\/\",\"name\":\"Zna\u010dkov\u00fd M\u011b\u0159idlo posuvn\u00e9 Heavy Duty 450 mm - Pr\u016fmyslov\u00e9 vybaven\u00ed a p\u0159\u00edslu\u0161enstv\u00ed\",\"isPartOf\":{\"@id\":\"https:\/\/www.domtechnikpro.com\/#website\"},\"primaryImageOfPage\":{\"@id\":\"https:\/\/www.domtechnikpro.com\/index.php\/produkt\/znackovy-meridlo-posuvne-heavy-duty-450-mm-32182\/#primaryimage\"},\"image\":{\"@id\":\"https:\/\/www.domtechnikpro.com\/index.php\/produkt\/znackovy-meridlo-posuvne-heavy-duty-450-mm-32182\/#primaryimage\"},\"thumbnailUrl\":\"https:\/\/www.domtechnikpro.com\/wp-content\/uploads\/2026\/SK0002505-CZ20260425-092328-0-1777080210-oxd3307180k.webp\",\"datePublished\":\"2026-04-26T08:57:07+00:00\",\"breadcrumb\":{\"@id\":\"https:\/\/www.domtechnikpro.com\/index.php\/produkt\/znackovy-meridlo-posuvne-heavy-duty-450-mm-32182\/#breadcrumb\"},\"inLanguage\":\"cs\",\"potentialAction\":[{\"@type\":\"ReadAction\",\"target\":[\"https:\/\/www.domtechnikpro.com\/index.php\/produkt\/znackovy-meridlo-posuvne-heavy-duty-450-mm-32182\/\"]}]},{\"@type\":\"ImageObject\",\"inLanguage\":\"cs\",\"@id\":\"https:\/\/www.domtechnikpro.com\/index.php\/produkt\/znackovy-meridlo-posuvne-heavy-duty-450-mm-32182\/#primaryimage\",\"url\":\"https:\/\/www.domtechnikpro.com\/wp-content\/uploads\/2026\/SK0002505-CZ20260425-092328-0-1777080210-oxd3307180k.webp\",\"contentUrl\":\"https:\/\/www.domtechnikpro.com\/wp-content\/uploads\/2026\/SK0002505-CZ20260425-092328-0-1777080210-oxd3307180k.webp\",\"width\":699,\"height\":699},{\"@type\":\"BreadcrumbList\",\"@id\":\"https:\/\/www.domtechnikpro.com\/index.php\/produkt\/znackovy-meridlo-posuvne-heavy-duty-450-mm-32182\/#breadcrumb\",\"itemListElement\":[{\"@type\":\"ListItem\",\"position\":1,\"name\":\"Home\",\"item\":\"https:\/\/www.domtechnikpro.com\/\"},{\"@type\":\"ListItem\",\"position\":2,\"name\":\"Products\",\"item\":\"https:\/\/www.domtechnikpro.com\/products\/\"},{\"@type\":\"ListItem\",\"position\":3,\"name\":\"Zna\u010dkov\u00fd M\u011b\u0159idlo posuvn\u00e9 Heavy Duty 450 mm\"}]},{\"@type\":\"WebSite\",\"@id\":\"https:\/\/www.domtechnikpro.com\/#website\",\"url\":\"https:\/\/www.domtechnikpro.com\/\",\"name\":\"Pr\u016fmyslov\u00e9 vybaven\u00ed a p\u0159\u00edslu\u0161enstv\u00ed\",\"description\":\"Pr\u016fmyslov\u00e9 vybaven\u00ed a p\u0159\u00edslu\u0161enstv\u00ed\",\"publisher\":{\"@id\":\"https:\/\/www.domtechnikpro.com\/#organization\"},\"potentialAction\":[{\"@type\":\"SearchAction\",\"target\":{\"@type\":\"EntryPoint\",\"urlTemplate\":\"https:\/\/www.domtechnikpro.com\/?s={search_term_string}\"},\"query-input\":{\"@type\":\"PropertyValueSpecification\",\"valueRequired\":true,\"valueName\":\"search_term_string\"}}],\"inLanguage\":\"cs\"},{\"@type\":\"Organization\",\"@id\":\"https:\/\/www.domtechnikpro.com\/#organization\",\"name\":\"Pr\u016fmyslov\u00e9 vybaven\u00ed a p\u0159\u00edslu\u0161enstv\u00ed\",\"url\":\"https:\/\/www.domtechnikpro.com\/\",\"logo\":{\"@type\":\"ImageObject\",\"inLanguage\":\"cs\",\"@id\":\"https:\/\/www.domtechnikpro.com\/#\/schema\/logo\/image\/\",\"url\":\"https:\/\/www.domtechnikpro.com\/wp-content\/uploads\/2026\/04\/domtechnikpro_logo_full.svg\",\"contentUrl\":\"https:\/\/www.domtechnikpro.com\/wp-content\/uploads\/2026\/04\/domtechnikpro_logo_full.svg\",\"width\":920,\"height\":180,\"caption\":\"Pr\u016fmyslov\u00e9 vybaven\u00ed a p\u0159\u00edslu\u0161enstv\u00ed\"},\"image\":{\"@id\":\"https:\/\/www.domtechnikpro.com\/#\/schema\/logo\/image\/\"}}]}<\/script>\n<!-- \/ Yoast SEO plugin. -->","yoast_head_json":{"title":"Zna\u010dkov\u00fd M\u011b\u0159idlo posuvn\u00e9 Heavy Duty 450 mm - Pr\u016fmyslov\u00e9 vybaven\u00ed a p\u0159\u00edslu\u0161enstv\u00ed","robots":{"index":"index","follow":"follow","max-snippet":"max-snippet:-1","max-image-preview":"max-image-preview:large","max-video-preview":"max-video-preview:-1"},"canonical":"https:\/\/www.domtechnikpro.com\/index.php\/produkt\/znackovy-meridlo-posuvne-heavy-duty-450-mm-32182\/","og_locale":"cs_CZ","og_type":"article","og_title":"Zna\u010dkov\u00fd M\u011b\u0159idlo posuvn\u00e9 Heavy Duty 450 mm - Pr\u016fmyslov\u00e9 vybaven\u00ed a p\u0159\u00edslu\u0161enstv\u00ed","og_description":"Umo\u017e\u0148uj\u00ed m\u011b\u0159en\u00ed vnit\u0159n\u00edch a vn\u011bj\u0161\u00edch rozm\u011br\u016f. Dv\u011b stupnice (metrick\u00e1 a palcov\u00e1) se stupnic\u00ednoniusu sklon\u011bnou o 14\u00b0 pro sn\u00ed\u017een\u00ed chyby paralaxy, mechanizmus jemn\u00e9ho nastaven\u00eda vroubkovan\u00e1 areta\u010dn\u00ed matice. Vnit\u0159n\u00ed \u010delisti maj\u00ed zaoblen\u00e9 m\u011b\u0159ic\u00ed plochy pro p\u0159esn\u00e9 vnit\u0159n\u00edm\u011b\u0159en\u00ed otvor\u016f. Posuvn\u00e1 m\u011b\u0159idla jsou vyrobena z kalen\u00e9 nerezov\u00e9 oceli. D\u011blen\u00ed stupnice 0,02\/,001 P\u0159esnost cel\u00e9 stupnice +\/- 0,01 mm Rozsah 450\/18 [&hellip;]","og_url":"https:\/\/www.domtechnikpro.com\/index.php\/produkt\/znackovy-meridlo-posuvne-heavy-duty-450-mm-32182\/","og_site_name":"Pr\u016fmyslov\u00e9 vybaven\u00ed a p\u0159\u00edslu\u0161enstv\u00ed","og_image":[{"width":699,"height":699,"url":"https:\/\/www.domtechnikpro.com\/wp-content\/uploads\/2026\/SK0002505-CZ20260425-092328-0-1777080210-oxd3307180k.webp","type":"image\/webp"}],"twitter_card":"summary_large_image","schema":{"@context":"https:\/\/schema.org","@graph":[{"@type":"WebPage","@id":"https:\/\/www.domtechnikpro.com\/index.php\/produkt\/znackovy-meridlo-posuvne-heavy-duty-450-mm-32182\/","url":"https:\/\/www.domtechnikpro.com\/index.php\/produkt\/znackovy-meridlo-posuvne-heavy-duty-450-mm-32182\/","name":"Zna\u010dkov\u00fd M\u011b\u0159idlo posuvn\u00e9 Heavy Duty 450 mm - Pr\u016fmyslov\u00e9 vybaven\u00ed a p\u0159\u00edslu\u0161enstv\u00ed","isPartOf":{"@id":"https:\/\/www.domtechnikpro.com\/#website"},"primaryImageOfPage":{"@id":"https:\/\/www.domtechnikpro.com\/index.php\/produkt\/znackovy-meridlo-posuvne-heavy-duty-450-mm-32182\/#primaryimage"},"image":{"@id":"https:\/\/www.domtechnikpro.com\/index.php\/produkt\/znackovy-meridlo-posuvne-heavy-duty-450-mm-32182\/#primaryimage"},"thumbnailUrl":"https:\/\/www.domtechnikpro.com\/wp-content\/uploads\/2026\/SK0002505-CZ20260425-092328-0-1777080210-oxd3307180k.webp","datePublished":"2026-04-26T08:57:07+00:00","breadcrumb":{"@id":"https:\/\/www.domtechnikpro.com\/index.php\/produkt\/znackovy-meridlo-posuvne-heavy-duty-450-mm-32182\/#breadcrumb"},"inLanguage":"cs","potentialAction":[{"@type":"ReadAction","target":["https:\/\/www.domtechnikpro.com\/index.php\/produkt\/znackovy-meridlo-posuvne-heavy-duty-450-mm-32182\/"]}]},{"@type":"ImageObject","inLanguage":"cs","@id":"https:\/\/www.domtechnikpro.com\/index.php\/produkt\/znackovy-meridlo-posuvne-heavy-duty-450-mm-32182\/#primaryimage","url":"https:\/\/www.domtechnikpro.com\/wp-content\/uploads\/2026\/SK0002505-CZ20260425-092328-0-1777080210-oxd3307180k.webp","contentUrl":"https:\/\/www.domtechnikpro.com\/wp-content\/uploads\/2026\/SK0002505-CZ20260425-092328-0-1777080210-oxd3307180k.webp","width":699,"height":699},{"@type":"BreadcrumbList","@id":"https:\/\/www.domtechnikpro.com\/index.php\/produkt\/znackovy-meridlo-posuvne-heavy-duty-450-mm-32182\/#breadcrumb","itemListElement":[{"@type":"ListItem","position":1,"name":"Home","item":"https:\/\/www.domtechnikpro.com\/"},{"@type":"ListItem","position":2,"name":"Products","item":"https:\/\/www.domtechnikpro.com\/products\/"},{"@type":"ListItem","position":3,"name":"Zna\u010dkov\u00fd M\u011b\u0159idlo posuvn\u00e9 Heavy Duty 450 mm"}]},{"@type":"WebSite","@id":"https:\/\/www.domtechnikpro.com\/#website","url":"https:\/\/www.domtechnikpro.com\/","name":"Pr\u016fmyslov\u00e9 vybaven\u00ed a p\u0159\u00edslu\u0161enstv\u00ed","description":"Pr\u016fmyslov\u00e9 vybaven\u00ed a p\u0159\u00edslu\u0161enstv\u00ed","publisher":{"@id":"https:\/\/www.domtechnikpro.com\/#organization"},"potentialAction":[{"@type":"SearchAction","target":{"@type":"EntryPoint","urlTemplate":"https:\/\/www.domtechnikpro.com\/?s={search_term_string}"},"query-input":{"@type":"PropertyValueSpecification","valueRequired":true,"valueName":"search_term_string"}}],"inLanguage":"cs"},{"@type":"Organization","@id":"https:\/\/www.domtechnikpro.com\/#organization","name":"Pr\u016fmyslov\u00e9 vybaven\u00ed a p\u0159\u00edslu\u0161enstv\u00ed","url":"https:\/\/www.domtechnikpro.com\/","logo":{"@type":"ImageObject","inLanguage":"cs","@id":"https:\/\/www.domtechnikpro.com\/#\/schema\/logo\/image\/","url":"https:\/\/www.domtechnikpro.com\/wp-content\/uploads\/2026\/04\/domtechnikpro_logo_full.svg","contentUrl":"https:\/\/www.domtechnikpro.com\/wp-content\/uploads\/2026\/04\/domtechnikpro_logo_full.svg","width":920,"height":180,"caption":"Pr\u016fmyslov\u00e9 vybaven\u00ed a p\u0159\u00edslu\u0161enstv\u00ed"},"image":{"@id":"https:\/\/www.domtechnikpro.com\/#\/schema\/logo\/image\/"}}]}},"_links":{"self":[{"href":"https:\/\/www.domtechnikpro.com\/wp-json\/wp\/v2\/product\/32182","targetHints":{"allow":["GET"]}}],"collection":[{"href":"https:\/\/www.domtechnikpro.com\/wp-json\/wp\/v2\/product"}],"about":[{"href":"https:\/\/www.domtechnikpro.com\/wp-json\/wp\/v2\/types\/product"}],"replies":[{"embeddable":true,"href":"https:\/\/www.domtechnikpro.com\/wp-json\/wp\/v2\/comments?post=32182"}],"wp:featuredmedia":[{"embeddable":true,"href":"https:\/\/www.domtechnikpro.com\/wp-json\/wp\/v2\/media\/32282"}],"wp:attachment":[{"href":"https:\/\/www.domtechnikpro.com\/wp-json\/wp\/v2\/media?parent=32182"}],"wp:term":[{"taxonomy":"product_brand","embeddable":true,"href":"https:\/\/www.domtechnikpro.com\/wp-json\/wp\/v2\/product_brand?post=32182"},{"taxonomy":"product_cat","embeddable":true,"href":"https:\/\/www.domtechnikpro.com\/wp-json\/wp\/v2\/product_cat?post=32182"},{"taxonomy":"product_tag","embeddable":true,"href":"https:\/\/www.domtechnikpro.com\/wp-json\/wp\/v2\/product_tag?post=32182"}],"curies":[{"name":"wp","href":"https:\/\/api.w.org\/{rel}","templated":true}]}}