{"id":29315,"date":"2026-04-26T08:56:34","date_gmt":"2026-04-26T08:56:34","guid":{"rendered":""},"modified":"2026-04-26T08:56:34","modified_gmt":"2026-04-26T08:56:34","slug":"nejlepsi-cena-soudal-fix-all-high-tack-lepici-tmel-29315","status":"publish","type":"product","link":"https:\/\/www.domtechnikpro.com\/index.php\/produkt\/nejlepsi-cena-soudal-fix-all-high-tack-lepici-tmel-29315\/","title":{"rendered":"Nejlep\u0161\u00ed Cena Soudal Fix ALL High Tack lep\u00edc\u00ed tmel"},"content":{"rendered":"<div class=\"row\">\n<div class=\"col-sm-12 shp-tabs-row responsive-nav\">\n<div class=\"shp-tabs-holder\">\n<ul id=\"p-detail-tabs\" class=\"shp-tabs p-detail-tabs visible-links\" role=\"tablist\">\n<li class=\"shp-tab active\" data-testid=\"tabDescription\">                Popis            <\/li>\n<\/ul>\n<\/div><\/div>\n<div class=\"col-sm-12 \">\n<div id=\"tab-content\" class=\"tab-content\">\n<div id=\"description\" class=\"tab-pane fade in active wide-tab\" role=\"tabpanel\">\n<div class=\"description-inner\">\n<div class=\"basic-description\">                                                        Soudal Fix ALL HIGH TACK<br \/>je vhodn\u00fd pro lepen\u00ed, spojov\u00e1n\u00ed a tmelen\u00ed \u0161irok\u00e9ho spektra materi\u00e1l\u016f v interi\u00e9ru i exteri\u00e9ru, ve\u0161ker\u00e9 lepen\u00ed a tmelen\u00ed sav\u00fdch i nesav\u00fdch materi\u00e1l\u016f v dom\u00e1cnosti, na stavb\u011b nebo automobilu. Fix All High Tack nahrazuje v\u011bt\u0161inu dostupn\u00fdch lepidel nebo tmel\u016f. V\u00fdborn\u011b p\u0159ilne na b\u011b\u017en\u00e9 materi\u00e1ly: beton, om\u00edtky, p\u0159\u00edrodn\u00ed i um\u011bl\u00fd k\u00e1men, d\u0159evo, d\u0159evot\u0159\u00edska, lamin\u00e1t, plasty, polystyren, PVC, korek, miner\u00e1ln\u00ed i skeln\u00e1 vata, \u017eelezo, olovo, zinek, m\u011b\u010f, hlin\u00edk, sklo, obklady a dla\u017eby, sanit\u00e1rn\u00ed keramika, porcel\u00e1n, zrcadla a mnoho dal\u0161\u00edch.<\/p>\n<p>Charakteristika produktu:<br \/>&#8211; vysok\u00e1 po\u010d\u00e1te\u010dn\u00ed p\u0159ilnavost sni\u017euje pot\u0159ebu po\u010d\u00e1te\u010dn\u00ed fixace a zaji\u0161t\u011bn\u00ed spoj\u016f<br \/>&#8211; dokonal\u00e1 adheze a rychl\u00e9 vytvrzov\u00e1n\u00ed na t\u00e9m\u011b\u0159 v\u0161ech materi\u00e1lech<br \/>&#8211; p\u0159ilnav\u00fd i na vlhk\u00e9 povrchy doporu\u010dujeme zv\u00fd\u0161it pou\u017eit\u00edm Primeru 150 Soudal<br \/>&#8211; nezanech\u00e1v\u00e1 skvrny na por\u00e9zn\u00edch materi\u00e1lech jako nap\u0159. p\u0159\u00edrodn\u00ed k\u00e1men, \u017eula, (p\u0159i aplikaci na mramor, pros\u00edme, nejprve otestujte tmel na mal\u00e9 \u010d\u00e1sti)<\/p>\n<p>P\u0159\u00edklady pou\u017eit\u00ed:<br \/>&#8211; konstruk\u010dn\u00ed lepen\u00ed a tmelen\u00ed sp\u00e1r vibra\u010dn\u00edch konstrukc\u00ed<br \/>&#8211; tmelen\u00ed sp\u00e1r mezi tabulov\u00fdmi plechy<br \/>&#8211; p\u0159et\u00edrateln\u00fd tmel k v\u00fdplni mezer \u010di otvor\u016f<br \/>&#8211; lepen\u00ed panel\u016f, izola\u010dn\u00edch materi\u00e1l\u016f, sokl\u016f, lat\u011bk, obklad\u016f atd. na st\u011bny<\/p>\n<p>Proveden\u00ed.<br \/>Barva:<br \/>b\u00edl\u00e1, \u0161ed\u00e1, hn\u011bd\u00e1, \u010dern\u00e1<\/p>\n<p>Balen\u00ed:<br \/>kartu\u0161e 290ml<\/p>\n<p>Skladovatelnost:<br \/>v p\u016fvodn\u00edm obalu p\u0159i teplot\u00e1ch +5\u00b0C a\u017e +25\u00b0C<\/p>\n<p>Chemick\u00e1 odolnost.<br \/>Dobr\u00e1: <br \/>voda, alifatick\u00e1 rozpou\u0161t\u011bdla, miner\u00e1ln\u00ed oleje, mazadla (vazel\u00edna), z\u0159ed\u011bn\u00e9 anorganick\u00e9 kyseliny a z\u00e1sady <\/p>\n<p>\u0160patn\u00e1: <br \/>aromatick\u00e1 rozpou\u0161t\u011bdla, koncentrovan\u00e9 kyseliny, chlorovan\u00e9 uhlovod\u00edky<\/p>\n<p>Velikost sp\u00e1ry.<br \/>Minim\u00e1ln\u00ed \u0161\u00ed\u0159ka:<br \/>2 mm (lepen\u00ed), 5 mm (sp\u00e1rov\u00e1n\u00ed)<\/p>\n<p>Maxim\u00e1ln\u00ed \u0161\u00ed\u0159ka:<br \/>10 mm (lepen\u00ed), 30 mm (sp\u00e1rov\u00e1n\u00ed)<\/p>\n<p>Minim\u00e1ln\u00ed hloubka:<br \/>5mm (sp\u00e1rov\u00e1n\u00ed)<\/p>\n<p>Doporu\u010den\u00ed: <br \/>hloubka sp\u00e1ry = 1 \u0161\u00ed\u0159ky sp\u00e1ry<br \/>Pro vymezen\u00ed hloubky sp\u00e1ry a zabr\u00e1n\u011bn\u00ed p\u0159ilnut\u00ed tmelu na jej\u00ed dno v\u017edy pou\u017eijte nep\u0159ilnav\u00fd materi\u00e1l, nap\u0159. PE t\u011bsn\u00edc\u00ed tmela\u0159skou \u0161\u0148\u016fru.<\/p>\n<p>Podklady.<br \/>Typ povrchu:<br \/>v\u0161echny obvykl\u00e9 stavebn\u00ed povrchy, r\u016fzn\u00e9 kovy a plasty (mimo PP, PE, PTFE, silikony a asfaltov\u00e9 povrchy) Doporu\u010dujeme p\u0159edem vyzkou\u0161et p\u0159ilnavost tmelu k podkladu.<\/p>\n<p>Stav povrchu:<br \/>\u010dist\u00fd, such\u00fd bez mastnot a prachu <\/p>\n<p>P\u0159\u00edprava:<br \/>na por\u00e9zn\u00ed podklady, kter\u00e9 budou vytaveny p\u016fsoben\u00ed vody doporu\u010dujeme pou\u017e\u00edt Primer 150. P\u0159ilnavost na nepor\u00e9zn\u00ed materi\u00e1ly m\u016f\u017eete zv\u00fd\u0161it prost\u0159edkem Soudal Surface Activator<\/p>\n<p>Pracovn\u00ed postup.<br \/>Nan\u00e1\u0161en\u00ed: <br \/>aplika\u010dn\u00ed pistole (ru\u010dn\u00ed nebo pneumatick\u00e1).<\/p>\n<p>Pracovn\u00ed teplota:<br \/> +5\u00b0C a\u017e +30\u00b0C<\/p>\n<p>\u010ci\u0161t\u011bn\u00ed: <br \/>P\u0159ed vytvrzen\u00edm lze \u010distit acetonem nebo White Spirit (lakov\u00fd benz\u00edn), po vytvrzen\u00ed mechanicky a Odstra\u0148ova\u010dem silikonu Soudal.<br \/>\u00daprava povrchu Vyhlazuje se Tmela\u0159skou st\u011brkou a m\u00fddlovou vodou.<\/p>\n<p>Opravy:<br \/>Fix All HT<\/p>\n<p>Pozn\u00e1mka:<br \/>Tmel je mo\u017en\u00e9 aplikovat na v\u011bt\u0161inu obvykl\u00fdch stavebn\u00edch materi\u00e1l\u016f. Slo\u017een\u00ed materi\u00e1l\u016f (plasty, polykarbon\u00e1ty, atd.) se m\u016f\u017ee li\u0161it podle v\u00fdrobce. P\u0159ed zah\u00e1jen\u00edm pr\u00e1ce doporu\u010dujeme otestovat p\u0159ilnavost tmelu k podkladu.<br \/>Kvalita transparentnosti se m\u016f\u017ee v extr\u00e9mn\u00edch podm\u00ednk\u00e1ch zhor\u0161it.<br \/>Fix All HT m\u016f\u017ee b\u00fdt pou\u017eit k lepen\u00ed p\u0159\u00edrodn\u00edho kamene, nepou\u017e\u00edvejte v\u0161ak na jeho sp\u00e1rov\u00e1n\u00ed. Nepou\u017e\u00edvejte pro zaskl\u00edv\u00e1n\u00ed.                            <\/div>\n<div class=\"extended-description\">\n<p><strong>Dopl\u0148kov\u00e9 parametry<\/strong><\/p>\n<table class=\"detail-parameters\">\n<tbody>\n<tr>\n<th>        <span class=\"row-header-label\">            Kategorie<span class=\"row-header-label-colon\">:<\/span>        <\/span>    <\/th>\n<td>        Tmely    <\/td>\n<\/tr>\n<tr class=\"productEan\">\n<th>          <span class=\"row-header-label productEan__label\">              EAN<span class=\"row-header-label-colon\">:<\/span>          <\/span>      <\/th>\n<td>          <span class=\"productEan__value js-productEan__value\">Zvolte variantu<\/span>      <\/td>\n<\/tr>\n<\/tbody>\n<\/table><\/div>\n<\/p><\/div>\n<\/p><\/div>\n<\/p><\/div>\n<\/p><\/div>\n<\/p><\/div>\n<\/p><\/div>\n<\/p><\/div>\n<p>                    <\/main>    <\/div>\n<\/p><\/div>\n","protected":false},"excerpt":{"rendered":"<p>Popis Soudal Fix ALL HIGH TACKje vhodn\u00fd pro lepen\u00ed, spojov\u00e1n\u00ed a tmelen\u00ed \u0161irok\u00e9ho spektra materi\u00e1l\u016f v interi\u00e9ru i exteri\u00e9ru, ve\u0161ker\u00e9 lepen\u00ed a tmelen\u00ed sav\u00fdch i nesav\u00fdch materi\u00e1l\u016f v dom\u00e1cnosti, na stavb\u011b nebo automobilu. Fix All High Tack nahrazuje v\u011bt\u0161inu dostupn\u00fdch lepidel nebo tmel\u016f. V\u00fdborn\u011b p\u0159ilne na b\u011b\u017en\u00e9 materi\u00e1ly: beton, om\u00edtky, p\u0159\u00edrodn\u00ed i um\u011bl\u00fd k\u00e1men, d\u0159evo, [&hellip;]<\/p>\n","protected":false},"featured_media":29415,"comment_status":"open","ping_status":"open","template":"","meta":[],"product_brand":[],"product_cat":[107],"product_tag":[],"class_list":{"0":"post-29315","1":"product","2":"type-product","3":"status-publish","4":"has-post-thumbnail","6":"product_cat-auto-moto","8":"first","9":"instock","10":"sale","11":"shipping-taxable","12":"purchasable","13":"product-type-simple"},"yoast_head":"<!-- This site is optimized with the Yoast SEO plugin v26.8 - https:\/\/yoast.com\/product\/yoast-seo-wordpress\/ -->\n<title>Nejlep\u0161\u00ed Cena Soudal Fix ALL High Tack lep\u00edc\u00ed tmel -<\/title>\n<meta name=\"robots\" content=\"index, follow, max-snippet:-1, max-image-preview:large, max-video-preview:-1\" \/>\n<link rel=\"canonical\" href=\"https:\/\/www.domtechnikpro.com\/index.php\/produkt\/nejlepsi-cena-soudal-fix-all-high-tack-lepici-tmel-29315\/\" \/>\n<meta property=\"og:locale\" content=\"cs_CZ\" \/>\n<meta property=\"og:type\" content=\"article\" \/>\n<meta property=\"og:title\" content=\"Nejlep\u0161\u00ed Cena Soudal Fix ALL High Tack lep\u00edc\u00ed tmel -\" \/>\n<meta property=\"og:description\" content=\"Popis Soudal Fix ALL HIGH TACKje vhodn\u00fd pro lepen\u00ed, spojov\u00e1n\u00ed a tmelen\u00ed \u0161irok\u00e9ho spektra materi\u00e1l\u016f v interi\u00e9ru i exteri\u00e9ru, ve\u0161ker\u00e9 lepen\u00ed a tmelen\u00ed sav\u00fdch i nesav\u00fdch materi\u00e1l\u016f v dom\u00e1cnosti, na stavb\u011b nebo automobilu. Fix All High Tack nahrazuje v\u011bt\u0161inu dostupn\u00fdch lepidel nebo tmel\u016f. V\u00fdborn\u011b p\u0159ilne na b\u011b\u017en\u00e9 materi\u00e1ly: beton, om\u00edtky, p\u0159\u00edrodn\u00ed i um\u011bl\u00fd k\u00e1men, d\u0159evo, [&hellip;]\" \/>\n<meta property=\"og:url\" content=\"https:\/\/www.domtechnikpro.com\/index.php\/produkt\/nejlepsi-cena-soudal-fix-all-high-tack-lepici-tmel-29315\/\" \/>\n<meta property=\"og:image\" content=\"https:\/\/www.domtechnikpro.com\/wp-content\/uploads\/2026\/SK0001652-CZ20260425-092254-0-1777080174-28194_soudal-fix-all-ht.webp\" \/>\n\t<meta property=\"og:image:width\" content=\"1000\" \/>\n\t<meta property=\"og:image:height\" content=\"750\" \/>\n\t<meta property=\"og:image:type\" content=\"image\/webp\" \/>\n<meta name=\"twitter:card\" content=\"summary_large_image\" \/>\n<meta name=\"twitter:label1\" content=\"Odhadovan\u00e1 doba \u010dten\u00ed\" \/>\n\t<meta name=\"twitter:data1\" content=\"3 minuty\" \/>\n<script type=\"application\/ld+json\" class=\"yoast-schema-graph\">{\"@context\":\"https:\/\/schema.org\",\"@graph\":[{\"@type\":\"WebPage\",\"@id\":\"https:\/\/www.domtechnikpro.com\/index.php\/produkt\/nejlepsi-cena-soudal-fix-all-high-tack-lepici-tmel-29315\/\",\"url\":\"https:\/\/www.domtechnikpro.com\/index.php\/produkt\/nejlepsi-cena-soudal-fix-all-high-tack-lepici-tmel-29315\/\",\"name\":\"Nejlep\u0161\u00ed Cena Soudal Fix ALL High Tack lep\u00edc\u00ed tmel -\",\"isPartOf\":{\"@id\":\"https:\/\/www.domtechnikpro.com\/#website\"},\"primaryImageOfPage\":{\"@id\":\"https:\/\/www.domtechnikpro.com\/index.php\/produkt\/nejlepsi-cena-soudal-fix-all-high-tack-lepici-tmel-29315\/#primaryimage\"},\"image\":{\"@id\":\"https:\/\/www.domtechnikpro.com\/index.php\/produkt\/nejlepsi-cena-soudal-fix-all-high-tack-lepici-tmel-29315\/#primaryimage\"},\"thumbnailUrl\":\"https:\/\/www.domtechnikpro.com\/wp-content\/uploads\/2026\/SK0001652-CZ20260425-092254-0-1777080174-28194_soudal-fix-all-ht.webp\",\"datePublished\":\"2026-04-26T08:56:34+00:00\",\"breadcrumb\":{\"@id\":\"https:\/\/www.domtechnikpro.com\/index.php\/produkt\/nejlepsi-cena-soudal-fix-all-high-tack-lepici-tmel-29315\/#breadcrumb\"},\"inLanguage\":\"cs\",\"potentialAction\":[{\"@type\":\"ReadAction\",\"target\":[\"https:\/\/www.domtechnikpro.com\/index.php\/produkt\/nejlepsi-cena-soudal-fix-all-high-tack-lepici-tmel-29315\/\"]}]},{\"@type\":\"ImageObject\",\"inLanguage\":\"cs\",\"@id\":\"https:\/\/www.domtechnikpro.com\/index.php\/produkt\/nejlepsi-cena-soudal-fix-all-high-tack-lepici-tmel-29315\/#primaryimage\",\"url\":\"https:\/\/www.domtechnikpro.com\/wp-content\/uploads\/2026\/SK0001652-CZ20260425-092254-0-1777080174-28194_soudal-fix-all-ht.webp\",\"contentUrl\":\"https:\/\/www.domtechnikpro.com\/wp-content\/uploads\/2026\/SK0001652-CZ20260425-092254-0-1777080174-28194_soudal-fix-all-ht.webp\",\"width\":1000,\"height\":750},{\"@type\":\"BreadcrumbList\",\"@id\":\"https:\/\/www.domtechnikpro.com\/index.php\/produkt\/nejlepsi-cena-soudal-fix-all-high-tack-lepici-tmel-29315\/#breadcrumb\",\"itemListElement\":[{\"@type\":\"ListItem\",\"position\":1,\"name\":\"Home\",\"item\":\"https:\/\/www.domtechnikpro.com\/\"},{\"@type\":\"ListItem\",\"position\":2,\"name\":\"Products\",\"item\":\"https:\/\/www.domtechnikpro.com\/index.php\/products\/\"},{\"@type\":\"ListItem\",\"position\":3,\"name\":\"Nejlep\u0161\u00ed Cena Soudal Fix ALL High Tack lep\u00edc\u00ed tmel\"}]},{\"@type\":\"WebSite\",\"@id\":\"https:\/\/www.domtechnikpro.com\/#website\",\"url\":\"https:\/\/www.domtechnikpro.com\/\",\"name\":\"\",\"description\":\"\",\"potentialAction\":[{\"@type\":\"SearchAction\",\"target\":{\"@type\":\"EntryPoint\",\"urlTemplate\":\"https:\/\/www.domtechnikpro.com\/?s={search_term_string}\"},\"query-input\":{\"@type\":\"PropertyValueSpecification\",\"valueRequired\":true,\"valueName\":\"search_term_string\"}}],\"inLanguage\":\"cs\"}]}<\/script>\n<!-- \/ Yoast SEO plugin. -->","yoast_head_json":{"title":"Nejlep\u0161\u00ed Cena Soudal Fix ALL High Tack lep\u00edc\u00ed tmel -","robots":{"index":"index","follow":"follow","max-snippet":"max-snippet:-1","max-image-preview":"max-image-preview:large","max-video-preview":"max-video-preview:-1"},"canonical":"https:\/\/www.domtechnikpro.com\/index.php\/produkt\/nejlepsi-cena-soudal-fix-all-high-tack-lepici-tmel-29315\/","og_locale":"cs_CZ","og_type":"article","og_title":"Nejlep\u0161\u00ed Cena Soudal Fix ALL High Tack lep\u00edc\u00ed tmel -","og_description":"Popis Soudal Fix ALL HIGH TACKje vhodn\u00fd pro lepen\u00ed, spojov\u00e1n\u00ed a tmelen\u00ed \u0161irok\u00e9ho spektra materi\u00e1l\u016f v interi\u00e9ru i exteri\u00e9ru, ve\u0161ker\u00e9 lepen\u00ed a tmelen\u00ed sav\u00fdch i nesav\u00fdch materi\u00e1l\u016f v dom\u00e1cnosti, na stavb\u011b nebo automobilu. Fix All High Tack nahrazuje v\u011bt\u0161inu dostupn\u00fdch lepidel nebo tmel\u016f. V\u00fdborn\u011b p\u0159ilne na b\u011b\u017en\u00e9 materi\u00e1ly: beton, om\u00edtky, p\u0159\u00edrodn\u00ed i um\u011bl\u00fd k\u00e1men, d\u0159evo, [&hellip;]","og_url":"https:\/\/www.domtechnikpro.com\/index.php\/produkt\/nejlepsi-cena-soudal-fix-all-high-tack-lepici-tmel-29315\/","og_image":[{"width":1000,"height":750,"url":"https:\/\/www.domtechnikpro.com\/wp-content\/uploads\/2026\/SK0001652-CZ20260425-092254-0-1777080174-28194_soudal-fix-all-ht.webp","type":"image\/webp"}],"twitter_card":"summary_large_image","twitter_misc":{"Odhadovan\u00e1 doba \u010dten\u00ed":"3 minuty"},"schema":{"@context":"https:\/\/schema.org","@graph":[{"@type":"WebPage","@id":"https:\/\/www.domtechnikpro.com\/index.php\/produkt\/nejlepsi-cena-soudal-fix-all-high-tack-lepici-tmel-29315\/","url":"https:\/\/www.domtechnikpro.com\/index.php\/produkt\/nejlepsi-cena-soudal-fix-all-high-tack-lepici-tmel-29315\/","name":"Nejlep\u0161\u00ed Cena Soudal Fix ALL High Tack lep\u00edc\u00ed tmel -","isPartOf":{"@id":"https:\/\/www.domtechnikpro.com\/#website"},"primaryImageOfPage":{"@id":"https:\/\/www.domtechnikpro.com\/index.php\/produkt\/nejlepsi-cena-soudal-fix-all-high-tack-lepici-tmel-29315\/#primaryimage"},"image":{"@id":"https:\/\/www.domtechnikpro.com\/index.php\/produkt\/nejlepsi-cena-soudal-fix-all-high-tack-lepici-tmel-29315\/#primaryimage"},"thumbnailUrl":"https:\/\/www.domtechnikpro.com\/wp-content\/uploads\/2026\/SK0001652-CZ20260425-092254-0-1777080174-28194_soudal-fix-all-ht.webp","datePublished":"2026-04-26T08:56:34+00:00","breadcrumb":{"@id":"https:\/\/www.domtechnikpro.com\/index.php\/produkt\/nejlepsi-cena-soudal-fix-all-high-tack-lepici-tmel-29315\/#breadcrumb"},"inLanguage":"cs","potentialAction":[{"@type":"ReadAction","target":["https:\/\/www.domtechnikpro.com\/index.php\/produkt\/nejlepsi-cena-soudal-fix-all-high-tack-lepici-tmel-29315\/"]}]},{"@type":"ImageObject","inLanguage":"cs","@id":"https:\/\/www.domtechnikpro.com\/index.php\/produkt\/nejlepsi-cena-soudal-fix-all-high-tack-lepici-tmel-29315\/#primaryimage","url":"https:\/\/www.domtechnikpro.com\/wp-content\/uploads\/2026\/SK0001652-CZ20260425-092254-0-1777080174-28194_soudal-fix-all-ht.webp","contentUrl":"https:\/\/www.domtechnikpro.com\/wp-content\/uploads\/2026\/SK0001652-CZ20260425-092254-0-1777080174-28194_soudal-fix-all-ht.webp","width":1000,"height":750},{"@type":"BreadcrumbList","@id":"https:\/\/www.domtechnikpro.com\/index.php\/produkt\/nejlepsi-cena-soudal-fix-all-high-tack-lepici-tmel-29315\/#breadcrumb","itemListElement":[{"@type":"ListItem","position":1,"name":"Home","item":"https:\/\/www.domtechnikpro.com\/"},{"@type":"ListItem","position":2,"name":"Products","item":"https:\/\/www.domtechnikpro.com\/index.php\/products\/"},{"@type":"ListItem","position":3,"name":"Nejlep\u0161\u00ed Cena Soudal Fix ALL High Tack lep\u00edc\u00ed tmel"}]},{"@type":"WebSite","@id":"https:\/\/www.domtechnikpro.com\/#website","url":"https:\/\/www.domtechnikpro.com\/","name":"","description":"","potentialAction":[{"@type":"SearchAction","target":{"@type":"EntryPoint","urlTemplate":"https:\/\/www.domtechnikpro.com\/?s={search_term_string}"},"query-input":{"@type":"PropertyValueSpecification","valueRequired":true,"valueName":"search_term_string"}}],"inLanguage":"cs"}]}},"_links":{"self":[{"href":"https:\/\/www.domtechnikpro.com\/index.php\/wp-json\/wp\/v2\/product\/29315","targetHints":{"allow":["GET"]}}],"collection":[{"href":"https:\/\/www.domtechnikpro.com\/index.php\/wp-json\/wp\/v2\/product"}],"about":[{"href":"https:\/\/www.domtechnikpro.com\/index.php\/wp-json\/wp\/v2\/types\/product"}],"replies":[{"embeddable":true,"href":"https:\/\/www.domtechnikpro.com\/index.php\/wp-json\/wp\/v2\/comments?post=29315"}],"wp:featuredmedia":[{"embeddable":true,"href":"https:\/\/www.domtechnikpro.com\/index.php\/wp-json\/wp\/v2\/media\/29415"}],"wp:attachment":[{"href":"https:\/\/www.domtechnikpro.com\/index.php\/wp-json\/wp\/v2\/media?parent=29315"}],"wp:term":[{"taxonomy":"product_brand","embeddable":true,"href":"https:\/\/www.domtechnikpro.com\/index.php\/wp-json\/wp\/v2\/product_brand?post=29315"},{"taxonomy":"product_cat","embeddable":true,"href":"https:\/\/www.domtechnikpro.com\/index.php\/wp-json\/wp\/v2\/product_cat?post=29315"},{"taxonomy":"product_tag","embeddable":true,"href":"https:\/\/www.domtechnikpro.com\/index.php\/wp-json\/wp\/v2\/product_tag?post=29315"}],"curies":[{"name":"wp","href":"https:\/\/api.w.org\/{rel}","templated":true}]}}